CRAN Package Check Results for Package maptree

Last updated on 2015-09-03 14:48:24.

Flavor Version Tinstall Tcheck Ttotal Status Flags
r-devel-linux-x86_64-debian-clang 1.4-7 0.67 13.11 13.78 NOTE
r-devel-linux-x86_64-debian-gcc 1.4-7 0.70 12.13 12.83 NOTE
r-devel-linux-x86_64-fedora-clang 1.4-7 25.23 NOTE
r-devel-linux-x86_64-fedora-gcc 1.4-7 23.71 NOTE
r-devel-osx-x86_64-clang 1.4-7 24.78 OK
r-devel-windows-ix86+x86_64 1.4-7 7.00 29.00 36.00 NOTE
r-patched-linux-x86_64 1.4-7 0.72 12.71 13.44 OK
r-patched-solaris-sparc 1.4-7 167.10 OK
r-patched-solaris-x86 1.4-7 37.30 OK
r-release-linux-x86_64 1.4-7 0.73 12.82 13.55 OK
r-release-osx-x86_64-mavericks 1.4-7 OK
r-release-windows-ix86+x86_64 1.4-7 4.00 24.00 28.00 OK
r-oldrel-windows-ix86+x86_64 1.4-7 6.00 29.00 35.00 OK

Check Details

Version: 1.4-7
Check: R code for possible problems
Result: NOTE
    draw.clust: no visible global function definition for ‘par’
    draw.clust: no visible global function definition for ‘plot.new’
    draw.clust: no visible global function definition for ‘rainbow’
    draw.clust: no visible global function definition for ‘points’
    draw.clust: no visible global function definition for ‘text.default’
    draw.clust: no visible global function definition for ‘lines’
    draw.tree: no visible global function definition for ‘par’
    draw.tree: no visible global function definition for ‘plot.new’
    draw.tree: no visible global function definition for ‘rainbow’
    draw.tree: no visible global function definition for ‘text.default’
    draw.tree: no visible global function definition for ‘lines’
    draw.tree: no visible global function definition for ‘points’
    group.clust: no visible global function definition for ‘as.hclust’
    kgs : spread: no visible global function definition for ‘combn’
    kgs: no visible global function definition for ‘as.hclust’
    map.groups: no visible global function definition for ‘par’
    map.groups: no visible global function definition for ‘plot.new’
    map.groups: no visible global function definition for ‘plot.window’
    map.groups: no visible global function definition for ‘rainbow’
    map.groups: no visible global function definition for ‘polygon’
    map.groups: no visible global function definition for ‘points’
    map.key: no visible global function definition for ‘par’
    map.key: no visible global function definition for ‘rainbow’
    map.key: no visible global function definition for ‘plot’
    map.key: no visible global function definition for ‘points’
    map.key: no visible global function definition for ‘text’
    ngon: no visible global function definition for ‘par’
    ngon: no visible global function definition for ‘polygon’
    ngon: no visible global function definition for ‘lines’
    Undefined global functions or variables:
     as.hclust combn lines par plot plot.new plot.window points polygon
     rainbow text text.default
    Consider adding
     importFrom("grDevices", "rainbow")
     importFrom("graphics", "lines", "par", "plot", "plot.new",
     "plot.window", "points", "polygon", "text", "text.default")
     importFrom("stats", "as.hclust")
     importFrom("utils", "combn")
    to your NAMESPACE.
Flavors: r-devel-linux-x86_64-debian-clang, r-devel-linux-x86_64-debian-gcc, r-devel-linux-x86_64-fedora-clang, r-devel-linux-x86_64-fedora-gcc, r-devel-windows-ix86+x86_64