CRAN Package Check Results for Package maptree

Last updated on 2015-07-03 16:47:24.

Flavor Version Tinstall Tcheck Ttotal Status Flags
r-devel-linux-x86_64-debian-clang 1.4-7 0.76 12.91 13.67 NOTE
r-devel-linux-x86_64-debian-gcc 1.4-7 0.70 12.22 12.92 NOTE
r-devel-linux-x86_64-fedora-clang 1.4-7 24.94 NOTE
r-devel-linux-x86_64-fedora-gcc 1.4-7 23.72 NOTE
r-devel-osx-x86_64-clang 1.4-7 26.84 OK
r-devel-windows-ix86+x86_64 1.4-7 4.00 22.00 26.00 NOTE
r-patched-linux-x86_64 1.4-7 0.73 13.06 13.79 OK
r-patched-solaris-sparc 1.4-7 186.60 OK
r-patched-solaris-x86 1.4-7 37.40 OK
r-release-linux-x86_64 1.4-7 0.74 12.90 13.64 OK
r-release-osx-x86_64-mavericks 1.4-7 OK
r-release-windows-ix86+x86_64 1.4-7 6.00 24.00 30.00 OK
r-oldrel-windows-ix86+x86_64 1.4-7 4.00 27.00 31.00 OK

Check Details

Version: 1.4-7
Check: R code for possible problems
Result: NOTE
    draw.clust: no visible global function definition for ‘par’
    draw.clust: no visible global function definition for ‘plot.new’
    draw.clust: no visible global function definition for ‘rainbow’
    draw.clust: no visible global function definition for ‘points’
    draw.clust: no visible global function definition for ‘text.default’
    draw.clust: no visible global function definition for ‘lines’
    draw.tree: no visible global function definition for ‘par’
    draw.tree: no visible global function definition for ‘plot.new’
    draw.tree: no visible global function definition for ‘rainbow’
    draw.tree: no visible global function definition for ‘text.default’
    draw.tree: no visible global function definition for ‘lines’
    draw.tree: no visible global function definition for ‘points’
    group.clust: no visible global function definition for ‘as.hclust’
    kgs : spread: no visible global function definition for ‘combn’
    kgs: no visible global function definition for ‘as.hclust’
    map.groups: no visible global function definition for ‘par’
    map.groups: no visible global function definition for ‘plot.new’
    map.groups: no visible global function definition for ‘plot.window’
    map.groups: no visible global function definition for ‘rainbow’
    map.groups: no visible global function definition for ‘polygon’
    map.groups: no visible global function definition for ‘points’
    map.key: no visible global function definition for ‘par’
    map.key: no visible global function definition for ‘rainbow’
    map.key: no visible global function definition for ‘plot’
    map.key: no visible global function definition for ‘points’
    map.key: no visible global function definition for ‘text’
    ngon: no visible global function definition for ‘par’
    ngon: no visible global function definition for ‘polygon’
    ngon: no visible global function definition for ‘lines’
    Undefined global functions or variables:
     as.hclust combn lines par plot plot.new plot.window points polygon
     rainbow text text.default
Flavors: r-devel-linux-x86_64-debian-clang, r-devel-linux-x86_64-debian-gcc, r-devel-linux-x86_64-fedora-clang, r-devel-linux-x86_64-fedora-gcc, r-devel-windows-ix86+x86_64