CRAN Package Check Results for Package maptree

Last updated on 2014-04-23 17:47:47.

Flavor Version Tinstall Tcheck Ttotal Status Flags
r-devel-linux-x86_64-debian-clang 1.4-7 0.82 14.90 15.72 OK
r-devel-linux-x86_64-debian-gcc 1.4-7 0.82 14.88 15.70 OK
r-devel-linux-x86_64-fedora-clang 1.4-7 29.06 OK
r-devel-linux-x86_64-fedora-gcc 1.4-7 27.29 OK
r-devel-osx-x86_64-clang 1.4-7 27.98 OK
r-devel-osx-x86_64-gcc 1.4-7 OK
r-devel-windows-ix86+x86_64 1.4-7 3.00 24.00 27.00 OK
r-patched-linux-x86_64 1.4-7 0.82 14.58 15.39 OK
r-patched-solaris-sparc 1.4-7 171.20 OK
r-patched-solaris-x86 1.4-7 42.00 OK
r-release-linux-ix86 1.4-7 2.00 30.00 32.00 OK
r-release-linux-x86_64 1.4-7 0.85 14.56 15.42 OK
r-release-osx-x86_64-mavericks 1.4-7 WARN
r-release-windows-ix86+x86_64 1.4-7 3.00 23.00 26.00 OK
r-oldrel-windows-ix86+x86_64 1.4-7 4.00 25.00 29.00 OK

Check Details

Version: 1.4-7
Check: PDF version of manual
Result: WARNING
    LaTeX errors when creating PDF version.
    This typically indicates Rd problems.
    LaTeX errors found:
    ! LaTeX Error: File `upquote.sty' not found.
    
    Type X to quit or <RETURN> to proceed,
    or enter new name. (Default extension: sty)
    
    8cf51d2/Rd2.tex:8: ==> Fatal error occurred, no output PDF file produced!
Flavor: r-release-osx-x86_64-mavericks