CRAN Package Check Results for Package mar1s

Last updated on 2017-03-27 03:49:50.

Flavor Version Tinstall Tcheck Ttotal Status Flags
r-devel-linux-x86_64-debian-clang 2.1 2.50 47.41 49.91 NOTE
r-devel-linux-x86_64-debian-gcc 2.1 2.70 43.68 46.37 NOTE
r-devel-linux-x86_64-fedora-clang 2.1 88.97 NOTE --no-stop-on-test-error
r-devel-linux-x86_64-fedora-gcc 2.1 80.81 NOTE --no-stop-on-test-error
r-devel-macos-x86_64-clang 2.1 61.91 NOTE --no-stop-on-test-error
r-devel-windows-ix86+x86_64 2.1 8.00 81.00 89.00 NOTE
r-patched-linux-x86_64 2.1 2.74 43.56 46.31 NOTE
r-patched-solaris-sparc 2.1 481.20 NOTE
r-patched-solaris-x86 2.1 110.00 NOTE
r-release-linux-x86_64 2.1 2.61 30.47 33.08 NOTE
r-release-osx-x86_64-mavericks 2.1 NOTE
r-release-windows-ix86+x86_64 2.1 9.00 63.00 72.00 NOTE
r-oldrel-windows-ix86+x86_64 2.1 9.00 59.00 68.00 OK

Check Details

Version: 2.1
Check: R code for possible problems
Result: NOTE
    compose.mar1s: no visible global function definition for ‘head’
    compose.mar1s: no visible global function definition for ‘tail’
    decompose.ar1: no visible global function definition for ‘tail’
    decompose.mar1s: no visible global function definition for ‘head’
    decompose.mar1s: no visible global function definition for ‘tail’
    sim.mar1s: no visible global function definition for ‘head’
    sim.mar1s: no visible global function definition for ‘tail’
    Undefined global functions or variables:
     head tail
    Consider adding
     importFrom("utils", "head", "tail")
    to your NAMESPACE file.
Flavors: r-devel-linux-x86_64-debian-clang, r-devel-linux-x86_64-debian-gcc, r-devel-windows-ix86+x86_64, r-patched-linux-x86_64, r-patched-solaris-sparc, r-patched-solaris-x86, r-release-linux-x86_64, r-release-osx-x86_64-mavericks, r-release-windows-ix86+x86_64

Version: 2.1
Flags: --no-stop-on-test-error
Check: R code for possible problems
Result: NOTE
    compose.mar1s: no visible global function definition for ‘head’
    compose.mar1s: no visible global function definition for ‘tail’
    decompose.ar1: no visible global function definition for ‘tail’
    decompose.mar1s: no visible global function definition for ‘head’
    decompose.mar1s: no visible global function definition for ‘tail’
    sim.mar1s: no visible global function definition for ‘head’
    sim.mar1s: no visible global function definition for ‘tail’
    Undefined global functions or variables:
     head tail
    Consider adding
     importFrom("utils", "head", "tail")
    to your NAMESPACE file.
Flavors: r-devel-linux-x86_64-fedora-clang, r-devel-linux-x86_64-fedora-gcc, r-devel-macos-x86_64-clang