CRAN Package Check Results for Package mar1s

Last updated on 2015-08-03 03:47:47.

Flavor Version Tinstall Tcheck Ttotal Status Flags
r-devel-linux-x86_64-debian-clang 2.1 2.90 34.52 37.42 NOTE
r-devel-linux-x86_64-debian-gcc 2.1 2.83 34.31 37.14 NOTE
r-devel-linux-x86_64-fedora-clang 2.1 78.11 NOTE
r-devel-linux-x86_64-fedora-gcc 2.1 73.86 NOTE
r-devel-osx-x86_64-clang 2.1 64.53 OK
r-devel-windows-ix86+x86_64 2.1 7.00 56.00 63.00 NOTE
r-patched-linux-x86_64 2.1 2.80 34.62 37.42 OK
r-patched-solaris-sparc 2.1 481.60 OK
r-patched-solaris-x86 2.1 107.60 OK
r-release-linux-x86_64 2.1 2.80 33.89 36.69 OK
r-release-osx-x86_64-mavericks 2.1 OK
r-release-windows-ix86+x86_64 2.1 13.00 86.00 99.00 OK
r-oldrel-windows-ix86+x86_64 2.1 14.00 79.00 93.00 OK

Check Details

Version: 2.1
Check: R code for possible problems
Result: NOTE
    compose.mar1s: no visible global function definition for ‘head’
    compose.mar1s: no visible global function definition for ‘tail’
    decompose.ar1: no visible global function definition for ‘tail’
    decompose.mar1s: no visible global function definition for ‘head’
    decompose.mar1s: no visible global function definition for ‘tail’
    sim.mar1s: no visible global function definition for ‘head’
    sim.mar1s: no visible global function definition for ‘tail’
    Undefined global functions or variables:
     head tail
    Consider adding
     importFrom("utils", "head", "tail")
    to your NAMESPACE.
Flavors: r-devel-linux-x86_64-debian-clang, r-devel-linux-x86_64-debian-gcc, r-devel-linux-x86_64-fedora-clang, r-devel-linux-x86_64-fedora-gcc, r-devel-windows-ix86+x86_64