CRAN Package Check Results for Package mar1s

Last updated on 2016-09-28 23:49:24.

Flavor Version Tinstall Tcheck Ttotal Status Flags
r-devel-linux-x86_64-debian-clang 2.1 2.30 29.22 31.52 NOTE
r-devel-linux-x86_64-debian-gcc 2.1 2.19 30.22 32.40 NOTE
r-devel-linux-x86_64-fedora-clang 2.1 73.02 NOTE
r-devel-linux-x86_64-fedora-gcc 2.1 67.70 NOTE
r-devel-macos-x86_64-clang 2.1 52.91 NOTE
r-devel-windows-ix86+x86_64 2.1 11.00 70.00 81.00 NOTE
r-patched-linux-x86_64 2.1 2.31 29.64 31.94 NOTE
r-patched-solaris-sparc 2.1 414.00 NOTE
r-patched-solaris-x86 2.1 92.50 NOTE
r-release-linux-x86_64 2.1 2.44 30.26 32.70 NOTE
r-release-osx-x86_64-mavericks 2.1 NOTE
r-release-windows-ix86+x86_64 2.1 9.00 53.00 62.00 NOTE
r-oldrel-windows-ix86+x86_64 2.1 11.00 77.00 88.00 OK

Check Details

Version: 2.1
Check: R code for possible problems
Result: NOTE
    compose.mar1s: no visible global function definition for ‘head’
    compose.mar1s: no visible global function definition for ‘tail’
    decompose.ar1: no visible global function definition for ‘tail’
    decompose.mar1s: no visible global function definition for ‘head’
    decompose.mar1s: no visible global function definition for ‘tail’
    sim.mar1s: no visible global function definition for ‘head’
    sim.mar1s: no visible global function definition for ‘tail’
    Undefined global functions or variables:
     head tail
    Consider adding
     importFrom("utils", "head", "tail")
    to your NAMESPACE file.
Flavors: r-devel-linux-x86_64-debian-clang, r-devel-linux-x86_64-debian-gcc, r-devel-linux-x86_64-fedora-clang, r-devel-linux-x86_64-fedora-gcc, r-devel-macos-x86_64-clang, r-devel-windows-ix86+x86_64, r-patched-linux-x86_64, r-patched-solaris-sparc, r-patched-solaris-x86, r-release-linux-x86_64, r-release-osx-x86_64-mavericks, r-release-windows-ix86+x86_64