CRAN Package Check Results for Package mar1s

Last updated on 2018-04-21 14:46:53 CEST.

Flavor Version Tinstall Tcheck Ttotal Status Flags
r-devel-linux-x86_64-debian-clang 2.1 3.87 53.08 56.95 NOTE
r-devel-linux-x86_64-debian-gcc 2.1 2.94 42.83 45.77 NOTE
r-devel-linux-x86_64-fedora-clang 2.1 70.74 NOTE
r-devel-linux-x86_64-fedora-gcc 2.1 67.04 NOTE
r-devel-windows-ix86+x86_64 2.1 9.00 62.00 71.00 NOTE
r-devel-osx-x86_64 2.1 NOTE
r-patched-linux-x86_64 2.1 4.34 51.93 56.27 NOTE
r-patched-solaris-x86 2.1 108.60 NOTE
r-release-linux-x86_64 2.1 3.13 54.22 57.35 NOTE
r-release-windows-ix86+x86_64 2.1 10.00 70.00 80.00 NOTE
r-release-osx-x86_64 2.1 NOTE
r-oldrel-windows-ix86+x86_64 2.1 9.00 58.00 67.00 NOTE

Check Details

Version: 2.1
Check: R code for possible problems
Result: NOTE
    compose.mar1s: no visible global function definition for ‘head’
    compose.mar1s: no visible global function definition for ‘tail’
    decompose.ar1: no visible global function definition for ‘tail’
    decompose.mar1s: no visible global function definition for ‘head’
    decompose.mar1s: no visible global function definition for ‘tail’
    sim.mar1s: no visible global function definition for ‘head’
    sim.mar1s: no visible global function definition for ‘tail’
    Undefined global functions or variables:
     head tail
    Consider adding
     importFrom("utils", "head", "tail")
    to your NAMESPACE file.
Flavors: r-devel-linux-x86_64-debian-clang, r-devel-linux-x86_64-debian-gcc, r-devel-linux-x86_64-fedora-clang, r-devel-linux-x86_64-fedora-gcc, r-devel-windows-ix86+x86_64, r-devel-osx-x86_64, r-patched-linux-x86_64, r-patched-solaris-x86, r-release-linux-x86_64, r-release-windows-ix86+x86_64, r-release-osx-x86_64, r-oldrel-windows-ix86+x86_64