CRAN Package Check Results for Package mar1s

Last updated on 2018-06-21 21:49:59 CEST.

Flavor Version Tinstall Tcheck Ttotal Status Flags
r-devel-linux-x86_64-debian-clang 2.1 4.22 56.03 60.25 NOTE
r-devel-linux-x86_64-debian-gcc 2.1 3.21 50.36 53.57 NOTE
r-devel-linux-x86_64-fedora-clang 2.1 79.55 NOTE
r-devel-linux-x86_64-fedora-gcc 2.1 75.56 NOTE
r-devel-windows-ix86+x86_64 2.1 12.00 105.00 117.00 NOTE
r-patched-linux-x86_64 2.1 4.46 52.90 57.36 NOTE
r-patched-solaris-x86 2.1 108.50 NOTE
r-release-linux-x86_64 2.1 3.55 52.53 56.08 NOTE
r-release-windows-ix86+x86_64 2.1 8.00 98.00 106.00 NOTE
r-release-osx-x86_64 2.1 NOTE
r-oldrel-windows-ix86+x86_64 2.1 7.00 65.00 72.00 NOTE
r-oldrel-osx-x86_64 2.1 NOTE

Check Details

Version: 2.1
Check: R code for possible problems
Result: NOTE
    compose.mar1s: no visible global function definition for ‘head’
    compose.mar1s: no visible global function definition for ‘tail’
    decompose.ar1: no visible global function definition for ‘tail’
    decompose.mar1s: no visible global function definition for ‘head’
    decompose.mar1s: no visible global function definition for ‘tail’
    sim.mar1s: no visible global function definition for ‘head’
    sim.mar1s: no visible global function definition for ‘tail’
    Undefined global functions or variables:
     head tail
    Consider adding
     importFrom("utils", "head", "tail")
    to your NAMESPACE file.
Flavors: r-devel-linux-x86_64-debian-clang, r-devel-linux-x86_64-debian-gcc, r-devel-linux-x86_64-fedora-clang, r-devel-linux-x86_64-fedora-gcc, r-devel-windows-ix86+x86_64, r-patched-linux-x86_64, r-patched-solaris-x86, r-release-linux-x86_64, r-release-windows-ix86+x86_64, r-release-osx-x86_64, r-oldrel-windows-ix86+x86_64, r-oldrel-osx-x86_64