CRAN Package Check Results for Package mar1s

Last updated on 2016-05-06 23:47:02.

Flavor Version Tinstall Tcheck Ttotal Status Flags
r-devel-linux-x86_64-debian-gcc 2.1 2.62 32.96 35.57 NOTE
r-devel-linux-x86_64-fedora-clang 2.1 68.90 NOTE
r-devel-linux-x86_64-fedora-gcc 2.1 65.86 NOTE
r-devel-osx-x86_64-clang 2.1 74.24 NOTE
r-devel-windows-ix86+x86_64 2.1 10.00 78.00 88.00 NOTE
r-patched-linux-x86_64 2.1 3.00 33.48 36.48 NOTE
r-patched-solaris-sparc 2.1 415.90 NOTE
r-patched-solaris-x86 2.1 93.50 NOTE
r-release-linux-x86_64 2.1 2.64 33.37 36.01 NOTE
r-release-osx-x86_64-mavericks 2.1 NOTE
r-release-windows-ix86+x86_64 2.1 10.00 78.00 88.00 NOTE
r-oldrel-windows-ix86+x86_64 2.1 11.00 81.00 92.00 OK

Check Details

Version: 2.1
Check: R code for possible problems
Result: NOTE
    compose.mar1s: no visible global function definition for ‘head’
    compose.mar1s: no visible global function definition for ‘tail’
    decompose.ar1: no visible global function definition for ‘tail’
    decompose.mar1s: no visible global function definition for ‘head’
    decompose.mar1s: no visible global function definition for ‘tail’
    sim.mar1s: no visible global function definition for ‘head’
    sim.mar1s: no visible global function definition for ‘tail’
    Undefined global functions or variables:
     head tail
    Consider adding
     importFrom("utils", "head", "tail")
    to your NAMESPACE file.
Flavors: r-devel-linux-x86_64-debian-gcc, r-devel-linux-x86_64-fedora-clang, r-devel-linux-x86_64-fedora-gcc, r-devel-osx-x86_64-clang, r-devel-windows-ix86+x86_64, r-patched-linux-x86_64, r-patched-solaris-sparc, r-patched-solaris-x86, r-release-linux-x86_64, r-release-osx-x86_64-mavericks, r-release-windows-ix86+x86_64