CRAN Package Check Results for Package mar1s

Last updated on 2015-05-28 17:47:51.

Flavor Version Tinstall Tcheck Ttotal Status Flags
r-devel-linux-x86_64-debian-clang 2.1 2.85 37.60 40.45 OK
r-devel-linux-x86_64-debian-gcc 2.1 2.82 34.26 37.07 OK
r-devel-linux-x86_64-fedora-clang 2.1 84.28 OK
r-devel-linux-x86_64-fedora-gcc 2.1 74.67 OK
r-devel-osx-x86_64-clang 2.1 68.45 OK
r-devel-windows-ix86+x86_64 2.1 8.00 59.00 67.00 OK
r-patched-linux-x86_64 2.1 2.84 35.32 38.16 OK
r-patched-solaris-sparc 2.1 484.80 OK
r-patched-solaris-x86 2.1 107.50 OK
r-release-linux-x86_64 2.1 3.02 35.02 38.03 OK
r-release-osx-x86_64-mavericks 2.1 OK
r-release-osx-x86_64-snowleopard 2.1 ERROR
r-release-windows-ix86+x86_64 2.1 8.00 53.00 61.00 OK
r-oldrel-windows-ix86+x86_64 2.1 10.00 63.00 73.00 OK

Check Details

Version: 2.1
Check: package dependencies
Result: ERROR
    Packages required but not available: ‘fda’ ‘zoo’
    
    See section ‘The DESCRIPTION file’ in the ‘Writing R Extensions’
    manual.
Flavor: r-release-osx-x86_64-snowleopard