CRAN Package Check Results for Package mar1s

Last updated on 2018-01-21 22:48:05 CET.

Flavor Version Tinstall Tcheck Ttotal Status Flags
r-devel-linux-x86_64-debian-clang 2.1 3.89 52.06 55.95 NOTE
r-devel-linux-x86_64-debian-gcc 2.1 2.82 40.53 43.35 NOTE
r-devel-linux-x86_64-fedora-clang 2.1 70.88 NOTE
r-devel-linux-x86_64-fedora-gcc 2.1 69.01 NOTE
r-devel-windows-ix86+x86_64 2.1 6.00 63.00 69.00 NOTE
r-patched-linux-x86_64 2.1 3.45 54.82 58.27 NOTE
r-patched-solaris-x86 2.1 124.60 NOTE
r-release-linux-x86_64 2.1 3.41 54.80 58.21 NOTE
r-release-windows-ix86+x86_64 2.1 9.00 89.00 98.00 NOTE
r-release-osx-x86_64 2.1 NOTE
r-oldrel-windows-ix86+x86_64 2.1 8.00 63.00 71.00 NOTE
r-oldrel-osx-x86_64 2.1 NOTE

Check Details

Version: 2.1
Check: R code for possible problems
Result: NOTE
    compose.mar1s: no visible global function definition for ‘head’
    compose.mar1s: no visible global function definition for ‘tail’
    decompose.ar1: no visible global function definition for ‘tail’
    decompose.mar1s: no visible global function definition for ‘head’
    decompose.mar1s: no visible global function definition for ‘tail’
    sim.mar1s: no visible global function definition for ‘head’
    sim.mar1s: no visible global function definition for ‘tail’
    Undefined global functions or variables:
     head tail
    Consider adding
     importFrom("utils", "head", "tail")
    to your NAMESPACE file.
Flavors: r-devel-linux-x86_64-debian-clang, r-devel-linux-x86_64-debian-gcc, r-devel-linux-x86_64-fedora-clang, r-devel-linux-x86_64-fedora-gcc, r-devel-windows-ix86+x86_64, r-patched-linux-x86_64, r-patched-solaris-x86, r-release-linux-x86_64, r-release-windows-ix86+x86_64, r-release-osx-x86_64, r-oldrel-windows-ix86+x86_64, r-oldrel-osx-x86_64