CRAN Package Check Results for Package mar1s

Last updated on 2017-09-21 17:48:12.

Flavor Version Tinstall Tcheck Ttotal Status Flags
r-devel-linux-x86_64-debian-clang 2.1 2.65 36.20 38.85 NOTE
r-devel-linux-x86_64-debian-gcc 2.1 2.58 34.08 36.67 NOTE
r-devel-linux-x86_64-fedora-clang 2.1 84.72 NOTE
r-devel-linux-x86_64-fedora-gcc 2.1 88.78 NOTE
r-devel-windows-ix86+x86_64 2.1 7.00 65.00 72.00 NOTE
r-patched-linux-x86_64 2.1 2.61 35.48 38.09 NOTE
r-patched-solaris-x86 2.1 112.50 NOTE
r-release-linux-x86_64 2.1 2.65 35.29 37.94 NOTE
r-release-windows-ix86+x86_64 2.1 7.00 69.00 76.00 NOTE
r-release-osx-x86_64 2.1 NOTE
r-oldrel-windows-ix86+x86_64 2.1 7.00 61.00 68.00 NOTE
r-oldrel-osx-x86_64 2.1 NOTE

Check Details

Version: 2.1
Check: R code for possible problems
Result: NOTE
    compose.mar1s: no visible global function definition for ‘head’
    compose.mar1s: no visible global function definition for ‘tail’
    decompose.ar1: no visible global function definition for ‘tail’
    decompose.mar1s: no visible global function definition for ‘head’
    decompose.mar1s: no visible global function definition for ‘tail’
    sim.mar1s: no visible global function definition for ‘head’
    sim.mar1s: no visible global function definition for ‘tail’
    Undefined global functions or variables:
     head tail
    Consider adding
     importFrom("utils", "head", "tail")
    to your NAMESPACE file.
Flavors: r-devel-linux-x86_64-debian-clang, r-devel-linux-x86_64-debian-gcc, r-devel-linux-x86_64-fedora-clang, r-devel-linux-x86_64-fedora-gcc, r-devel-windows-ix86+x86_64, r-patched-linux-x86_64, r-patched-solaris-x86, r-release-linux-x86_64, r-release-windows-ix86+x86_64, r-release-osx-x86_64, r-oldrel-windows-ix86+x86_64, r-oldrel-osx-x86_64