CRAN Package Check Results for Package mar1s

Last updated on 2017-02-25 03:48:22.

Flavor Version Tinstall Tcheck Ttotal Status Flags
r-devel-linux-x86_64-debian-clang 2.1 2.56 36.08 38.64 NOTE
r-devel-linux-x86_64-debian-gcc 2.1 2.53 35.51 38.04 NOTE
r-devel-linux-x86_64-fedora-clang 2.1 85.74 NOTE --no-stop-on-test-error
r-devel-linux-x86_64-fedora-gcc 2.1 80.79 NOTE --no-stop-on-test-error
r-devel-macos-x86_64-clang 2.1 62.44 NOTE --no-stop-on-test-error
r-devel-windows-ix86+x86_64 2.1 16.00 86.00 102.00 NOTE
r-patched-linux-x86_64 2.1 2.28 30.50 32.77 NOTE
r-patched-solaris-sparc 2.1 423.30 NOTE
r-patched-solaris-x86 2.1 92.70 NOTE
r-release-linux-x86_64 2.1 2.35 30.02 32.37 NOTE
r-release-osx-x86_64-mavericks 2.1 NOTE
r-release-windows-ix86+x86_64 2.1 11.00 91.00 102.00 NOTE
r-oldrel-windows-ix86+x86_64 2.1 11.00 112.00 123.00 OK

Check Details

Version: 2.1
Check: R code for possible problems
Result: NOTE
    compose.mar1s: no visible global function definition for ‘head’
    compose.mar1s: no visible global function definition for ‘tail’
    decompose.ar1: no visible global function definition for ‘tail’
    decompose.mar1s: no visible global function definition for ‘head’
    decompose.mar1s: no visible global function definition for ‘tail’
    sim.mar1s: no visible global function definition for ‘head’
    sim.mar1s: no visible global function definition for ‘tail’
    Undefined global functions or variables:
     head tail
    Consider adding
     importFrom("utils", "head", "tail")
    to your NAMESPACE file.
Flavors: r-devel-linux-x86_64-debian-clang, r-devel-linux-x86_64-debian-gcc, r-devel-windows-ix86+x86_64, r-patched-linux-x86_64, r-patched-solaris-sparc, r-patched-solaris-x86, r-release-linux-x86_64, r-release-osx-x86_64-mavericks, r-release-windows-ix86+x86_64

Version: 2.1
Flags: --no-stop-on-test-error
Check: R code for possible problems
Result: NOTE
    compose.mar1s: no visible global function definition for ‘head’
    compose.mar1s: no visible global function definition for ‘tail’
    decompose.ar1: no visible global function definition for ‘tail’
    decompose.mar1s: no visible global function definition for ‘head’
    decompose.mar1s: no visible global function definition for ‘tail’
    sim.mar1s: no visible global function definition for ‘head’
    sim.mar1s: no visible global function definition for ‘tail’
    Undefined global functions or variables:
     head tail
    Consider adding
     importFrom("utils", "head", "tail")
    to your NAMESPACE file.
Flavors: r-devel-linux-x86_64-fedora-clang, r-devel-linux-x86_64-fedora-gcc, r-devel-macos-x86_64-clang