CRAN Package Check Results for Package mar1s

Last updated on 2017-05-28 02:47:04.

Flavor Version Tinstall Tcheck Ttotal Status Flags
r-devel-linux-x86_64-debian-clang 2.1 3.14 37.89 41.04 NOTE
r-devel-linux-x86_64-debian-gcc 2.1 2.62 36.65 39.28 NOTE
r-devel-linux-x86_64-fedora-clang 2.1 89.80 NOTE
r-devel-linux-x86_64-fedora-gcc 2.1 82.59 NOTE
r-devel-windows-ix86+x86_64 2.1 8.00 65.00 73.00 NOTE
r-patched-linux-x86_64 2.1 2.63 36.73 39.36 NOTE
r-patched-solaris-sparc 2.1 481.20 NOTE
r-patched-solaris-x86 2.1 115.10 NOTE
r-release-linux-x86_64 2.1 3.03 36.50 39.53 NOTE
r-release-windows-ix86+x86_64 2.1 6.00 61.00 67.00 NOTE
r-release-osx-x86_64 2.1 NOTE
r-oldrel-windows-ix86+x86_64 2.1 12.00 58.00 70.00 NOTE
r-oldrel-osx-x86_64 2.1 NOTE

Check Details

Version: 2.1
Check: R code for possible problems
Result: NOTE
    compose.mar1s: no visible global function definition for ‘head’
    compose.mar1s: no visible global function definition for ‘tail’
    decompose.ar1: no visible global function definition for ‘tail’
    decompose.mar1s: no visible global function definition for ‘head’
    decompose.mar1s: no visible global function definition for ‘tail’
    sim.mar1s: no visible global function definition for ‘head’
    sim.mar1s: no visible global function definition for ‘tail’
    Undefined global functions or variables:
     head tail
    Consider adding
     importFrom("utils", "head", "tail")
    to your NAMESPACE file.
Flavors: r-devel-linux-x86_64-debian-clang, r-devel-linux-x86_64-debian-gcc, r-devel-linux-x86_64-fedora-clang, r-devel-linux-x86_64-fedora-gcc, r-devel-windows-ix86+x86_64, r-patched-linux-x86_64, r-patched-solaris-sparc, r-patched-solaris-x86, r-release-linux-x86_64, r-release-windows-ix86+x86_64, r-release-osx-x86_64, r-oldrel-windows-ix86+x86_64, r-oldrel-osx-x86_64