CRAN Package Check Results for Package mar1s

Last updated on 2015-09-04 22:46:53.

Flavor Version Tinstall Tcheck Ttotal Status Flags
r-devel-linux-x86_64-debian-clang 2.1 2.90 34.28 37.18 NOTE
r-devel-linux-x86_64-debian-gcc 2.1 2.70 32.90 35.60 NOTE
r-devel-linux-x86_64-fedora-clang 2.1 74.46 NOTE
r-devel-linux-x86_64-fedora-gcc 2.1 71.04 NOTE
r-devel-osx-x86_64-clang 2.1 62.54 OK
r-devel-windows-ix86+x86_64 2.1 7.00 55.00 62.00 NOTE
r-patched-linux-x86_64 2.1 2.92 34.58 37.51 OK
r-patched-solaris-sparc 2.1 481.60 OK
r-patched-solaris-x86 2.1 107.80 OK
r-release-linux-x86_64 2.1 3.05 34.22 37.26 OK
r-release-osx-x86_64-mavericks 2.1 OK
r-release-windows-ix86+x86_64 2.1 9.00 59.00 68.00 OK
r-oldrel-windows-ix86+x86_64 2.1 10.00 82.00 92.00 OK

Check Details

Version: 2.1
Check: R code for possible problems
Result: NOTE
    compose.mar1s: no visible global function definition for ‘head’
    compose.mar1s: no visible global function definition for ‘tail’
    decompose.ar1: no visible global function definition for ‘tail’
    decompose.mar1s: no visible global function definition for ‘head’
    decompose.mar1s: no visible global function definition for ‘tail’
    sim.mar1s: no visible global function definition for ‘head’
    sim.mar1s: no visible global function definition for ‘tail’
    Undefined global functions or variables:
     head tail
    Consider adding
     importFrom("utils", "head", "tail")
    to your NAMESPACE.
Flavors: r-devel-linux-x86_64-debian-clang, r-devel-linux-x86_64-debian-gcc, r-devel-linux-x86_64-fedora-clang, r-devel-linux-x86_64-fedora-gcc, r-devel-windows-ix86+x86_64