CRAN Package Check Results for Package mar1s

Last updated on 2017-11-20 22:53:28 CET.

Flavor Version Tinstall Tcheck Ttotal Status Flags
r-devel-linux-x86_64-debian-clang 2.1 2.33 32.21 34.54 NOTE
r-devel-linux-x86_64-debian-gcc 2.1 3.21 74.59 77.80 NOTE
r-devel-linux-x86_64-fedora-clang 2.1 63.84 NOTE
r-devel-linux-x86_64-fedora-gcc 2.1 106.78 NOTE
r-devel-windows-ix86+x86_64 2.1 11.00 63.00 74.00 NOTE
r-patched-linux-x86_64 2.1 3.00 35.89 38.89 NOTE
r-patched-solaris-x86 2.1 111.10 NOTE
r-release-linux-x86_64 2.1 2.96 34.80 37.76 NOTE
r-release-windows-ix86+x86_64 2.1 7.00 62.00 69.00 NOTE
r-release-osx-x86_64 2.1 NOTE
r-oldrel-windows-ix86+x86_64 2.1 7.00 78.00 85.00 NOTE
r-oldrel-osx-x86_64 2.1 NOTE

Check Details

Version: 2.1
Check: R code for possible problems
Result: NOTE
    compose.mar1s: no visible global function definition for ‘head’
    compose.mar1s: no visible global function definition for ‘tail’
    decompose.ar1: no visible global function definition for ‘tail’
    decompose.mar1s: no visible global function definition for ‘head’
    decompose.mar1s: no visible global function definition for ‘tail’
    sim.mar1s: no visible global function definition for ‘head’
    sim.mar1s: no visible global function definition for ‘tail’
    Undefined global functions or variables:
     head tail
    Consider adding
     importFrom("utils", "head", "tail")
    to your NAMESPACE file.
Flavors: r-devel-linux-x86_64-debian-clang, r-devel-linux-x86_64-debian-gcc, r-devel-linux-x86_64-fedora-clang, r-devel-linux-x86_64-fedora-gcc, r-devel-windows-ix86+x86_64, r-patched-linux-x86_64, r-patched-solaris-x86, r-release-linux-x86_64, r-release-windows-ix86+x86_64, r-release-osx-x86_64, r-oldrel-windows-ix86+x86_64, r-oldrel-osx-x86_64