CRAN Package Check Results for Package mar1s

Last updated on 2016-07-29 23:46:56.

Flavor Version Tinstall Tcheck Ttotal Status Flags
r-devel-linux-x86_64-debian-clang 2.1 2.87 34.73 37.59 NOTE
r-devel-linux-x86_64-debian-gcc 2.1 2.82 33.39 36.21 NOTE
r-devel-linux-x86_64-fedora-clang 2.1 69.77 NOTE
r-devel-linux-x86_64-fedora-gcc 2.1 68.35 NOTE
r-devel-osx-x86_64-clang 2.1 57.03 NOTE
r-devel-windows-ix86+x86_64 2.1 8.00 65.00 73.00 NOTE
r-patched-linux-x86_64 2.1 3.48 38.49 41.97 NOTE
r-patched-solaris-sparc 2.1 414.00 NOTE
r-patched-solaris-x86 2.1 92.40 NOTE
r-release-linux-x86_64 2.1 3.63 38.55 42.18 NOTE
r-release-osx-x86_64-mavericks 2.1 NOTE
r-release-windows-ix86+x86_64 2.1 10.00 83.00 93.00 NOTE
r-oldrel-windows-ix86+x86_64 2.1 10.00 94.00 104.00 OK

Check Details

Version: 2.1
Check: R code for possible problems
Result: NOTE
    compose.mar1s: no visible global function definition for ‘head’
    compose.mar1s: no visible global function definition for ‘tail’
    decompose.ar1: no visible global function definition for ‘tail’
    decompose.mar1s: no visible global function definition for ‘head’
    decompose.mar1s: no visible global function definition for ‘tail’
    sim.mar1s: no visible global function definition for ‘head’
    sim.mar1s: no visible global function definition for ‘tail’
    Undefined global functions or variables:
     head tail
    Consider adding
     importFrom("utils", "head", "tail")
    to your NAMESPACE file.
Flavors: r-devel-linux-x86_64-debian-clang, r-devel-linux-x86_64-debian-gcc, r-devel-linux-x86_64-fedora-clang, r-devel-linux-x86_64-fedora-gcc, r-devel-osx-x86_64-clang, r-devel-windows-ix86+x86_64, r-patched-linux-x86_64, r-patched-solaris-sparc, r-patched-solaris-x86, r-release-linux-x86_64, r-release-osx-x86_64-mavericks, r-release-windows-ix86+x86_64