CRAN Package Check Results for Package mar1s

Last updated on 2016-08-24 06:47:45.

Flavor Version Tinstall Tcheck Ttotal Status Flags
r-devel-linux-x86_64-debian-clang 2.1 2.92 34.05 36.97 NOTE
r-devel-linux-x86_64-debian-gcc 2.1 2.97 33.52 36.49 NOTE
r-devel-linux-x86_64-fedora-clang 2.1 71.53 NOTE
r-devel-linux-x86_64-fedora-gcc 2.1 69.16 NOTE
r-devel-osx-x86_64-clang 2.1 57.24 NOTE
r-devel-windows-ix86+x86_64 2.1 10.00 65.00 75.00 NOTE
r-patched-linux-x86_64 2.1 2.81 33.20 36.01 NOTE
r-patched-solaris-sparc 2.1 414.00 NOTE
r-patched-solaris-x86 2.1 92.90 NOTE
r-release-linux-x86_64 2.1 2.61 33.30 35.90 NOTE
r-release-osx-x86_64-mavericks 2.1 NOTE
r-release-windows-ix86+x86_64 2.1 9.00 60.00 69.00 NOTE
r-oldrel-windows-ix86+x86_64 2.1 10.00 83.00 93.00 OK

Check Details

Version: 2.1
Check: R code for possible problems
Result: NOTE
    compose.mar1s: no visible global function definition for ‘head’
    compose.mar1s: no visible global function definition for ‘tail’
    decompose.ar1: no visible global function definition for ‘tail’
    decompose.mar1s: no visible global function definition for ‘head’
    decompose.mar1s: no visible global function definition for ‘tail’
    sim.mar1s: no visible global function definition for ‘head’
    sim.mar1s: no visible global function definition for ‘tail’
    Undefined global functions or variables:
     head tail
    Consider adding
     importFrom("utils", "head", "tail")
    to your NAMESPACE file.
Flavors: r-devel-linux-x86_64-debian-clang, r-devel-linux-x86_64-debian-gcc, r-devel-linux-x86_64-fedora-clang, r-devel-linux-x86_64-fedora-gcc, r-devel-osx-x86_64-clang, r-devel-windows-ix86+x86_64, r-patched-linux-x86_64, r-patched-solaris-sparc, r-patched-solaris-x86, r-release-linux-x86_64, r-release-osx-x86_64-mavericks, r-release-windows-ix86+x86_64