CRAN Package Check Results for Package mar1s

Last updated on 2017-01-22 12:47:56.

Flavor Version Tinstall Tcheck Ttotal Status Flags
r-devel-linux-x86_64-debian-clang 2.1 2.35 33.34 35.69 NOTE
r-devel-linux-x86_64-debian-gcc 2.1 2.53 34.29 36.81 NOTE
r-devel-linux-x86_64-fedora-clang 2.1 69.77 NOTE --no-stop-on-test-error
r-devel-linux-x86_64-fedora-gcc 2.1 69.79 NOTE --no-stop-on-test-error
r-devel-macos-x86_64-clang 2.1 60.08 NOTE --no-stop-on-test-error
r-devel-windows-ix86+x86_64 2.1 9.00 84.00 93.00 NOTE
r-patched-linux-x86_64 2.1 2.64 29.89 32.52 NOTE
r-patched-solaris-sparc 2.1 423.30 NOTE
r-patched-solaris-x86 2.1 93.40 NOTE
r-release-linux-x86_64 2.1 2.23 29.82 32.04 NOTE
r-release-osx-x86_64-mavericks 2.1 NOTE
r-release-windows-ix86+x86_64 2.1 13.00 77.00 90.00 NOTE
r-oldrel-windows-ix86+x86_64 2.1 14.00 125.00 139.00 OK

Check Details

Version: 2.1
Check: R code for possible problems
Result: NOTE
    compose.mar1s: no visible global function definition for ‘head’
    compose.mar1s: no visible global function definition for ‘tail’
    decompose.ar1: no visible global function definition for ‘tail’
    decompose.mar1s: no visible global function definition for ‘head’
    decompose.mar1s: no visible global function definition for ‘tail’
    sim.mar1s: no visible global function definition for ‘head’
    sim.mar1s: no visible global function definition for ‘tail’
    Undefined global functions or variables:
     head tail
    Consider adding
     importFrom("utils", "head", "tail")
    to your NAMESPACE file.
Flavors: r-devel-linux-x86_64-debian-clang, r-devel-linux-x86_64-debian-gcc, r-devel-windows-ix86+x86_64, r-patched-linux-x86_64, r-patched-solaris-sparc, r-patched-solaris-x86, r-release-linux-x86_64, r-release-osx-x86_64-mavericks, r-release-windows-ix86+x86_64

Version: 2.1
Flags: --no-stop-on-test-error
Check: R code for possible problems
Result: NOTE
    compose.mar1s: no visible global function definition for ‘head’
    compose.mar1s: no visible global function definition for ‘tail’
    decompose.ar1: no visible global function definition for ‘tail’
    decompose.mar1s: no visible global function definition for ‘head’
    decompose.mar1s: no visible global function definition for ‘tail’
    sim.mar1s: no visible global function definition for ‘head’
    sim.mar1s: no visible global function definition for ‘tail’
    Undefined global functions or variables:
     head tail
    Consider adding
     importFrom("utils", "head", "tail")
    to your NAMESPACE file.
Flavors: r-devel-linux-x86_64-fedora-clang, r-devel-linux-x86_64-fedora-gcc, r-devel-macos-x86_64-clang