CRAN Package Check Results for Package mar1s

Last updated on 2016-12-04 16:47:16.

Flavor Version Tinstall Tcheck Ttotal Status Flags
r-devel-linux-x86_64-debian-clang 2.1 2.33 33.44 35.77 NOTE
r-devel-linux-x86_64-debian-gcc 2.1 2.55 34.03 36.57 NOTE
r-devel-linux-x86_64-fedora-clang 2.1 82.62 NOTE --no-stop-on-test-error
r-devel-linux-x86_64-fedora-gcc 2.1 87.95 NOTE
r-devel-macos-x86_64-clang 2.1 62.93 NOTE
r-devel-windows-ix86+x86_64 2.1 6.00 58.00 64.00 NOTE
r-patched-linux-x86_64 2.1 2.33 29.81 32.14 NOTE
r-patched-solaris-sparc 2.1 414.00 NOTE
r-patched-solaris-x86 2.1 93.80 NOTE
r-release-linux-x86_64 2.1 2.24 30.09 32.32 NOTE
r-release-osx-x86_64-mavericks 2.1 NOTE
r-release-windows-ix86+x86_64 2.1 9.00 59.00 68.00 NOTE
r-oldrel-windows-ix86+x86_64 2.1 7.00 59.00 66.00 OK

Check Details

Version: 2.1
Check: R code for possible problems
Result: NOTE
    compose.mar1s: no visible global function definition for ‘head’
    compose.mar1s: no visible global function definition for ‘tail’
    decompose.ar1: no visible global function definition for ‘tail’
    decompose.mar1s: no visible global function definition for ‘head’
    decompose.mar1s: no visible global function definition for ‘tail’
    sim.mar1s: no visible global function definition for ‘head’
    sim.mar1s: no visible global function definition for ‘tail’
    Undefined global functions or variables:
     head tail
    Consider adding
     importFrom("utils", "head", "tail")
    to your NAMESPACE file.
Flavors: r-devel-linux-x86_64-debian-clang, r-devel-linux-x86_64-debian-gcc, r-devel-linux-x86_64-fedora-gcc, r-devel-macos-x86_64-clang, r-devel-windows-ix86+x86_64, r-patched-linux-x86_64, r-patched-solaris-sparc, r-patched-solaris-x86, r-release-linux-x86_64, r-release-osx-x86_64-mavericks, r-release-windows-ix86+x86_64

Version: 2.1
Flags: --no-stop-on-test-error
Check: R code for possible problems
Result: NOTE
    compose.mar1s: no visible global function definition for ‘head’
    compose.mar1s: no visible global function definition for ‘tail’
    decompose.ar1: no visible global function definition for ‘tail’
    decompose.mar1s: no visible global function definition for ‘head’
    decompose.mar1s: no visible global function definition for ‘tail’
    sim.mar1s: no visible global function definition for ‘head’
    sim.mar1s: no visible global function definition for ‘tail’
    Undefined global functions or variables:
     head tail
    Consider adding
     importFrom("utils", "head", "tail")
    to your NAMESPACE file.
Flavor: r-devel-linux-x86_64-fedora-clang