CRAN Package Check Results for Package mar1s

Last updated on 2016-02-13 03:46:59.

Flavor Version Tinstall Tcheck Ttotal Status Flags
r-devel-linux-x86_64-debian-gcc 2.1 2.68 32.38 35.06 NOTE
r-devel-linux-x86_64-fedora-clang 2.1 69.66 NOTE
r-devel-linux-x86_64-fedora-gcc 2.1 66.27 NOTE
r-devel-osx-x86_64-clang 2.1 73.55 NOTE
r-devel-windows-ix86+x86_64 2.1 10.00 56.00 66.00 NOTE
r-patched-linux-x86_64 2.1 2.94 34.81 37.74 OK
r-patched-solaris-sparc 2.1 453.30 OK
r-patched-solaris-x86 2.1 98.80 OK
r-release-linux-x86_64 2.1 2.86 35.23 38.09 OK
r-release-osx-x86_64-mavericks 2.1 OK
r-release-windows-ix86+x86_64 2.1 9.00 85.00 94.00 OK
r-oldrel-windows-ix86+x86_64 2.1 14.00 96.00 110.00 OK

Check Details

Version: 2.1
Check: R code for possible problems
Result: NOTE
    compose.mar1s: no visible global function definition for ‘head’
    compose.mar1s: no visible global function definition for ‘tail’
    decompose.ar1: no visible global function definition for ‘tail’
    decompose.mar1s: no visible global function definition for ‘head’
    decompose.mar1s: no visible global function definition for ‘tail’
    sim.mar1s: no visible global function definition for ‘head’
    sim.mar1s: no visible global function definition for ‘tail’
    Undefined global functions or variables:
     head tail
    Consider adding
     importFrom("utils", "head", "tail")
    to your NAMESPACE file.
Flavors: r-devel-linux-x86_64-debian-gcc, r-devel-linux-x86_64-fedora-clang, r-devel-linux-x86_64-fedora-gcc, r-devel-osx-x86_64-clang, r-devel-windows-ix86+x86_64