CRAN Package Check Results for Package mar1s

Last updated on 2014-04-17 05:47:12.

Flavor Version Tinstall Tcheck Ttotal Status Flags
r-devel-linux-x86_64-debian-clang 2.1 3.77 44.84 48.62 OK
r-devel-linux-x86_64-debian-gcc 2.1 3.68 44.62 48.30 OK
r-devel-linux-x86_64-fedora-clang 2.1 112.26 OK
r-devel-linux-x86_64-fedora-gcc 2.1 107.01 OK
r-devel-macosx-x86_64-clang 2.1 91.24 OK
r-devel-macosx-x86_64-gcc 2.1 ERROR
r-devel-windows-ix86+x86_64 2.1 12.00 63.00 75.00 OK
r-patched-linux-x86_64 2.1 3.71 44.51 48.22 OK
r-patched-solaris-sparc 2.1 581.20 OK
r-patched-solaris-x86 2.1 144.60 OK
r-release-linux-ix86 2.1 8.00 72.00 80.00 OK
r-release-linux-x86_64 2.1 3.68 44.72 48.40 OK
r-release-macosx-x86_64 2.1 OK
r-release-windows-ix86+x86_64 2.1 8.00 64.00 72.00 OK
r-oldrel-windows-ix86+x86_64 2.1 10.00 63.00 73.00 OK

Check Details

Version: 2.1
Check: package dependencies
Result: ERROR
    Packages required but not available: ‘fda’ ‘zoo’
    
    See the information on DESCRIPTION files in the chapter ‘Creating R
    packages’ of the ‘Writing R Extensions’ manual.
Flavor: r-devel-macosx-x86_64-gcc