CRAN Package Check Results for Package mar1s

Last updated on 2017-07-23 14:47:05.

Flavor Version Tinstall Tcheck Ttotal Status Flags
r-devel-linux-x86_64-debian-clang 2.1 2.48 44.72 47.20 NOTE
r-devel-linux-x86_64-debian-gcc 2.1 2.53 42.18 44.71 NOTE
r-devel-linux-x86_64-fedora-clang 2.1 87.79 NOTE
r-devel-linux-x86_64-fedora-gcc 2.1 83.57 NOTE
r-devel-windows-ix86+x86_64 2.1 13.00 86.00 99.00 NOTE
r-patched-linux-x86_64 2.1 2.44 44.34 46.79 NOTE
r-patched-solaris-x86 2.1 116.80 NOTE
r-release-linux-x86_64 2.1 2.56 41.98 44.54 NOTE
r-release-windows-ix86+x86_64 2.1 8.00 91.00 99.00 NOTE
r-release-osx-x86_64 2.1 NOTE
r-oldrel-windows-ix86+x86_64 2.1 10.00 78.00 88.00 NOTE
r-oldrel-osx-x86_64 2.1 NOTE

Check Details

Version: 2.1
Check: R code for possible problems
Result: NOTE
    compose.mar1s: no visible global function definition for ‘head’
    compose.mar1s: no visible global function definition for ‘tail’
    decompose.ar1: no visible global function definition for ‘tail’
    decompose.mar1s: no visible global function definition for ‘head’
    decompose.mar1s: no visible global function definition for ‘tail’
    sim.mar1s: no visible global function definition for ‘head’
    sim.mar1s: no visible global function definition for ‘tail’
    Undefined global functions or variables:
     head tail
    Consider adding
     importFrom("utils", "head", "tail")
    to your NAMESPACE file.
Flavors: r-devel-linux-x86_64-debian-clang, r-devel-linux-x86_64-debian-gcc, r-devel-linux-x86_64-fedora-clang, r-devel-linux-x86_64-fedora-gcc, r-devel-windows-ix86+x86_64, r-patched-linux-x86_64, r-patched-solaris-x86, r-release-linux-x86_64, r-release-windows-ix86+x86_64, r-release-osx-x86_64, r-oldrel-windows-ix86+x86_64, r-oldrel-osx-x86_64