CRAN Package Check Results for Package marelac

Last updated on 2015-01-28 03:49:15.

Flavor Version Tinstall Tcheck Ttotal Status Flags
r-devel-linux-x86_64-debian-clang 2.1.4 2.39 45.23 47.62 OK
r-devel-linux-x86_64-debian-gcc 2.1.4 2.21 45.52 47.73 OK
r-devel-linux-x86_64-fedora-clang 2.1.4 103.37 OK
r-devel-linux-x86_64-fedora-gcc 2.1.4 102.62 OK
r-devel-osx-x86_64-clang 2.1.4 84.03 OK
r-devel-windows-ix86+x86_64 2.1.4 10.00 82.00 92.00 OK
r-patched-linux-x86_64 2.1.4 2.35 48.96 51.31 OK
r-patched-solaris-sparc 2.1.4 502.20 OK
r-patched-solaris-x86 2.1.4 130.60 OK
r-release-linux-ix86 2.1.4 3.06 50.66 53.72 OK
r-release-linux-x86_64 2.1.4 2.55 49.09 51.64 OK
r-release-osx-x86_64-mavericks 2.1.4 OK
r-release-osx-x86_64-snowleopard 2.1.4 OK
r-release-windows-ix86+x86_64 2.1.4 18.00 84.00 102.00 OK
r-oldrel-windows-ix86+x86_64 2.1.4 12.00 78.00 90.00 NOTE

Check Details

Version: 2.1.4
Check: dependencies in R code
Result: NOTE
    Missing or unexported objects:
     'marelac::atomicweight' 'marelac::sw_sfac'
    See the information on DESCRIPTION files in the chapter 'Creating R
    packages' of the 'Writing R Extensions' manual.
Flavor: r-oldrel-windows-ix86+x86_64