CRAN Package Check Results for Package marelac

Last updated on 2015-03-04 19:50:21.

Flavor Version Tinstall Tcheck Ttotal Status Flags
r-devel-linux-x86_64-debian-clang 2.1.4 2.28 44.02 46.30 OK
r-devel-linux-x86_64-debian-gcc 2.1.4 2.22 43.41 45.63 OK
r-devel-linux-x86_64-fedora-clang 2.1.4 88.37 OK
r-devel-linux-x86_64-fedora-gcc 2.1.4 89.49 OK
r-devel-osx-x86_64-clang 2.1.4 75.60 OK
r-devel-windows-ix86+x86_64 2.1.4 8.00 82.00 90.00 OK
r-patched-linux-x86_64 2.1.4 2.48 48.66 51.13 OK
r-patched-solaris-sparc 2.1.4 621.40 OK
r-patched-solaris-x86 2.1.4 130.00 OK
r-release-linux-ix86 2.1.4 3.61 58.42 62.02 OK
r-release-linux-x86_64 2.1.4 2.58 51.12 53.70 OK
r-release-osx-x86_64-mavericks 2.1.4 OK
r-release-osx-x86_64-snowleopard 2.1.4 OK
r-release-windows-ix86+x86_64 2.1.4 10.00 83.00 93.00 OK
r-oldrel-windows-ix86+x86_64 2.1.4 10.00 77.00 87.00 NOTE

Check Details

Version: 2.1.4
Check: dependencies in R code
Result: NOTE
    Missing or unexported objects:
     'marelac::atomicweight' 'marelac::sw_sfac'
    See the information on DESCRIPTION files in the chapter 'Creating R
    packages' of the 'Writing R Extensions' manual.
Flavor: r-oldrel-windows-ix86+x86_64