CRAN Package Check Results for Package marelac

Last updated on 2014-11-23 09:50:16.

Flavor Version Tinstall Tcheck Ttotal Status Flags
r-devel-linux-x86_64-debian-clang 2.1.4 1.96 41.10 43.06 OK
r-devel-linux-x86_64-debian-gcc 2.1.4 1.79 41.66 43.45 OK
r-devel-linux-x86_64-fedora-clang 2.1.4 84.14 OK
r-devel-linux-x86_64-fedora-gcc 2.1.4 82.39 OK
r-devel-osx-x86_64-clang 2.1.4 67.82 OK
r-devel-windows-ix86+x86_64 2.1.4 7.00 70.00 77.00 OK
r-patched-linux-x86_64 2.1.4 1.84 42.48 44.33 OK
r-patched-solaris-sparc 2.1.4 512.60 OK
r-patched-solaris-x86 2.1.4 104.30 OK
r-release-linux-ix86 2.1.4 2.71 42.94 45.64 OK
r-release-linux-x86_64 2.1.4 1.94 41.77 43.71 OK
r-release-osx-x86_64-mavericks 2.1.4 OK
r-release-osx-x86_64-snowleopard 2.1.4 OK
r-release-windows-ix86+x86_64 2.1.4 10.00 63.00 73.00 OK
r-oldrel-windows-ix86+x86_64 2.1.4 7.00 54.00 61.00 NOTE

Check Details

Version: 2.1.4
Check: dependencies in R code
Result: NOTE
    Missing or unexported objects:
     'marelac::atomicweight' 'marelac::sw_sfac'
    See the information on DESCRIPTION files in the chapter 'Creating R
    packages' of the 'Writing R Extensions' manual.
Flavor: r-oldrel-windows-ix86+x86_64