CRAN Package Check Results for Package marelac

Last updated on 2015-09-01 19:47:19.

Flavor Version Tinstall Tcheck Ttotal Status Flags
r-devel-linux-x86_64-debian-clang 2.1.4 2.33 46.86 49.19 NOTE
r-devel-linux-x86_64-debian-gcc 2.1.4 2.24 47.52 49.76 NOTE
r-devel-linux-x86_64-fedora-clang 2.1.4 89.97 NOTE
r-devel-linux-x86_64-fedora-gcc 2.1.4 90.35 NOTE
r-devel-osx-x86_64-clang 2.1.4 70.47 OK
r-devel-windows-ix86+x86_64 2.1.4 16.00 96.00 112.00 NOTE
r-patched-linux-x86_64 2.1.4 2.23 47.35 49.58 OK
r-patched-solaris-sparc 2.1.4 611.50 OK
r-patched-solaris-x86 2.1.4 129.70 OK
r-release-linux-x86_64 2.1.4 2.45 47.70 50.15 OK
r-release-osx-x86_64-mavericks 2.1.4 OK
r-release-windows-ix86+x86_64 2.1.4 12.00 96.00 108.00 OK
r-oldrel-windows-ix86+x86_64 2.1.4 15.00 102.00 117.00 OK

Check Details

Version: 2.1.4
Check: R code for possible problems
Result: NOTE
    convert_StoR: no visible global function definition for ‘uniroot’
    earth_surf: no visible global function definition for ‘approx’
    is_Baltic: no visible global function definition for ‘approx’
    molvol: no visible global function definition for ‘uniroot’
    Undefined global functions or variables:
     approx uniroot
    Consider adding
     importFrom("stats", "approx", "uniroot")
    to your NAMESPACE.
Flavors: r-devel-linux-x86_64-debian-clang, r-devel-linux-x86_64-debian-gcc, r-devel-linux-x86_64-fedora-clang, r-devel-linux-x86_64-fedora-gcc, r-devel-windows-ix86+x86_64