CRAN Package Check Results for Package marelac

Last updated on 2017-03-29 22:47:11.

Flavor Version Tinstall Tcheck Ttotal Status Flags
r-devel-linux-x86_64-debian-clang 2.1.6 2.54 55.04 57.59 NOTE
r-devel-linux-x86_64-debian-gcc 2.1.6 2.39 53.82 56.20 NOTE
r-devel-linux-x86_64-fedora-clang 2.1.6 83.88 NOTE --no-stop-on-test-error
r-devel-linux-x86_64-fedora-gcc 2.1.6 78.60 NOTE --no-stop-on-test-error
r-devel-macos-x86_64-clang 2.1.6 59.84 NOTE --no-stop-on-test-error
r-devel-windows-ix86+x86_64 2.1.6 9.00 128.00 137.00 OK
r-patched-linux-x86_64 2.1.6 2.40 53.60 56.00 NOTE
r-patched-solaris-sparc 2.1.6 493.60 OK
r-patched-solaris-x86 2.1.6 102.80 OK
r-release-linux-x86_64 2.1.6 2.51 38.82 41.33 OK
r-release-osx-x86_64-mavericks 2.1.6 OK
r-release-windows-ix86+x86_64 2.1.6 12.00 168.00 180.00 OK
r-oldrel-windows-ix86+x86_64 2.1.6 22.00 133.00 155.00 OK

Check Details

Version: 2.1.6
Check: compiled code
Result: NOTE
    File ‘marelac/libs/marelac.so’:
     Found no calls to: ‘R_registerRoutines’, ‘R_useDynamicSymbols’
    
    It is good practice to register native routines and to disable symbol
    search.
    
    See ‘Writing portable packages’ in the ‘Writing R Extensions’ manual.
Flavors: r-devel-linux-x86_64-debian-clang, r-devel-linux-x86_64-debian-gcc, r-patched-linux-x86_64

Version: 2.1.6
Flags: --no-stop-on-test-error
Check: compiled code
Result: NOTE
    File ‘marelac/libs/marelac.so’:
     Found no calls to: ‘R_registerRoutines’, ‘R_useDynamicSymbols’
    
    It is good practice to register native routines and to disable symbol
    search.
    
    See ‘Writing portable packages’ in the ‘Writing R Extensions’ manual.
Flavors: r-devel-linux-x86_64-fedora-clang, r-devel-linux-x86_64-fedora-gcc, r-devel-macos-x86_64-clang