CRAN Package Check Results for Package marelac

Last updated on 2016-08-24 23:48:33.

Flavor Version Tinstall Tcheck Ttotal Status Flags
r-devel-linux-x86_64-debian-clang 2.1.5 2.41 40.44 42.85 WARN
r-devel-linux-x86_64-debian-gcc 2.1.5 2.31 39.11 41.41 WARN
r-devel-linux-x86_64-fedora-clang 2.1.5 74.78 WARN
r-devel-linux-x86_64-fedora-gcc 2.1.5 71.81 WARN
r-devel-osx-x86_64-clang 2.1.5 55.56 WARN
r-devel-windows-ix86+x86_64 2.1.5 15.00 103.00 118.00 OK
r-patched-linux-x86_64 2.1.5 2.46 38.79 41.25 OK
r-patched-solaris-sparc 2.1.5 448.70 OK
r-patched-solaris-x86 2.1.5 91.80 OK
r-release-linux-x86_64 2.1.5 2.24 39.59 41.83 OK
r-release-osx-x86_64-mavericks 2.1.5 OK
r-release-windows-ix86+x86_64 2.1.5 15.00 103.00 118.00 OK
r-oldrel-windows-ix86+x86_64 2.1.5 9.00 135.00 144.00 OK

Check Details

Version: 2.1.5
Check: whether package can be installed
Result: WARN
    Found the following significant warnings:
     Warning: GNU Extension: Nonstandard type declaration REAL*8 at (1)
Flavors: r-devel-linux-x86_64-debian-clang, r-devel-linux-x86_64-debian-gcc, r-devel-linux-x86_64-fedora-clang, r-devel-linux-x86_64-fedora-gcc, r-devel-osx-x86_64-clang