CRAN Package Check Results for Package marelac

Last updated on 2018-01-17 03:49:17 CET.

Flavor Version Tinstall Tcheck Ttotal Status Flags
r-devel-linux-x86_64-debian-clang 2.1.6 3.16 64.03 67.19 NOTE
r-devel-linux-x86_64-debian-gcc 2.1.6 2.81 50.19 53.00 NOTE
r-devel-linux-x86_64-fedora-clang 2.1.6 80.12 NOTE
r-devel-linux-x86_64-fedora-gcc 2.1.6 79.20 NOTE
r-devel-windows-ix86+x86_64 2.1.6 10.00 107.00 117.00 OK
r-patched-linux-x86_64 2.1.6 3.22 63.76 66.98 NOTE
r-patched-solaris-x86 2.1.6 117.80 OK
r-release-linux-x86_64 2.1.6 3.63 63.97 67.60 NOTE
r-release-windows-ix86+x86_64 2.1.6 12.00 126.00 138.00 OK
r-release-osx-x86_64 2.1.6 OK
r-oldrel-windows-ix86+x86_64 2.1.6 12.00 119.00 131.00 OK
r-oldrel-osx-x86_64 2.1.6 OK

Check Details

Version: 2.1.6
Check: compiled code
Result: NOTE
    File ‘marelac/libs/marelac.so’:
     Found no calls to: ‘R_registerRoutines’, ‘R_useDynamicSymbols’
    
    It is good practice to register native routines and to disable symbol
    search.
    
    See ‘Writing portable packages’ in the ‘Writing R Extensions’ manual.
Flavors: r-devel-linux-x86_64-debian-clang, r-devel-linux-x86_64-debian-gcc, r-devel-linux-x86_64-fedora-clang, r-devel-linux-x86_64-fedora-gcc, r-patched-linux-x86_64, r-release-linux-x86_64