CRAN Package Check Results for Package marelac

Last updated on 2015-07-29 17:48:04.

Flavor Version Tinstall Tcheck Ttotal Status Flags
r-devel-linux-x86_64-debian-clang 2.1.4 2.29 47.02 49.30 NOTE
r-devel-linux-x86_64-debian-gcc 2.1.4 2.44 47.31 49.75 NOTE
r-devel-linux-x86_64-fedora-clang 2.1.4 92.39 NOTE
r-devel-linux-x86_64-fedora-gcc 2.1.4 93.20 NOTE
r-devel-osx-x86_64-clang 2.1.4 69.72 OK
r-devel-windows-ix86+x86_64 2.1.4 13.00 117.00 130.00 NOTE
r-patched-linux-x86_64 2.1.4 2.28 46.86 49.14 OK
r-patched-solaris-sparc 2.1.4 611.50 OK
r-patched-solaris-x86 2.1.4 124.80 OK
r-release-linux-x86_64 2.1.4 2.40 48.77 51.17 OK
r-release-osx-x86_64-mavericks 2.1.4 OK
r-release-windows-ix86+x86_64 2.1.4 14.00 117.00 131.00 OK
r-oldrel-windows-ix86+x86_64 2.1.4 14.00 101.00 115.00 OK

Check Details

Version: 2.1.4
Check: R code for possible problems
Result: NOTE
    convert_StoR: no visible global function definition for ‘uniroot’
    earth_surf: no visible global function definition for ‘approx’
    is_Baltic: no visible global function definition for ‘approx’
    molvol: no visible global function definition for ‘uniroot’
    Undefined global functions or variables:
     approx uniroot
    Consider adding
     importFrom("stats", "approx", "uniroot")
    to your NAMESPACE.
Flavors: r-devel-linux-x86_64-debian-clang, r-devel-linux-x86_64-debian-gcc, r-devel-linux-x86_64-fedora-clang, r-devel-linux-x86_64-fedora-gcc, r-devel-windows-ix86+x86_64