CRAN Package Check Results for Package marelac

Last updated on 2017-08-17 01:46:54.

Flavor Version Tinstall Tcheck Ttotal Status Flags
r-devel-linux-x86_64-debian-clang 2.1.6 2.81 45.87 48.67 NOTE
r-devel-linux-x86_64-debian-gcc 2.1.6 2.59 45.16 47.75 NOTE
r-devel-linux-x86_64-fedora-clang 2.1.6 87.43 NOTE
r-devel-linux-x86_64-fedora-gcc 2.1.6 87.44 NOTE
r-devel-windows-ix86+x86_64 2.1.6 10.00 146.00 156.00 OK
r-patched-linux-x86_64 2.1.6 2.87 45.57 48.45 NOTE
r-patched-solaris-x86 2.1.6 107.10 OK
r-release-linux-x86_64 2.1.6 2.55 44.70 47.25 NOTE
r-release-windows-ix86+x86_64 2.1.6 9.00 89.00 98.00 OK
r-release-osx-x86_64 2.1.6 OK
r-oldrel-windows-ix86+x86_64 2.1.6 8.00 87.00 95.00 OK
r-oldrel-osx-x86_64 2.1.6 OK

Check Details

Version: 2.1.6
Check: compiled code
Result: NOTE
    File ‘marelac/libs/marelac.so’:
     Found no calls to: ‘R_registerRoutines’, ‘R_useDynamicSymbols’
    
    It is good practice to register native routines and to disable symbol
    search.
    
    See ‘Writing portable packages’ in the ‘Writing R Extensions’ manual.
Flavors: r-devel-linux-x86_64-debian-clang, r-devel-linux-x86_64-debian-gcc, r-devel-linux-x86_64-fedora-clang, r-devel-linux-x86_64-fedora-gcc, r-patched-linux-x86_64, r-release-linux-x86_64