CRAN Package Check Results for Package marelac

Last updated on 2014-04-20 09:48:17.

Flavor Version Tinstall Tcheck Ttotal Status Flags
r-devel-linux-x86_64-debian-clang 2.1.3 2.04 39.90 41.93 NOTE
r-devel-linux-x86_64-debian-gcc 2.1.3 1.92 40.51 42.43 NOTE
r-devel-linux-x86_64-fedora-clang 2.1.3 81.92 NOTE
r-devel-linux-x86_64-fedora-gcc 2.1.3 81.75 NOTE
r-devel-macosx-x86_64-clang 2.1.3 60.55 NOTE
r-devel-macosx-x86_64-gcc 2.1.3 NOTE
r-devel-windows-ix86+x86_64 2.1.3 6.00 71.00 77.00 NOTE
r-patched-linux-x86_64 2.1.3 1.91 40.38 42.29 NOTE
r-patched-solaris-sparc 2.1.3 498.60 NOTE
r-patched-solaris-x86 2.1.3 106.40 NOTE
r-release-linux-ix86 NOTE
r-release-linux-x86_64 2.1.3 1.90 40.69 42.59 NOTE
r-release-macosx-x86_64 2.1.3 OK
r-release-windows-ix86+x86_64 2.1.3 10.00 93.00 103.00 NOTE
r-oldrel-windows-ix86+x86_64 2.1.3 8.00 72.00 80.00 NOTE

Check Details

Version: 2.1.3
Check: dependencies in R code
Result: NOTE
    Packages in Depends field not imported from:
     ‘seacarb’ ‘shape’
     These packages need to be imported from (in the NAMESPACE file)
     for when this namespace is loaded but not attached.
    See the information on DESCRIPTION files in the chapter ‘Creating R
    packages’ of the ‘Writing R Extensions’ manual.
Flavors: r-devel-linux-x86_64-debian-clang, r-devel-linux-x86_64-debian-gcc, r-devel-linux-x86_64-fedora-clang, r-devel-linux-x86_64-fedora-gcc, r-devel-macosx-x86_64-clang, r-devel-macosx-x86_64-gcc, r-devel-windows-ix86+x86_64, r-patched-linux-x86_64, r-patched-solaris-sparc, r-patched-solaris-x86, r-release-linux-ix86, r-release-linux-x86_64, r-release-windows-ix86+x86_64, r-oldrel-windows-ix86+x86_64