CRAN Package Check Results for Package marelac

Last updated on 2017-10-23 02:48:39.

Flavor Version Tinstall Tcheck Ttotal Status Flags
r-devel-linux-x86_64-debian-clang 2.1.6 2.50 44.06 46.57 NOTE
r-devel-linux-x86_64-debian-gcc 2.1.6 2.76 44.88 47.64 NOTE
r-devel-linux-x86_64-fedora-clang 2.1.6 89.24 NOTE
r-devel-linux-x86_64-fedora-gcc 2.1.6 86.23 NOTE
r-devel-windows-ix86+x86_64 2.1.6 14.00 95.00 109.00 OK
r-patched-linux-x86_64 2.1.6 2.53 44.34 46.87 NOTE
r-patched-solaris-x86 2.1.6 109.80 OK
r-release-linux-x86_64 2.1.6 2.59 43.19 45.78 NOTE
r-release-windows-ix86+x86_64 2.1.6 13.00 142.00 155.00 OK
r-release-osx-x86_64 2.1.6 OK
r-oldrel-windows-ix86+x86_64 2.1.6 9.00 114.00 123.00 OK
r-oldrel-osx-x86_64 2.1.6 OK

Check Details

Version: 2.1.6
Check: compiled code
Result: NOTE
    File ‘marelac/libs/marelac.so’:
     Found no calls to: ‘R_registerRoutines’, ‘R_useDynamicSymbols’
    
    It is good practice to register native routines and to disable symbol
    search.
    
    See ‘Writing portable packages’ in the ‘Writing R Extensions’ manual.
Flavors: r-devel-linux-x86_64-debian-clang, r-devel-linux-x86_64-debian-gcc, r-devel-linux-x86_64-fedora-clang, r-devel-linux-x86_64-fedora-gcc, r-patched-linux-x86_64, r-release-linux-x86_64