CRAN Package Check Results for Package marelac

Last updated on 2017-02-27 03:50:24.

Flavor Version Tinstall Tcheck Ttotal Status Flags
r-devel-linux-x86_64-debian-clang 2.1.6 2.33 44.73 47.06 NOTE
r-devel-linux-x86_64-debian-gcc 2.1.6 2.32 43.61 45.93 NOTE
r-devel-linux-x86_64-fedora-clang 2.1.6 83.04 NOTE --no-stop-on-test-error
r-devel-linux-x86_64-fedora-gcc 2.1.6 79.31 NOTE --no-stop-on-test-error
r-devel-macos-x86_64-clang 2.1.6 61.97 NOTE --no-stop-on-test-error
r-devel-windows-ix86+x86_64 2.1.6 11.00 236.00 247.00 OK
r-patched-linux-x86_64 2.1.6 2.30 39.72 42.01 OK
r-patched-solaris-sparc 2.1.6 448.20 OK
r-patched-solaris-x86 2.1.6 96.60 OK
r-release-linux-x86_64 2.1.6 2.32 38.27 40.59 OK
r-release-osx-x86_64-mavericks 2.1.6 OK
r-release-windows-ix86+x86_64 2.1.6 21.00 85.00 106.00 OK
r-oldrel-windows-ix86+x86_64 2.1.6 14.00 211.00 225.00 OK

Check Details

Version: 2.1.6
Check: compiled code
Result: NOTE
    File ‘marelac/libs/marelac.so’:
     Found no calls to: ‘R_registerRoutines’, ‘R_useDynamicSymbols’
    
    It is good practice to register native routines and to disable symbol
    search.
    
    See ‘Writing portable packages’ in the ‘Writing R Extensions’ manual.
Flavors: r-devel-linux-x86_64-debian-clang, r-devel-linux-x86_64-debian-gcc

Version: 2.1.6
Flags: --no-stop-on-test-error
Check: compiled code
Result: NOTE
    File ‘marelac/libs/marelac.so’:
     Found no calls to: ‘R_registerRoutines’, ‘R_useDynamicSymbols’
    
    It is good practice to register native routines and to disable symbol
    search.
    
    See ‘Writing portable packages’ in the ‘Writing R Extensions’ manual.
Flavors: r-devel-linux-x86_64-fedora-clang, r-devel-linux-x86_64-fedora-gcc, r-devel-macos-x86_64-clang