CRAN Package Check Results for Package marelac

Last updated on 2017-06-28 20:48:37.

Flavor Version Tinstall Tcheck Ttotal Status Flags
r-devel-linux-x86_64-debian-clang 2.1.6 2.46 43.94 46.40 NOTE
r-devel-linux-x86_64-debian-gcc 2.1.6 2.36 40.45 42.81 NOTE
r-devel-linux-x86_64-fedora-clang 2.1.6 80.63 NOTE
r-devel-linux-x86_64-fedora-gcc 2.1.6 82.85 NOTE
r-devel-windows-ix86+x86_64 2.1.6 11.00 98.00 109.00 OK
r-patched-linux-x86_64 2.1.6 2.65 42.62 45.27 NOTE
r-patched-solaris-sparc 2.1.6 493.60 OK
r-patched-solaris-x86 2.1.6 107.30 OK
r-release-linux-x86_64 2.1.6 2.49 42.39 44.89 NOTE
r-release-windows-ix86+x86_64 2.1.6 11.00 127.00 138.00 OK
r-release-osx-x86_64 2.1.6 OK
r-oldrel-windows-ix86+x86_64 2.1.6 12.00 113.00 125.00 OK
r-oldrel-osx-x86_64 2.1.6 OK

Check Details

Version: 2.1.6
Check: compiled code
Result: NOTE
    File ‘marelac/libs/marelac.so’:
     Found no calls to: ‘R_registerRoutines’, ‘R_useDynamicSymbols’
    
    It is good practice to register native routines and to disable symbol
    search.
    
    See ‘Writing portable packages’ in the ‘Writing R Extensions’ manual.
Flavors: r-devel-linux-x86_64-debian-clang, r-devel-linux-x86_64-debian-gcc, r-devel-linux-x86_64-fedora-clang, r-devel-linux-x86_64-fedora-gcc, r-patched-linux-x86_64, r-release-linux-x86_64