CRAN Package Check Results for Package marelac

Last updated on 2017-01-16 12:52:34.

Flavor Version Tinstall Tcheck Ttotal Status Flags
r-devel-linux-x86_64-debian-clang 2.1.6 2.43 46.37 48.80 OK
r-devel-linux-x86_64-debian-gcc 2.1.6 2.68 42.97 45.65 OK
r-devel-linux-x86_64-fedora-clang 2.1.6 80.65 OK --no-stop-on-test-error
r-devel-linux-x86_64-fedora-gcc 2.1.6 76.82 NOTE --no-stop-on-test-error
r-devel-macos-x86_64-clang 2.1.6 60.68 OK --no-stop-on-test-error
r-devel-windows-ix86+x86_64 2.1.6 16.00 101.00 117.00 OK
r-patched-linux-x86_64 2.1.6 2.49 38.74 41.23 OK
r-patched-solaris-sparc 2.1.6 448.20 OK
r-patched-solaris-x86 2.1.6 90.50 OK
r-release-linux-x86_64 2.1.6 2.58 40.48 43.05 OK
r-release-osx-x86_64-mavericks 2.1.6 OK
r-release-windows-ix86+x86_64 2.1.6 16.00 87.00 103.00 OK
r-oldrel-windows-ix86+x86_64 2.1.6 12.00 130.00 142.00 OK

Check Details

Version: 2.1.6
Flags: --no-stop-on-test-error
Check: compiled code
Result: NOTE
    File ‘marelac/libs/marelac.so’:
     Found no calls to: ‘R_registerRoutines’, ‘R_useDynamicSymbols’
    
    It is good practice to use registered native symbols and disable symbol
    search.
    
    See ‘Writing portable packages’ in the ‘Writing R Extensions’ manual.
Flavor: r-devel-linux-x86_64-fedora-gcc