CRAN Package Check Results for Package marelac

Last updated on 2018-05-27 00:46:41 CEST.

Flavor Version Tinstall Tcheck Ttotal Status Flags
r-devel-linux-x86_64-debian-clang 2.1.6 5.75 63.08 68.83 WARN
r-devel-linux-x86_64-debian-gcc 2.1.6 4.53 49.84 54.37 WARN
r-devel-linux-x86_64-fedora-clang 2.1.6 87.66 WARN
r-devel-linux-x86_64-fedora-gcc 2.1.6 82.13 WARN
r-devel-windows-ix86+x86_64 2.1.6 10.00 100.00 110.00 OK
r-patched-linux-x86_64 2.1.6 5.26 60.84 66.10 WARN
r-patched-solaris-x86 2.1.6 119.50 WARN
r-release-linux-x86_64 2.1.6 4.63 60.69 65.32 WARN
r-release-windows-ix86+x86_64 2.1.6 14.00 113.00 127.00 OK
r-release-osx-x86_64 2.1.6 OK
r-oldrel-windows-ix86+x86_64 2.1.6 13.00 101.00 114.00 OK
r-oldrel-osx-x86_64 2.1.6 OK

Check Details

Version: 2.1.6
Check: compiled code
Result: NOTE
    File ‘marelac/libs/marelac.so’:
     Found no calls to: ‘R_registerRoutines’, ‘R_useDynamicSymbols’
    
    It is good practice to register native routines and to disable symbol
    search.
    
    See ‘Writing portable packages’ in the ‘Writing R Extensions’ manual.
Flavors: r-devel-linux-x86_64-debian-clang, r-devel-linux-x86_64-debian-gcc, r-devel-linux-x86_64-fedora-clang, r-devel-linux-x86_64-fedora-gcc, r-patched-linux-x86_64, r-release-linux-x86_64

Version: 2.1.6
Check: re-building of vignette outputs
Result: WARN
    Error in re-building vignettes:
     ...
    Loading required package: shape
    Loading required package: seacarb
    Loading required package: oce
    Loading required package: gsw
    Loading required package: testthat
    
    Attaching package: ‘marelac’
    
    The following objects are masked from ‘package:oce’:
    
     coriolis, gravity
    
    Warning in 0.17 * u10 * Schmidt^(-2/3) :
     Recycling array of length 1 in vector-array arithmetic is deprecated.
     Use c() or as.vector() instead.
    
    Warning in (u10 - 3.4) * 2.8/sqrt(S600) :
     Recycling array of length 1 in vector-array arithmetic is deprecated.
     Use c() or as.vector() instead.
    
    Warning in (u10 - 8.4) * 5.9/sqrt(S600) :
     Recycling array of length 1 in vector-array arithmetic is deprecated.
     Use c() or as.vector() instead.
    
    Warning in (0.33 * u10 + 0.222 * u10 * u10)/sqrt(S600) :
     Recycling array of length 1 in vector-array arithmetic is deprecated.
     Use c() or as.vector() instead.
    
    Warning in 0.31 * u10^2 * sqrt(S600) :
     Recycling array of length 1 in vector-array arithmetic is deprecated.
     Use c() or as.vector() instead.
    
    Warning in 0.0283 * u10^3/sqrt(S600) :
     Recycling array of length 1 in vector-array arithmetic is deprecated.
     Use c() or as.vector() instead.
    
    Warning in 0.17 * u10 * Schmidt^(-2/3) :
     Recycling array of length 1 in vector-array arithmetic is deprecated.
     Use c() or as.vector() instead.
    
    Warning in (u10 - 3.4) * 2.8/sqrt(S600) :
     Recycling array of length 1 in vector-array arithmetic is deprecated.
     Use c() or as.vector() instead.
    
    Warning in (u10 - 8.4) * 5.9/sqrt(S600) :
     Recycling array of length 1 in vector-array arithmetic is deprecated.
     Use c() or as.vector() instead.
    
    Warning in (0.33 * u10 + 0.222 * u10 * u10)/sqrt(S600) :
     Recycling array of length 1 in vector-array arithmetic is deprecated.
     Use c() or as.vector() instead.
    
    Warning in 0.31 * u10^2 * sqrt(S600) :
     Recycling array of length 1 in vector-array arithmetic is deprecated.
     Use c() or as.vector() instead.
    
    Warning in 0.0283 * u10^3/sqrt(S600) :
     Recycling array of length 1 in vector-array arithmetic is deprecated.
     Use c() or as.vector() instead.
    
    Error in texi2dvi(file = file, pdf = TRUE, clean = clean, quiet = quiet, :
     Running ‘texi2dvi’ on ‘marelac.tex’ failed.
    LaTeX errors:
    ! Undefined control sequence.
    \UseRawInputEncoding ...tencodingname \@undefined
     \let \DeclareFontEncoding@...
    l.1238 \citet{Hedges2002}
     , who used NMR analysis, found an elemental
    ! Missing \endcsname inserted.
    <to be read again>
     \let
    l.1238 \citet{Hedges2002}
     , who used NMR analysis, found an elemental
    ! Missing \endcsname inserted.
    <to be read again>
     \let
    l.1238 \citet{Hedges2002}
     , who used NMR analysis, found an elemental
    ! Missing \endcsname inserted.
    <to be read again>
     \let
    l.1238 \citet{Hedges2002}
     , who used NMR analysis, found an elemental
    ! Undefined control sequence.
    <argument> \@undefined
    
    l.1238 \citet{Hedges2002}
     , who used NMR analysis, f
    Calls: buildVignettes -> texi2pdf -> texi2dvi
    Execution halted
Flavors: r-devel-linux-x86_64-debian-clang, r-devel-linux-x86_64-debian-gcc, r-patched-linux-x86_64

Version: 2.1.6
Check: re-building of vignette outputs
Result: WARN
    Error in re-building vignettes:
     ...
    Loading required package: shape
    Loading required package: seacarb
    Loading required package: oce
    Loading required package: gsw
    Loading required package: testthat
    
    Attaching package: ‘marelac’
    
    The following objects are masked from ‘package:oce’:
    
     coriolis, gravity
    
    Warning in 0.17 * u10 * Schmidt^(-2/3) :
     Recycling array of length 1 in vector-array arithmetic is deprecated.
     Use c() or as.vector() instead.
    
    Warning in (u10 - 3.4) * 2.8/sqrt(S600) :
     Recycling array of length 1 in vector-array arithmetic is deprecated.
     Use c() or as.vector() instead.
    
    Warning in (u10 - 8.4) * 5.9/sqrt(S600) :
     Recycling array of length 1 in vector-array arithmetic is deprecated.
     Use c() or as.vector() instead.
    
    Warning in (0.33 * u10 + 0.222 * u10 * u10)/sqrt(S600) :
     Recycling array of length 1 in vector-array arithmetic is deprecated.
     Use c() or as.vector() instead.
    
    Warning in 0.31 * u10^2 * sqrt(S600) :
     Recycling array of length 1 in vector-array arithmetic is deprecated.
     Use c() or as.vector() instead.
    
    Warning in 0.0283 * u10^3/sqrt(S600) :
     Recycling array of length 1 in vector-array arithmetic is deprecated.
     Use c() or as.vector() instead.
    
    Warning in 0.17 * u10 * Schmidt^(-2/3) :
     Recycling array of length 1 in vector-array arithmetic is deprecated.
     Use c() or as.vector() instead.
    
    Warning in (u10 - 3.4) * 2.8/sqrt(S600) :
     Recycling array of length 1 in vector-array arithmetic is deprecated.
     Use c() or as.vector() instead.
    
    Warning in (u10 - 8.4) * 5.9/sqrt(S600) :
     Recycling array of length 1 in vector-array arithmetic is deprecated.
     Use c() or as.vector() instead.
    
    Warning in (0.33 * u10 + 0.222 * u10 * u10)/sqrt(S600) :
     Recycling array of length 1 in vector-array arithmetic is deprecated.
     Use c() or as.vector() instead.
    
    Warning in 0.31 * u10^2 * sqrt(S600) :
     Recycling array of length 1 in vector-array arithmetic is deprecated.
     Use c() or as.vector() instead.
    
    Warning in 0.0283 * u10^3/sqrt(S600) :
     Recycling array of length 1 in vector-array arithmetic is deprecated.
     Use c() or as.vector() instead.
    
    Error in texi2dvi(file = file, pdf = TRUE, clean = clean, quiet = quiet, :
     Running 'texi2dvi' on 'marelac.tex' failed.
    LaTeX errors:
    ! Undefined control sequence.
    \UseRawInputEncoding ...tencodingname \@undefined
     \let \DeclareFontEncoding@...
    l.1238 \citet{Hedges2002}
     , who used NMR analysis, found an elemental
    ! Missing \endcsname inserted.
    <to be read again>
     \let
    l.1238 \citet{Hedges2002}
     , who used NMR analysis, found an elemental
    ! Missing \endcsname inserted.
    <to be read again>
     \let
    l.1238 \citet{Hedges2002}
     , who used NMR analysis, found an elemental
    ! Missing \endcsname inserted.
    <to be read again>
     \let
    l.1238 \citet{Hedges2002}
     , who used NMR analysis, found an elemental
    ! Undefined control sequence.
    <argument> \@undefined
    
    l.1238 \citet{Hedges2002}
     , who used NMR analysis, found an
    Calls: buildVignettes -> texi2pdf -> texi2dvi
    Execution halted
Flavors: r-devel-linux-x86_64-fedora-clang, r-devel-linux-x86_64-fedora-gcc, r-patched-solaris-x86

Version: 2.1.6
Check: re-building of vignette outputs
Result: WARN
    Error in re-building vignettes:
     ...
    Loading required package: shape
    Loading required package: seacarb
    Loading required package: oce
    Loading required package: gsw
    Loading required package: testthat
    
    Attaching package: ‘marelac’
    
    The following objects are masked from ‘package:oce’:
    
     coriolis, gravity
    
    Warning in 0.17 * u10 * Schmidt^(-2/3) :
     Recycling array of length 1 in vector-array arithmetic is deprecated.
     Use c() or as.vector() instead.
    
    Warning in (u10 - 3.4) * 2.8/sqrt(S600) :
     Recycling array of length 1 in vector-array arithmetic is deprecated.
     Use c() or as.vector() instead.
    
    Warning in (u10 - 8.4) * 5.9/sqrt(S600) :
     Recycling array of length 1 in vector-array arithmetic is deprecated.
     Use c() or as.vector() instead.
    
    Warning in (0.33 * u10 + 0.222 * u10 * u10)/sqrt(S600) :
     Recycling array of length 1 in vector-array arithmetic is deprecated.
     Use c() or as.vector() instead.
    
    Warning in 0.31 * u10^2 * sqrt(S600) :
     Recycling array of length 1 in vector-array arithmetic is deprecated.
     Use c() or as.vector() instead.
    
    Warning in 0.0283 * u10^3/sqrt(S600) :
     Recycling array of length 1 in vector-array arithmetic is deprecated.
     Use c() or as.vector() instead.
    
    Warning in 0.17 * u10 * Schmidt^(-2/3) :
     Recycling array of length 1 in vector-array arithmetic is deprecated.
     Use c() or as.vector() instead.
    
    Warning in (u10 - 3.4) * 2.8/sqrt(S600) :
     Recycling array of length 1 in vector-array arithmetic is deprecated.
     Use c() or as.vector() instead.
    
    Warning in (u10 - 8.4) * 5.9/sqrt(S600) :
     Recycling array of length 1 in vector-array arithmetic is deprecated.
     Use c() or as.vector() instead.
    
    Warning in (0.33 * u10 + 0.222 * u10 * u10)/sqrt(S600) :
     Recycling array of length 1 in vector-array arithmetic is deprecated.
     Use c() or as.vector() instead.
    
    Warning in 0.31 * u10^2 * sqrt(S600) :
     Recycling array of length 1 in vector-array arithmetic is deprecated.
     Use c() or as.vector() instead.
    
    Warning in 0.0283 * u10^3/sqrt(S600) :
     Recycling array of length 1 in vector-array arithmetic is deprecated.
     Use c() or as.vector() instead.
    
    Warning in grepl("(Rerun to get|biblatex.*\\(re\\)run)", readLines(log, :
     input string 922 is invalid in this locale
    Warning in grepl("(Rerun to get|biblatex.*\\(re\\)run)", readLines(log, :
     input string 947 is invalid in this locale
    Error in texi2dvi(file = file, pdf = TRUE, clean = clean, quiet = quiet, :
     Running ‘texi2dvi’ on ‘marelac.tex’ failed.
    LaTeX errors:
    ! Undefined control sequence.
    \UseRawInputEncoding ...tencodingname \@undefined
     \let \DeclareFontEncoding@...
    l.1238 \citet{Hedges2002}
     , who used NMR analysis, found an elemental
    ! Missing \endcsname inserted.
    <to be read again>
     \let
    l.1238 \citet{Hedges2002}
     , who used NMR analysis, found an elemental
    ! Missing \endcsname inserted.
    <to be read again>
     \let
    l.1238 \citet{Hedges2002}
     , who used NMR analysis, found an elemental
    ! Missing \endcsname inserted.
    <to be read again>
     \let
    l.1238 \citet{Hedges2002}
     , who used NMR analysis, found an elemental
    ! Undefined control sequence.
    <argument> \@undefined
    
    l.1238 \citet{Hedges2002}
     , who used NMR analysis, f
    Calls: buildVignettes -> texi2pdf -> texi2dvi
    Execution halted
Flavor: r-release-linux-x86_64