CRAN Package Check Results for Package marelac

Last updated on 2014-07-26 11:52:22.

Flavor Version Tinstall Tcheck Ttotal Status Flags
r-devel-linux-x86_64-debian-clang 2.1.3 1.86 38.46 40.32 NOTE
r-devel-linux-x86_64-debian-gcc 2.1.3 2.00 39.04 41.04 NOTE
r-devel-linux-x86_64-fedora-clang 2.1.3 82.39 NOTE
r-devel-linux-x86_64-fedora-gcc 2.1.3 80.70 NOTE
r-devel-osx-x86_64-clang 2.1.3 65.65 NOTE
r-devel-windows-ix86+x86_64 2.1.3 6.00 71.00 77.00 NOTE
r-patched-linux-x86_64 2.1.3 1.90 40.02 41.92 NOTE
r-patched-solaris-sparc 2.1.3 498.60 NOTE
r-patched-solaris-x86 2.1.3 108.20 NOTE
r-release-linux-ix86 2.1.3 2.65 44.31 46.96 NOTE
r-release-linux-x86_64 2.1.3 1.97 38.88 40.85 NOTE
r-release-osx-x86_64-mavericks 2.1.3 NOTE
r-release-osx-x86_64-snowleopard 2.1.3 OK
r-release-windows-ix86+x86_64 2.1.3 9.00 70.00 79.00 NOTE
r-oldrel-windows-ix86+x86_64 2.1.3 8.00 72.00 80.00 NOTE

Check Details

Version: 2.1.3
Check: dependencies in R code
Result: NOTE
    Packages in Depends field not imported from:
     ‘seacarb’ ‘shape’
     These packages need to be imported from (in the NAMESPACE file)
     for when this namespace is loaded but not attached.
    See the information on DESCRIPTION files in the chapter ‘Creating R
    packages’ of the ‘Writing R Extensions’ manual.
Flavors: r-devel-linux-x86_64-debian-clang, r-devel-linux-x86_64-debian-gcc, r-devel-linux-x86_64-fedora-clang, r-devel-linux-x86_64-fedora-gcc, r-devel-osx-x86_64-clang, r-devel-windows-ix86+x86_64, r-patched-linux-x86_64, r-patched-solaris-sparc, r-patched-solaris-x86, r-release-linux-ix86, r-release-linux-x86_64, r-release-osx-x86_64-mavericks, r-release-windows-ix86+x86_64, r-oldrel-windows-ix86+x86_64