CRAN Package Check Results for Package marelac

Last updated on 2014-12-20 03:49:35.

Flavor Version Tinstall Tcheck Ttotal Status Flags
r-devel-linux-x86_64-debian-clang 2.1.4 2.05 41.58 43.63 OK
r-devel-linux-x86_64-debian-gcc 2.1.4 1.76 42.00 43.76 OK
r-devel-linux-x86_64-fedora-clang 2.1.4 82.82 OK
r-devel-linux-x86_64-fedora-gcc 2.1.4 79.44 OK
r-devel-osx-x86_64-clang 2.1.4 68.30 OK
r-devel-windows-ix86+x86_64 2.1.4 8.00 129.00 137.00 OK
r-patched-linux-x86_64 2.1.4 1.84 42.52 44.36 OK
r-patched-solaris-sparc 2.1.4 512.60 OK
r-patched-solaris-x86 2.1.4 104.70 OK
r-release-linux-ix86 2.1.4 2.59 43.18 45.77 OK
r-release-linux-x86_64 2.1.4 1.88 41.98 43.86 OK
r-release-osx-x86_64-mavericks 2.1.4 OK
r-release-osx-x86_64-snowleopard 2.1.4 OK
r-release-windows-ix86+x86_64 2.1.4 8.00 66.00 74.00 OK
r-oldrel-windows-ix86+x86_64 2.1.4 8.00 56.00 64.00 NOTE

Check Details

Version: 2.1.4
Check: dependencies in R code
Result: NOTE
    Missing or unexported objects:
     'marelac::atomicweight' 'marelac::sw_sfac'
    See the information on DESCRIPTION files in the chapter 'Creating R
    packages' of the 'Writing R Extensions' manual.
Flavor: r-oldrel-windows-ix86+x86_64