CRAN Package Check Results for Package marg

Last updated on 2015-01-31 11:51:49.

Flavor Version Tinstall Tcheck Ttotal Status Flags
r-devel-linux-x86_64-debian-clang 1.2-2 1.35 20.25 21.60 NOTE
r-devel-linux-x86_64-debian-gcc 1.2-2 1.24 18.86 20.10 NOTE
r-devel-linux-x86_64-fedora-clang 1.2-2 44.31 NOTE
r-devel-linux-x86_64-fedora-gcc 1.2-2 42.15 NOTE
r-devel-osx-x86_64-clang 1.2-2 44.39 NOTE
r-devel-windows-ix86+x86_64 1.2-2 7.00 33.00 40.00 OK
r-patched-linux-x86_64 1.2-2 1.22 22.92 24.14 OK
r-patched-solaris-sparc 1.2-2 247.90 OK
r-patched-solaris-x86 1.2-2 58.20 OK
r-release-linux-ix86 1.2-2 1.50 28.74 30.24 OK
r-release-linux-x86_64 1.2-2 1.26 21.33 22.58 OK
r-release-osx-x86_64-mavericks 1.2-2 OK
r-release-osx-x86_64-snowleopard 1.2-2 NOTE
r-release-windows-ix86+x86_64 1.2-2 4.00 35.00 39.00 OK
r-oldrel-windows-ix86+x86_64 1.2-2 5.00 60.00 65.00 OK

Check Details

Version: 1.2-2
Check: S3 generic/method consistency
Result: NOTE
    Found the following apparent S3 methods exported but not registered:
     cond.rsm print.family.rsm print.marg print.rsm print.summary.marg
     print.summary.rsm summary.marg summary.rsm plot.marg plot.rsm
     anova.rsm anova.rsmlist family.rsm logLik.rsm residuals.rsm
     update.rsm vcov.rsm
    See section ‘Registering S3 methods’ in the ‘Writing R Extensions’
    manual.
Flavors: r-devel-linux-x86_64-debian-clang, r-devel-linux-x86_64-debian-gcc, r-devel-linux-x86_64-fedora-clang, r-devel-linux-x86_64-fedora-gcc, r-devel-osx-x86_64-clang

Version: 1.2-2
Check: package dependencies
Result: NOTE
    Packages suggested but not available for checking: ‘cond’ ‘csampling’
Flavor: r-release-osx-x86_64-snowleopard

Version: 1.2-2
Check: Rd cross-references
Result: NOTE
    Package unavailable to check Rd xrefs: ‘cond’
Flavor: r-release-osx-x86_64-snowleopard