CRAN Package Check Results for Package marg

Last updated on 2014-10-20 09:56:03.

Flavor Version Tinstall Tcheck Ttotal Status Flags
r-devel-linux-x86_64-debian-clang 1.2-2 1.13 21.52 22.65 OK
r-devel-linux-x86_64-debian-gcc 1.2-2 1.10 20.58 21.67 OK
r-devel-linux-x86_64-fedora-clang 1.2-2 44.46 OK
r-devel-linux-x86_64-fedora-gcc 1.2-2 41.07 OK
r-devel-osx-x86_64-clang 1.2-2 43.92 OK
r-devel-windows-ix86+x86_64 1.2-2 4.00 30.00 34.00 OK
r-patched-linux-x86_64 1.2-2 1.22 22.25 23.47 OK
r-patched-solaris-sparc 1.2-2 246.00 OK
r-patched-solaris-x86 1.2-2 56.60 OK
r-release-linux-ix86 1.2-2 1.53 29.09 30.62 OK
r-release-linux-x86_64 1.2-2 1.15 22.11 23.26 OK
r-release-osx-x86_64-mavericks 1.2-2 OK
r-release-osx-x86_64-snowleopard 1.2-2 NOTE
r-release-windows-ix86+x86_64 1.2-2 5.00 33.00 38.00 OK
r-oldrel-windows-ix86+x86_64 1.2-2 4.00 37.00 41.00 OK

Check Details

Version: 1.2-2
Check: package dependencies
Result: NOTE
    Packages suggested but not available for checking: ‘cond’ ‘csampling’
Flavor: r-release-osx-x86_64-snowleopard

Version: 1.2-2
Check: Rd cross-references
Result: NOTE
    Package unavailable to check Rd xrefs: ‘cond’
Flavor: r-release-osx-x86_64-snowleopard