CRAN Package Check Results for Package marg

Last updated on 2014-04-23 12:48:21.

Flavor Version Tinstall Tcheck Ttotal Status Flags
r-devel-linux-x86_64-debian-clang 1.2-2 1.19 22.08 23.27 OK
r-devel-linux-x86_64-debian-gcc 1.2-2 1.16 21.88 23.03 OK
r-devel-linux-x86_64-fedora-clang 1.2-2 45.58 OK
r-devel-linux-x86_64-fedora-gcc 1.2-2 43.17 OK
r-devel-osx-x86_64-clang 1.2-2 38.80 OK
r-devel-osx-x86_64-gcc 1.2-2 NOTE
r-devel-windows-ix86+x86_64 1.2-2 4.00 32.00 36.00 OK
r-patched-linux-x86_64 1.2-2 1.32 22.43 23.75 OK
r-patched-solaris-sparc 1.2-2 238.30 OK
r-patched-solaris-x86 1.2-2 57.40 OK
r-release-linux-ix86 1.2-2 2.00 39.00 41.00 OK
r-release-linux-x86_64 1.2-2 1.17 21.73 22.90 OK
r-release-osx-x86_64-mavericks 1.2-2 WARN
r-release-osx-x86_64-snowleopard 1.2-2 NOTE
r-release-windows-ix86+x86_64 1.2-2 4.00 34.00 38.00 OK
r-oldrel-windows-ix86+x86_64 1.2-2 4.00 33.00 37.00 OK

Check Details

Version: 1.2-2
Check: package dependencies
Result: NOTE
    Packages suggested but not available for checking: ‘cond’ ‘csampling’
Flavors: r-devel-osx-x86_64-gcc, r-release-osx-x86_64-mavericks, r-release-osx-x86_64-snowleopard

Version: 1.2-2
Check: Rd cross-references
Result: NOTE
    Package unavailable to check Rd xrefs: ‘cond’
Flavors: r-devel-osx-x86_64-gcc, r-release-osx-x86_64-mavericks, r-release-osx-x86_64-snowleopard

Version: 1.2-2
Check: PDF version of manual
Result: WARNING
    LaTeX errors when creating PDF version.
    This typically indicates Rd problems.
    LaTeX errors found:
    ! LaTeX Error: File `upquote.sty' not found.
    
    Type X to quit or <RETURN> to proceed,
    or enter new name. (Default extension: sty)
    
    /private/tmp/RtmpIYzfjF/Rd2pdf1441a724848e5/Rd2.tex:8: ==> Fatal error occurre
    d, no output PDF file produced!
Flavor: r-release-osx-x86_64-mavericks