CRAN Package Check Results for Package marg

Last updated on 2014-09-30 21:47:57.

Flavor Version Tinstall Tcheck Ttotal Status Flags
r-devel-linux-x86_64-debian-clang 1.2-2 1.11 20.86 21.98 OK
r-devel-linux-x86_64-debian-gcc 1.2-2 1.35 20.23 21.58 OK
r-devel-linux-x86_64-fedora-clang 1.2-2 44.70 OK
r-devel-linux-x86_64-fedora-gcc 1.2-2 41.16 OK
r-devel-osx-x86_64-clang 1.2-2 40.46 OK
r-devel-windows-ix86+x86_64 1.2-2 4.00 36.00 40.00 OK
r-patched-linux-x86_64 1.2-2 1.26 21.41 22.67 OK
r-patched-solaris-sparc 1.2-2 246.00 OK
r-patched-solaris-x86 1.2-2 57.40 OK
r-release-linux-ix86 1.2-2 1.52 30.09 31.61 OK
r-release-linux-x86_64 1.2-2 1.12 21.28 22.40 OK
r-release-osx-x86_64-mavericks 1.2-2 OK
r-release-osx-x86_64-snowleopard 1.2-2 NOTE
r-release-windows-ix86+x86_64 1.2-2 4.00 35.00 39.00 OK
r-oldrel-windows-ix86+x86_64 1.2-2 5.00 34.00 39.00 OK

Check Details

Version: 1.2-2
Check: package dependencies
Result: NOTE
    Packages suggested but not available for checking: ‘cond’ ‘csampling’
Flavor: r-release-osx-x86_64-snowleopard

Version: 1.2-2
Check: Rd cross-references
Result: NOTE
    Package unavailable to check Rd xrefs: ‘cond’
Flavor: r-release-osx-x86_64-snowleopard