CRAN Package Check Results for Package marg

Last updated on 2024-07-17 16:52:22 CEST.

Flavor Version Tinstall Tcheck Ttotal Status Flags
r-devel-linux-x86_64-debian-clang 1.2-2.1 9.27 91.61 100.88 NOTE
r-devel-linux-x86_64-debian-gcc 1.2-2.1 9.08 68.28 77.36 NOTE
r-devel-linux-x86_64-fedora-clang 1.2-2.1 128.13 NOTE
r-devel-linux-x86_64-fedora-gcc 1.2-2.1 124.48 NOTE
r-devel-windows-x86_64 1.2-2.1 10.00 93.00 103.00 NOTE
r-patched-linux-x86_64 1.2-2.1 10.41 88.83 99.24 NOTE
r-release-linux-x86_64 1.2-2.1 8.86 89.04 97.90 NOTE
r-release-macos-arm64 1.2-2.1 37.00 NOTE
r-release-macos-x86_64 1.2-2.1 55.00 NOTE
r-release-windows-x86_64 1.2-2.1 10.00 94.00 104.00 NOTE
r-oldrel-macos-arm64 1.2-2.1 40.00 NOTE
r-oldrel-macos-x86_64 1.2-2.1 66.00 NOTE
r-oldrel-windows-x86_64 1.2-2.1 13.00 108.00 121.00 NOTE

Check Details

Version: 1.2-2.1
Check: Rd files
Result: NOTE checkRd: (-1) residuals.rsm.Rd:74: Escaped LaTeX specials: \& Flavors: r-devel-linux-x86_64-debian-clang, r-devel-linux-x86_64-debian-gcc, r-devel-linux-x86_64-fedora-clang, r-devel-linux-x86_64-fedora-gcc, r-devel-windows-x86_64, r-patched-linux-x86_64, r-release-linux-x86_64, r-release-macos-arm64, r-release-macos-x86_64, r-release-windows-x86_64, r-oldrel-macos-arm64, r-oldrel-macos-x86_64, r-oldrel-windows-x86_64

Version: 1.2-2.1
Check: Rd cross-references
Result: NOTE Found the following Rd file(s) with Rd \link{} targets missing package anchors: rsm.Rd: survreg.fit rsm.surv.Rd: survreg.fit Please provide package anchors for all Rd \link{} targets not in the package itself and the base packages. Flavor: r-devel-windows-x86_64

Version: 1.2-2.1
Check: package dependencies
Result: NOTE Packages suggested but not available for checking: 'csampling', 'nlreg' Flavor: r-oldrel-macos-x86_64