CRAN Package Check Results for Package marg

Last updated on 2015-04-26 17:47:42.

Flavor Version Tinstall Tcheck Ttotal Status Flags
r-devel-linux-x86_64-debian-clang 1.2-2 1.05 19.64 20.68 NOTE
r-devel-linux-x86_64-debian-gcc 1.2-2 1.07 19.52 20.58 NOTE
r-devel-linux-x86_64-fedora-clang 1.2-2 39.34 NOTE
r-devel-linux-x86_64-fedora-gcc 1.2-2 37.05 NOTE
r-devel-osx-x86_64-clang 1.2-2 39.81 NOTE
r-devel-windows-ix86+x86_64 1.2-2 10.00 32.00 42.00 NOTE
r-patched-linux-x86_64 1.2-2 1.02 19.13 20.15 NOTE
r-patched-solaris-sparc 1.2-2 261.40 NOTE
r-patched-solaris-x86 1.2-2 50.90 NOTE
r-release-linux-x86_64 1.2-2 1.10 19.89 20.99 NOTE
r-release-osx-x86_64-mavericks 1.2-2 NOTE
r-release-osx-x86_64-snowleopard 1.2-2 NOTE
r-release-windows-ix86+x86_64 1.2-2 4.00 33.00 37.00 NOTE
r-oldrel-windows-ix86+x86_64 1.2-2 4.00 33.00 37.00 OK

Check Details

Version: 1.2-2
Check: DESCRIPTION meta-information
Result: NOTE
    Malformed Description field: should contain one or more complete sentences.
Flavors: r-devel-linux-x86_64-fedora-clang, r-devel-linux-x86_64-fedora-gcc, r-devel-osx-x86_64-clang, r-devel-windows-ix86+x86_64, r-patched-solaris-sparc, r-patched-solaris-x86, r-release-osx-x86_64-mavericks, r-release-osx-x86_64-snowleopard, r-release-windows-ix86+x86_64

Version: 1.2-2
Check: S3 generic/method consistency
Result: NOTE
    Found the following apparent S3 methods exported but not registered:
     anova.rsm anova.rsmlist cond.rsm family.rsm logLik.rsm plot.marg
     plot.rsm print.family.rsm print.marg print.rsm print.summary.marg
     print.summary.rsm residuals.rsm summary.marg summary.rsm update.rsm
     vcov.rsm
    See section ‘Registering S3 methods’ in the ‘Writing R Extensions’
    manual.
Flavors: r-devel-linux-x86_64-fedora-clang, r-devel-linux-x86_64-fedora-gcc, r-devel-osx-x86_64-clang, r-patched-solaris-x86