CRAN Package Check Results for Package marg

Last updated on 2015-05-24 15:46:54.

Flavor Version Tinstall Tcheck Ttotal Status Flags
r-devel-linux-x86_64-debian-clang 1.2-2 1.05 19.39 20.44 NOTE
r-devel-linux-x86_64-debian-gcc 1.2-2 1.12 19.01 20.13 NOTE
r-devel-linux-x86_64-fedora-clang 1.2-2 39.39 NOTE
r-devel-linux-x86_64-fedora-gcc 1.2-2 35.78 NOTE
r-devel-osx-x86_64-clang 1.2-2 39.56 NOTE
r-devel-windows-ix86+x86_64 1.2-2 10.00 36.00 46.00 NOTE
r-patched-linux-x86_64 1.2-2 1.16 19.79 20.95 NOTE
r-patched-solaris-sparc 1.2-2 248.00 NOTE
r-patched-solaris-x86 1.2-2 50.90 NOTE
r-release-linux-x86_64 1.2-2 1.11 19.81 20.92 NOTE
r-release-osx-x86_64-mavericks 1.2-2 NOTE
r-release-osx-x86_64-snowleopard 1.2-2 NOTE
r-release-windows-ix86+x86_64 1.2-2 4.00 33.00 37.00 NOTE
r-oldrel-windows-ix86+x86_64 1.2-2 5.00 50.00 55.00 OK

Check Details

Version: 1.2-2
Check: DESCRIPTION meta-information
Result: NOTE
    Malformed Description field: should contain one or more complete sentences.
Flavors: r-devel-linux-x86_64-debian-clang, r-devel-linux-x86_64-debian-gcc, r-devel-linux-x86_64-fedora-clang, r-devel-linux-x86_64-fedora-gcc, r-devel-osx-x86_64-clang, r-devel-windows-ix86+x86_64, r-patched-linux-x86_64, r-patched-solaris-sparc, r-patched-solaris-x86, r-release-linux-x86_64, r-release-osx-x86_64-mavericks, r-release-osx-x86_64-snowleopard, r-release-windows-ix86+x86_64

Version: 1.2-2
Check: S3 generic/method consistency
Result: NOTE
    Found the following apparent S3 methods exported but not registered:
     anova.rsm anova.rsmlist cond.rsm family.rsm logLik.rsm plot.marg
     plot.rsm print.family.rsm print.marg print.rsm print.summary.marg
     print.summary.rsm residuals.rsm summary.marg summary.rsm update.rsm
     vcov.rsm
    See section ‘Registering S3 methods’ in the ‘Writing R Extensions’
    manual.
Flavors: r-devel-linux-x86_64-debian-clang, r-devel-linux-x86_64-debian-gcc, r-devel-linux-x86_64-fedora-clang, r-devel-linux-x86_64-fedora-gcc, r-devel-osx-x86_64-clang, r-patched-linux-x86_64, r-patched-solaris-sparc, r-patched-solaris-x86, r-release-linux-x86_64