CRAN Package Check Results for Package marg

Last updated on 2014-08-20 21:47:29.

Flavor Version Tinstall Tcheck Ttotal Status Flags
r-devel-linux-x86_64-debian-clang 1.2-2 1.17 20.03 21.20 OK
r-devel-linux-x86_64-debian-gcc 1.2-2 1.06 20.13 21.19 OK
r-devel-linux-x86_64-fedora-clang 1.2-2 44.79 OK
r-devel-linux-x86_64-fedora-gcc 1.2-2 41.78 OK
r-devel-osx-x86_64-clang 1.2-2 40.38 OK
r-devel-windows-ix86+x86_64 1.2-2 4.00 31.00 35.00 OK
r-patched-linux-x86_64 1.2-2 1.20 21.48 22.68 OK
r-patched-solaris-sparc 1.2-2 246.00 OK
r-patched-solaris-x86 1.2-2 55.00 OK
r-release-linux-ix86 1.2-2 1.51 28.94 30.45 OK
r-release-linux-x86_64 1.2-2 1.37 20.96 22.33 OK
r-release-osx-x86_64-mavericks 1.2-2 OK
r-release-osx-x86_64-snowleopard 1.2-2 NOTE
r-release-windows-ix86+x86_64 1.2-2 4.00 36.00 40.00 OK
r-oldrel-windows-ix86+x86_64 1.2-2 4.00 37.00 41.00 OK

Check Details

Version: 1.2-2
Check: package dependencies
Result: NOTE
    Packages suggested but not available for checking: ‘cond’ ‘csampling’
Flavor: r-release-osx-x86_64-snowleopard

Version: 1.2-2
Check: Rd cross-references
Result: NOTE
    Package unavailable to check Rd xrefs: ‘cond’
Flavor: r-release-osx-x86_64-snowleopard