CRAN Package Check Results for Package marg

Last updated on 2015-07-04 21:46:37.

Flavor Version Tinstall Tcheck Ttotal Status Flags
r-devel-linux-x86_64-debian-clang 1.2-2 0.99 20.55 21.54 NOTE
r-devel-linux-x86_64-debian-gcc 1.2-2 1.26 19.63 20.89 NOTE
r-devel-linux-x86_64-fedora-clang 1.2-2 39.82 NOTE
r-devel-linux-x86_64-fedora-gcc 1.2-2 36.76 NOTE
r-devel-osx-x86_64-clang 1.2-2 37.47 NOTE
r-devel-windows-ix86+x86_64 1.2-2 9.00 33.00 42.00 NOTE
r-patched-linux-x86_64 1.2-2 1.08 19.85 20.92 NOTE
r-patched-solaris-sparc 1.2-2 248.00 NOTE
r-patched-solaris-x86 1.2-2 54.10 NOTE
r-release-linux-x86_64 1.2-2 1.30 20.14 21.44 NOTE
r-release-osx-x86_64-mavericks 1.2-2 NOTE
r-release-windows-ix86+x86_64 1.2-2 7.00 36.00 43.00 NOTE
r-oldrel-windows-ix86+x86_64 1.2-2 8.00 59.00 67.00 OK

Check Details

Version: 1.2-2
Check: DESCRIPTION meta-information
Result: NOTE
    Malformed Description field: should contain one or more complete sentences.
Flavors: r-devel-linux-x86_64-debian-clang, r-devel-linux-x86_64-debian-gcc, r-devel-linux-x86_64-fedora-clang, r-devel-linux-x86_64-fedora-gcc, r-devel-osx-x86_64-clang, r-devel-windows-ix86+x86_64, r-patched-linux-x86_64, r-patched-solaris-sparc, r-patched-solaris-x86, r-release-linux-x86_64, r-release-osx-x86_64-mavericks, r-release-windows-ix86+x86_64

Version: 1.2-2
Check: S3 generic/method consistency
Result: NOTE
    Found the following apparent S3 methods exported but not registered:
     anova.rsm anova.rsmlist cond.rsm family.rsm logLik.rsm plot.marg
     plot.rsm print.family.rsm print.marg print.rsm print.summary.marg
     print.summary.rsm residuals.rsm summary.marg summary.rsm update.rsm
     vcov.rsm
    See section ‘Registering S3 methods’ in the ‘Writing R Extensions’
    manual.
Flavors: r-devel-linux-x86_64-debian-clang, r-devel-linux-x86_64-debian-gcc, r-devel-linux-x86_64-fedora-clang, r-devel-linux-x86_64-fedora-gcc, r-devel-osx-x86_64-clang, r-patched-linux-x86_64, r-patched-solaris-sparc, r-patched-solaris-x86, r-release-linux-x86_64

Version: 1.2-2
Check: R code for possible problems
Result: NOTE
    anova.rsm: no visible global function definition for ‘formula’
    anova.rsm: no visible global function definition for ‘model.frame’
    anova.rsm: no visible global function definition for ‘model.extract’
    anova.rsm: no visible global function definition for ‘stat.anova’
    anova.rsmlist : <anonymous>: no visible global function definition for
     ‘formula’
    anova.rsmlist: no visible global function definition for ‘stat.anova’
    cond.rsm: no visible global function definition for ‘glm.control’
    cond.rsm: no visible global function definition for
     ‘model.frame.default’
    cond.rsm: no visible global function definition for ‘is.empty.model’
    cond.rsm: no visible global function definition for ‘model.matrix’
    cond.rsm: no visible global function definition for ‘model.response’
    cond.rsm: no visible global function definition for ‘contrasts’
    cond.rsm: no visible global function definition for ‘as.formula’
    cond.rsm: no visible global function definition for ‘update’
    cond.rsm: no visible global function definition for ‘spline’
    cond.rsm: no visible global function definition for ‘predict’
    cond.rsm: no visible global function definition for ‘smooth.spline’
    cond.rsm: no visible global function definition for ‘lm.fit’
    cond.rsm: no visible global function definition for ‘pnorm’
    cond.rsm: no visible global function definition for ‘dnorm’
    dHuber: no visible global function definition for ‘pnorm’
    dHuber: no visible global function definition for ‘dnorm’
    dHuber: no visible global function definition for ‘dexp’
    pHuber: no visible global function definition for ‘pnorm’
    pHuber: no visible global function definition for ‘dnorm’
    pHuber: no visible global function definition for ‘pexp’
    plot.marg: no visible global function definition for ‘menu’
    plot.marg: no visible global function definition for ‘qnorm’
    plot.marg: no visible global function definition for ‘predict’
    plot.marg: no visible global function definition for ‘smooth.spline’
    plot.marg: no visible global function definition for ‘par’
    plot.marg: no visible global function definition for ‘split.screen’
    plot.marg: no visible global function definition for ‘screen’
    plot.marg: no visible global function definition for ‘plot’
    plot.marg: no visible global function definition for ‘lines’
    plot.marg: no visible global function definition for ‘title’
    plot.marg: no visible global function definition for ‘locator’
    plot.marg: no visible global function definition for ‘legend’
    plot.marg: no visible global function definition for ‘close.screen’
    plot.marg: no visible global function definition for ‘qchisq’
    plot.marg: no visible global function definition for ‘matplot’
    plot.marg: no visible global function definition for ‘abline’
    plot.marg: no visible global function definition for ‘segments’
    plot.marg: no visible global function definition for ‘text’
    print.summary.rsm: no visible global function definition for
     ‘printCoefmat’
    qHuber: no visible global function definition for ‘pnorm’
    qHuber: no visible global function definition for ‘dnorm’
    qHuber: no visible global function definition for ‘qnorm’
    rHuber: no visible global function definition for ‘runif’
    rsm: no visible binding for global variable ‘gaussian’
    rsm: no visible binding for global variable ‘na.fail’
    rsm: no visible global function definition for ‘glm.control’
    rsm: no visible global function definition for ‘is.empty.model’
    rsm: no visible global function definition for ‘model.matrix’
    rsm: no visible global function definition for ‘model.response’
    rsm: no visible global function definition for ‘model.offset’
    rsm: no visible global function definition for ‘model.weights’
    rsm.diag: no visible global function definition for ‘model.matrix’
    rsm.diag: no visible global function definition for ‘pt’
    rsm.diag: no visible global function definition for ‘pweibull’
    rsm.diag: no visible global function definition for ‘plogis’
    rsm.diag: no visible global function definition for ‘qnorm’
    rsm.diag.plots: no visible global function definition for ‘menu’
    rsm.diag.plots: no visible global function definition for ‘par’
    rsm.diag.plots: no visible global function definition for
     ‘close.screen’
    rsm.diag.plots: no visible global function definition for
     ‘split.screen’
    rsm.diag.plots: no visible global function definition for ‘screen’
    rsm.diag.plots: no visible global function definition for ‘plot’
    rsm.diag.plots: no visible global function definition for ‘qnorm’
    rsm.diag.plots: no visible global function definition for ‘ppoints’
    rsm.diag.plots: no visible global function definition for ‘abline’
    rsm.diag.plots: no visible global function definition for
     ‘model.extract’
    rsm.diag.plots: no visible global function definition for ‘model.frame’
    rsm.diag.plots: no visible global function definition for ‘identify’
    rsm.fit: no visible global function definition for ‘glm.fit’
    rsm.fit: no visible global function definition for ‘median’
    rsm.fit: no visible global function definition for ‘resid’
    rsm.fit: Error while checking: invalid ‘envir’ argument
    rsm.null: no visible global function definition for ‘optim’
    rsm.null: no visible global function definition for ‘median’
    rsm.surv: no visible global function definition for ‘glm.fit’
    summary.marg: no visible global function definition for ‘qnorm’
    summary.marg: no visible global function definition for ‘predict’
    summary.marg: no visible global function definition for ‘smooth.spline’
    summary.marg: no visible global function definition for ‘pnorm’
    summary.rsm: no visible global function definition for ‘pnorm’
    update.rsm: no visible global function definition for ‘update.formula’
    update.rsm: no visible global function definition for ‘formula’
    Undefined global functions or variables:
     abline as.formula close.screen contrasts dexp dnorm formula gaussian
     glm.control glm.fit identify is.empty.model legend lines lm.fit
     locator matplot median menu model.extract model.frame
     model.frame.default model.matrix model.offset model.response
     model.weights na.fail optim par pexp plogis plot pnorm ppoints
     predict printCoefmat pt pweibull qchisq qnorm resid runif screen
     segments smooth.spline spline split.screen stat.anova text title
     update update.formula
Flavors: r-devel-linux-x86_64-debian-clang, r-devel-linux-x86_64-debian-gcc, r-devel-linux-x86_64-fedora-clang, r-devel-linux-x86_64-fedora-gcc

Version: 1.2-2
Check: R code for possible problems
Result: NOTE
    anova.rsm: no visible global function definition for 'formula'
    anova.rsm: no visible global function definition for 'model.frame'
    anova.rsm: no visible global function definition for 'model.extract'
    anova.rsm: no visible global function definition for 'stat.anova'
    anova.rsmlist : <anonymous>: no visible global function definition for
     'formula'
    anova.rsmlist: no visible global function definition for 'stat.anova'
    cond.rsm: no visible global function definition for 'glm.control'
    cond.rsm: no visible global function definition for
     'model.frame.default'
    cond.rsm: no visible global function definition for 'is.empty.model'
    cond.rsm: no visible global function definition for 'model.matrix'
    cond.rsm: no visible global function definition for 'model.response'
    cond.rsm: no visible global function definition for 'contrasts'
    cond.rsm: no visible global function definition for 'as.formula'
    cond.rsm: no visible global function definition for 'update'
    cond.rsm: no visible global function definition for 'spline'
    cond.rsm: no visible global function definition for 'predict'
    cond.rsm: no visible global function definition for 'smooth.spline'
    cond.rsm: no visible global function definition for 'lm.fit'
    cond.rsm: no visible global function definition for 'pnorm'
    cond.rsm: no visible global function definition for 'dnorm'
    dHuber: no visible global function definition for 'pnorm'
    dHuber: no visible global function definition for 'dnorm'
    dHuber: no visible global function definition for 'dexp'
    pHuber: no visible global function definition for 'pnorm'
    pHuber: no visible global function definition for 'dnorm'
    pHuber: no visible global function definition for 'pexp'
    plot.marg: no visible global function definition for 'menu'
    plot.marg: no visible global function definition for 'qnorm'
    plot.marg: no visible global function definition for 'predict'
    plot.marg: no visible global function definition for 'smooth.spline'
    plot.marg: no visible global function definition for 'par'
    plot.marg: no visible global function definition for 'split.screen'
    plot.marg: no visible global function definition for 'screen'
    plot.marg: no visible global function definition for 'plot'
    plot.marg: no visible global function definition for 'lines'
    plot.marg: no visible global function definition for 'title'
    plot.marg: no visible global function definition for 'locator'
    plot.marg: no visible global function definition for 'legend'
    plot.marg: no visible global function definition for 'close.screen'
    plot.marg: no visible global function definition for 'qchisq'
    plot.marg: no visible global function definition for 'matplot'
    plot.marg: no visible global function definition for 'abline'
    plot.marg: no visible global function definition for 'segments'
    plot.marg: no visible global function definition for 'text'
    print.summary.rsm: no visible global function definition for
     'printCoefmat'
    qHuber: no visible global function definition for 'pnorm'
    qHuber: no visible global function definition for 'dnorm'
    qHuber: no visible global function definition for 'qnorm'
    rHuber: no visible global function definition for 'runif'
    rsm: no visible binding for global variable 'gaussian'
    rsm: no visible binding for global variable 'na.fail'
    rsm: no visible global function definition for 'glm.control'
    rsm: no visible global function definition for 'is.empty.model'
    rsm: no visible global function definition for 'model.matrix'
    rsm: no visible global function definition for 'model.response'
    rsm: no visible global function definition for 'model.offset'
    rsm: no visible global function definition for 'model.weights'
    rsm.diag: no visible global function definition for 'model.matrix'
    rsm.diag: no visible global function definition for 'pt'
    rsm.diag: no visible global function definition for 'pweibull'
    rsm.diag: no visible global function definition for 'plogis'
    rsm.diag: no visible global function definition for 'qnorm'
    rsm.diag.plots: no visible global function definition for 'menu'
    rsm.diag.plots: no visible global function definition for 'par'
    rsm.diag.plots: no visible global function definition for
     'close.screen'
    rsm.diag.plots: no visible global function definition for
     'split.screen'
    rsm.diag.plots: no visible global function definition for 'screen'
    rsm.diag.plots: no visible global function definition for 'plot'
    rsm.diag.plots: no visible global function definition for 'qnorm'
    rsm.diag.plots: no visible global function definition for 'ppoints'
    rsm.diag.plots: no visible global function definition for 'abline'
    rsm.diag.plots: no visible global function definition for
     'model.extract'
    rsm.diag.plots: no visible global function definition for 'model.frame'
    rsm.diag.plots: no visible global function definition for 'identify'
    rsm.fit: no visible global function definition for 'glm.fit'
    rsm.fit: no visible global function definition for 'median'
    rsm.fit: no visible global function definition for 'resid'
    rsm.fit: no visible global function definition for 'gaussian'
    rsm.fit: no visible global function definition for 'coef'
    rsm.fit: no visible global function definition for 'optim'
    rsm.null: no visible global function definition for 'optim'
    rsm.null: no visible global function definition for 'median'
    rsm.surv: no visible global function definition for 'glm.fit'
    summary.marg: no visible global function definition for 'qnorm'
    summary.marg: no visible global function definition for 'predict'
    summary.marg: no visible global function definition for 'smooth.spline'
    summary.marg: no visible global function definition for 'pnorm'
    summary.rsm: no visible global function definition for 'pnorm'
    update.rsm: no visible global function definition for 'update.formula'
    update.rsm: no visible global function definition for 'formula'
    Undefined global functions or variables:
     abline as.formula close.screen coef contrasts dexp dnorm formula
     gaussian glm.control glm.fit identify is.empty.model legend lines
     lm.fit locator matplot median menu model.extract model.frame
     model.frame.default model.matrix model.offset model.response
     model.weights na.fail optim par pexp plogis plot pnorm ppoints
     predict printCoefmat pt pweibull qchisq qnorm resid runif screen
     segments smooth.spline spline split.screen stat.anova text title
     update update.formula
Flavor: r-devel-windows-ix86+x86_64