CRAN Package Check Results for Package marg

Last updated on 2014-12-17 23:47:19.

Flavor Version Tinstall Tcheck Ttotal Status Flags
r-devel-linux-x86_64-debian-clang 1.2-2 1.13 20.99 22.12 OK
r-devel-linux-x86_64-debian-gcc 1.2-2 1.39 20.32 21.71 OK
r-devel-linux-x86_64-fedora-clang 1.2-2 46.11 OK
r-devel-linux-x86_64-fedora-gcc 1.2-2 41.35 OK
r-devel-osx-x86_64-clang 1.2-2 43.54 OK
r-devel-windows-ix86+x86_64 1.2-2 7.00 34.00 41.00 OK
r-patched-linux-x86_64 1.2-2 1.16 21.65 22.82 OK
r-patched-solaris-sparc 1.2-2 246.00 OK
r-patched-solaris-x86 1.2-2 57.20 OK
r-release-linux-ix86 1.2-2 1.47 27.97 29.44 OK
r-release-linux-x86_64 1.2-2 1.13 21.79 22.92 OK
r-release-osx-x86_64-mavericks 1.2-2 OK
r-release-osx-x86_64-snowleopard 1.2-2 NOTE
r-release-windows-ix86+x86_64 1.2-2 5.00 34.00 39.00 OK
r-oldrel-windows-ix86+x86_64 1.2-2 4.00 33.00 37.00 OK

Check Details

Version: 1.2-2
Check: package dependencies
Result: NOTE
    Packages suggested but not available for checking: ‘cond’ ‘csampling’
Flavor: r-release-osx-x86_64-snowleopard

Version: 1.2-2
Check: Rd cross-references
Result: NOTE
    Package unavailable to check Rd xrefs: ‘cond’
Flavor: r-release-osx-x86_64-snowleopard