CRAN Package Check Results for Package marg

Last updated on 2015-03-26 21:46:59.

Flavor Version Tinstall Tcheck Ttotal Status Flags
r-devel-linux-x86_64-debian-clang 1.2-2 1.04 19.17 20.21 NOTE
r-devel-linux-x86_64-debian-gcc 1.2-2 1.06 19.72 20.78 NOTE
r-devel-linux-x86_64-fedora-clang 1.2-2 40.14 NOTE
r-devel-linux-x86_64-fedora-gcc 1.2-2 36.90 NOTE
r-devel-osx-x86_64-clang 1.2-2 44.43 NOTE
r-prerel-windows-ix86+x86_64 1.2-2 4.00 31.00 35.00 NOTE
r-prerel-linux-x86_64 1.2-2 1.53 20.46 21.98 NOTE
r-prerel-solaris-sparc 1.2-2 261.40 NOTE
r-prerel-solaris-x86 1.2-2 49.40 NOTE
r-release-linux-x86_64 1.2-2 1.22 21.72 22.94 OK
r-release-osx-x86_64-mavericks 1.2-2 OK
r-release-osx-x86_64-snowleopard 1.2-2 NOTE
r-release-windows-ix86+x86_64 1.2-2 5.00 38.00 43.00 OK
r-oldrel-windows-ix86+x86_64 1.2-2 5.00 41.00 46.00 OK

Check Details

Version: 1.2-2
Check: DESCRIPTION meta-information
Result: NOTE
    Malformed Description field: should contain one or more complete sentences.
Flavors: r-devel-linux-x86_64-debian-clang, r-devel-linux-x86_64-debian-gcc, r-devel-linux-x86_64-fedora-clang, r-devel-linux-x86_64-fedora-gcc, r-devel-osx-x86_64-clang, r-prerel-windows-ix86+x86_64, r-prerel-linux-x86_64, r-prerel-solaris-sparc, r-prerel-solaris-x86

Version: 1.2-2
Check: S3 generic/method consistency
Result: NOTE
    Found the following apparent S3 methods exported but not registered:
     anova.rsm anova.rsmlist cond.rsm family.rsm logLik.rsm plot.marg
     plot.rsm print.family.rsm print.marg print.rsm print.summary.marg
     print.summary.rsm residuals.rsm summary.marg summary.rsm update.rsm
     vcov.rsm
    See section ‘Registering S3 methods’ in the ‘Writing R Extensions’
    manual.
Flavors: r-devel-linux-x86_64-debian-clang, r-devel-linux-x86_64-debian-gcc, r-devel-linux-x86_64-fedora-clang, r-devel-linux-x86_64-fedora-gcc, r-devel-osx-x86_64-clang, r-prerel-linux-x86_64

Version: 1.2-2
Check: package dependencies
Result: NOTE
    Packages suggested but not available for checking: ‘cond’ ‘csampling’
Flavor: r-release-osx-x86_64-snowleopard

Version: 1.2-2
Check: Rd cross-references
Result: NOTE
    Package unavailable to check Rd xrefs: ‘cond’
Flavor: r-release-osx-x86_64-snowleopard