CRAN Package Check Results for Package marg

Last updated on 2014-07-23 15:47:47.

Flavor Version Tinstall Tcheck Ttotal Status Flags
r-devel-linux-x86_64-debian-clang 1.2-2 1.75 20.98 22.73 OK
r-devel-linux-x86_64-debian-gcc 1.2-2 1.08 21.22 22.31 OK
r-devel-linux-x86_64-fedora-clang 1.2-2 47.64 OK
r-devel-linux-x86_64-fedora-gcc 1.2-2 42.54 OK
r-devel-osx-x86_64-clang 1.2-2 42.54 OK
r-devel-windows-ix86+x86_64 1.2-2 4.00 34.00 38.00 OK
r-patched-linux-x86_64 1.2-2 1.21 21.28 22.49 OK
r-patched-solaris-sparc 1.2-2 238.30 OK
r-patched-solaris-x86 1.2-2 56.30 OK
r-release-linux-ix86 1.2-2 1.53 28.88 30.40 OK
r-release-linux-x86_64 1.2-2 1.28 20.86 22.14 OK
r-release-osx-x86_64-mavericks 1.2-2 OK
r-release-osx-x86_64-snowleopard 1.2-2 NOTE
r-release-windows-ix86+x86_64 1.2-2 4.00 34.00 38.00 OK
r-oldrel-windows-ix86+x86_64 1.2-2 4.00 34.00 38.00 OK

Check Details

Version: 1.2-2
Check: package dependencies
Result: NOTE
    Packages suggested but not available for checking: ‘cond’ ‘csampling’
Flavor: r-release-osx-x86_64-snowleopard

Version: 1.2-2
Check: Rd cross-references
Result: NOTE
    Package unavailable to check Rd xrefs: ‘cond’
Flavor: r-release-osx-x86_64-snowleopard