CRAN Package Check Results for Package marginalmodelplots

Last updated on 2014-07-26 11:52:22.

Flavor Version Tinstall Tcheck Ttotal Status Flags
r-devel-linux-x86_64-debian-clang 0.4.2 0.73 12.63 13.36 NOTE
r-devel-linux-x86_64-debian-gcc 0.4.2 0.72 12.84 13.56 NOTE
r-devel-linux-x86_64-fedora-clang 0.4.2 27.53 NOTE
r-devel-linux-x86_64-fedora-gcc 0.4.2 25.30 NOTE
r-devel-osx-x86_64-clang 0.4.2 29.91 NOTE
r-devel-windows-ix86+x86_64 0.4.2 3.00 23.00 26.00 NOTE
r-patched-linux-x86_64 0.4.2 0.74 12.68 13.43 NOTE
r-patched-solaris-sparc 0.4.2 153.90 NOTE
r-patched-solaris-x86 0.4.2 38.60 NOTE
r-release-linux-ix86 0.4.2 1.05 19.31 20.36 NOTE
r-release-linux-x86_64 0.4.2 0.78 13.20 13.98 NOTE
r-release-osx-x86_64-mavericks 0.4.2 NOTE
r-release-osx-x86_64-snowleopard 0.4.2 NOTE
r-release-windows-ix86+x86_64 0.4.2 4.00 24.00 28.00 NOTE
r-oldrel-windows-ix86+x86_64 0.4.2 4.00 24.00 28.00 NOTE

Check Details

Version: 0.4.2
Check: dependencies in R code
Result: NOTE
    'library' or 'require' calls to packages already attached by Depends:
     ‘grid’ ‘locfit’
     Please remove these calls from your code.
    Package in Depends field not imported from: ‘locfit’
     These packages need to be imported from (in the NAMESPACE file)
     for when this namespace is loaded but not attached.
    See the information on DESCRIPTION files in the chapter ‘Creating R
    packages’ of the ‘Writing R Extensions’ manual.
Flavors: r-devel-linux-x86_64-debian-clang, r-devel-linux-x86_64-debian-gcc, r-devel-linux-x86_64-fedora-clang, r-devel-linux-x86_64-fedora-gcc, r-devel-osx-x86_64-clang, r-devel-windows-ix86+x86_64, r-patched-linux-x86_64, r-patched-solaris-sparc, r-patched-solaris-x86, r-release-linux-ix86, r-release-linux-x86_64, r-release-osx-x86_64-mavericks, r-release-windows-ix86+x86_64, r-oldrel-windows-ix86+x86_64

Version: 0.4.2
Check: Rd \usage sections
Result: NOTE
    S3 methods shown with full name in documentation object 'mmplot':
     ‘mmplot1.lm’ ‘mmplot1.glm’
    
    S3 methods shown with full name in documentation object 'mmpslider':
     ‘mmpslider.lm’ ‘mmpslider.glm’
    
    The \usage entries for S3 methods should use the \method markup and not
    their full name.
    See the chapter ‘Writing R documentation files’ in the ‘Writing R
    Extensions’ manual.
Flavors: r-devel-linux-x86_64-debian-clang, r-devel-linux-x86_64-debian-gcc, r-devel-linux-x86_64-fedora-clang, r-devel-linux-x86_64-fedora-gcc, r-devel-osx-x86_64-clang, r-devel-windows-ix86+x86_64, r-patched-linux-x86_64, r-patched-solaris-sparc, r-patched-solaris-x86, r-release-linux-ix86, r-release-linux-x86_64, r-release-osx-x86_64-mavericks, r-release-osx-x86_64-snowleopard, r-release-windows-ix86+x86_64, r-oldrel-windows-ix86+x86_64

Version: 0.4.2
Check: Rd line widths
Result: NOTE
    Rd file 'mmpslider.Rd':
     \usage lines wider than 90 characters:
     mmpslider.lm(m,pred=predict(m), bw=NULL , label=deparse(substitute(u)), colors=c('blue','red'),...)
     mmpslider.glm(m,pred=predict(m), bw=NULL , label=deparse(substitute(u)), colors=c('blue','red'), family=NULL , link=NULL, ...)
    
    These lines will be truncated in the PDF manual.
Flavors: r-devel-linux-x86_64-fedora-clang, r-devel-linux-x86_64-fedora-gcc

Version: 0.4.2
Check: dependencies in R code
Result: NOTE
    'library' or 'require' calls to packages already attached by Depends:
     'grid' 'locfit'
     Please remove these calls from your code.
    See the information on DESCRIPTION files in the chapter 'Creating R
    packages' of the 'Writing R Extensions' manual.
Flavor: r-release-osx-x86_64-snowleopard