CRAN Package Check Results for Package markdown

Last updated on 2015-03-06 14:47:00.

Flavor Version Tinstall Tcheck Ttotal Status Flags
r-devel-linux-x86_64-debian-clang 0.7.4 2.34 11.86 14.20 NOTE
r-devel-linux-x86_64-debian-gcc 0.7.4 2.92 11.88 14.80 NOTE
r-devel-linux-x86_64-fedora-clang 0.7.4 28.10 NOTE
r-devel-linux-x86_64-fedora-gcc 0.7.4 27.52 NOTE
r-devel-osx-x86_64-clang 0.7.4 30.35 NOTE
r-devel-windows-ix86+x86_64 0.7.4 18.00 26.00 44.00 NOTE
r-patched-linux-x86_64 0.7.4 2.98 13.26 16.25 NOTE
r-patched-solaris-sparc 0.7.4 195.20 NOTE
r-patched-solaris-x86 0.7.4 44.80 NOTE
r-release-linux-ix86 0.7.4 3.93 22.99 26.92 OK
r-release-linux-x86_64 0.7.4 3.12 13.14 16.27 OK
r-release-osx-x86_64-mavericks 0.7.4 OK
r-release-osx-x86_64-snowleopard 0.7.4 OK
r-release-windows-ix86+x86_64 0.7.4 22.00 28.00 50.00 OK
r-oldrel-windows-ix86+x86_64 0.7.4 20.00 29.00 49.00 OK

Check Details

Version: 0.7.4
Check: dependencies in R code
Result: NOTE
    'library' or 'require' call to ‘RCurl’ in package code.
     Please use :: or requireNamespace() instead.
     See section 'Suggested packages' in the 'Writing R Extensions' manual.
Flavors: r-devel-linux-x86_64-debian-clang, r-devel-linux-x86_64-debian-gcc, r-devel-linux-x86_64-fedora-clang, r-devel-linux-x86_64-fedora-gcc, r-devel-osx-x86_64-clang, r-devel-windows-ix86+x86_64, r-patched-linux-x86_64, r-patched-solaris-sparc, r-patched-solaris-x86