CRAN Package Check Results for Package markdown

Last updated on 2015-04-01 17:48:40.

Flavor Version Tinstall Tcheck Ttotal Status Flags
r-devel-linux-x86_64-debian-clang 0.7.4 2.55 12.25 14.80 NOTE
r-devel-linux-x86_64-debian-gcc 0.7.4 3.38 12.05 15.43 NOTE
r-devel-linux-x86_64-fedora-clang 0.7.4 28.51 NOTE
r-devel-linux-x86_64-fedora-gcc 0.7.4 28.48 NOTE
r-devel-osx-x86_64-clang 0.7.4 34.08 NOTE
r-prerel-windows-ix86+x86_64 0.7.4 29.00 26.00 55.00 NOTE
r-prerel-linux-x86_64 0.7.4 2.98 12.16 15.14 NOTE
r-prerel-solaris-sparc 0.7.4 190.20 NOTE
r-prerel-solaris-x86 0.7.4 38.60 NOTE
r-release-linux-x86_64 0.7.4 2.93 13.12 16.05 NOTE
r-release-osx-x86_64-mavericks 0.7.4 OK
r-release-osx-x86_64-snowleopard 0.7.4 OK
r-release-windows-ix86+x86_64 0.7.4 18.00 29.00 47.00 NOTE
r-oldrel-windows-ix86+x86_64 0.7.4 18.00 29.00 47.00 OK

Check Details

Version: 0.7.4
Check: dependencies in R code
Result: NOTE
    'library' or 'require' call to ‘RCurl’ in package code.
     Please use :: or requireNamespace() instead.
     See section 'Suggested packages' in the 'Writing R Extensions' manual.
Flavors: r-devel-linux-x86_64-debian-clang, r-devel-linux-x86_64-debian-gcc, r-devel-linux-x86_64-fedora-clang, r-devel-linux-x86_64-fedora-gcc, r-devel-osx-x86_64-clang, r-prerel-windows-ix86+x86_64, r-prerel-linux-x86_64, r-prerel-solaris-sparc, r-prerel-solaris-x86, r-release-linux-x86_64, r-release-windows-ix86+x86_64