CRAN Package Check Results for Package markdown

Last updated on 2016-12-09 07:48:36.

Flavor Version Tinstall Tcheck Ttotal Status Flags
r-devel-linux-x86_64-debian-clang 0.7.7 3.26 15.34 18.60 NOTE
r-devel-linux-x86_64-debian-gcc 0.7.7 3.25 14.60 17.85 NOTE
r-devel-linux-x86_64-fedora-clang 0.7.7 33.02 NOTE --no-stop-on-test-error
r-devel-linux-x86_64-fedora-gcc 0.7.7 31.54 NOTE --no-stop-on-test-error
r-devel-macos-x86_64-clang 0.7.7 27.70 NOTE --no-stop-on-test-error
r-devel-windows-ix86+x86_64 0.7.7 18.00 59.00 77.00 NOTE
r-patched-linux-x86_64 0.7.7 2.80 11.80 14.60 NOTE
r-patched-solaris-sparc 0.7.7 149.00 NOTE
r-patched-solaris-x86 0.7.7 32.70 NOTE
r-release-linux-x86_64 0.7.7 2.88 11.69 14.57 NOTE
r-release-osx-x86_64-mavericks 0.7.7 NOTE
r-release-windows-ix86+x86_64 0.7.7 79.00 59.00 138.00 NOTE
r-oldrel-windows-ix86+x86_64 0.7.7 30.00 34.00 64.00 OK

Check Details

Version: 0.7.7
Check: R code for possible problems
Result: NOTE
    .b64EncodeImages : .b64EncodeImgSrc: no visible global function
     definition for ‘URLdecode’
    Undefined global functions or variables:
     URLdecode
    Consider adding
     importFrom("utils", "URLdecode")
    to your NAMESPACE file.
Flavors: r-devel-linux-x86_64-debian-clang, r-devel-linux-x86_64-debian-gcc, r-devel-windows-ix86+x86_64, r-patched-linux-x86_64, r-patched-solaris-sparc, r-patched-solaris-x86, r-release-linux-x86_64, r-release-osx-x86_64-mavericks, r-release-windows-ix86+x86_64

Version: 0.7.7
Flags: --no-stop-on-test-error
Check: R code for possible problems
Result: NOTE
    .b64EncodeImages : .b64EncodeImgSrc: no visible global function
     definition for ‘URLdecode’
    Undefined global functions or variables:
     URLdecode
    Consider adding
     importFrom("utils", "URLdecode")
    to your NAMESPACE file.
Flavors: r-devel-linux-x86_64-fedora-clang, r-devel-linux-x86_64-fedora-gcc, r-devel-macos-x86_64-clang