CRAN Package Check Results for Package markdown

Last updated on 2017-01-22 19:47:04.

Flavor Version Tinstall Tcheck Ttotal Status Flags
r-devel-linux-x86_64-debian-clang 0.7.7 3.34 14.53 17.87 NOTE
r-devel-linux-x86_64-debian-gcc 0.7.7 3.31 14.73 18.04 NOTE
r-devel-linux-x86_64-fedora-clang 0.7.7 31.02 NOTE --no-stop-on-test-error
r-devel-linux-x86_64-fedora-gcc 0.7.7 29.85 NOTE --no-stop-on-test-error
r-devel-macos-x86_64-clang 0.7.7 26.53 NOTE --no-stop-on-test-error
r-devel-windows-ix86+x86_64 0.7.7 14.00 40.00 54.00 NOTE
r-patched-linux-x86_64 0.7.7 2.98 11.45 14.43 NOTE
r-patched-solaris-sparc 0.7.7 150.70 NOTE
r-patched-solaris-x86 0.7.7 32.40 NOTE
r-release-linux-x86_64 0.7.7 3.07 12.63 15.71 NOTE
r-release-osx-x86_64-mavericks 0.7.7 NOTE
r-release-windows-ix86+x86_64 0.7.7 37.00 35.00 72.00 NOTE
r-oldrel-windows-ix86+x86_64 0.7.7 43.00 46.00 89.00 OK

Check Details

Version: 0.7.7
Check: R code for possible problems
Result: NOTE
    .b64EncodeImages : .b64EncodeImgSrc: no visible global function
     definition for ‘URLdecode’
    Undefined global functions or variables:
     URLdecode
    Consider adding
     importFrom("utils", "URLdecode")
    to your NAMESPACE file.
Flavors: r-devel-linux-x86_64-debian-clang, r-devel-linux-x86_64-debian-gcc, r-devel-windows-ix86+x86_64, r-patched-linux-x86_64, r-patched-solaris-sparc, r-patched-solaris-x86, r-release-linux-x86_64, r-release-osx-x86_64-mavericks, r-release-windows-ix86+x86_64

Version: 0.7.7
Flags: --no-stop-on-test-error
Check: R code for possible problems
Result: NOTE
    .b64EncodeImages : .b64EncodeImgSrc: no visible global function
     definition for ‘URLdecode’
    Undefined global functions or variables:
     URLdecode
    Consider adding
     importFrom("utils", "URLdecode")
    to your NAMESPACE file.
Flavors: r-devel-linux-x86_64-fedora-clang, r-devel-linux-x86_64-fedora-gcc, r-devel-macos-x86_64-clang