CRAN Package Check Results for Package markdown

Last updated on 2015-05-06 11:48:37.

Flavor Version Tinstall Tcheck Ttotal Status Flags
r-devel-linux-x86_64-debian-clang 0.7.7 2.52 11.47 13.99 OK
r-devel-linux-x86_64-debian-gcc 0.7.7 2.92 11.36 14.28 OK
r-devel-linux-x86_64-fedora-clang 0.7.7 27.32 OK
r-devel-linux-x86_64-fedora-gcc 0.7.7 25.66 OK
r-devel-osx-x86_64-clang 0.7.7 29.48 OK
r-devel-windows-ix86+x86_64 0.7.7 18.00 27.00 45.00 OK
r-patched-linux-x86_64 0.7.7 2.96 12.18 15.14 OK
r-patched-solaris-sparc 0.7.7 145.80 OK
r-patched-solaris-x86 0.7.7 37.50 OK
r-release-linux-x86_64 0.7.7 2.99 11.20 14.19 OK
r-release-osx-x86_64-mavericks 0.7.7 OK
r-release-osx-x86_64-snowleopard 0.7.7 ERROR
r-release-windows-ix86+x86_64 0.7.7 18.00 25.00 43.00 OK
r-oldrel-windows-ix86+x86_64 0.7.7 19.00 38.00 57.00 OK

Check Details

Version: 0.7.7
Check: package dependencies
Result: ERROR
    Package suggested but not available for checking: ‘knitr’
    
    VignetteBuilder package required for checking but not installed: ‘knitr’
    
    See section ‘The DESCRIPTION file’ in the ‘Writing R Extensions’
    manual.
Flavor: r-release-osx-x86_64-snowleopard