CRAN Package Check Results for Package markdown

Last updated on 2016-07-23 10:53:07.

Flavor Version Tinstall Tcheck Ttotal Status Flags
r-devel-linux-x86_64-debian-clang 0.7.7 4.21 14.57 18.78 NOTE
r-devel-linux-x86_64-debian-gcc 0.7.7 3.97 13.95 17.92 NOTE
r-devel-linux-x86_64-fedora-clang 0.7.7 24.81 NOTE
r-devel-linux-x86_64-fedora-gcc 0.7.7 23.52 NOTE
r-devel-osx-x86_64-clang 0.7.7 22.62 NOTE
r-devel-windows-ix86+x86_64 0.7.7 84.00 48.00 132.00 NOTE
r-patched-linux-x86_64 0.7.7 3.43 12.81 16.24 NOTE
r-patched-solaris-sparc 0.7.7 149.00 NOTE
r-patched-solaris-x86 0.7.7 32.90 NOTE
r-release-linux-x86_64 0.7.7 3.61 14.67 18.28 NOTE
r-release-osx-x86_64-mavericks 0.7.7 NOTE
r-release-windows-ix86+x86_64 0.7.7 81.00 51.00 132.00 NOTE
r-oldrel-windows-ix86+x86_64 0.7.7 30.00 35.00 65.00 OK

Check Details

Version: 0.7.7
Check: R code for possible problems
Result: NOTE
    .b64EncodeImages : .b64EncodeImgSrc: no visible global function
     definition for ‘URLdecode’
    Undefined global functions or variables:
     URLdecode
    Consider adding
     importFrom("utils", "URLdecode")
    to your NAMESPACE file.
Flavors: r-devel-linux-x86_64-debian-clang, r-devel-linux-x86_64-debian-gcc, r-devel-linux-x86_64-fedora-clang, r-devel-linux-x86_64-fedora-gcc, r-devel-osx-x86_64-clang, r-devel-windows-ix86+x86_64, r-patched-linux-x86_64, r-patched-solaris-sparc, r-patched-solaris-x86, r-release-linux-x86_64, r-release-osx-x86_64-mavericks, r-release-windows-ix86+x86_64