CRAN Package Check Results for Package markdown

Last updated on 2016-05-24 08:48:45.

Flavor Version Tinstall Tcheck Ttotal Status Flags
r-devel-linux-x86_64-debian-gcc 0.7.7 3.16 11.60 14.75 NOTE
r-devel-linux-x86_64-fedora-clang 0.7.7 26.04 NOTE
r-devel-linux-x86_64-fedora-gcc 0.7.7 23.33 NOTE
r-devel-osx-x86_64-clang 0.7.7 29.79 NOTE
r-devel-windows-ix86+x86_64 0.7.7 18.00 36.00 54.00 NOTE
r-patched-linux-x86_64 0.7.7 3.12 11.47 14.60 NOTE
r-patched-solaris-sparc 0.7.7 148.20 NOTE
r-patched-solaris-x86 0.7.7 34.10 NOTE
r-release-linux-x86_64 0.7.7 3.24 11.45 14.69 NOTE
r-release-osx-x86_64-mavericks 0.7.7 NOTE
r-release-windows-ix86+x86_64 0.7.7 18.00 36.00 54.00 NOTE
r-oldrel-windows-ix86+x86_64 0.7.7 106.00 34.00 140.00 OK

Check Details

Version: 0.7.7
Check: R code for possible problems
Result: NOTE
    .b64EncodeImages : .b64EncodeImgSrc: no visible global function
     definition for ‘URLdecode’
    Undefined global functions or variables:
     URLdecode
    Consider adding
     importFrom("utils", "URLdecode")
    to your NAMESPACE file.
Flavors: r-devel-linux-x86_64-debian-gcc, r-devel-linux-x86_64-fedora-clang, r-devel-linux-x86_64-fedora-gcc, r-devel-osx-x86_64-clang, r-devel-windows-ix86+x86_64, r-patched-linux-x86_64, r-patched-solaris-sparc, r-patched-solaris-x86, r-release-linux-x86_64, r-release-osx-x86_64-mavericks, r-release-windows-ix86+x86_64