CRAN Package Check Results for Package markdown

Last updated on 2015-08-28 10:49:07.

Flavor Version Tinstall Tcheck Ttotal Status Flags
r-devel-linux-x86_64-debian-clang 0.7.7 2.44 11.84 14.27 NOTE
r-devel-linux-x86_64-debian-gcc 0.7.7 2.93 11.14 14.07 NOTE
r-devel-linux-x86_64-fedora-clang 0.7.7 25.87 NOTE
r-devel-linux-x86_64-fedora-gcc 0.7.7 25.95 NOTE
r-devel-osx-x86_64-clang 0.7.7 25.31 OK
r-devel-windows-ix86+x86_64 0.7.7 30.00 45.00 75.00 NOTE
r-patched-linux-x86_64 0.7.7 3.00 11.97 14.97 OK
r-patched-solaris-sparc 0.7.7 166.10 OK
r-patched-solaris-x86 0.7.7 41.10 OK
r-release-linux-x86_64 0.7.7 3.02 11.66 14.67 OK
r-release-osx-x86_64-mavericks 0.7.7 OK
r-release-windows-ix86+x86_64 0.7.7 26.00 50.00 76.00 OK
r-oldrel-windows-ix86+x86_64 0.7.7 29.00 32.00 61.00 OK

Check Details

Version: 0.7.7
Check: R code for possible problems
Result: NOTE
    .b64EncodeImages : .b64EncodeImgSrc: no visible global function
     definition for ‘URLdecode’
    Undefined global functions or variables:
     URLdecode
    Consider adding
     importFrom("utils", "URLdecode")
    to your NAMESPACE.
Flavors: r-devel-linux-x86_64-debian-clang, r-devel-linux-x86_64-debian-gcc, r-devel-linux-x86_64-fedora-clang, r-devel-linux-x86_64-fedora-gcc, r-devel-windows-ix86+x86_64