CRAN Package Check Results for Package markdown

Last updated on 2014-04-19 03:49:22.

Flavor Version Tinstall Tcheck Ttotal Status Flags
r-devel-linux-x86_64-debian-clang 0.6.5 2.34 13.54 15.88 OK
r-devel-linux-x86_64-debian-gcc 0.6.5 2.88 13.65 16.53 OK
r-devel-linux-x86_64-fedora-clang 0.6.5 31.94 OK
r-devel-linux-x86_64-fedora-gcc 0.6.5 30.84 OK
r-devel-macosx-x86_64-clang 0.6.5 31.53 OK
r-devel-macosx-x86_64-gcc 0.6.5 NOTE
r-devel-windows-ix86+x86_64 0.6.5 18.00 43.00 61.00 OK
r-patched-linux-x86_64 0.6.5 2.92 13.98 16.90 OK
r-patched-solaris-sparc 0.6.5 163.90 OK
r-patched-solaris-x86 0.6.5 44.90 OK
r-release-linux-ix86 0.6.5 8.00 30.00 38.00 OK
r-release-linux-x86_64 0.6.5 2.91 14.18 17.08 OK
r-release-macosx-x86_64 0.6.5 OK
r-release-windows-ix86+x86_64 0.6.5 17.00 27.00 44.00 OK
r-oldrel-windows-ix86+x86_64 0.6.5 17.00 31.00 48.00 OK

Check Details

Version: 0.6.5
Check: package dependencies
Result: NOTE
    Package suggested but not available for checking: ‘knitr’
Flavor: r-devel-macosx-x86_64-gcc