CRAN Package Check Results for Package markdown

Last updated on 2016-09-26 03:55:02.

Flavor Version Tinstall Tcheck Ttotal Status Flags
r-devel-linux-x86_64-debian-clang 0.7.7 3.24 11.57 14.81 NOTE
r-devel-linux-x86_64-debian-gcc 0.7.7 3.26 11.50 14.77 NOTE
r-devel-linux-x86_64-fedora-clang 0.7.7 24.93 NOTE
r-devel-linux-x86_64-fedora-gcc 0.7.7 23.62 NOTE
r-devel-macos-x86_64-clang 0.7.7 22.54 NOTE
r-devel-windows-ix86+x86_64 0.7.7 36.00 44.00 80.00 NOTE
r-patched-linux-x86_64 0.7.7 3.05 11.60 14.65 NOTE
r-patched-solaris-sparc 0.7.7 149.00 NOTE
r-patched-solaris-x86 0.7.7 32.40 NOTE
r-release-linux-x86_64 0.7.7 3.14 11.70 14.84 NOTE
r-release-osx-x86_64-mavericks 0.7.7 NOTE
r-release-windows-ix86+x86_64 0.7.7 43.00 54.00 97.00 NOTE
r-oldrel-windows-ix86+x86_64 0.7.7 32.00 45.00 77.00 OK

Check Details

Version: 0.7.7
Check: R code for possible problems
Result: NOTE
    .b64EncodeImages : .b64EncodeImgSrc: no visible global function
     definition for ‘URLdecode’
    Undefined global functions or variables:
     URLdecode
    Consider adding
     importFrom("utils", "URLdecode")
    to your NAMESPACE file.
Flavors: r-devel-linux-x86_64-debian-clang, r-devel-linux-x86_64-debian-gcc, r-devel-linux-x86_64-fedora-clang, r-devel-linux-x86_64-fedora-gcc, r-devel-macos-x86_64-clang, r-devel-windows-ix86+x86_64, r-patched-linux-x86_64, r-patched-solaris-sparc, r-patched-solaris-x86, r-release-linux-x86_64, r-release-osx-x86_64-mavericks, r-release-windows-ix86+x86_64