CRAN Package Check Results for Package markdown

Last updated on 2017-03-01 19:48:42.

Flavor Version Tinstall Tcheck Ttotal Status Flags
r-devel-linux-x86_64-debian-clang 0.7.7 3.41 16.19 19.60 NOTE
r-devel-linux-x86_64-debian-gcc 0.7.7 3.20 15.56 18.76 NOTE
r-devel-linux-x86_64-fedora-clang 0.7.7 32.13 NOTE --no-stop-on-test-error
r-devel-linux-x86_64-fedora-gcc 0.7.7 30.35 NOTE --no-stop-on-test-error
r-devel-macos-x86_64-clang 0.7.7 27.48 NOTE --no-stop-on-test-error
r-devel-windows-ix86+x86_64 0.7.7 19.00 51.00 70.00 NOTE
r-patched-linux-x86_64 0.7.7 2.96 12.38 15.35 NOTE
r-patched-solaris-sparc 0.7.7 150.70 NOTE
r-patched-solaris-x86 0.7.7 32.80 NOTE
r-release-linux-x86_64 0.7.7 3.02 12.23 15.25 NOTE
r-release-osx-x86_64-mavericks 0.7.7 NOTE
r-release-windows-ix86+x86_64 0.7.7 34.00 79.00 113.00 NOTE
r-oldrel-windows-ix86+x86_64 0.7.7 39.00 50.00 89.00 OK

Check Details

Version: 0.7.7
Check: R code for possible problems
Result: NOTE
    .b64EncodeImages : .b64EncodeImgSrc: no visible global function
     definition for ‘URLdecode’
    Undefined global functions or variables:
     URLdecode
    Consider adding
     importFrom("utils", "URLdecode")
    to your NAMESPACE file.
Flavors: r-devel-linux-x86_64-debian-clang, r-devel-linux-x86_64-debian-gcc, r-devel-windows-ix86+x86_64, r-patched-linux-x86_64, r-patched-solaris-sparc, r-patched-solaris-x86, r-release-linux-x86_64, r-release-osx-x86_64-mavericks, r-release-windows-ix86+x86_64

Version: 0.7.7
Flags: --no-stop-on-test-error
Check: R code for possible problems
Result: NOTE
    .b64EncodeImages : .b64EncodeImgSrc: no visible global function
     definition for ‘URLdecode’
    Undefined global functions or variables:
     URLdecode
    Consider adding
     importFrom("utils", "URLdecode")
    to your NAMESPACE file.
Flavors: r-devel-linux-x86_64-fedora-clang, r-devel-linux-x86_64-fedora-gcc, r-devel-macos-x86_64-clang