CRAN Package Check Results for Package markdown

Last updated on 2015-02-01 17:50:11.

Flavor Version Tinstall Tcheck Ttotal Status Flags
r-devel-linux-x86_64-debian-clang 0.7.4 2.32 12.00 14.31 NOTE
r-devel-linux-x86_64-debian-gcc 0.7.4 3.02 11.86 14.88 NOTE
r-devel-linux-x86_64-fedora-clang 0.7.4 29.73 NOTE
r-devel-linux-x86_64-fedora-gcc 0.7.4 27.47 NOTE
r-devel-osx-x86_64-clang 0.7.4 37.02 NOTE
r-devel-windows-ix86+x86_64 0.7.4 29.00 26.00 55.00 NOTE
r-patched-linux-x86_64 0.7.4 3.11 13.62 16.72 OK
r-patched-solaris-sparc 0.7.4 172.30 OK
r-patched-solaris-x86 0.7.4 44.00 OK
r-release-linux-ix86 0.7.4 4.00 20.26 24.26 OK
r-release-linux-x86_64 0.7.4 3.09 13.00 16.09 OK
r-release-osx-x86_64-mavericks 0.7.4 OK
r-release-osx-x86_64-snowleopard 0.7.4 OK
r-release-windows-ix86+x86_64 0.7.4 19.00 29.00 48.00 OK
r-oldrel-windows-ix86+x86_64 0.7.4 19.00 31.00 50.00 OK

Check Details

Version: 0.7.4
Check: dependencies in R code
Result: NOTE
    'library' or 'require' call to ‘RCurl’ in package code.
     Please use :: or requireNamespace() instead.
     See section 'Suggested packages' in the 'Writing R Extensions' manual.
Flavors: r-devel-linux-x86_64-debian-clang, r-devel-linux-x86_64-debian-gcc, r-devel-linux-x86_64-fedora-clang, r-devel-linux-x86_64-fedora-gcc, r-devel-osx-x86_64-clang, r-devel-windows-ix86+x86_64