CRAN Package Check Results for Package markdown

Last updated on 2016-06-28 14:48:29.

Flavor Version Tinstall Tcheck Ttotal Status Flags
r-devel-linux-x86_64-debian-gcc 0.7.7 3.42 11.94 15.36 NOTE
r-devel-linux-x86_64-fedora-clang 0.7.7 24.91 NOTE
r-devel-linux-x86_64-fedora-gcc 0.7.7 22.83 NOTE
r-devel-osx-x86_64-clang 0.7.7 22.43 NOTE
r-devel-windows-ix86+x86_64 0.7.7 25.00 54.00 79.00 NOTE
r-patched-linux-x86_64 0.7.7 3.16 12.54 15.71 NOTE
r-patched-solaris-sparc 0.7.7 149.00 NOTE
r-patched-solaris-x86 0.7.7 33.80 NOTE
r-release-linux-x86_64 0.7.7 3.12 11.68 14.80 NOTE
r-release-osx-x86_64-mavericks 0.7.7 NOTE
r-release-windows-ix86+x86_64 0.7.7 21.00 45.00 66.00 NOTE
r-oldrel-windows-ix86+x86_64 0.7.7 29.00 32.00 61.00 OK

Check Details

Version: 0.7.7
Check: R code for possible problems
Result: NOTE
    .b64EncodeImages : .b64EncodeImgSrc: no visible global function
     definition for ‘URLdecode’
    Undefined global functions or variables:
     URLdecode
    Consider adding
     importFrom("utils", "URLdecode")
    to your NAMESPACE file.
Flavors: r-devel-linux-x86_64-debian-gcc, r-devel-linux-x86_64-fedora-clang, r-devel-linux-x86_64-fedora-gcc, r-devel-osx-x86_64-clang, r-devel-windows-ix86+x86_64, r-patched-linux-x86_64, r-patched-solaris-sparc, r-patched-solaris-x86, r-release-linux-x86_64, r-release-osx-x86_64-mavericks, r-release-windows-ix86+x86_64