CRAN Package Check Results for Package markdown

Last updated on 2015-07-02 03:46:55.

Flavor Version Tinstall Tcheck Ttotal Status Flags
r-devel-linux-x86_64-debian-clang 0.7.7 2.56 10.99 13.54 NOTE
r-devel-linux-x86_64-debian-gcc 0.7.7 2.94 11.27 14.21 NOTE
r-devel-linux-x86_64-fedora-clang 0.7.7 25.42 NOTE
r-devel-linux-x86_64-fedora-gcc 0.7.7 24.59 NOTE
r-devel-osx-x86_64-clang 0.7.7 27.35 OK
r-devel-windows-ix86+x86_64 0.7.7 22.00 25.00 47.00 NOTE
r-patched-linux-x86_64 0.7.7 2.93 11.35 14.28 OK
r-patched-solaris-sparc 0.7.7 190.50 OK
r-patched-solaris-x86 0.7.7 39.30 OK
r-release-linux-x86_64 0.7.7 2.95 11.25 14.20 OK
r-release-osx-x86_64-mavericks 0.7.7 OK
r-release-windows-ix86+x86_64 0.7.7 19.00 30.00 49.00 OK
r-oldrel-windows-ix86+x86_64 0.7.7 24.00 47.00 71.00 OK

Check Details

Version: 0.7.7
Check: R code for possible problems
Result: NOTE
    .b64EncodeImages : .b64EncodeImgSrc: no visible global function
     definition for ‘URLdecode’
Flavors: r-devel-linux-x86_64-debian-clang, r-devel-linux-x86_64-debian-gcc, r-devel-linux-x86_64-fedora-clang, r-devel-linux-x86_64-fedora-gcc, r-devel-windows-ix86+x86_64