CRAN Package Check Results for Package markdown

Last updated on 2016-02-06 15:51:42.

Flavor Version Tinstall Tcheck Ttotal Status Flags
r-devel-linux-x86_64-debian-gcc 0.7.7 2.94 10.56 13.50 NOTE
r-devel-linux-x86_64-fedora-clang 0.7.7 23.69 NOTE
r-devel-linux-x86_64-fedora-gcc 0.7.7 22.70 NOTE
r-devel-osx-x86_64-clang 0.7.7 27.42 NOTE
r-devel-windows-ix86+x86_64 0.7.7 28.00 30.00 58.00 NOTE
r-patched-linux-x86_64 0.7.7 3.10 11.49 14.58 OK
r-patched-solaris-sparc 0.7.7 154.10 OK
r-patched-solaris-x86 0.7.7 34.00 OK
r-release-linux-x86_64 0.7.7 3.08 12.13 15.21 OK
r-release-osx-x86_64-mavericks 0.7.7 OK
r-release-windows-ix86+x86_64 0.7.7 19.00 29.00 48.00 OK
r-oldrel-windows-ix86+x86_64 0.7.7 29.00 32.00 61.00 OK

Check Details

Version: 0.7.7
Check: R code for possible problems
Result: NOTE
    .b64EncodeImages : .b64EncodeImgSrc: no visible global function
     definition for ‘URLdecode’
    Undefined global functions or variables:
     URLdecode
    Consider adding
     importFrom("utils", "URLdecode")
    to your NAMESPACE.
Flavors: r-devel-linux-x86_64-debian-gcc, r-devel-linux-x86_64-fedora-clang, r-devel-linux-x86_64-fedora-gcc, r-devel-windows-ix86+x86_64

Version: 0.7.7
Check: R code for possible problems
Result: NOTE
    .b64EncodeImages : .b64EncodeImgSrc: no visible global function
     definition for ‘URLdecode’
    Undefined global functions or variables:
     URLdecode
    Consider adding
     importFrom("utils", "URLdecode")
    to your NAMESPACE file.
Flavor: r-devel-osx-x86_64-clang