CRAN Package Check Results for Package marked

Last updated on 2017-08-21 05:48:07.

Flavor Version Tinstall Tcheck Ttotal Status Flags
r-devel-linux-x86_64-debian-clang 1.1.13 9.80 131.58 141.38 NOTE
r-devel-linux-x86_64-debian-gcc 1.1.13 10.85 124.71 135.56 NOTE
r-devel-linux-x86_64-fedora-clang 1.1.13 276.54 NOTE
r-devel-linux-x86_64-fedora-gcc 1.1.13 270.89 NOTE
r-devel-windows-ix86+x86_64 1.1.13 42.00 209.00 251.00 OK
r-patched-linux-x86_64 1.1.13 10.98 121.67 132.65 NOTE
r-patched-solaris-x86 1.1.13 356.10 OK
r-release-linux-x86_64 1.1.13 10.21 123.59 133.80 NOTE
r-release-windows-ix86+x86_64 1.1.13 51.00 210.00 261.00 OK
r-release-osx-x86_64 1.1.13 OK
r-oldrel-windows-ix86+x86_64 1.1.13 41.00 197.00 238.00 OK
r-oldrel-osx-x86_64 1.1.13 OK

Check Details

Version: 1.1.13
Check: compiled code
Result: NOTE
    File ‘marked/libs/marked.so’:
     Found no calls to: ‘R_registerRoutines’, ‘R_useDynamicSymbols’
    
    It is good practice to register native routines and to disable symbol
    search.
    
    See ‘Writing portable packages’ in the ‘Writing R Extensions’ manual.
Flavors: r-devel-linux-x86_64-debian-clang, r-devel-linux-x86_64-debian-gcc, r-devel-linux-x86_64-fedora-clang, r-devel-linux-x86_64-fedora-gcc, r-patched-linux-x86_64, r-release-linux-x86_64