CRAN Package Check Results for Package marked

Last updated on 2014-11-23 17:49:31.

Flavor Version Tinstall Tcheck Ttotal Status Flags
r-devel-linux-x86_64-debian-clang 1.1.6 11.44 194.82 206.26 NOTE
r-devel-linux-x86_64-debian-gcc 1.1.6 11.22 190.69 201.91 NOTE
r-devel-linux-x86_64-fedora-clang 1.1.6 450.44 NOTE
r-devel-linux-x86_64-fedora-gcc 1.1.6 429.52 NOTE
r-devel-osx-x86_64-clang 1.1.6 351.36 NOTE
r-devel-windows-ix86+x86_64 1.1.6 42.00 313.00 355.00 NOTE
r-patched-linux-x86_64 1.1.6 11.92 201.02 212.95 NOTE
r-patched-solaris-sparc 1.1.6 2414.30 NOTE --no-examples
r-patched-solaris-x86 1.1.6 560.70 NOTE
r-release-linux-ix86 1.1.6 14.57 241.73 256.30 NOTE
r-release-linux-x86_64 1.1.6 11.80 207.25 219.06 NOTE
r-release-osx-x86_64-mavericks 1.1.6 NOTE
r-release-osx-x86_64-snowleopard 1.1.6 NOTE
r-release-windows-ix86+x86_64 1.1.6 51.00 327.00 378.00 NOTE
r-oldrel-windows-ix86+x86_64 1.1.6 45.00 325.00 370.00 OK

Check Details

Version: 1.1.6
Check: R code for possible problems
Result: NOTE
    omega : <anonymous>: no visible global function definition for ‘%^%’
Flavors: r-devel-linux-x86_64-debian-clang, r-devel-linux-x86_64-debian-gcc, r-devel-linux-x86_64-fedora-clang, r-devel-linux-x86_64-fedora-gcc, r-devel-osx-x86_64-clang, r-devel-windows-ix86+x86_64, r-patched-linux-x86_64, r-patched-solaris-x86, r-release-linux-ix86, r-release-linux-x86_64, r-release-windows-ix86+x86_64

Version: 1.1.6
Flags: --no-examples
Check: package dependencies
Result: NOTE
    Package suggested but not available for checking: ‘RMark’
Flavor: r-patched-solaris-sparc

Version: 1.1.6
Flags: --no-examples
Check: R code for possible problems
Result: NOTE
    omega : <anonymous>: no visible global function definition for ‘%^%’
Flavor: r-patched-solaris-sparc

Version: 1.1.6
Check: package dependencies
Result: NOTE
    Package suggested but not available for checking: ‘RMark’
Flavors: r-patched-solaris-x86, r-release-osx-x86_64-snowleopard

Version: 1.1.6
Check: re-building of vignette outputs
Result: NOTE
    Error in re-building vignettes:
     ...
    
    Starting optimization for 7 parameters...
    Computing hessian...
    Model: PROBITCJS
    
    Processing data...
    
    Creating design data...
    
    Fitting model
    
    Computing initial parameter estimates
    
    Error in texi2dvi(file = file, pdf = TRUE, clean = clean, quiet = quiet, :
     Running 'texi2dvi' on 'markedVignette.tex' failed.
    LaTeX errors:
    ! LaTeX Error: File `lineno.sty' not found.
    
    Type X to quit or <RETURN> to proceed,
    or enter new name. (Default extension: sty)
    
    test/marked/vignettes/markedVignette.tex:25: ==> Fatal error occurred, no outp
    ut PDF file produced!
    Calls: buildVignettes -> texi2pdf -> texi2dvi
    Execution halted
Flavor: r-release-osx-x86_64-mavericks