CRAN Package Check Results for Package marked

Last updated on 2015-05-23 08:47:05.

Flavor Version Tinstall Tcheck Ttotal Status Flags
r-devel-linux-x86_64-debian-clang 1.1.8 9.57 180.82 190.40 OK
r-devel-linux-x86_64-debian-gcc 1.1.8 9.90 170.13 180.03 OK
r-devel-linux-x86_64-fedora-clang 1.1.8 362.62 OK
r-devel-linux-x86_64-fedora-gcc 1.1.8 336.82 OK
r-devel-osx-x86_64-clang 1.1.8 282.70 OK
r-devel-windows-ix86+x86_64 1.1.8 45.00 267.00 312.00 OK
r-patched-linux-x86_64 1.1.8 10.17 166.51 176.68 OK
r-patched-solaris-sparc 1.1.8 2170.70 OK --no-examples
r-patched-solaris-x86 1.1.8 465.60 OK
r-release-linux-x86_64 1.1.8 10.97 169.09 180.06 OK
r-release-osx-x86_64-mavericks 1.1.8 OK
r-release-osx-x86_64-snowleopard 1.1.8 ERROR
r-release-windows-ix86+x86_64 1.1.8 48.00 274.00 322.00 OK
r-oldrel-windows-ix86+x86_64 1.1.8 55.00 335.00 390.00 OK

Check Details

Version: 1.1.8
Check: package dependencies
Result: ERROR
    Package required but not available: ‘ggplot2’
    
    See section ‘The DESCRIPTION file’ in the ‘Writing R Extensions’
    manual.
Flavor: r-release-osx-x86_64-snowleopard