CRAN Package Check Results for Package marked

Last updated on 2014-04-23 17:47:47.

Flavor Version Tinstall Tcheck Ttotal Status Flags
r-devel-linux-x86_64-debian-clang 1.1.3 9.67 188.68 198.35 OK
r-devel-linux-x86_64-debian-gcc 1.1.3 10.57 181.95 192.52 OK
r-devel-linux-x86_64-fedora-clang 1.1.3 409.82 OK
r-devel-linux-x86_64-fedora-gcc 1.1.3 387.24 OK
r-devel-osx-x86_64-clang 1.1.3 309.95 OK
r-devel-osx-x86_64-gcc 1.1.3 ERROR
r-devel-windows-ix86+x86_64 1.1.3 34.00 301.00 335.00 OK
r-patched-linux-x86_64 1.1.3 10.46 181.34 191.80 OK
r-patched-solaris-sparc 1.1.3 2157.10 NOTE --no-examples
r-patched-solaris-x86 1.1.3 474.20 NOTE
r-release-linux-ix86 1.1.3 17.00 282.00 299.00 OK
r-release-linux-x86_64 1.1.3 10.73 180.40 191.14 OK
r-release-osx-x86_64-mavericks 1.1.3 WARN
r-release-osx-x86_64-snowleopard 1.1.3 NOTE
r-release-windows-ix86+x86_64 1.1.3 40.00 271.00 311.00 OK
r-oldrel-windows-ix86+x86_64 1.1.3 40.00 271.00 311.00 OK

Check Details

Version: 1.1.3
Check: package dependencies
Result: ERROR
    Package required but not available: ‘ggplot2’
    
    Package suggested but not available for checking: ‘RMark’
    
    See the information on DESCRIPTION files in the chapter ‘Creating R
    packages’ of the ‘Writing R Extensions’ manual.
Flavor: r-devel-osx-x86_64-gcc

Version: 1.1.3
Flags: --no-examples
Check: package dependencies
Result: NOTE
    Package suggested but not available for checking: ‘RMark’
Flavor: r-patched-solaris-sparc

Version: 1.1.3
Check: package dependencies
Result: NOTE
    Package suggested but not available for checking: ‘RMark’
Flavors: r-patched-solaris-x86, r-release-osx-x86_64-snowleopard

Version: 1.1.3
Check: re-building of vignette outputs
Result: NOTE
    Error in re-building vignettes:
     ...
    
    Fitting model
    
    Fitting model
    
    Model: PROBITCJS
    
    Processing data
    
    Creating design data.
    
    Fitting model
    
    Error in texi2dvi(file = file, pdf = TRUE, clean = clean, quiet = quiet, :
     Running 'texi2dvi' on 'marked.tex' failed.
    LaTeX errors:
    ! LaTeX Error: File `lineno.sty' not found.
    
    Type X to quit or <RETURN> to proceed,
    or enter new name. (Default extension: sty)
    
    test/marked/vignettes/marked.tex:25: ==> Fatal error occurred, no output PDF f
    ile produced!
    Calls: buildVignettes -> texi2pdf -> texi2dvi
    Execution halted
Flavor: r-release-osx-x86_64-mavericks

Version: 1.1.3
Check: PDF version of manual
Result: WARNING
    LaTeX errors when creating PDF version.
    This typically indicates Rd problems.
    LaTeX errors found:
    ! LaTeX Error: File `upquote.sty' not found.
    
    Type X to quit or <RETURN> to proceed,
    or enter new name. (Default extension: sty)
    
    7f1fc465/Rd2.tex:8: ==> Fatal error occurred, no output PDF file produced!
Flavor: r-release-osx-x86_64-mavericks

Version: 1.1.3
Check: re-building of vignette outputs
Result: NOTE
    Error in re-building vignettes:
     ...
    
    Fitting model
    
    Fitting model
    
    Model: PROBITCJS
    
    Processing data
    
    Creating design data.
    
    Fitting model
    
    Error in texi2dvi(file = file, pdf = TRUE, clean = clean, quiet = quiet, :
     Running 'texi2dvi' on 'marked.tex' failed.
    LaTeX errors:
    ! LaTeX Error: File `lineno.sty' not found.
    
    Type X to quit or <RETURN> to proceed,
    or enter new name. (Default extension: sty)
    
    marked.Rcheck/vign_test/marked/vignettes/marked.tex:25: ==> Fatal error occurr
    ed, no output PDF file produced!
    Calls: buildVignettes -> texi2pdf -> texi2dvi
    Execution halted
Flavor: r-release-osx-x86_64-snowleopard