CRAN Package Check Results for Package marked

Last updated on 2015-01-28 19:49:22.

Flavor Version Tinstall Tcheck Ttotal Status Flags
r-devel-linux-x86_64-debian-clang 1.1.6 10.22 183.92 194.15 NOTE
r-devel-linux-x86_64-debian-gcc 1.1.6 10.68 178.07 188.76 NOTE
r-devel-linux-x86_64-fedora-clang 1.1.6 453.43 NOTE
r-devel-linux-x86_64-fedora-gcc 1.1.6 409.52 NOTE
r-devel-osx-x86_64-clang 1.1.6 350.85 NOTE
r-devel-windows-ix86+x86_64 1.1.6 45.00 280.00 325.00 NOTE
r-patched-linux-x86_64 1.1.6 11.91 199.38 211.29 NOTE
r-patched-solaris-sparc 1.1.6 2424.30 NOTE --no-examples
r-patched-solaris-x86 1.1.6 565.10 NOTE
r-release-linux-ix86 1.1.6 14.08 243.33 257.41 NOTE
r-release-linux-x86_64 1.1.6 11.95 204.21 216.16 NOTE
r-release-osx-x86_64-mavericks 1.1.6 NOTE
r-release-osx-x86_64-snowleopard 1.1.6 NOTE
r-release-windows-ix86+x86_64 1.1.6 50.00 361.00 411.00 NOTE
r-oldrel-windows-ix86+x86_64 1.1.6 50.00 330.00 380.00 OK

Check Details

Version: 1.1.6
Check: R code for possible problems
Result: NOTE
    omega : <anonymous>: no visible global function definition for ‘%^%’
Flavors: r-devel-linux-x86_64-debian-clang, r-devel-linux-x86_64-debian-gcc, r-devel-linux-x86_64-fedora-clang, r-devel-linux-x86_64-fedora-gcc, r-devel-osx-x86_64-clang, r-devel-windows-ix86+x86_64, r-patched-linux-x86_64, r-patched-solaris-x86, r-release-linux-ix86, r-release-linux-x86_64, r-release-osx-x86_64-mavericks, r-release-windows-ix86+x86_64

Version: 1.1.6
Flags: --no-examples
Check: package dependencies
Result: NOTE
    Package suggested but not available for checking: ‘RMark’
Flavor: r-patched-solaris-sparc

Version: 1.1.6
Flags: --no-examples
Check: R code for possible problems
Result: NOTE
    omega : <anonymous>: no visible global function definition for ‘%^%’
Flavor: r-patched-solaris-sparc

Version: 1.1.6
Check: package dependencies
Result: NOTE
    Package suggested but not available for checking: ‘RMark’
Flavors: r-patched-solaris-x86, r-release-osx-x86_64-snowleopard