CRAN Package Check Results for Package marked

Last updated on 2015-03-06 11:48:32.

Flavor Version Tinstall Tcheck Ttotal Status Flags
r-devel-linux-x86_64-debian-clang 1.1.6 9.31 370.69 380.00 NOTE
r-devel-linux-x86_64-debian-gcc 1.1.6 9.59 370.24 379.83 NOTE
r-devel-linux-x86_64-fedora-clang 1.1.6 432.41 NOTE
r-devel-linux-x86_64-fedora-gcc 1.1.6 410.77 NOTE
r-devel-osx-x86_64-clang 1.1.6 1540.43 NOTE
r-devel-windows-ix86+x86_64 1.1.6 41.00 264.00 305.00 NOTE
r-patched-linux-x86_64 1.1.6 12.48 412.86 425.34 NOTE
r-patched-solaris-sparc 1.1.6 2489.40 NOTE --no-examples
r-patched-solaris-x86 1.1.6 555.50 NOTE
r-release-linux-ix86 1.1.6 14.51 264.76 279.27 NOTE
r-release-linux-x86_64 1.1.6 12.53 422.84 435.37 NOTE
r-release-osx-x86_64-mavericks 1.1.6 NOTE
r-release-osx-x86_64-snowleopard 1.1.6 NOTE
r-release-windows-ix86+x86_64 1.1.6 46.00 346.00 392.00 NOTE
r-oldrel-windows-ix86+x86_64 1.1.6 46.00 352.00 398.00 OK

Check Details

Version: 1.1.6
Check: R code for possible problems
Result: NOTE
    omega : <anonymous>: no visible global function definition for ‘%^%’
Flavors: r-devel-linux-x86_64-debian-clang, r-devel-linux-x86_64-debian-gcc, r-devel-linux-x86_64-fedora-clang, r-devel-linux-x86_64-fedora-gcc, r-devel-osx-x86_64-clang, r-devel-windows-ix86+x86_64, r-patched-linux-x86_64, r-patched-solaris-x86, r-release-linux-ix86, r-release-linux-x86_64, r-release-osx-x86_64-mavericks, r-release-windows-ix86+x86_64

Version: 1.1.6
Flags: --no-examples
Check: package dependencies
Result: NOTE
    Package suggested but not available for checking: ‘RMark’
Flavor: r-patched-solaris-sparc

Version: 1.1.6
Flags: --no-examples
Check: R code for possible problems
Result: NOTE
    omega : <anonymous>: no visible global function definition for ‘%^%’
Flavor: r-patched-solaris-sparc

Version: 1.1.6
Check: package dependencies
Result: NOTE
    Package suggested but not available for checking: ‘RMark’
Flavors: r-patched-solaris-x86, r-release-osx-x86_64-snowleopard