CRAN Package Check Results for Package marked

Last updated on 2014-08-22 11:48:00.

Flavor Version Tinstall Tcheck Ttotal Status Flags
r-devel-linux-x86_64-debian-clang 1.1.6 11.21 198.39 209.60 OK
r-devel-linux-x86_64-debian-gcc 1.1.6 11.31 198.93 210.24 OK
r-devel-linux-x86_64-fedora-clang 1.1.6 455.04 NOTE
r-devel-linux-x86_64-fedora-gcc 1.1.6 435.99 NOTE
r-devel-osx-x86_64-clang 1.1.6 342.22 NOTE
r-devel-windows-ix86+x86_64 1.1.6 41.00 300.00 341.00 OK
r-patched-linux-x86_64 1.1.6 11.57 195.73 207.30 OK
r-patched-solaris-sparc 1.1.6 2429.70 NOTE --no-examples
r-patched-solaris-x86 1.1.6 562.90 NOTE
r-release-linux-ix86 1.1.6 15.06 245.94 261.00 OK
r-release-linux-x86_64 1.1.6 11.75 197.28 209.03 OK
r-release-osx-x86_64-mavericks 1.1.6 NOTE
r-release-osx-x86_64-snowleopard 1.1.6 NOTE
r-release-windows-ix86+x86_64 1.1.6 44.00 322.00 366.00 OK
r-oldrel-windows-ix86+x86_64 1.1.6 43.00 307.00 350.00 OK

Check Details

Version: 1.1.6
Check: R code for possible problems
Result: NOTE
    omega : <anonymous>: no visible global function definition for ‘%^%’
Flavors: r-devel-linux-x86_64-fedora-clang, r-devel-linux-x86_64-fedora-gcc, r-devel-osx-x86_64-clang

Version: 1.1.6
Flags: --no-examples
Check: package dependencies
Result: NOTE
    Package suggested but not available for checking: ‘RMark’
Flavor: r-patched-solaris-sparc

Version: 1.1.6
Check: package dependencies
Result: NOTE
    Package suggested but not available for checking: ‘RMark’
Flavors: r-patched-solaris-x86, r-release-osx-x86_64-snowleopard

Version: 1.1.6
Check: re-building of vignette outputs
Result: NOTE
    Error in re-building vignettes:
     ...
    
    Starting optimization for 7 parameters...
    Computing hessian...
    Model: PROBITCJS
    
    Processing data...
    
    Creating design data...
    
    Fitting model
    
    Computing initial parameter estimates
    
    Error in texi2dvi(file = file, pdf = TRUE, clean = clean, quiet = quiet, :
     Running 'texi2dvi' on 'markedVignette.tex' failed.
    LaTeX errors:
    ! LaTeX Error: File `lineno.sty' not found.
    
    Type X to quit or <RETURN> to proceed,
    or enter new name. (Default extension: sty)
    
    test/marked/vignettes/markedVignette.tex:25: ==> Fatal error occurred, no outp
    ut PDF file produced!
    Calls: buildVignettes -> texi2pdf -> texi2dvi
    Execution halted
Flavor: r-release-osx-x86_64-mavericks