CRAN Package Check Results for Package marked

Last updated on 2015-08-04 08:47:52.

Flavor Version Tinstall Tcheck Ttotal Status Flags
r-devel-linux-x86_64-debian-clang 1.1.8 9.57 171.24 180.81 NOTE
r-devel-linux-x86_64-debian-gcc 1.1.8 9.86 161.29 171.15 NOTE
r-devel-linux-x86_64-fedora-clang 1.1.8 343.77 NOTE
r-devel-linux-x86_64-fedora-gcc 1.1.8 324.42 NOTE
r-devel-osx-x86_64-clang 1.1.8 264.74 OK
r-devel-windows-ix86+x86_64 1.1.8 63.00 279.00 342.00 NOTE
r-patched-linux-x86_64 1.1.8 11.13 165.53 176.66 OK
r-patched-solaris-sparc 1.1.8 2172.60 OK --no-examples
r-patched-solaris-x86 1.1.8 455.10 OK
r-release-linux-x86_64 1.1.8 9.94 175.30 185.24 OK
r-release-osx-x86_64-mavericks 1.1.8 OK
r-release-windows-ix86+x86_64 1.1.8 55.00 278.00 333.00 OK
r-oldrel-windows-ix86+x86_64 1.1.8 54.00 384.00 438.00 OK

Check Details

Version: 1.1.8
Check: R code for possible problems
Result: NOTE
    Phi.boxplot: no visible global function definition for ‘boxplot’
    cjs: no visible global function definition for ‘optim’
    cjs: no visible global function definition for ‘coef’
    cjs: no visible global function definition for ‘flush.console’
    cjs.hessian: no visible global function definition for ‘capture.output’
    cjs.initial: no visible global function definition for ‘coef’
    cjs.initial: no visible global function definition for ‘glm.fit’
    cjs.initial: no visible global function definition for ‘binomial’
    cjs.lnl: no visible global function definition for ‘flush.console’
    coef.crm: no visible global function definition for ‘coef’
    compute.real: no visible binding for global variable ‘sd’
    create.dm: no visible global function definition for ‘model.matrix’
    create.dml: no visible global function definition for ‘as.formula’
    crm: no visible global function definition for ‘flush.console’
    crm: no visible global function definition for ‘coef’
    crm: no visible global function definition for ‘predict’
    fx.par.count: no visible binding for global variable ‘par’
    inverse.link: no visible global function definition for ‘pnorm’
    js: no visible global function definition for ‘flush.console’
    js: no visible global function definition for ‘optim’
    js: no visible global function definition for ‘coef’
    js.hessian: no visible global function definition for ‘capture.output’
    js.lnl : get.p: no visible global function definition for ‘plogis’
    js.lnl : get.Phi: no visible global function definition for ‘plogis’
    js.lnl: no visible global function definition for ‘plogis’
    js.lnl: no visible global function definition for ‘flush.console’
    mcmc_mode: no visible global function definition for ‘density’
    mixed.model: no visible global function definition for ‘model.frame’
    mixed.model: no visible global function definition for ‘as.formula’
    mixed.model: no visible global function definition for ‘model.matrix’
    mixed.model.admb: no visible global function definition for
     ‘model.frame’
    mixed.model.admb: no visible global function definition for
     ‘as.formula’
    mixed.model.admb: no visible global function definition for
     ‘model.matrix’
    mscjs: no visible global function definition for ‘flush.console’
    p.boxplot: no visible global function definition for ‘boxplot’
    print.crm: no visible global function definition for ‘coef’
    probitCJS : sample.z: no visible global function definition for ‘pnorm’
    probitCJS: no visible global function definition for ‘model.matrix’
    probitCJS: no visible global function definition for ‘flush.console’
    probitCJS: no visible global function definition for ‘rnorm’
    probitCJS: no visible global function definition for ‘rgamma’
    probitCJS: no visible binding for global variable ‘sd’
    process.data: no visible global function definition for ‘median’
    reals: no visible global function definition for ‘plogis’
    setup.model: no visible global function definition for ‘read.delim’
    setup.parameters: no visible global function definition for
     ‘read.delim’
    setup.parameters: no visible global function definition for
     ‘as.formula’
    simHMM: no visible global function definition for ‘rmultinom’
    Undefined global functions or variables:
     as.formula binomial boxplot capture.output coef density flush.console
     glm.fit median model.frame model.matrix optim par plogis pnorm
     predict read.delim rgamma rmultinom rnorm sd
    Consider adding
     importFrom("graphics", "boxplot", "par")
     importFrom("stats", "as.formula", "binomial", "coef", "density",
     "glm.fit", "median", "model.frame", "model.matrix", "optim",
     "plogis", "pnorm", "predict", "rgamma", "rmultinom",
     "rnorm", "sd")
     importFrom("utils", "capture.output", "flush.console", "read.delim")
    to your NAMESPACE.
Flavors: r-devel-linux-x86_64-debian-clang, r-devel-linux-x86_64-debian-gcc, r-devel-linux-x86_64-fedora-clang, r-devel-linux-x86_64-fedora-gcc

Version: 1.1.8
Check: R code for possible problems
Result: NOTE
    Phi.boxplot: no visible global function definition for 'boxplot'
    cjs: no visible global function definition for 'optim'
    cjs: no visible global function definition for 'coef'
    cjs: no visible global function definition for 'flush.console'
    cjs.hessian: no visible global function definition for 'capture.output'
    cjs.initial: no visible global function definition for 'coef'
    cjs.initial: no visible global function definition for 'glm.fit'
    cjs.initial: no visible global function definition for 'binomial'
    cjs.lnl: no visible global function definition for 'flush.console'
    coef.crm: no visible global function definition for 'coef'
    compute.real: no visible binding for global variable 'sd'
    create.dm: no visible global function definition for 'model.matrix'
    create.dml: no visible global function definition for 'as.formula'
    crm: no visible global function definition for 'flush.console'
    crm: no visible global function definition for 'coef'
    crm: no visible global function definition for 'predict'
    crmlist_fromfiles: no visible global function definition for
     'choose.files'
    fx.par.count: no visible binding for global variable 'par'
    inverse.link: no visible global function definition for 'pnorm'
    js: no visible global function definition for 'flush.console'
    js: no visible global function definition for 'optim'
    js: no visible global function definition for 'coef'
    js.hessian: no visible global function definition for 'capture.output'
    js.lnl : get.p: no visible global function definition for 'plogis'
    js.lnl : get.Phi: no visible global function definition for 'plogis'
    js.lnl: no visible global function definition for 'plogis'
    js.lnl: no visible global function definition for 'flush.console'
    mcmc_mode: no visible global function definition for 'density'
    mixed.model: no visible global function definition for 'model.frame'
    mixed.model: no visible global function definition for 'as.formula'
    mixed.model: no visible global function definition for 'model.matrix'
    mixed.model.admb: no visible global function definition for
     'model.frame'
    mixed.model.admb: no visible global function definition for
     'as.formula'
    mixed.model.admb: no visible global function definition for
     'model.matrix'
    mscjs: no visible global function definition for 'flush.console'
    p.boxplot: no visible global function definition for 'boxplot'
    print.crm: no visible global function definition for 'coef'
    probitCJS : sample.z: no visible global function definition for 'pnorm'
    probitCJS: no visible global function definition for 'model.matrix'
    probitCJS: no visible global function definition for 'flush.console'
    probitCJS: no visible global function definition for 'rnorm'
    probitCJS: no visible global function definition for 'rgamma'
    probitCJS: no visible binding for global variable 'sd'
    process.data: no visible global function definition for 'median'
    reals: no visible global function definition for 'plogis'
    setup.model: no visible global function definition for 'read.delim'
    setup.parameters: no visible global function definition for
     'read.delim'
    setup.parameters: no visible global function definition for
     'as.formula'
    simHMM: no visible global function definition for 'rmultinom'
    Undefined global functions or variables:
     as.formula binomial boxplot capture.output choose.files coef density
     flush.console glm.fit median model.frame model.matrix optim par
     plogis pnorm predict read.delim rgamma rmultinom rnorm sd
    Consider adding
     importFrom("graphics", "boxplot", "par")
     importFrom("stats", "as.formula", "binomial", "coef", "density",
     "glm.fit", "median", "model.frame", "model.matrix", "optim",
     "plogis", "pnorm", "predict", "rgamma", "rmultinom",
     "rnorm", "sd")
     importFrom("utils", "capture.output", "choose.files", "flush.console",
     "read.delim")
    to your NAMESPACE.
Flavor: r-devel-windows-ix86+x86_64