CRAN Package Check Results for Package marked

Last updated on 2014-10-23 03:48:50.

Flavor Version Tinstall Tcheck Ttotal Status Flags
r-devel-linux-x86_64-debian-clang 1.1.6 11.36 193.33 204.69 NOTE
r-devel-linux-x86_64-debian-gcc 1.1.6 11.02 191.79 202.81 NOTE
r-devel-linux-x86_64-fedora-clang 1.1.6 454.67 NOTE
r-devel-linux-x86_64-fedora-gcc 1.1.6 423.21 NOTE
r-devel-osx-x86_64-clang 1.1.6 348.90 NOTE
r-devel-windows-ix86+x86_64 1.1.6 42.00 294.00 336.00 NOTE
r-patched-linux-x86_64 1.1.6 11.63 206.87 218.50 NOTE
r-patched-solaris-sparc 1.1.6 2414.30 NOTE --no-examples
r-patched-solaris-x86 1.1.6 548.20 NOTE
r-release-linux-ix86 1.1.6 14.45 249.23 263.68 OK
r-release-linux-x86_64 1.1.6 11.72 202.56 214.29 OK
r-release-osx-x86_64-mavericks 1.1.6 NOTE
r-release-osx-x86_64-snowleopard 1.1.6 NOTE
r-release-windows-ix86+x86_64 1.1.6 42.00 325.00 367.00 OK
r-oldrel-windows-ix86+x86_64 1.1.6 44.00 307.00 351.00 OK

Check Details

Version: 1.1.6
Check: R code for possible problems
Result: NOTE
    omega : <anonymous>: no visible global function definition for ‘%^%’
Flavors: r-devel-linux-x86_64-debian-clang, r-devel-linux-x86_64-debian-gcc, r-devel-linux-x86_64-fedora-clang, r-devel-linux-x86_64-fedora-gcc, r-devel-osx-x86_64-clang, r-devel-windows-ix86+x86_64, r-patched-linux-x86_64, r-patched-solaris-x86

Version: 1.1.6
Flags: --no-examples
Check: package dependencies
Result: NOTE
    Package suggested but not available for checking: ‘RMark’
Flavor: r-patched-solaris-sparc

Version: 1.1.6
Flags: --no-examples
Check: R code for possible problems
Result: NOTE
    omega : <anonymous>: no visible global function definition for ‘%^%’
Flavor: r-patched-solaris-sparc

Version: 1.1.6
Check: package dependencies
Result: NOTE
    Package suggested but not available for checking: ‘RMark’
Flavors: r-patched-solaris-x86, r-release-osx-x86_64-snowleopard

Version: 1.1.6
Check: re-building of vignette outputs
Result: NOTE
    Error in re-building vignettes:
     ...
    
    Starting optimization for 7 parameters...
    Computing hessian...
    Model: PROBITCJS
    
    Processing data...
    
    Creating design data...
    
    Fitting model
    
    Computing initial parameter estimates
    
    Error in texi2dvi(file = file, pdf = TRUE, clean = clean, quiet = quiet, :
     Running 'texi2dvi' on 'markedVignette.tex' failed.
    LaTeX errors:
    ! LaTeX Error: File `lineno.sty' not found.
    
    Type X to quit or <RETURN> to proceed,
    or enter new name. (Default extension: sty)
    
    test/marked/vignettes/markedVignette.tex:25: ==> Fatal error occurred, no outp
    ut PDF file produced!
    Calls: buildVignettes -> texi2pdf -> texi2dvi
    Execution halted
Flavor: r-release-osx-x86_64-mavericks