CRAN Package Check Results for Package marked

Last updated on 2017-06-26 16:47:02.

Flavor Version Tinstall Tcheck Ttotal Status Flags
r-devel-linux-x86_64-debian-clang 1.1.13 10.35 122.12 132.47 NOTE
r-devel-linux-x86_64-debian-gcc 1.1.13 11.48 116.95 128.42 NOTE
r-devel-linux-x86_64-fedora-clang 1.1.13 264.02 NOTE
r-devel-linux-x86_64-fedora-gcc 1.1.13 265.15 NOTE
r-devel-windows-ix86+x86_64 1.1.13 58.00 216.00 274.00 OK
r-patched-linux-x86_64 1.1.13 11.55 126.69 138.24 NOTE
r-patched-solaris-sparc 1.1.13 1421.90 OK --no-examples
r-patched-solaris-x86 1.1.13 339.20 OK
r-release-linux-x86_64 1.1.13 10.88 120.67 131.55 NOTE
r-release-windows-ix86+x86_64 1.1.13 47.00 298.00 345.00 OK
r-release-osx-x86_64 1.1.13 OK
r-oldrel-windows-ix86+x86_64 1.1.13 46.00 264.00 310.00 OK
r-oldrel-osx-x86_64 1.1.13 OK

Check Details

Version: 1.1.13
Check: compiled code
Result: NOTE
    File ‘marked/libs/marked.so’:
     Found no calls to: ‘R_registerRoutines’, ‘R_useDynamicSymbols’
    
    It is good practice to register native routines and to disable symbol
    search.
    
    See ‘Writing portable packages’ in the ‘Writing R Extensions’ manual.
Flavors: r-devel-linux-x86_64-debian-clang, r-devel-linux-x86_64-debian-gcc, r-devel-linux-x86_64-fedora-clang, r-devel-linux-x86_64-fedora-gcc, r-patched-linux-x86_64, r-release-linux-x86_64