CRAN Package Check Results for Package marked

Last updated on 2017-04-26 21:47:22.

Flavor Version Tinstall Tcheck Ttotal Status Flags
r-devel-linux-x86_64-debian-clang 1.1.13 9.80 124.71 134.51 NOTE
r-devel-linux-x86_64-debian-gcc 1.1.13 10.10 122.05 132.16 NOTE
r-devel-linux-x86_64-fedora-clang 1.1.13 278.36 NOTE --no-stop-on-test-error
r-devel-linux-x86_64-fedora-gcc 1.1.13 261.28 NOTE --no-stop-on-test-error
r-devel-windows-ix86+x86_64 1.1.13 56.00 235.00 291.00 OK
r-patched-linux-x86_64 1.1.13 9.51 120.99 130.51 NOTE
r-patched-solaris-sparc 1.1.13 1518.20 OK --no-examples
r-patched-solaris-x86 1.1.13 341.00 OK
r-release-linux-x86_64 1.1.13 9.50 124.79 134.28 NOTE
r-release-windows-ix86+x86_64 1.1.13 43.00 245.00 288.00 OK
r-release-osx-x86_64 1.1.13 OK
r-oldrel-windows-ix86+x86_64 1.1.13 39.00 277.00 316.00 OK
r-oldrel-osx-x86_64 1.1.13 OK

Check Details

Version: 1.1.13
Check: compiled code
Result: NOTE
    File ‘marked/libs/marked.so’:
     Found no calls to: ‘R_registerRoutines’, ‘R_useDynamicSymbols’
    
    It is good practice to register native routines and to disable symbol
    search.
    
    See ‘Writing portable packages’ in the ‘Writing R Extensions’ manual.
Flavors: r-devel-linux-x86_64-debian-clang, r-devel-linux-x86_64-debian-gcc, r-patched-linux-x86_64, r-release-linux-x86_64

Version: 1.1.13
Flags: --no-stop-on-test-error
Check: compiled code
Result: NOTE
    File ‘marked/libs/marked.so’:
     Found no calls to: ‘R_registerRoutines’, ‘R_useDynamicSymbols’
    
    It is good practice to register native routines and to disable symbol
    search.
    
    See ‘Writing portable packages’ in the ‘Writing R Extensions’ manual.
Flavors: r-devel-linux-x86_64-fedora-clang, r-devel-linux-x86_64-fedora-gcc