CRAN Package Check Results for Package marked

Last updated on 2018-01-18 06:47:02 CET.

Flavor Version Tinstall Tcheck Ttotal Status Flags
r-devel-linux-x86_64-debian-clang 1.1.13 14.23 170.32 184.55 NOTE
r-devel-linux-x86_64-debian-gcc 1.1.13 11.11 145.58 156.69 NOTE
r-devel-linux-x86_64-fedora-clang 1.1.13 230.40 NOTE
r-devel-linux-x86_64-fedora-gcc 1.1.13 238.43 NOTE
r-devel-windows-ix86+x86_64 1.1.13 65.00 201.00 266.00 OK
r-patched-linux-x86_64 1.1.13 15.84 196.21 212.05 NOTE
r-patched-solaris-x86 1.1.13 362.70 OK
r-release-linux-x86_64 1.1.13 14.59 196.57 211.16 NOTE
r-release-windows-ix86+x86_64 1.1.13 43.00 206.00 249.00 OK
r-release-osx-x86_64 1.1.13 OK
r-oldrel-windows-ix86+x86_64 1.1.13 52.00 195.00 247.00 OK
r-oldrel-osx-x86_64 1.1.13 OK

Check Details

Version: 1.1.13
Check: compiled code
Result: NOTE
    File ‘marked/libs/marked.so’:
     Found no calls to: ‘R_registerRoutines’, ‘R_useDynamicSymbols’
    
    It is good practice to register native routines and to disable symbol
    search.
    
    See ‘Writing portable packages’ in the ‘Writing R Extensions’ manual.
Flavors: r-devel-linux-x86_64-debian-clang, r-devel-linux-x86_64-debian-gcc, r-devel-linux-x86_64-fedora-clang, r-devel-linux-x86_64-fedora-gcc, r-patched-linux-x86_64, r-release-linux-x86_64