CRAN Package Check Results for Package marked

Last updated on 2017-01-16 17:49:19.

Flavor Version Tinstall Tcheck Ttotal Status Flags
r-devel-linux-x86_64-debian-clang 1.1.13 9.63 127.49 137.12 OK
r-devel-linux-x86_64-debian-gcc 1.1.13 10.78 123.51 134.29 OK
r-devel-linux-x86_64-fedora-clang 1.1.13 259.93 OK --no-stop-on-test-error
r-devel-linux-x86_64-fedora-gcc 1.1.13 247.25 NOTE --no-stop-on-test-error
r-devel-macos-x86_64-clang 1.1.13 184.19 OK --no-stop-on-test-error
r-devel-windows-ix86+x86_64 1.1.13 54.00 223.00 277.00 OK
r-patched-linux-x86_64 1.1.13 9.07 120.57 129.64 OK
r-patched-solaris-sparc 1.1.13 1447.40 OK --no-examples
r-patched-solaris-x86 1.1.13 295.10 OK
r-release-linux-x86_64 1.1.13 9.10 120.20 129.30 OK
r-release-osx-x86_64-mavericks 1.1.13 OK
r-release-windows-ix86+x86_64 1.1.13 45.00 195.00 240.00 OK
r-oldrel-windows-ix86+x86_64 1.1.13 37.00 323.00 360.00 OK

Check Details

Version: 1.1.13
Flags: --no-stop-on-test-error
Check: compiled code
Result: NOTE
    File ‘marked/libs/marked.so’:
     Found no calls to: ‘R_registerRoutines’, ‘R_useDynamicSymbols’
    
    It is good practice to use registered native symbols and disable symbol
    search.
    
    See ‘Writing portable packages’ in the ‘Writing R Extensions’ manual.
Flavor: r-devel-linux-x86_64-fedora-gcc