CRAN Package Check Results for Package marked

Last updated on 2017-02-28 12:49:26.

Flavor Version Tinstall Tcheck Ttotal Status Flags
r-devel-linux-x86_64-debian-clang 1.1.13 10.12 127.81 137.94 NOTE
r-devel-linux-x86_64-debian-gcc 1.1.13 10.07 124.75 134.82 NOTE
r-devel-linux-x86_64-fedora-clang 1.1.13 274.47 NOTE --no-stop-on-test-error
r-devel-linux-x86_64-fedora-gcc 1.1.13 254.86 NOTE --no-stop-on-test-error
r-devel-macos-x86_64-clang 1.1.13 189.81 NOTE --no-stop-on-test-error
r-devel-windows-ix86+x86_64 1.1.13 72.00 368.00 440.00 OK
r-patched-linux-x86_64 1.1.13 9.15 113.90 123.06 OK
r-patched-solaris-sparc 1.1.13 1447.40 OK --no-examples
r-patched-solaris-x86 1.1.13 299.50 OK
r-release-linux-x86_64 1.1.13 9.25 121.01 130.26 OK
r-release-osx-x86_64-mavericks 1.1.13 OK
r-release-windows-ix86+x86_64 1.1.13 55.00 274.00 329.00 OK
r-oldrel-windows-ix86+x86_64 1.1.13 39.00 401.00 440.00 OK

Check Details

Version: 1.1.13
Check: compiled code
Result: NOTE
    File ‘marked/libs/marked.so’:
     Found no calls to: ‘R_registerRoutines’, ‘R_useDynamicSymbols’
    
    It is good practice to register native routines and to disable symbol
    search.
    
    See ‘Writing portable packages’ in the ‘Writing R Extensions’ manual.
Flavors: r-devel-linux-x86_64-debian-clang, r-devel-linux-x86_64-debian-gcc

Version: 1.1.13
Flags: --no-stop-on-test-error
Check: compiled code
Result: NOTE
    File ‘marked/libs/marked.so’:
     Found no calls to: ‘R_registerRoutines’, ‘R_useDynamicSymbols’
    
    It is good practice to register native routines and to disable symbol
    search.
    
    See ‘Writing portable packages’ in the ‘Writing R Extensions’ manual.
Flavors: r-devel-linux-x86_64-fedora-clang, r-devel-linux-x86_64-fedora-gcc, r-devel-macos-x86_64-clang