Last updated on 2022-05-21 08:53:48 CEST.
Flavor | Version | Tinstall | Tcheck | Ttotal | Status | Flags |
---|---|---|---|---|---|---|
r-devel-linux-x86_64-debian-clang | 1.2.6 | 33.24 | 230.98 | 264.22 | OK | |
r-devel-linux-x86_64-debian-gcc | 1.2.6 | 28.55 | 172.21 | 200.76 | OK | |
r-devel-linux-x86_64-fedora-clang | 1.2.6 | 319.39 | NOTE | |||
r-devel-linux-x86_64-fedora-gcc | 1.2.6 | 327.75 | NOTE | |||
r-devel-windows-x86_64 | 1.2.6 | 64.00 | 271.00 | 335.00 | OK | |
r-patched-linux-x86_64 | 1.2.6 | 33.12 | 221.02 | 254.14 | OK | |
r-release-linux-x86_64 | 1.2.6 | 32.17 | 218.60 | 250.77 | OK | |
r-release-macos-arm64 | 1.2.6 | 93.00 | NOTE | |||
r-release-macos-x86_64 | 1.2.6 | 153.00 | NOTE | |||
r-release-windows-x86_64 | 1.2.6 | 78.00 | 270.00 | 348.00 | OK | |
r-oldrel-macos-arm64 | 1.2.6 | 114.00 | NOTE | |||
r-oldrel-macos-x86_64 | 1.2.6 | 139.00 | NOTE | |||
r-oldrel-windows-ix86+x86_64 | 1.2.6 | 87.00 | 299.00 | 386.00 | OK |
Version: 1.2.6
Check: dependencies in R code
Result: NOTE
Namespaces in Imports field not imported from:
‘bookdown’ ‘kableExtra’ ‘knitr’
All declared Imports should be used.
Flavors: r-devel-linux-x86_64-fedora-clang, r-devel-linux-x86_64-fedora-gcc, r-release-macos-arm64, r-release-macos-x86_64, r-oldrel-macos-arm64, r-oldrel-macos-x86_64