CRAN Package Check Results for Package marked

Last updated on 2014-07-24 03:48:50.

Flavor Version Tinstall Tcheck Ttotal Status Flags
r-devel-linux-x86_64-debian-clang 1.1.6 10.98 201.47 212.46 OK
r-devel-linux-x86_64-debian-gcc 1.1.6 11.54 194.26 205.81 OK
r-devel-linux-x86_64-fedora-clang 1.1.6 467.87 OK
r-devel-linux-x86_64-fedora-gcc 1.1.6 445.58 OK
r-devel-osx-x86_64-clang 1.1.6 342.67 OK
r-devel-windows-ix86+x86_64 1.1.6 43.00 323.00 366.00 OK
r-patched-linux-x86_64 1.1.6 12.40 196.74 209.14 OK
r-patched-solaris-sparc 1.1.6 2258.10 NOTE --no-examples
r-patched-solaris-x86 1.1.6 549.60 NOTE
r-release-linux-ix86 1.1.6 14.23 246.09 260.32 OK
r-release-linux-x86_64 1.1.6 11.29 196.78 208.06 OK
r-release-osx-x86_64-mavericks 1.1.6 NOTE
r-release-osx-x86_64-snowleopard 1.1.6 NOTE
r-release-windows-ix86+x86_64 1.1.6 40.00 333.00 373.00 OK
r-oldrel-windows-ix86+x86_64 1.1.6 43.00 311.00 354.00 OK

Check Details

Version: 1.1.6
Flags: --no-examples
Check: package dependencies
Result: NOTE
    Package suggested but not available for checking: ‘RMark’
Flavor: r-patched-solaris-sparc

Version: 1.1.6
Check: package dependencies
Result: NOTE
    Package suggested but not available for checking: ‘RMark’
Flavors: r-patched-solaris-x86, r-release-osx-x86_64-snowleopard

Version: 1.1.6
Check: re-building of vignette outputs
Result: NOTE
    Error in re-building vignettes:
     ...
    
    Starting optimization for 7 parameters...
    Computing hessian...
    Model: PROBITCJS
    
    Processing data...
    
    Creating design data...
    
    Fitting model
    
    Computing initial parameter estimates
    
    Error in texi2dvi(file = file, pdf = TRUE, clean = clean, quiet = quiet, :
     Running 'texi2dvi' on 'markedVignette.tex' failed.
    LaTeX errors:
    ! LaTeX Error: File `lineno.sty' not found.
    
    Type X to quit or <RETURN> to proceed,
    or enter new name. (Default extension: sty)
    
    test/marked/vignettes/markedVignette.tex:25: ==> Fatal error occurred, no outp
    ut PDF file produced!
    Calls: buildVignettes -> texi2pdf -> texi2dvi
    Execution halted
Flavor: r-release-osx-x86_64-mavericks