CRAN Package Check Results for Package marked

Last updated on 2016-06-30 06:47:06.

Flavor Version Tinstall Tcheck Ttotal Status Flags
r-devel-linux-x86_64-debian-gcc 1.1.11 11.78 123.16 134.94 OK
r-devel-linux-x86_64-fedora-clang 1.1.11 221.43 OK
r-devel-linux-x86_64-fedora-gcc 1.1.11 219.67 OK
r-devel-osx-x86_64-clang 1.1.11 166.54 OK
r-devel-windows-ix86+x86_64 1.1.11 34.00 199.00 233.00 OK
r-patched-linux-x86_64 1.1.11 9.33 109.46 118.79 OK
r-patched-solaris-sparc 1.1.11 1349.10 NOTE --no-examples
r-patched-solaris-x86 1.1.11 288.10 NOTE
r-release-linux-x86_64 1.1.11 9.19 111.46 120.65 OK
r-release-osx-x86_64-mavericks 1.1.11 OK
r-release-windows-ix86+x86_64 1.1.11 44.00 262.00 306.00 OK
r-oldrel-windows-ix86+x86_64 1.1.11 55.00 268.00 323.00 OK

Check Details

Version: 1.1.11
Flags: --no-examples
Check: installed package size
Result: NOTE
     installed size is 5.9Mb
     sub-directories of 1Mb or more:
     libs 4.9Mb
Flavor: r-patched-solaris-sparc

Version: 1.1.11
Check: installed package size
Result: NOTE
     installed size is 5.4Mb
     sub-directories of 1Mb or more:
     libs 4.4Mb
Flavor: r-patched-solaris-x86