CRAN Package Check Results for Package marked

Last updated on 2017-10-23 10:49:53.

Flavor Version Tinstall Tcheck Ttotal Status Flags
r-devel-linux-x86_64-debian-clang 1.1.13 9.75 122.74 132.50 NOTE
r-devel-linux-x86_64-debian-gcc 1.1.13 11.82 125.45 137.27 NOTE
r-devel-linux-x86_64-fedora-clang 1.1.13 280.51 NOTE
r-devel-linux-x86_64-fedora-gcc 1.1.13 275.35 NOTE
r-devel-windows-ix86+x86_64 1.1.13 61.00 223.00 284.00 OK
r-patched-linux-x86_64 1.1.13 10.67 123.51 134.18 NOTE
r-patched-solaris-x86 1.1.13 345.10 OK
r-release-linux-x86_64 1.1.13 10.77 122.24 133.01 NOTE
r-release-windows-ix86+x86_64 1.1.13 49.00 224.00 273.00 OK
r-release-osx-x86_64 1.1.13 OK
r-oldrel-windows-ix86+x86_64 1.1.13 35.00 203.00 238.00 OK
r-oldrel-osx-x86_64 1.1.13 OK

Check Details

Version: 1.1.13
Check: compiled code
Result: NOTE
    File ‘marked/libs/marked.so’:
     Found no calls to: ‘R_registerRoutines’, ‘R_useDynamicSymbols’
    
    It is good practice to register native routines and to disable symbol
    search.
    
    See ‘Writing portable packages’ in the ‘Writing R Extensions’ manual.
Flavors: r-devel-linux-x86_64-debian-clang, r-devel-linux-x86_64-debian-gcc, r-devel-linux-x86_64-fedora-clang, r-devel-linux-x86_64-fedora-gcc, r-patched-linux-x86_64, r-release-linux-x86_64