CRAN Package Check Results for Package markovchain

Last updated on 2017-02-23 11:48:58.

Flavor Version Tinstall Tcheck Ttotal Status Flags
r-devel-linux-x86_64-debian-clang 0.6.6 72.00 158.03 230.03 NOTE
r-devel-linux-x86_64-debian-gcc 0.6.6 78.74 159.46 238.20 NOTE
r-devel-linux-x86_64-fedora-clang 0.6.6 510.71 NOTE --no-stop-on-test-error
r-devel-linux-x86_64-fedora-gcc 0.6.6 482.48 NOTE --no-stop-on-test-error
r-devel-macos-x86_64-clang 0.6.6 323.89 NOTE --no-stop-on-test-error
r-devel-windows-ix86+x86_64 0.6.6 295.00 476.00 771.00 OK
r-patched-linux-x86_64 0.6.6 68.81 144.70 213.51 OK
r-patched-solaris-sparc 0.6.6 2491.10 OK
r-patched-solaris-x86 0.6.6 467.40 OK
r-release-linux-x86_64 0.6.6 68.74 147.67 216.41 OK
r-release-osx-x86_64-mavericks 0.6.6 NOTE
r-release-windows-ix86+x86_64 0.6.6 282.00 451.00 733.00 OK
r-oldrel-windows-ix86+x86_64 0.6.6 191.00 631.00 822.00 OK

Memtest notes: clang-UBSAN

Check Details

Version: 0.6.6
Check: compiled code
Result: NOTE
    File ‘markovchain/libs/markovchain.so’:
     Found no calls to: ‘R_registerRoutines’, ‘R_useDynamicSymbols’
    
    It is good practice to register native routines and to disable symbol
    search.
    
    See ‘Writing portable packages’ in the ‘Writing R Extensions’ manual.
Flavors: r-devel-linux-x86_64-debian-clang, r-devel-linux-x86_64-debian-gcc

Version: 0.6.6
Flags: --no-stop-on-test-error
Check: installed package size
Result: NOTE
     installed size is 6.4Mb
     sub-directories of 1Mb or more:
     doc 1.2Mb
     libs 4.5Mb
Flavors: r-devel-linux-x86_64-fedora-clang, r-devel-linux-x86_64-fedora-gcc

Version: 0.6.6
Flags: --no-stop-on-test-error
Check: compiled code
Result: NOTE
    File ‘markovchain/libs/markovchain.so’:
     Found no calls to: ‘R_registerRoutines’, ‘R_useDynamicSymbols’
    
    It is good practice to register native routines and to disable symbol
    search.
    
    See ‘Writing portable packages’ in the ‘Writing R Extensions’ manual.
Flavors: r-devel-linux-x86_64-fedora-clang, r-devel-linux-x86_64-fedora-gcc, r-devel-macos-x86_64-clang

Version: 0.6.6
Check: installed package size
Result: NOTE
     installed size is 6.4Mb
     sub-directories of 1Mb or more:
     doc 1.2Mb
     libs 4.6Mb
Flavor: r-release-osx-x86_64-mavericks