CRAN Package Check Results for Package markovchain

Last updated on 2021-11-30 00:51:33 CET.

Flavor Version Tinstall Tcheck Ttotal Status Flags
r-devel-linux-x86_64-debian-clang 0.8.6 169.34 305.29 474.63 OK
r-devel-linux-x86_64-debian-gcc 0.8.6 129.39 220.47 349.86 OK
r-devel-linux-x86_64-fedora-clang 0.8.6 628.29 NOTE
r-devel-linux-x86_64-fedora-gcc 0.8.6 592.37 OK
r-devel-windows-x86_64-new-UL 0.8.6 219.00 515.00 734.00 OK
r-devel-windows-x86_64-new-TK 0.8.6 OK
r-devel-windows-x86_64-old 0.8.6 209.00 297.00 506.00 OK
r-patched-linux-x86_64 0.8.6 157.15 295.71 452.86 OK
r-patched-solaris-x86 0.8.6 409.50 OK
r-release-linux-x86_64 0.8.6 149.23 300.85 450.08 OK
r-release-macos-arm64 0.8.6 NOTE
r-release-macos-x86_64 0.8.6 NOTE
r-release-windows-ix86+x86_64 0.8.6 392.00 346.00 738.00 OK
r-oldrel-macos-x86_64 0.8.6 NOTE
r-oldrel-windows-ix86+x86_64 0.8.6 299.00 475.00 774.00 OK

Check Details

Version: 0.8.6
Check: installed package size
Result: NOTE
     installed size is 10.2Mb
     sub-directories of 1Mb or more:
     libs 8.5Mb
Flavors: r-devel-linux-x86_64-fedora-clang, r-release-macos-arm64, r-release-macos-x86_64, r-oldrel-macos-x86_64