CRAN Package Check Results for Package markovchain

Last updated on 2017-01-22 22:48:26.

Flavor Version Tinstall Tcheck Ttotal Status Flags
r-devel-linux-x86_64-debian-clang 0.6.5.1 71.15 130.94 202.08 OK
r-devel-linux-x86_64-debian-gcc 0.6.5.1 77.49 137.70 215.19 OK
r-devel-linux-x86_64-fedora-clang 0.6.5.1 410.23 NOTE --no-stop-on-test-error
r-devel-linux-x86_64-fedora-gcc 0.6.5.1 410.53 NOTE --no-stop-on-test-error
r-devel-macos-x86_64-clang 0.6.5.1 283.00 OK --no-stop-on-test-error
r-devel-windows-ix86+x86_64 0.6.5.1 225.00 285.00 510.00 OK
r-patched-linux-x86_64 0.6.5.1 67.30 120.74 188.05 OK
r-patched-solaris-sparc 0.6.5.1 2273.20 OK
r-patched-solaris-x86 0.6.5.1 403.10 OK
r-release-linux-x86_64 0.6.5.1 66.92 124.21 191.12 OK
r-release-osx-x86_64-mavericks 0.6.5.1 NOTE
r-release-windows-ix86+x86_64 0.6.5.1 377.00 333.00 710.00 OK
r-oldrel-windows-ix86+x86_64 0.6.5.1 237.00 480.00 717.00 OK

Memtest notes: clang-ASAN

Check Details

Version: 0.6.5.1
Flags: --no-stop-on-test-error
Check: installed package size
Result: NOTE
     installed size is 6.2Mb
     sub-directories of 1Mb or more:
     doc 1.1Mb
     libs 4.3Mb
Flavors: r-devel-linux-x86_64-fedora-clang, r-devel-linux-x86_64-fedora-gcc

Version: 0.6.5.1
Check: installed package size
Result: NOTE
     installed size is 6.1Mb
     sub-directories of 1Mb or more:
     doc 1.1Mb
     libs 4.4Mb
Flavor: r-release-osx-x86_64-mavericks