CRAN Package Check Results for Package markovchain

Last updated on 2018-04-21 08:49:33 CEST.

Flavor Version Tinstall Tcheck Ttotal Status Flags
r-devel-linux-x86_64-debian-clang 0.6.9.8-1 123.82 233.44 357.26 OK
r-devel-linux-x86_64-debian-gcc 0.6.9.8-1 104.20 175.08 279.28 OK
r-devel-linux-x86_64-fedora-clang 0.6.9.8-1 470.18 NOTE
r-devel-linux-x86_64-fedora-gcc 0.6.9.8-1 451.57 NOTE
r-devel-windows-ix86+x86_64 0.6.9.8-1 340.00 285.00 625.00 OK
r-devel-osx-x86_64 0.6.9.8-1 NOTE
r-patched-linux-x86_64 0.6.9.8-1 130.82 251.25 382.07 OK
r-patched-solaris-x86 0.6.9.8-1 492.40 OK
r-release-linux-x86_64 0.6.9.8-1 133.61 239.79 373.40 OK
r-release-windows-ix86+x86_64 0.6.9.8-1 337.00 303.00 640.00 OK
r-release-osx-x86_64 0.6.9.8-1 NOTE
r-oldrel-windows-ix86+x86_64 0.6.9.8-1 338.00 254.00 592.00 OK

Additional issues

valgrind

Check Details

Version: 0.6.9.8-1
Check: installed package size
Result: NOTE
     installed size is 9.3Mb
     sub-directories of 1Mb or more:
     doc 1.7Mb
     libs 6.7Mb
Flavors: r-devel-linux-x86_64-fedora-clang, r-devel-linux-x86_64-fedora-gcc, r-devel-osx-x86_64, r-release-osx-x86_64