CRAN Package Check Results for Package markovchain

Last updated on 2017-12-11 08:48:45 CET.

Flavor Version Tinstall Tcheck Ttotal Status Flags
r-devel-linux-x86_64-debian-clang 0.6.9.8-1 117.80 221.20 339.00 OK
r-devel-linux-x86_64-debian-gcc 0.6.9.8-1 107.50 179.53 287.03 OK
r-devel-linux-x86_64-fedora-clang 0.6.9.8-1 465.21 NOTE
r-devel-linux-x86_64-fedora-gcc 0.6.9.8-1 467.83 NOTE
r-devel-windows-ix86+x86_64 0.6.9.8-1 343.00 294.00 637.00 OK
r-patched-linux-x86_64 0.6.9.8-1 127.42 243.41 370.83 OK
r-patched-solaris-x86 0.6.9.8-1 492.70 OK
r-release-linux-x86_64 0.6.9.8-1 132.32 254.27 386.59 OK
r-release-windows-ix86+x86_64 0.6.9.8-1 249.00 321.00 570.00 OK
r-release-osx-x86_64 0.6.9.8-1 NOTE
r-oldrel-windows-ix86+x86_64 0.6.9.8-1 331.00 294.00 625.00 OK
r-oldrel-osx-x86_64 0.6.9.8-1 NOTE

Additional issues

valgrind

Check Details

Version: 0.6.9.8-1
Check: installed package size
Result: NOTE
     installed size is 8.9Mb
     sub-directories of 1Mb or more:
     doc 1.7Mb
     libs 6.4Mb
Flavors: r-devel-linux-x86_64-fedora-clang, r-devel-linux-x86_64-fedora-gcc, r-release-osx-x86_64, r-oldrel-osx-x86_64