CRAN Package Check Results for Package markovchain

Last updated on 2016-08-24 09:47:08.

Flavor Version Tinstall Tcheck Ttotal Status Flags
r-devel-linux-x86_64-debian-clang 0.6 60.03 130.71 190.74 NOTE
r-devel-linux-x86_64-debian-gcc 0.6 65.72 125.99 191.71 NOTE
r-devel-linux-x86_64-fedora-clang 0.6 391.44 NOTE
r-devel-linux-x86_64-fedora-gcc 0.6 370.87 NOTE
r-devel-osx-x86_64-clang 0.6 280.32 OK
r-devel-windows-ix86+x86_64 0.6 231.00 220.00 451.00 OK
r-patched-linux-x86_64 0.6 54.92 119.60 174.52 NOTE
r-patched-solaris-sparc 0.6 2085.90 OK
r-patched-solaris-x86 0.6 381.80 OK
r-release-linux-x86_64 0.6 54.92 121.09 176.01 NOTE
r-release-osx-x86_64-mavericks 0.6 NOTE
r-release-windows-ix86+x86_64 0.6 240.00 340.00 580.00 OK
r-oldrel-windows-ix86+x86_64 0.6 217.00 321.00 538.00 OK

Check Details

Version: 0.6
Check: installed package size
Result: NOTE
     installed size is 5.6Mb
     sub-directories of 1Mb or more:
     libs 4.4Mb
Flavors: r-devel-linux-x86_64-debian-clang, r-devel-linux-x86_64-debian-gcc, r-devel-linux-x86_64-fedora-clang, r-devel-linux-x86_64-fedora-gcc, r-patched-linux-x86_64, r-release-linux-x86_64, r-release-osx-x86_64-mavericks