CRAN Package Check Results for Package markovchain

Last updated on 2017-06-28 20:48:37.

Flavor Version Tinstall Tcheck Ttotal Status Flags
r-devel-linux-x86_64-debian-clang 0.6.9.3 76.88 136.91 213.79 OK
r-devel-linux-x86_64-debian-gcc 0.6.9.3 86.04 139.55 225.59 OK
r-devel-linux-x86_64-fedora-clang 0.6.9.3 448.20 NOTE
r-devel-linux-x86_64-fedora-gcc 0.6.9.3 442.70 NOTE
r-devel-windows-ix86+x86_64 0.6.9.3 236.00 307.00 543.00 OK
r-patched-linux-x86_64 0.6.9.3 83.32 136.35 219.68 OK
r-patched-solaris-sparc 0.6.9.3 2331.20 OK
r-patched-solaris-x86 0.6.9.3 467.50 OK
r-release-linux-x86_64 0.6.9.3 85.05 132.95 217.99 OK
r-release-windows-ix86+x86_64 0.6.9.3 211.00 393.00 604.00 OK
r-release-osx-x86_64 0.6.9.3 NOTE
r-oldrel-windows-ix86+x86_64 0.6.9.3 282.00 387.00 669.00 OK
r-oldrel-osx-x86_64 0.6.9.3 NOTE

Check Details

Version: 0.6.9.3
Check: installed package size
Result: NOTE
     installed size is 6.8Mb
     sub-directories of 1Mb or more:
     libs 5.3Mb
Flavors: r-devel-linux-x86_64-fedora-clang, r-devel-linux-x86_64-fedora-gcc, r-release-osx-x86_64, r-oldrel-osx-x86_64