CRAN Package Check Results for Package markovchain

Last updated on 2016-12-05 02:47:02.

Flavor Version Tinstall Tcheck Ttotal Status Flags
r-devel-linux-x86_64-debian-clang 0.6.5.1 69.11 136.29 205.41 OK
r-devel-linux-x86_64-debian-gcc 0.6.5.1 75.21 131.99 207.19 OK
r-devel-linux-x86_64-fedora-clang 0.6.5.1 414.70 NOTE --no-stop-on-test-error
r-devel-linux-x86_64-fedora-gcc 0.6.5.1 419.06 NOTE --no-stop-on-test-error
r-devel-macos-x86_64-clang 0.6.5.1 285.56 OK
r-devel-windows-ix86+x86_64 0.6.5.1 208.00 255.00 463.00 OK
r-patched-linux-x86_64 0.6.5.1 66.67 114.14 180.80 OK
r-patched-solaris-sparc 0.6.5.1 2412.60 OK
r-patched-solaris-x86 0.6.5.1 399.10 OK
r-release-linux-x86_64 0.6.5.1 68.11 123.27 191.38 OK
r-release-osx-x86_64-mavericks 0.6.5.1 NOTE
r-release-windows-ix86+x86_64 0.6.5.1 276.00 325.00 601.00 OK
r-oldrel-windows-ix86+x86_64 0.6.5.1 181.00 357.00 538.00 OK

Memtest notes: clang-UBSAN

Check Details

Version: 0.6.5.1
Flags: --no-stop-on-test-error
Check: installed package size
Result: NOTE
     installed size is 6.2Mb
     sub-directories of 1Mb or more:
     doc 1.1Mb
     libs 4.3Mb
Flavors: r-devel-linux-x86_64-fedora-clang, r-devel-linux-x86_64-fedora-gcc

Version: 0.6.5.1
Check: installed package size
Result: NOTE
     installed size is 6.1Mb
     sub-directories of 1Mb or more:
     doc 1.1Mb
     libs 4.4Mb
Flavor: r-release-osx-x86_64-mavericks