CRAN Package Check Results for Package markovchain

Last updated on 2017-03-29 20:49:35.

Flavor Version Tinstall Tcheck Ttotal Status Flags
r-devel-linux-x86_64-debian-clang 0.6.8.1 59.65 153.04 212.69 OK
r-devel-linux-x86_64-debian-gcc 0.6.8.1 61.74 155.34 217.08 OK
r-devel-linux-x86_64-fedora-clang 0.6.8.1 452.06 NOTE --no-stop-on-test-error
r-devel-linux-x86_64-fedora-gcc 0.6.8.1 436.42 NOTE --no-stop-on-test-error
r-devel-macos-x86_64-clang 0.6.8.1 284.85 OK --no-stop-on-test-error
r-devel-windows-ix86+x86_64 0.6.8.1 198.00 413.00 611.00 ERROR
r-patched-linux-x86_64 0.6.8.1 52.40 156.88 209.27 OK
r-patched-solaris-sparc 0.6.8.1 2450.40 OK
r-patched-solaris-x86 0.6.8.1 453.80 OK
r-release-linux-x86_64 0.6.8.1 69.56 115.06 184.62 OK
r-release-osx-x86_64-mavericks 0.6.8.1 NOTE
r-release-windows-ix86+x86_64 0.6.8.1 290.00 348.00 638.00 ERROR
r-oldrel-windows-ix86+x86_64 0.6.8.1 245.00 499.00 744.00 ERROR

Check Details

Version: 0.6.8.1
Flags: --no-stop-on-test-error
Check: installed package size
Result: NOTE
     installed size is 6.1Mb
     sub-directories of 1Mb or more:
     libs 4.7Mb
Flavors: r-devel-linux-x86_64-fedora-clang, r-devel-linux-x86_64-fedora-gcc

Version: 0.6.8.1
Check: running tests for arch ‘i386’
Result: ERROR
     Running 'testthat.R' [16s]
    Running the tests in 'tests/testthat.R' failed.
    Last 13 lines of output:
    
     Loading required package: survival
     testthat results ================================================================
     OK: 97 SKIPPED: 0 FAILED: 1
     1. Failure: Check steadyStates (@testSteadyStates.R#39)
    
     Error: testthat unit tests failed
     In addition: Warning messages:
     1: In markovchainFit(mix_seq, "map", sanitize = TRUE, possibleStates = c("d")) :
    
     'estimate' is the MAP set of parameters where as 'expectedValue'
     is the expectation of the parameters with respect to the posterior.
     The confidence intervals are given for 'estimate'.
     2: In data(cav) : data set 'cav' not found
     Execution halted
Flavor: r-devel-windows-ix86+x86_64

Version: 0.6.8.1
Check: installed package size
Result: NOTE
     installed size is 5.8Mb
     sub-directories of 1Mb or more:
     libs 4.6Mb
Flavor: r-release-osx-x86_64-mavericks

Version: 0.6.8.1
Check: running tests for arch ‘i386’
Result: ERROR
     Running 'testthat.R' [12s]
    Running the tests in 'tests/testthat.R' failed.
    Last 13 lines of output:
    
     Loading required package: survival
     testthat results ================================================================
     OK: 97 SKIPPED: 0 FAILED: 1
     1. Failure: Check steadyStates (@testSteadyStates.R#39)
    
     Error: testthat unit tests failed
     In addition: Warning messages:
     1: In markovchainFit(mix_seq, "map", sanitize = TRUE, possibleStates = c("d")) :
    
     'estimate' is the MAP set of parameters where as 'expectedValue'
     is the expectation of the parameters with respect to the posterior.
     The confidence intervals are given for 'estimate'.
     2: In data(cav) : data set 'cav' not found
     Execution halted
Flavor: r-release-windows-ix86+x86_64

Version: 0.6.8.1
Check: running tests for arch ‘i386’
Result: ERROR
    Running the tests in 'tests/testthat.R' failed.
    Last 13 lines of output:
     testthat results ================================================================
     OK: 97 SKIPPED: 0 FAILED: 1
     1. Failure: Check steadyStates (@testSteadyStates.R#39)
    
     Error: testthat unit tests failed
     In addition: Warning messages:
     1: In markovchainFit(mix_seq, "map", sanitize = TRUE, possibleStates = c("d")) :
    
     'estimate' is the MAP set of parameters where as 'expectedValue'
     is the expectation of the parameters with respect to the posterior.
     The confidence intervals are given for 'estimate'.
     2: In data(cav) : data set 'cav' not found
     Execution halted
Flavor: r-oldrel-windows-ix86+x86_64