CRAN Package Check Results for Package markovchain

Last updated on 2015-05-26 12:47:20.

Flavor Version Tinstall Tcheck Ttotal Status Flags
r-devel-linux-x86_64-debian-clang 0.2.1 14.36 56.20 70.56 OK
r-devel-linux-x86_64-debian-gcc 0.2.1 13.81 56.04 69.85 OK
r-devel-linux-x86_64-fedora-clang 0.2.1 147.77 OK
r-devel-linux-x86_64-fedora-gcc 0.2.1 141.17 OK
r-devel-osx-x86_64-clang 0.2.1 122.39 OK
r-devel-windows-ix86+x86_64 0.2.1 41.00 113.00 154.00 OK
r-patched-linux-x86_64 0.2.1 13.78 54.99 68.76 OK
r-patched-solaris-sparc 0.2.1 18.00 ERROR
r-patched-solaris-x86 0.2.1 3.90 ERROR
r-release-linux-x86_64 0.2.1 13.96 57.07 71.02 OK
r-release-osx-x86_64-mavericks 0.2.1 OK
r-release-osx-x86_64-snowleopard 0.2.1 OK
r-release-windows-ix86+x86_64 0.2.1 36.00 109.00 145.00 OK
r-oldrel-windows-ix86+x86_64 0.2.1 42.00 125.00 167.00 OK

Check Details

Version: 0.2.1
Check: package dependencies
Result: ERROR
    Package required but not available: ‘RcppParallel’
    
    See section ‘The DESCRIPTION file’ in the ‘Writing R Extensions’
    manual.
Flavors: r-patched-solaris-sparc, r-patched-solaris-x86