CRAN Package Check Results for Package markovchain

Last updated on 2018-02-20 07:48:16 CET.

Flavor Version Tinstall Tcheck Ttotal Status Flags
r-devel-linux-x86_64-debian-clang 0.6.9.8-1 117.91 204.14 322.05 OK
r-devel-linux-x86_64-debian-gcc 0.6.9.8-1 106.73 173.97 280.70 OK
r-devel-linux-x86_64-fedora-clang 0.6.9.8-1 470.53 NOTE
r-devel-linux-x86_64-fedora-gcc 0.6.9.8-1 448.04 NOTE
r-devel-windows-ix86+x86_64 0.6.9.8-1 224.00 294.00 518.00 NOTE
r-patched-linux-x86_64 0.6.9.8-1 129.84 243.26 373.10 OK
r-patched-solaris-x86 0.6.9.8-1 496.50 OK
r-release-linux-x86_64 0.6.9.8-1 134.25 254.54 388.79 OK
r-release-windows-ix86+x86_64 0.6.9.8-1 340.00 308.00 648.00 OK
r-release-osx-x86_64 0.6.9.8-1 NOTE
r-oldrel-windows-ix86+x86_64 0.6.9.8-1 342.00 369.00 711.00 OK
r-oldrel-osx-x86_64 0.6.9.8-1 NOTE

Additional issues

valgrind

Check Details

Version: 0.6.9.8-1
Check: installed package size
Result: NOTE
     installed size is 9.3Mb
     sub-directories of 1Mb or more:
     doc 1.7Mb
     libs 6.7Mb
Flavors: r-devel-linux-x86_64-fedora-clang, r-devel-linux-x86_64-fedora-gcc, r-devel-windows-ix86+x86_64, r-release-osx-x86_64, r-oldrel-osx-x86_64