CRAN Package Check Results for Package markovchain

Last updated on 2016-09-26 11:51:39.

Flavor Version Tinstall Tcheck Ttotal Status Flags
r-devel-linux-x86_64-debian-clang 0.6.5.1 70.84 124.56 195.40 NOTE
r-devel-linux-x86_64-debian-gcc 0.6.5.1 76.42 121.50 197.92 NOTE
r-devel-linux-x86_64-fedora-clang 0.6.5.1 394.79 NOTE
r-devel-linux-x86_64-fedora-gcc 0.6.5.1 387.11 NOTE
r-devel-macos-x86_64-clang 0.6.5.1 269.56 OK
r-devel-windows-ix86+x86_64 0.6.5.1 265.00 333.00 598.00 OK
r-patched-linux-x86_64 0.6.5.1 67.49 122.52 190.01 NOTE
r-patched-solaris-sparc 0.6.5.1 2103.40 OK
r-patched-solaris-x86 0.6.5.1 400.60 OK
r-release-linux-x86_64 0.6.5.1 67.89 119.17 187.05 NOTE
r-release-osx-x86_64-mavericks 0.6.5.1 NOTE
r-release-windows-ix86+x86_64 0.6.5.1 390.00 320.00 710.00 OK
r-oldrel-windows-ix86+x86_64 0.6.5.1 244.00 400.00 644.00 OK

Memtest notes: clang-UBSAN

Check Details

Version: 0.6.5.1
Check: installed package size
Result: NOTE
     installed size is 6.4Mb
     sub-directories of 1Mb or more:
     doc 1.1Mb
     libs 4.7Mb
Flavors: r-devel-linux-x86_64-debian-clang, r-devel-linux-x86_64-debian-gcc, r-devel-linux-x86_64-fedora-clang, r-devel-linux-x86_64-fedora-gcc, r-patched-linux-x86_64, r-release-linux-x86_64, r-release-osx-x86_64-mavericks