CRAN Package Check Results for Package markovchain

Last updated on 2016-05-24 23:48:13.

Flavor Version Tinstall Tcheck Ttotal Status Flags
r-devel-linux-x86_64-debian-gcc 0.4.4 66.91 62.84 129.75 NOTE
r-devel-linux-x86_64-fedora-clang 0.4.4 247.11 OK
r-devel-linux-x86_64-fedora-gcc 0.4.4 223.78 NOTE
r-devel-osx-x86_64-clang 0.4.4 192.71 OK
r-devel-windows-ix86+x86_64 0.4.4 141.00 138.00 279.00 OK
r-patched-linux-x86_64 0.4.4 49.70 64.07 113.77 NOTE
r-patched-solaris-sparc 0.4.4 1136.70 ERROR
r-patched-solaris-x86 0.4.4 248.30 OK
r-release-linux-x86_64 0.4.4 48.82 63.37 112.18 NOTE
r-release-osx-x86_64-mavericks 0.4.4 OK
r-release-windows-ix86+x86_64 0.4.4 141.00 138.00 279.00 OK
r-oldrel-windows-ix86+x86_64 0.4.4 195.00 172.00 367.00 OK

Check Details

Version: 0.4.4
Check: installed package size
Result: NOTE
     installed size is 6.2Mb
     sub-directories of 1Mb or more:
     libs 5.1Mb
Flavors: r-devel-linux-x86_64-debian-gcc, r-devel-linux-x86_64-fedora-gcc, r-patched-linux-x86_64, r-release-linux-x86_64

Version: 0.4.4
Check: tests
Result: ERROR
    Running the tests in ‘tests/testthat.R’ failed.
    Last 13 lines of output:
     The absorbing states are: e
     The assessOrder test statistic is: 35.33288 the Chi-Square d.f. are: 36 the p-value is: 0.500128
     The assessStationarity test statistic is: 49.22494 the Chi-Square d.f. are: 108 the p-value is: 0.9999998
     The Divergence test statistic is: 0 the Chi-Square d.f. are: 12 the p-value is: 1
     Loading required package: diagram
     Loading required package: shape
     Loading required package: DiagrammeR
     Error in asMethod(object) : Error! Not a probability matrix
     Calls: test_check ... force -> source_file -> eval -> eval -> as -> asMethod
     In addition: There were 24 warnings (use warnings() to see them)
     testthat results ================================================================
     OK: 34 SKIPPED: 0 FAILED: 0
     Execution halted
Flavor: r-patched-solaris-sparc