CRAN Package Check Results for Package markovchain

Last updated on 2017-05-24 07:49:52.

Flavor Version Tinstall Tcheck Ttotal Status Flags
r-devel-linux-x86_64-debian-clang 0.6.9.3 75.98 144.43 220.41 OK
r-devel-linux-x86_64-debian-gcc 0.6.9.3 81.46 140.96 222.42 OK
r-devel-linux-x86_64-fedora-clang 0.6.9.3 432.61 NOTE --no-stop-on-test-error
r-devel-linux-x86_64-fedora-gcc 0.6.9.3 438.32 NOTE --no-stop-on-test-error
r-devel-windows-ix86+x86_64 0.6.9.3 224.00 288.00 512.00 OK
r-patched-linux-x86_64 0.6.9.3 70.33 135.97 206.29 OK
r-patched-solaris-sparc 0.6.9.3 2331.20 OK --no-stop-on-test-error
r-patched-solaris-x86 0.6.9.3 452.20 OK --no-stop-on-test-error
r-release-linux-x86_64 0.6.9.3 72.97 140.97 213.94 OK
r-release-windows-ix86+x86_64 0.6.9.3 210.00 389.00 599.00 OK
r-release-osx-x86_64 0.6.9.3 NOTE
r-oldrel-windows-ix86+x86_64 0.6.9.3 288.00 368.00 656.00 OK
r-oldrel-osx-x86_64 0.6.9.3 NOTE

Check Details

Version: 0.6.9.3
Flags: --no-stop-on-test-error
Check: installed package size
Result: NOTE
     installed size is 6.8Mb
     sub-directories of 1Mb or more:
     libs 5.3Mb
Flavors: r-devel-linux-x86_64-fedora-clang, r-devel-linux-x86_64-fedora-gcc

Version: 0.6.9.3
Check: installed package size
Result: NOTE
     installed size is 5.8Mb
     sub-directories of 1Mb or more:
     libs 4.4Mb
Flavors: r-release-osx-x86_64, r-oldrel-osx-x86_64