CRAN Package Check Results for Package markovchain

Last updated on 2014-04-24 17:49:47.

Flavor Version Tinstall Tcheck Ttotal Status Flags
r-devel-linux-x86_64-debian-clang 0.0.9 6.59 64.21 70.80 OK
r-devel-linux-x86_64-debian-gcc 0.0.9 6.49 61.40 67.88 OK
r-devel-linux-x86_64-fedora-clang 0.0.9 167.54 OK
r-devel-linux-x86_64-fedora-gcc 0.0.9 162.21 OK
r-devel-osx-x86_64-clang 0.0.9 81.40 OK
r-devel-osx-x86_64-gcc 0.0.9 ERROR
r-devel-windows-ix86+x86_64 0.0.9 16.00 93.00 109.00 OK
r-patched-linux-x86_64 0.0.9 6.52 61.68 68.20 OK
r-patched-solaris-sparc 0.0.9 784.70 OK
r-patched-solaris-x86 0.0.9 204.40 OK
r-release-linux-ix86 0.0.9 9.00 97.00 106.00 OK
r-release-linux-x86_64 0.0.9 6.68 61.40 68.08 OK
r-release-osx-x86_64-mavericks 0.0.9 OK
r-release-osx-x86_64-snowleopard 0.0.9 OK
r-release-windows-ix86+x86_64 0.0.9 14.00 92.00 106.00 OK
r-oldrel-windows-ix86+x86_64 0.0.9 13.00 86.00 99.00 OK

Check Details

Version: 0.0.9
Check: package dependencies
Result: ERROR
    Package required but not available: ‘igraph’
    
    See the information on DESCRIPTION files in the chapter ‘Creating R
    packages’ of the ‘Writing R Extensions’ manual.
Flavor: r-devel-osx-x86_64-gcc