CRAN Package Check Results for Package markovchain

Last updated on 2016-02-11 02:48:09.

Flavor Version Tinstall Tcheck Ttotal Status Flags
r-devel-linux-x86_64-debian-gcc 0.4.3 43.47 61.88 105.35 NOTE
r-devel-linux-x86_64-fedora-clang 0.4.3 225.46 OK
r-devel-linux-x86_64-fedora-gcc 0.4.3 226.44 NOTE
r-devel-osx-x86_64-clang 0.4.3 184.84 OK
r-devel-windows-ix86+x86_64 0.4.3 174.00 132.00 306.00 OK
r-patched-linux-x86_64 0.4.3 44.35 73.87 118.22 NOTE
r-patched-solaris-sparc 0.4.3 1270.20 OK
r-patched-solaris-x86 0.4.3 262.90 OK
r-release-linux-x86_64 0.4.3 44.27 73.69 117.96 NOTE
r-release-osx-x86_64-mavericks 0.4.3 OK
r-release-windows-ix86+x86_64 0.4.3 170.00 221.00 391.00 OK
r-oldrel-windows-ix86+x86_64 0.4.3 185.00 258.00 443.00 OK

Check Details

Version: 0.4.3
Check: installed package size
Result: NOTE
     installed size is 5.7Mb
     sub-directories of 1Mb or more:
     libs 4.3Mb
Flavors: r-devel-linux-x86_64-debian-gcc, r-devel-linux-x86_64-fedora-gcc, r-patched-linux-x86_64, r-release-linux-x86_64