CRAN Package Check Results for Package markovchain

Last updated on 2015-09-05 06:48:15.

Flavor Version Tinstall Tcheck Ttotal Status Flags
r-devel-linux-x86_64-debian-clang 0.4.2 42.16 71.10 113.26 NOTE
r-devel-linux-x86_64-debian-gcc 0.4.2 46.51 72.35 118.86 NOTE
r-devel-linux-x86_64-fedora-clang 0.4.2 245.64 NOTE
r-devel-linux-x86_64-fedora-gcc 0.4.2 234.76 NOTE
r-devel-osx-x86_64-clang 0.4.2 172.23 OK
r-devel-windows-ix86+x86_64 0.4.2 169.00 165.00 334.00 OK
r-patched-linux-x86_64 0.4.2 47.05 73.84 120.88 NOTE
r-patched-solaris-sparc 0.4.2 1412.20 OK
r-patched-solaris-x86 0.4.2 277.70 OK
r-release-linux-x86_64 0.4.2 47.13 72.62 119.75 NOTE
r-release-osx-x86_64-mavericks 0.4.2 OK
r-release-windows-ix86+x86_64 0.4.2 184.00 168.00 352.00 OK
r-oldrel-windows-ix86+x86_64 0.4.2 134.00 171.00 305.00 OK

Check Details

Version: 0.4.2
Check: installed package size
Result: NOTE
     installed size is 5.2Mb
     sub-directories of 1Mb or more:
     doc 1.3Mb
     libs 3.3Mb
Flavors: r-devel-linux-x86_64-debian-clang, r-devel-linux-x86_64-debian-gcc, r-devel-linux-x86_64-fedora-clang, r-devel-linux-x86_64-fedora-gcc, r-patched-linux-x86_64, r-release-linux-x86_64