CRAN Package Check Results for Package markovchain

Last updated on 2016-07-31 04:51:42.

Flavor Version Tinstall Tcheck Ttotal Status Flags
r-devel-linux-x86_64-debian-clang 0.5 67.29 67.07 134.37 NOTE
r-devel-linux-x86_64-debian-gcc 0.5 73.73 65.71 139.44 NOTE
r-devel-linux-x86_64-fedora-clang 0.5 253.83 NOTE
r-devel-linux-x86_64-fedora-gcc 0.5 236.30 NOTE
r-devel-osx-x86_64-clang 0.5 178.85 OK
r-devel-windows-ix86+x86_64 0.5 181.00 143.00 324.00 OK
r-patched-linux-x86_64 0.5 54.52 64.77 119.29 NOTE
r-patched-solaris-sparc 0.5 1296.90 OK
r-patched-solaris-x86 0.5 259.10 OK
r-release-linux-x86_64 0.5 62.56 75.27 137.84 NOTE
r-release-osx-x86_64-mavericks 0.5 NOTE
r-release-windows-ix86+x86_64 0.5 238.00 162.00 400.00 OK
r-oldrel-windows-ix86+x86_64 0.5 226.00 237.00 463.00 OK

Check Details

Version: 0.5
Check: installed package size
Result: NOTE
     installed size is 5.6Mb
     sub-directories of 1Mb or more:
     libs 4.5Mb
Flavors: r-devel-linux-x86_64-debian-clang, r-devel-linux-x86_64-debian-gcc, r-devel-linux-x86_64-fedora-clang, r-devel-linux-x86_64-fedora-gcc, r-patched-linux-x86_64, r-release-linux-x86_64, r-release-osx-x86_64-mavericks