CRAN Package Check Results for Package markovchain

Last updated on 2017-10-17 19:47:59.

Flavor Version Tinstall Tcheck Ttotal Status Flags
r-devel-linux-x86_64-debian-clang 0.6.9.8-1 90.50 148.46 238.97 OK
r-devel-linux-x86_64-debian-gcc 0.6.9.8-1 98.95 152.99 251.94 OK
r-devel-linux-x86_64-fedora-clang 0.6.9.8-1 491.74 NOTE
r-devel-linux-x86_64-fedora-gcc 0.6.9.8-1 497.47 NOTE
r-devel-windows-ix86+x86_64 0.6.9.8-1 256.00 303.00 559.00 OK
r-patched-linux-x86_64 0.6.9.8-1 97.52 147.98 245.51 OK
r-patched-solaris-x86 0.6.9.8-1 503.80 OK
r-release-linux-x86_64 0.6.9.8-1 95.45 146.88 242.33 OK
r-release-windows-ix86+x86_64 0.6.9.8-1 334.00 317.00 651.00 OK
r-release-osx-x86_64 0.6.9.8-1 NOTE
r-oldrel-windows-ix86+x86_64 0.6.9.8-1 361.00 368.00 729.00 OK
r-oldrel-osx-x86_64 0.6.9.8-1 NOTE

Check Details

Version: 0.6.9.8-1
Check: installed package size
Result: NOTE
     installed size is 8.9Mb
     sub-directories of 1Mb or more:
     doc 1.7Mb
     libs 6.3Mb
Flavors: r-devel-linux-x86_64-fedora-clang, r-devel-linux-x86_64-fedora-gcc, r-release-osx-x86_64, r-oldrel-osx-x86_64