CRAN Package Check Results for Package markovchain

Last updated on 2016-06-29 07:46:59.

Flavor Version Tinstall Tcheck Ttotal Status Flags
r-devel-linux-x86_64-debian-gcc 0.4.4 67.06 67.33 134.40 NOTE
r-devel-linux-x86_64-fedora-clang 0.4.4 235.80 OK
r-devel-linux-x86_64-fedora-gcc 0.4.4 220.24 NOTE
r-devel-osx-x86_64-clang 0.4.4 165.22 OK
r-devel-windows-ix86+x86_64 0.4.4 152.00 139.00 291.00 OK
r-patched-linux-x86_64 0.4.4 49.70 65.11 114.82 NOTE
r-patched-solaris-sparc 0.4.4 1211.90 ERROR
r-patched-solaris-x86 0.4.4 248.30 NOTE
r-release-linux-x86_64 0.4.4 48.31 62.95 111.26 NOTE
r-release-osx-x86_64-mavericks 0.4.4 OK
r-release-windows-ix86+x86_64 0.4.4 215.00 146.00 361.00 OK
r-oldrel-windows-ix86+x86_64 0.4.4 176.00 236.00 412.00 OK

Check Details

Version: 0.4.4
Check: installed package size
Result: NOTE
     installed size is 6.2Mb
     sub-directories of 1Mb or more:
     libs 5.1Mb
Flavors: r-devel-linux-x86_64-debian-gcc, r-devel-linux-x86_64-fedora-gcc, r-patched-linux-x86_64, r-patched-solaris-sparc, r-patched-solaris-x86, r-release-linux-x86_64

Version: 0.4.4
Check: tests
Result: ERROR
    Running the tests in ‘tests/testthat.R’ failed.
    Last 13 lines of output:
     The absorbing states are: e
     The assessOrder test statistic is: 37.42227 the Chi-Square d.f. are: 36 the p-value is: 0.4036642
     The assessStationarity test statistic is: 45.44361 the Chi-Square d.f. are: 108 the p-value is: 1
     The Divergence test statistic is: 0 the Chi-Square d.f. are: 12 the p-value is: 1
     Loading required package: diagram
     Loading required package: shape
     Loading required package: DiagrammeR
     Error in asMethod(object) : Error! Not a probability matrix
     Calls: test_check ... force -> source_file -> eval -> eval -> as -> asMethod
     In addition: There were 24 warnings (use warnings() to see them)
     testthat results ================================================================
     OK: 34 SKIPPED: 0 FAILED: 0
     Execution halted
Flavor: r-patched-solaris-sparc