CRAN Package Check Results for Package markovchain

Last updated on 2017-08-17 00:56:25.

Flavor Version Tinstall Tcheck Ttotal Status Flags
r-devel-linux-x86_64-debian-clang 0.6.9.8-1 85.96 142.08 228.04 OK
r-devel-linux-x86_64-debian-gcc 0.6.9.6 95.38 132.04 227.42 WARN
r-devel-linux-x86_64-fedora-clang 0.6.9.8-1 307.88 NOTE
r-devel-linux-x86_64-fedora-gcc 0.6.9.8-1 325.63 NOTE
r-devel-windows-ix86+x86_64 0.6.9.8-1 211.00 371.00 582.00 OK
r-patched-linux-x86_64 0.6.9.6 93.07 137.60 230.68 WARN
r-patched-solaris-x86 0.6.9.8-1 428.30 OK
r-release-linux-x86_64 0.6.9.6 93.93 139.31 233.24 WARN
r-release-windows-ix86+x86_64 0.6.9.6 272.00 279.00 551.00 OK
r-release-osx-x86_64 0.6.9.6 NOTE
r-oldrel-windows-ix86+x86_64 0.6.9.8-1 209.00 327.00 536.00 OK
r-oldrel-osx-x86_64 0.6.9.6 NOTE

Check Details

Version: 0.6.9.6
Check: re-building of vignette outputs
Result: WARN
    Error in re-building vignettes:
     ...
    Package: markovchain
    Version: 0.6.9.6
    Date: 2017-07-10
    BugReport: http://github.com/spedygiorgio/markovchain/issues
    
    
    Attaching package: 'igraph'
    
    The following objects are masked from 'package:stats':
    
     decompose, spectrum
    
    The following object is masked from 'package:base':
    
     union
    
    Loading required package: msm
    Loading required package: survival
    Loading required package: matlab
    
    Attaching package: 'matlab'
    
    The following object is masked from 'package:stats':
    
     reshape
    
    The following objects are masked from 'package:utils':
    
     find, fix
    
    The following object is masked from 'package:base':
    
     sum
    
    Warning in chisq.test(mat) : Chi-squared approximation may be incorrect
    Warning in chisq.test(mat) : Chi-squared approximation may be incorrect
    Warning in chisq.test(mat) : Chi-squared approximation may be incorrect
    This function is experimental
    ! Package inputenc Error: Unicode char <c2><80> (U+80)
    (inputenc) not set up for use with LaTeX.
    
    See the inputenc package documentation for explanation.
    Type H <return> for immediate help.
     ...
    
    l.315 More technically, an ICTMC is a set of â<c2><80>
    
    Try running pandoc with --latex-engine=xelatex.
    pandoc: Error producing PDF
    Error: processing vignette ‘GSoC-2017_additions.Rmd’ failed with diagnostics:
    pandoc document conversion failed with error 43
    Execution halted
Flavors: r-devel-linux-x86_64-debian-gcc, r-patched-linux-x86_64, r-release-linux-x86_64

Version: 0.6.9.8-1
Check: installed package size
Result: NOTE
     installed size is 8.9Mb
     sub-directories of 1Mb or more:
     doc 1.7Mb
     libs 6.3Mb
Flavors: r-devel-linux-x86_64-fedora-clang, r-devel-linux-x86_64-fedora-gcc

Version: 0.6.9.6
Check: installed package size
Result: NOTE
     installed size is 7.2Mb
     sub-directories of 1Mb or more:
     doc 1.5Mb
     libs 5.0Mb
Flavors: r-release-osx-x86_64, r-oldrel-osx-x86_64