CRAN Package Check Results for Package markovchain

Last updated on 2015-07-06 08:48:11.

Flavor Version Tinstall Tcheck Ttotal Status Flags
r-devel-linux-x86_64-debian-clang 0.3.0.1 25.80 61.94 87.73 NOTE
r-devel-linux-x86_64-debian-gcc 0.3.0.1 30.15 61.48 91.63 NOTE
r-devel-linux-x86_64-fedora-clang 0.3.0.1 186.15 NOTE
r-devel-linux-x86_64-fedora-gcc 0.3.0.1 181.82 NOTE
r-devel-osx-x86_64-clang 0.3.0.1 145.32 OK
r-devel-windows-ix86+x86_64 0.3.0.1 105.00 124.00 229.00 NOTE
r-patched-linux-x86_64 0.3.0.1 30.02 61.84 91.85 OK
r-patched-solaris-sparc 0.3.0.1 998.10 OK
r-patched-solaris-x86 0.3.0.1 233.90 OK
r-release-linux-x86_64 0.3.0.1 30.22 61.94 92.16 OK
r-release-osx-x86_64-mavericks 0.3.0.1 OK
r-release-windows-ix86+x86_64 0.3.0.1 103.00 131.00 234.00 OK
r-oldrel-windows-ix86+x86_64 0.3.0.1 86.00 152.00 238.00 OK

Check Details

Version: 0.3.0.1
Check: R code for possible problems
Result: NOTE
    .fromBoot2Estimate: no visible global function definition for ‘sd’
    Undefined global functions or variables:
     sd
Flavors: r-devel-linux-x86_64-debian-clang, r-devel-linux-x86_64-debian-gcc, r-devel-linux-x86_64-fedora-clang, r-devel-linux-x86_64-fedora-gcc, r-devel-windows-ix86+x86_64