CRAN Package Check Results for Package matahari

Last updated on 2022-05-17 19:04:48 CEST.

Flavor Version Tinstall Tcheck Ttotal Status Flags
r-devel-linux-x86_64-debian-clang 0.1.3 4.36 57.84 62.20 NOTE
r-devel-linux-x86_64-debian-gcc 0.1.3 3.71 43.29 47.00 NOTE
r-devel-linux-x86_64-fedora-clang 0.1.3 74.45 NOTE
r-devel-linux-x86_64-fedora-gcc 0.1.3 70.36 NOTE
r-devel-windows-x86_64 0.1.3 21.00 76.00 97.00 NOTE
r-patched-linux-x86_64 0.1.3 3.84 54.03 57.87 NOTE
r-release-linux-x86_64 0.1.3 4.67 54.70 59.37 NOTE
r-release-macos-arm64 0.1.3 24.00 NOTE
r-release-macos-x86_64 0.1.3 41.00 NOTE
r-release-windows-x86_64 0.1.3 20.00 77.00 97.00 NOTE
r-oldrel-macos-arm64 0.1.3 22.00 NOTE
r-oldrel-macos-x86_64 0.1.3 35.00 NOTE
r-oldrel-windows-ix86+x86_64 0.1.3 14.00 70.00 84.00 NOTE

Check Details

Version: 0.1.3
Check: LazyData
Result: NOTE
     'LazyData' is specified without a 'data' directory
Flavors: r-devel-linux-x86_64-debian-clang, r-devel-linux-x86_64-debian-gcc, r-devel-linux-x86_64-fedora-clang, r-devel-linux-x86_64-fedora-gcc, r-devel-windows-x86_64, r-patched-linux-x86_64, r-release-linux-x86_64, r-release-macos-arm64, r-release-macos-x86_64, r-release-windows-x86_64, r-oldrel-macos-arm64, r-oldrel-macos-x86_64, r-oldrel-windows-ix86+x86_64