CRAN Package Check Results for Package matchingMarkets

Last updated on 2022-12-06 04:02:56 CET.

Flavor Version Tinstall Tcheck Ttotal Status Flags
r-devel-linux-x86_64-debian-clang 1.0-2 211.76 161.99 373.75 OK
r-devel-linux-x86_64-debian-gcc 1.0-2 171.67 118.48 290.15 OK
r-devel-linux-x86_64-fedora-clang 1.0-2 583.30 NOTE
r-devel-linux-x86_64-fedora-gcc 1.0-2 512.26 OK
r-devel-windows-x86_64 1.0-2 193.00 249.00 442.00 NOTE
r-patched-linux-x86_64 1.0-2 181.31 155.83 337.14 OK
r-release-linux-x86_64 1.0-2 182.28 155.17 337.45 OK
r-release-macos-arm64 1.0-2 136.00 NOTE
r-release-macos-x86_64 1.0-2 157.00 NOTE
r-release-windows-x86_64 1.0-2 185.00 253.00 438.00 NOTE
r-oldrel-macos-arm64 1.0-2 182.00 NOTE
r-oldrel-macos-x86_64 1.0-2 226.00 NOTE
r-oldrel-windows-ix86+x86_64 1.0-2 507.00 239.00 746.00 NOTE

Check Details

Version: 1.0-2
Check: installed package size
Result: NOTE
     installed size is 5.4Mb
     sub-directories of 1Mb or more:
     java 3.3Mb
Flavors: r-devel-linux-x86_64-fedora-clang, r-devel-windows-x86_64, r-release-macos-arm64, r-release-macos-x86_64, r-release-windows-x86_64, r-oldrel-macos-arm64, r-oldrel-macos-x86_64, r-oldrel-windows-ix86+x86_64