CRAN Package Check Results for Package matchingMarkets

Last updated on 2022-01-24 13:50:20 CET.

Flavor Version Tinstall Tcheck Ttotal Status Flags
r-devel-linux-x86_64-debian-clang 1.0-2 204.04 171.48 375.52 OK
r-devel-linux-x86_64-debian-gcc 1.0-2 153.17 127.23 280.40 OK
r-devel-linux-x86_64-fedora-clang 1.0-2 543.25 NOTE
r-devel-linux-x86_64-fedora-gcc 1.0-2 491.58 OK
r-devel-windows-x86_64-new-UL 1.0-2 350.00 265.00 615.00 NOTE
r-devel-windows-x86_64-new-TK 1.0-2 OK
r-patched-linux-x86_64 1.0-2 192.24 154.42 346.66 OK
r-release-linux-x86_64 1.0-2 182.73 154.56 337.29 OK
r-release-macos-arm64 1.0-2 NOTE
r-release-macos-x86_64 1.0-2 NOTE
r-release-windows-ix86+x86_64 1.0-2 477.00 223.00 700.00 NOTE
r-oldrel-macos-x86_64 1.0-2 NOTE
r-oldrel-windows-ix86+x86_64 1.0-2 476.00 226.00 702.00 NOTE

Check Details

Version: 1.0-2
Check: installed package size
Result: NOTE
     installed size is 13.9Mb
     sub-directories of 1Mb or more:
     java 3.3Mb
     libs 9.3Mb
Flavors: r-devel-linux-x86_64-fedora-clang, r-devel-windows-x86_64-new-UL, r-release-macos-arm64, r-release-macos-x86_64, r-release-windows-ix86+x86_64, r-oldrel-macos-x86_64, r-oldrel-windows-ix86+x86_64