Last updated on 2023-05-28 00:56:21 CEST.
Flavor | Version | Tinstall | Tcheck | Ttotal | Status | Flags |
---|---|---|---|---|---|---|
r-devel-linux-x86_64-debian-clang | 1.3.3 | 76.66 | 43.00 | 119.66 | NOTE | |
r-devel-linux-x86_64-debian-gcc | 1.3.3 | 53.60 | 33.03 | 86.63 | NOTE | |
r-devel-linux-x86_64-fedora-clang | 1.3.3 | 174.32 | NOTE | |||
r-devel-linux-x86_64-fedora-gcc | 1.3.3 | 172.24 | NOTE | |||
r-devel-windows-x86_64 | 1.3.3 | 54.00 | 80.00 | 134.00 | NOTE | |
r-patched-linux-x86_64 | 1.3.3 | 53.95 | 41.04 | 94.99 | NOTE | |
r-release-linux-x86_64 | 1.3.3 | 52.85 | 41.32 | 94.17 | NOTE | |
r-release-macos-arm64 | 1.3.3 | 45.00 | NOTE | |||
r-release-macos-x86_64 | 1.3.3 | 84.00 | NOTE | |||
r-release-windows-x86_64 | 1.3.3 | 69.00 | 90.00 | 159.00 | NOTE | |
r-oldrel-macos-arm64 | 1.3.3 | 46.00 | OK | |||
r-oldrel-macos-x86_64 | 1.3.3 | 54.00 | OK | |||
r-oldrel-windows-x86_64 | 1.3.3 | 71.00 | 86.00 | 157.00 | OK |
Version: 1.3.3
Check: C++ specification
Result: NOTE
Specified C++11: please drop specification unless essential
Flavors: r-devel-linux-x86_64-debian-clang, r-devel-linux-x86_64-debian-gcc, r-devel-linux-x86_64-fedora-clang, r-devel-linux-x86_64-fedora-gcc, r-devel-windows-x86_64, r-patched-linux-x86_64, r-release-linux-x86_64, r-release-macos-arm64, r-release-macos-x86_64, r-release-windows-x86_64