CRAN Package Check Results for Package mathgraph

Last updated on 2014-08-01 17:48:27.

Flavor Version Tinstall Tcheck Ttotal Status Flags
r-devel-linux-x86_64-debian-clang 0.9-11 0.64 10.01 10.65 NOTE
r-devel-linux-x86_64-debian-gcc 0.9-11 0.67 9.94 10.62 NOTE
r-devel-linux-x86_64-fedora-clang 0.9-11 21.53 NOTE
r-devel-linux-x86_64-fedora-gcc 0.9-11 19.99 OK
r-devel-osx-x86_64-clang 0.9-11 24.22 NOTE
r-devel-windows-ix86+x86_64 0.9-11 2.00 18.00 20.00 OK
r-patched-linux-x86_64 0.9-11 0.62 9.93 10.55 NOTE
r-patched-solaris-sparc 0.9-11 133.40 OK
r-patched-solaris-x86 0.9-11 29.50 OK
r-release-linux-ix86 0.9-11 0.90 15.92 16.82 NOTE
r-release-linux-x86_64 0.9-11 0.64 10.02 10.66 NOTE
r-release-osx-x86_64-mavericks 0.9-11 OK
r-release-windows-ix86+x86_64 0.9-11 4.00 20.00 24.00 OK
r-oldrel-windows-ix86+x86_64 0.9-11 2.00 19.00 21.00 OK

Check Details

Version: 0.9-11
Check: R code for possible problems
Result: NOTE
    Found the following assignments to the global environment:
    File mathgraph/R/mathgraph.R :
     assign(Inames[i], this.val, pos = 1)
Flavors: r-devel-linux-x86_64-debian-clang, r-devel-linux-x86_64-debian-gcc, r-devel-linux-x86_64-fedora-clang, r-devel-osx-x86_64-clang, r-patched-linux-x86_64, r-release-linux-ix86, r-release-linux-x86_64