CRAN Package Check Results for Package mathgraph

Last updated on 2015-04-25 12:46:17.

Flavor Version Tinstall Tcheck Ttotal Status Flags
r-devel-linux-x86_64-debian-clang 0.9-11 0.61 9.98 10.58 NOTE
r-devel-linux-x86_64-debian-gcc 0.9-11 0.61 10.28 10.89 NOTE
r-devel-linux-x86_64-fedora-clang 0.9-11 20.47 NOTE
r-devel-linux-x86_64-fedora-gcc 0.9-11 18.99 NOTE
r-devel-osx-x86_64-clang 0.9-11 24.61 NOTE
r-devel-windows-ix86+x86_64 0.9-11 2.00 18.00 20.00 NOTE
r-patched-linux-x86_64 0.9-11 0.61 10.02 10.63 NOTE
r-patched-solaris-sparc 0.9-11 142.50 NOTE
r-patched-solaris-x86 0.9-11 28.00 NOTE
r-release-linux-x86_64 0.9-11 0.61 10.10 10.71 NOTE
r-release-osx-x86_64-mavericks 0.9-11 NOTE
r-release-osx-x86_64-snowleopard 0.9-11 NOTE
r-release-windows-ix86+x86_64 0.9-11 2.00 18.00 20.00 NOTE
r-oldrel-windows-ix86+x86_64 0.9-11 4.00 18.00 22.00 OK

Check Details

Version: 0.9-11
Check: DESCRIPTION meta-information
Result: NOTE
    Malformed Description field: should contain one or more complete sentences.
Flavors: r-devel-windows-ix86+x86_64, r-release-windows-ix86+x86_64