CRAN Package Check Results for Package mathgraph

Last updated on 2015-05-30 03:48:43.

Flavor Version Tinstall Tcheck Ttotal Status Flags
r-devel-linux-x86_64-debian-clang 0.9-11 0.59 9.80 10.40 NOTE
r-devel-linux-x86_64-debian-gcc 0.9-11 0.61 9.53 10.14 NOTE
r-devel-linux-x86_64-fedora-clang 0.9-11 21.43 NOTE
r-devel-linux-x86_64-fedora-gcc 0.9-11 18.29 NOTE
r-devel-osx-x86_64-clang 0.9-11 23.58 NOTE
r-devel-windows-ix86+x86_64 0.9-11 3.00 18.00 21.00 NOTE
r-patched-linux-x86_64 0.9-11 0.63 9.94 10.56 NOTE
r-patched-solaris-sparc 0.9-11 144.40 NOTE
r-patched-solaris-x86 0.9-11 28.80 NOTE
r-release-linux-x86_64 0.9-11 0.60 10.13 10.74 NOTE
r-release-osx-x86_64-mavericks 0.9-11 NOTE
r-release-osx-x86_64-snowleopard 0.9-11 NOTE
r-release-windows-ix86+x86_64 0.9-11 2.00 18.00 20.00 NOTE
r-oldrel-windows-ix86+x86_64 0.9-11 4.00 18.00 22.00 OK

Check Details

Version: 0.9-11
Check: DESCRIPTION meta-information
Result: NOTE
    Malformed Description field: should contain one or more complete sentences.
Flavors: r-devel-linux-x86_64-debian-clang, r-devel-linux-x86_64-debian-gcc, r-devel-linux-x86_64-fedora-clang, r-devel-linux-x86_64-fedora-gcc, r-devel-osx-x86_64-clang, r-devel-windows-ix86+x86_64, r-patched-linux-x86_64, r-patched-solaris-sparc, r-patched-solaris-x86, r-release-linux-x86_64, r-release-osx-x86_64-mavericks, r-release-osx-x86_64-snowleopard, r-release-windows-ix86+x86_64

Version: 0.9-11
Check: S3 generic/method consistency
Result: NOTE
    Found the following apparent S3 methods exported but not registered:
     adjamat.mathgraph alldirected.default alldirected.mathgraph
     c.mathgraph getpath.adjamat getpath.default getpath.incidmat
     getpath.mathgraph incidmat.mathgraph length.mathgraph names.mathgraph
     names<-.mathgraph plot.mathgraph print.mathgraph unique.mathgraph
    See section ‘Registering S3 methods’ in the ‘Writing R Extensions’
    manual.
Flavors: r-devel-linux-x86_64-debian-clang, r-devel-linux-x86_64-debian-gcc, r-devel-linux-x86_64-fedora-clang, r-devel-linux-x86_64-fedora-gcc, r-devel-osx-x86_64-clang, r-patched-linux-x86_64, r-patched-solaris-sparc, r-patched-solaris-x86, r-release-linux-x86_64

Version: 0.9-11
Check: R code for possible problems
Result: NOTE
    Found the following assignments to the global environment:
    File ‘mathgraph/R/mathgraph.R’:
     assign(Inames[i], this.val, pos = 1)
Flavors: r-devel-linux-x86_64-debian-clang, r-devel-linux-x86_64-debian-gcc, r-devel-linux-x86_64-fedora-clang, r-devel-osx-x86_64-clang, r-patched-linux-x86_64, r-release-linux-x86_64