CRAN Package Check Results for Package mathgraph

Last updated on 2017-02-20 16:47:21.

Flavor Version Tinstall Tcheck Ttotal Status Flags
r-devel-linux-x86_64-debian-clang 0.9-11 0.64 12.40 13.04 NOTE
r-devel-linux-x86_64-debian-gcc 0.9-11 0.62 12.62 13.24 NOTE
r-devel-linux-x86_64-fedora-clang 0.9-11 20.35 NOTE --no-stop-on-test-error
r-devel-linux-x86_64-fedora-gcc 0.9-11 19.59 NOTE --no-stop-on-test-error
r-devel-macos-x86_64-clang 0.9-11 19.16 NOTE --no-stop-on-test-error
r-devel-windows-ix86+x86_64 0.9-11 3.00 34.00 37.00 NOTE
r-patched-linux-x86_64 0.9-11 0.72 10.99 11.71 NOTE
r-patched-solaris-sparc 0.9-11 120.40 NOTE
r-patched-solaris-x86 0.9-11 25.00 NOTE
r-release-linux-x86_64 0.9-11 0.66 10.61 11.27 NOTE
r-release-osx-x86_64-mavericks 0.9-11 NOTE
r-release-windows-ix86+x86_64 0.9-11 3.00 26.00 29.00 NOTE
r-oldrel-windows-ix86+x86_64 0.9-11 3.00 23.00 26.00 NOTE

Check Details

Version: 0.9-11
Check: DESCRIPTION meta-information
Result: NOTE
    Malformed Description field: should contain one or more complete sentences.
Flavors: r-devel-linux-x86_64-debian-clang, r-devel-linux-x86_64-debian-gcc, r-devel-windows-ix86+x86_64, r-patched-linux-x86_64, r-patched-solaris-sparc, r-patched-solaris-x86, r-release-linux-x86_64, r-release-osx-x86_64-mavericks, r-release-windows-ix86+x86_64, r-oldrel-windows-ix86+x86_64

Version: 0.9-11
Check: S3 generic/method consistency
Result: NOTE
    Found the following apparent S3 methods exported but not registered:
     adjamat.mathgraph alldirected.default alldirected.mathgraph
     c.mathgraph getpath.adjamat getpath.default getpath.incidmat
     getpath.mathgraph incidmat.mathgraph length.mathgraph names.mathgraph
     names<-.mathgraph plot.mathgraph print.mathgraph unique.mathgraph
    See section ‘Registering S3 methods’ in the ‘Writing R Extensions’
    manual.
Flavors: r-devel-linux-x86_64-debian-clang, r-devel-linux-x86_64-debian-gcc, r-patched-linux-x86_64, r-patched-solaris-sparc, r-patched-solaris-x86, r-release-linux-x86_64

Version: 0.9-11
Check: R code for possible problems
Result: NOTE
    plot.mathgraph: no visible global function definition for ‘plot’
    plot.mathgraph: no visible global function definition for ‘box’
    plot.mathgraph: no visible global function definition for ‘segments’
    plot.mathgraph: no visible global function definition for ‘arrows’
    plot.mathgraph: no visible global function definition for ‘text’
    Undefined global functions or variables:
     arrows box plot segments text
    Consider adding
     importFrom("graphics", "arrows", "box", "plot", "segments", "text")
    to your NAMESPACE file.
    
    Found the following assignments to the global environment:
    File ‘mathgraph/R/mathgraph.R’:
     assign(Inames[i], this.val, pos = 1)
Flavors: r-devel-linux-x86_64-debian-clang, r-devel-linux-x86_64-debian-gcc, r-patched-linux-x86_64, r-release-linux-x86_64

Version: 0.9-11
Flags: --no-stop-on-test-error
Check: DESCRIPTION meta-information
Result: NOTE
    Malformed Description field: should contain one or more complete sentences.
Flavors: r-devel-linux-x86_64-fedora-clang, r-devel-linux-x86_64-fedora-gcc, r-devel-macos-x86_64-clang

Version: 0.9-11
Flags: --no-stop-on-test-error
Check: S3 generic/method consistency
Result: NOTE
    Found the following apparent S3 methods exported but not registered:
     adjamat.mathgraph alldirected.default alldirected.mathgraph
     c.mathgraph getpath.adjamat getpath.default getpath.incidmat
     getpath.mathgraph incidmat.mathgraph length.mathgraph names.mathgraph
     names<-.mathgraph plot.mathgraph print.mathgraph unique.mathgraph
    See section ‘Registering S3 methods’ in the ‘Writing R Extensions’
    manual.
Flavors: r-devel-linux-x86_64-fedora-clang, r-devel-linux-x86_64-fedora-gcc, r-devel-macos-x86_64-clang

Version: 0.9-11
Flags: --no-stop-on-test-error
Check: R code for possible problems
Result: NOTE
    plot.mathgraph: no visible global function definition for ‘plot’
    plot.mathgraph: no visible global function definition for ‘box’
    plot.mathgraph: no visible global function definition for ‘segments’
    plot.mathgraph: no visible global function definition for ‘arrows’
    plot.mathgraph: no visible global function definition for ‘text’
    Undefined global functions or variables:
     arrows box plot segments text
    Consider adding
     importFrom("graphics", "arrows", "box", "plot", "segments", "text")
    to your NAMESPACE file.
    
    Found the following assignments to the global environment:
    File ‘mathgraph/R/mathgraph.R’:
     assign(Inames[i], this.val, pos = 1)
Flavors: r-devel-linux-x86_64-fedora-clang, r-devel-macos-x86_64-clang

Version: 0.9-11
Flags: --no-stop-on-test-error
Check: R code for possible problems
Result: NOTE
    plot.mathgraph: no visible global function definition for ‘plot’
    plot.mathgraph: no visible global function definition for ‘box’
    plot.mathgraph: no visible global function definition for ‘segments’
    plot.mathgraph: no visible global function definition for ‘arrows’
    plot.mathgraph: no visible global function definition for ‘text’
    Undefined global functions or variables:
     arrows box plot segments text
    Consider adding
     importFrom("graphics", "arrows", "box", "plot", "segments", "text")
    to your NAMESPACE file.
Flavor: r-devel-linux-x86_64-fedora-gcc

Version: 0.9-11
Check: R code for possible problems
Result: NOTE
    plot.mathgraph: no visible global function definition for 'plot'
    plot.mathgraph: no visible global function definition for 'box'
    plot.mathgraph: no visible global function definition for 'segments'
    plot.mathgraph: no visible global function definition for 'arrows'
    plot.mathgraph: no visible global function definition for 'text'
    Undefined global functions or variables:
     arrows box plot segments text
    Consider adding
     importFrom("graphics", "arrows", "box", "plot", "segments", "text")
    to your NAMESPACE file.
Flavors: r-devel-windows-ix86+x86_64, r-patched-solaris-sparc, r-patched-solaris-x86, r-release-osx-x86_64-mavericks, r-release-windows-ix86+x86_64