CRAN Package Check Results for Package mathgraph

Last updated on 2014-04-24 09:49:04.

Flavor Version Tinstall Tcheck Ttotal Status Flags
r-devel-linux-x86_64-debian-clang 0.9-11 0.66 10.49 11.15 NOTE
r-devel-linux-x86_64-debian-gcc 0.9-11 0.74 10.19 10.92 NOTE
r-devel-linux-x86_64-fedora-clang 0.9-11 21.97 NOTE
r-devel-linux-x86_64-fedora-gcc 0.9-11 20.96 OK
r-devel-osx-x86_64-clang 0.9-11 22.19 NOTE
r-devel-osx-x86_64-gcc 0.9-11 OK
r-devel-windows-ix86+x86_64 0.9-11 2.00 19.00 21.00 OK
r-patched-linux-x86_64 0.9-11 0.70 10.41 11.10 NOTE
r-patched-solaris-sparc 0.9-11 121.90 OK
r-patched-solaris-x86 0.9-11 31.20 OK
r-release-linux-ix86 0.9-11 2.00 23.00 25.00 NOTE
r-release-linux-x86_64 0.9-11 0.66 10.54 11.20 NOTE
r-release-osx-x86_64-mavericks 0.9-11 OK
r-release-windows-ix86+x86_64 0.9-11 5.00 26.00 31.00 OK
r-oldrel-windows-ix86+x86_64 0.9-11 2.00 19.00 21.00 OK

Check Details

Version: 0.9-11
Check: R code for possible problems
Result: NOTE
    Found the following assignments to the global environment:
    File ‘mathgraph/R/mathgraph.R’:
     assign(Inames[i], this.val, pos = 1)
Flavors: r-devel-linux-x86_64-debian-clang, r-devel-linux-x86_64-debian-gcc, r-devel-linux-x86_64-fedora-clang, r-devel-osx-x86_64-clang, r-patched-linux-x86_64, r-release-linux-ix86, r-release-linux-x86_64