CRAN Package Check Results for Package mathgraph

Last updated on 2014-12-22 09:54:18.

Flavor Version Tinstall Tcheck Ttotal Status Flags
r-devel-linux-x86_64-debian-clang 0.9-11 0.64 10.53 11.16 NOTE
r-devel-linux-x86_64-debian-gcc 0.9-11 0.64 11.12 11.76 NOTE
r-devel-linux-x86_64-fedora-clang 0.9-11 23.31 NOTE
r-devel-linux-x86_64-fedora-gcc 0.9-11 22.17 OK
r-devel-osx-x86_64-clang 0.9-11 24.82 NOTE
r-devel-windows-ix86+x86_64 0.9-11 3.00 38.00 41.00 OK
r-patched-linux-x86_64 0.9-11 0.75 10.67 11.42 NOTE
r-patched-solaris-sparc 0.9-11 125.50 OK
r-patched-solaris-x86 0.9-11 31.80 OK
r-release-linux-ix86 0.9-11 0.90 15.78 16.68 NOTE
r-release-linux-x86_64 0.9-11 0.66 10.45 11.10 NOTE
r-release-osx-x86_64-mavericks 0.9-11 OK
r-release-windows-ix86+x86_64 0.9-11 2.00 16.00 18.00 OK
r-oldrel-windows-ix86+x86_64 0.9-11 2.00 19.00 21.00 OK

Check Details

Version: 0.9-11
Check: R code for possible problems
Result: NOTE
    Found the following assignments to the global environment:
    File ‘mathgraph/R/mathgraph.R’:
     assign(Inames[i], this.val, pos = 1)
Flavors: r-devel-linux-x86_64-debian-clang, r-devel-linux-x86_64-debian-gcc, r-devel-linux-x86_64-fedora-clang, r-devel-osx-x86_64-clang, r-patched-linux-x86_64, r-release-linux-ix86, r-release-linux-x86_64