CRAN Package Check Results for Package mathgraph

Last updated on 2016-12-04 12:47:52.

Flavor Version Tinstall Tcheck Ttotal Status Flags
r-devel-linux-x86_64-debian-clang 0.9-11 0.66 12.30 12.96 NOTE
r-devel-linux-x86_64-debian-gcc 0.9-11 0.65 11.92 12.57 NOTE
r-devel-linux-x86_64-fedora-clang 0.9-11 21.98 NOTE --no-stop-on-test-error
r-devel-linux-x86_64-fedora-gcc 0.9-11 23.35 NOTE
r-devel-macos-x86_64-clang 0.9-11 19.15 NOTE
r-devel-windows-ix86+x86_64 0.9-11 5.00 25.00 30.00 NOTE
r-patched-linux-x86_64 0.9-11 0.63 10.26 10.89 NOTE
r-patched-solaris-sparc 0.9-11 116.60 NOTE
r-patched-solaris-x86 0.9-11 25.70 NOTE
r-release-linux-x86_64 0.9-11 0.65 10.64 11.29 NOTE
r-release-osx-x86_64-mavericks 0.9-11 NOTE
r-release-windows-ix86+x86_64 0.9-11 3.00 26.00 29.00 NOTE
r-oldrel-windows-ix86+x86_64 0.9-11 3.00 23.00 26.00 NOTE

Check Details

Version: 0.9-11
Check: DESCRIPTION meta-information
Result: NOTE
    Malformed Description field: should contain one or more complete sentences.
Flavors: r-devel-linux-x86_64-debian-clang, r-devel-linux-x86_64-debian-gcc, r-devel-linux-x86_64-fedora-gcc, r-devel-macos-x86_64-clang, r-devel-windows-ix86+x86_64, r-patched-linux-x86_64, r-patched-solaris-sparc, r-patched-solaris-x86, r-release-linux-x86_64, r-release-osx-x86_64-mavericks, r-release-windows-ix86+x86_64, r-oldrel-windows-ix86+x86_64

Version: 0.9-11
Check: S3 generic/method consistency
Result: NOTE
    Found the following apparent S3 methods exported but not registered:
     adjamat.mathgraph alldirected.default alldirected.mathgraph
     c.mathgraph getpath.adjamat getpath.default getpath.incidmat
     getpath.mathgraph incidmat.mathgraph length.mathgraph names.mathgraph
     names<-.mathgraph plot.mathgraph print.mathgraph unique.mathgraph
    See section ‘Registering S3 methods’ in the ‘Writing R Extensions’
    manual.
Flavors: r-devel-linux-x86_64-debian-clang, r-devel-linux-x86_64-debian-gcc, r-devel-linux-x86_64-fedora-gcc, r-devel-macos-x86_64-clang, r-patched-linux-x86_64, r-patched-solaris-sparc, r-patched-solaris-x86, r-release-linux-x86_64

Version: 0.9-11
Check: R code for possible problems
Result: NOTE
    plot.mathgraph: no visible global function definition for ‘plot’
    plot.mathgraph: no visible global function definition for ‘box’
    plot.mathgraph: no visible global function definition for ‘segments’
    plot.mathgraph: no visible global function definition for ‘arrows’
    plot.mathgraph: no visible global function definition for ‘text’
    Undefined global functions or variables:
     arrows box plot segments text
    Consider adding
     importFrom("graphics", "arrows", "box", "plot", "segments", "text")
    to your NAMESPACE file.
    
    Found the following assignments to the global environment:
    File ‘mathgraph/R/mathgraph.R’:
     assign(Inames[i], this.val, pos = 1)
Flavors: r-devel-linux-x86_64-debian-clang, r-devel-linux-x86_64-debian-gcc, r-devel-macos-x86_64-clang, r-patched-linux-x86_64, r-release-linux-x86_64

Version: 0.9-11
Flags: --no-stop-on-test-error
Check: DESCRIPTION meta-information
Result: NOTE
    Malformed Description field: should contain one or more complete sentences.
Flavor: r-devel-linux-x86_64-fedora-clang

Version: 0.9-11
Flags: --no-stop-on-test-error
Check: S3 generic/method consistency
Result: NOTE
    Found the following apparent S3 methods exported but not registered:
     adjamat.mathgraph alldirected.default alldirected.mathgraph
     c.mathgraph getpath.adjamat getpath.default getpath.incidmat
     getpath.mathgraph incidmat.mathgraph length.mathgraph names.mathgraph
     names<-.mathgraph plot.mathgraph print.mathgraph unique.mathgraph
    See section ‘Registering S3 methods’ in the ‘Writing R Extensions’
    manual.
Flavor: r-devel-linux-x86_64-fedora-clang

Version: 0.9-11
Flags: --no-stop-on-test-error
Check: R code for possible problems
Result: NOTE
    plot.mathgraph: no visible global function definition for ‘plot’
    plot.mathgraph: no visible global function definition for ‘box’
    plot.mathgraph: no visible global function definition for ‘segments’
    plot.mathgraph: no visible global function definition for ‘arrows’
    plot.mathgraph: no visible global function definition for ‘text’
    Undefined global functions or variables:
     arrows box plot segments text
    Consider adding
     importFrom("graphics", "arrows", "box", "plot", "segments", "text")
    to your NAMESPACE file.
    
    Found the following assignments to the global environment:
    File ‘mathgraph/R/mathgraph.R’:
     assign(Inames[i], this.val, pos = 1)
Flavor: r-devel-linux-x86_64-fedora-clang

Version: 0.9-11
Check: R code for possible problems
Result: NOTE
    plot.mathgraph: no visible global function definition for ‘plot’
    plot.mathgraph: no visible global function definition for ‘box’
    plot.mathgraph: no visible global function definition for ‘segments’
    plot.mathgraph: no visible global function definition for ‘arrows’
    plot.mathgraph: no visible global function definition for ‘text’
    Undefined global functions or variables:
     arrows box plot segments text
    Consider adding
     importFrom("graphics", "arrows", "box", "plot", "segments", "text")
    to your NAMESPACE file.
Flavors: r-devel-linux-x86_64-fedora-gcc, r-devel-windows-ix86+x86_64, r-patched-solaris-sparc, r-patched-solaris-x86, r-release-osx-x86_64-mavericks, r-release-windows-ix86+x86_64