CRAN Package Check Results for Package mathgraph

Last updated on 2015-08-31 23:49:38.

Flavor Version Tinstall Tcheck Ttotal Status Flags
r-devel-linux-x86_64-debian-clang 0.9-11 0.56 9.45 10.02 NOTE
r-devel-linux-x86_64-debian-gcc 0.9-11 0.58 9.27 9.85 NOTE
r-devel-linux-x86_64-fedora-clang 0.9-11 18.97 NOTE
r-devel-linux-x86_64-fedora-gcc 0.9-11 18.69 NOTE
r-devel-osx-x86_64-clang 0.9-11 19.91 NOTE
r-devel-windows-ix86+x86_64 0.9-11 3.00 28.00 31.00 NOTE
r-patched-linux-x86_64 0.9-11 0.64 10.47 11.11 NOTE
r-patched-solaris-sparc 0.9-11 129.90 NOTE
r-patched-solaris-x86 0.9-11 30.10 NOTE
r-release-linux-x86_64 0.9-11 0.64 10.56 11.21 NOTE
r-release-osx-x86_64-mavericks 0.9-11 NOTE
r-release-windows-ix86+x86_64 0.9-11 3.00 19.00 22.00 NOTE
r-oldrel-windows-ix86+x86_64 0.9-11 4.00 18.00 22.00 OK

Check Details

Version: 0.9-11
Check: DESCRIPTION meta-information
Result: NOTE
    Malformed Description field: should contain one or more complete sentences.
Flavors: r-devel-linux-x86_64-debian-clang, r-devel-linux-x86_64-debian-gcc, r-devel-linux-x86_64-fedora-clang, r-devel-linux-x86_64-fedora-gcc, r-devel-osx-x86_64-clang, r-devel-windows-ix86+x86_64, r-patched-linux-x86_64, r-patched-solaris-sparc, r-patched-solaris-x86, r-release-linux-x86_64, r-release-osx-x86_64-mavericks, r-release-windows-ix86+x86_64

Version: 0.9-11
Check: S3 generic/method consistency
Result: NOTE
    Found the following apparent S3 methods exported but not registered:
     adjamat.mathgraph alldirected.default alldirected.mathgraph
     c.mathgraph getpath.adjamat getpath.default getpath.incidmat
     getpath.mathgraph incidmat.mathgraph length.mathgraph names.mathgraph
     names<-.mathgraph plot.mathgraph print.mathgraph unique.mathgraph
    See section ‘Registering S3 methods’ in the ‘Writing R Extensions’
    manual.
Flavors: r-devel-linux-x86_64-debian-clang, r-devel-linux-x86_64-debian-gcc, r-devel-linux-x86_64-fedora-clang, r-devel-linux-x86_64-fedora-gcc, r-devel-osx-x86_64-clang, r-patched-linux-x86_64, r-patched-solaris-sparc, r-patched-solaris-x86, r-release-linux-x86_64

Version: 0.9-11
Check: R code for possible problems
Result: NOTE
    plot.mathgraph: no visible global function definition for ‘plot’
    plot.mathgraph: no visible global function definition for ‘box’
    plot.mathgraph: no visible global function definition for ‘segments’
    plot.mathgraph: no visible global function definition for ‘arrows’
    plot.mathgraph: no visible global function definition for ‘text’
    Undefined global functions or variables:
     arrows box plot segments text
    Consider adding
     importFrom("graphics", "arrows", "box", "plot", "segments", "text")
    to your NAMESPACE.
    
    Found the following assignments to the global environment:
    File ‘mathgraph/R/mathgraph.R’:
     assign(Inames[i], this.val, pos = 1)
Flavors: r-devel-linux-x86_64-debian-clang, r-devel-linux-x86_64-debian-gcc, r-devel-linux-x86_64-fedora-clang

Version: 0.9-11
Check: R code for possible problems
Result: NOTE
    plot.mathgraph: no visible global function definition for ‘plot’
    plot.mathgraph: no visible global function definition for ‘box’
    plot.mathgraph: no visible global function definition for ‘segments’
    plot.mathgraph: no visible global function definition for ‘arrows’
    plot.mathgraph: no visible global function definition for ‘text’
    Undefined global functions or variables:
     arrows box plot segments text
    Consider adding
     importFrom("graphics", "arrows", "box", "plot", "segments", "text")
    to your NAMESPACE.
Flavors: r-devel-linux-x86_64-fedora-gcc, r-devel-windows-ix86+x86_64

Version: 0.9-11
Check: R code for possible problems
Result: NOTE
    Found the following assignments to the global environment:
    File ‘mathgraph/R/mathgraph.R’:
     assign(Inames[i], this.val, pos = 1)
Flavors: r-devel-osx-x86_64-clang, r-patched-linux-x86_64, r-release-linux-x86_64