CRAN Package Check Results for Package mathgraph

Last updated on 2015-01-31 11:51:49.

Flavor Version Tinstall Tcheck Ttotal Status Flags
r-devel-linux-x86_64-debian-clang 0.9-11 0.62 9.77 10.39 NOTE
r-devel-linux-x86_64-debian-gcc 0.9-11 0.79 9.74 10.53 NOTE
r-devel-linux-x86_64-fedora-clang 0.9-11 22.92 NOTE
r-devel-linux-x86_64-fedora-gcc 0.9-11 20.99 NOTE
r-devel-osx-x86_64-clang 0.9-11 25.96 NOTE
r-devel-windows-ix86+x86_64 0.9-11 2.00 17.00 19.00 OK
r-patched-linux-x86_64 0.9-11 0.65 11.24 11.90 NOTE
r-patched-solaris-sparc 0.9-11 125.50 OK
r-patched-solaris-x86 0.9-11 32.30 OK
r-release-linux-ix86 0.9-11 0.92 16.46 17.38 NOTE
r-release-linux-x86_64 0.9-11 0.65 10.52 11.17 NOTE
r-release-osx-x86_64-mavericks 0.9-11 OK
r-release-windows-ix86+x86_64 0.9-11 2.00 16.00 18.00 OK
r-oldrel-windows-ix86+x86_64 0.9-11 2.00 19.00 21.00 OK

Check Details

Version: 0.9-11
Check: S3 generic/method consistency
Result: NOTE
    Found the following apparent S3 methods exported but not registered:
     adjamat.mathgraph alldirected.default alldirected.mathgraph
     getpath.adjamat getpath.default getpath.incidmat getpath.mathgraph
     incidmat.mathgraph print.mathgraph unique.mathgraph plot.mathgraph
     c.mathgraph length.mathgraph names.mathgraph names<-.mathgraph
    See section ‘Registering S3 methods’ in the ‘Writing R Extensions’
    manual.
Flavors: r-devel-linux-x86_64-debian-clang, r-devel-linux-x86_64-debian-gcc, r-devel-linux-x86_64-fedora-clang, r-devel-linux-x86_64-fedora-gcc, r-devel-osx-x86_64-clang

Version: 0.9-11
Check: R code for possible problems
Result: NOTE
    Found the following assignments to the global environment:
    File ‘mathgraph/R/mathgraph.R’:
     assign(Inames[i], this.val, pos = 1)
Flavors: r-devel-linux-x86_64-debian-clang, r-devel-linux-x86_64-debian-gcc, r-devel-linux-x86_64-fedora-clang, r-devel-osx-x86_64-clang, r-patched-linux-x86_64, r-release-linux-ix86, r-release-linux-x86_64