CRAN Package Check Results for Package mathgraph

Last updated on 2015-03-03 14:47:27.

Flavor Version Tinstall Tcheck Ttotal Status Flags
r-devel-linux-x86_64-debian-clang 0.9-11 0.78 10.06 10.84 NOTE
r-devel-linux-x86_64-debian-gcc 0.9-11 0.63 9.86 10.49 NOTE
r-devel-linux-x86_64-fedora-clang 0.9-11 20.61 NOTE
r-devel-linux-x86_64-fedora-gcc 0.9-11 19.53 NOTE
r-devel-osx-x86_64-clang 0.9-11 24.03 NOTE
r-devel-windows-ix86+x86_64 0.9-11 3.00 17.00 20.00 NOTE
r-patched-linux-x86_64 0.9-11 0.82 10.56 11.38 NOTE
r-patched-solaris-sparc 0.9-11 150.60 OK
r-patched-solaris-x86 0.9-11 32.50 OK
r-release-linux-ix86 0.9-11 0.92 17.50 18.42 NOTE
r-release-linux-x86_64 0.9-11 0.64 10.80 11.43 NOTE
r-release-osx-x86_64-mavericks 0.9-11 OK
r-release-windows-ix86+x86_64 0.9-11 2.00 16.00 18.00 OK
r-oldrel-windows-ix86+x86_64 0.9-11 2.00 19.00 21.00 OK

Check Details

Version: 0.9-11
Check: DESCRIPTION meta-information
Result: NOTE
    Malformed Description field: should contain one or more complete sentences.
Flavors: r-devel-linux-x86_64-debian-clang, r-devel-linux-x86_64-debian-gcc, r-devel-linux-x86_64-fedora-clang, r-devel-linux-x86_64-fedora-gcc, r-devel-osx-x86_64-clang, r-devel-windows-ix86+x86_64

Version: 0.9-11
Check: S3 generic/method consistency
Result: NOTE
    Found the following apparent S3 methods exported but not registered:
     adjamat.mathgraph alldirected.default alldirected.mathgraph
     c.mathgraph getpath.adjamat getpath.default getpath.incidmat
     getpath.mathgraph incidmat.mathgraph length.mathgraph names.mathgraph
     names<-.mathgraph plot.mathgraph print.mathgraph unique.mathgraph
    See section ‘Registering S3 methods’ in the ‘Writing R Extensions’
    manual.
Flavors: r-devel-linux-x86_64-debian-clang, r-devel-linux-x86_64-debian-gcc, r-devel-linux-x86_64-fedora-clang, r-devel-linux-x86_64-fedora-gcc, r-devel-osx-x86_64-clang

Version: 0.9-11
Check: R code for possible problems
Result: NOTE
    Found the following assignments to the global environment:
    File ‘mathgraph/R/mathgraph.R’:
     assign(Inames[i], this.val, pos = 1)
Flavors: r-devel-linux-x86_64-debian-clang, r-devel-linux-x86_64-debian-gcc, r-devel-linux-x86_64-fedora-clang, r-devel-osx-x86_64-clang, r-patched-linux-x86_64, r-release-linux-ix86, r-release-linux-x86_64