CRAN Package Check Results for Package matie

Last updated on 2014-09-01 23:46:45.

Flavor Version Tinstall Tcheck Ttotal Status Flags
r-devel-linux-x86_64-debian-clang 1.2 2.01 59.10 61.12 OK
r-devel-linux-x86_64-debian-gcc 1.2 1.97 55.80 57.77 OK
r-devel-linux-x86_64-fedora-clang 1.2 126.35 OK
r-devel-linux-x86_64-fedora-gcc 1.2 117.53 OK
r-devel-osx-x86_64-clang 1.2 101.45 OK
r-devel-windows-ix86+x86_64 1.2 11.00 158.00 169.00 OK
r-patched-linux-x86_64 1.2 2.11 65.23 67.34 OK
r-patched-solaris-sparc 1.2 945.00 OK
r-patched-solaris-x86 1.2 185.90 OK
r-release-linux-ix86 1.2 2.66 91.47 94.14 OK
r-release-linux-x86_64 1.2 2.20 66.08 68.28 OK
r-release-osx-x86_64-mavericks 1.2 OK
r-release-osx-x86_64-snowleopard 1.2 ERROR
r-release-windows-ix86+x86_64 1.2 10.00 180.00 190.00 OK
r-oldrel-windows-ix86+x86_64 1.2 12.00 189.00 201.00 OK

Check Details

Version: 1.2
Check: whether package can be installed
Result: ERROR
    Installation failed.
Flavor: r-release-osx-x86_64-snowleopard