CRAN Package Check Results for Package matie

Last updated on 2015-07-02 11:48:24.

Flavor Version Tinstall Tcheck Ttotal Status Flags
r-devel-linux-x86_64-debian-clang 1.2 1.41 47.58 48.99 NOTE
r-devel-linux-x86_64-debian-gcc 1.2 1.48 48.82 50.30 NOTE
r-devel-linux-x86_64-fedora-clang 1.2 98.77 NOTE
r-devel-linux-x86_64-fedora-gcc 1.2 96.22 NOTE
r-devel-osx-x86_64-clang 1.2 91.36 OK
r-devel-windows-ix86+x86_64 1.2 8.00 144.00 152.00 NOTE
r-patched-linux-x86_64 1.2 1.43 48.23 49.66 OK
r-patched-solaris-sparc 1.2 743.10 OK
r-patched-solaris-x86 1.2 133.20 OK
r-release-linux-x86_64 1.2 1.48 47.71 49.19 OK
r-release-osx-x86_64-mavericks 1.2 OK
r-release-windows-ix86+x86_64 1.2 8.00 158.00 166.00 OK
r-oldrel-windows-ix86+x86_64 1.2 15.00 208.00 223.00 OK

Check Details

Version: 1.2
Check: R code for possible problems
Result: NOTE
    agram : textPanel: no visible global function definition for ‘text’
    agram : localAxis: no visible global function definition for ‘Axis’
    agram : localPlot: no visible global function definition for ‘plot’
    agram : col.corrgram: no visible global function definition for
     ‘colorRampPalette’
    agram : panel.pts: no visible global function definition for ‘plot.xy’
    agram : panel.pts: no visible global function definition for
     ‘xy.coords’
    agram : panel.pts: no visible global function definition for ‘box’
    agram : panel.pie: no visible global function definition for ‘par’
    agram : panel.pie: no visible global function definition for ‘lines’
    agram : panel.pie: no visible global function definition for ‘polygon’
    agram: no visible global function definition for ‘par’
    agram: no visible global function definition for ‘cor’
    agram: no visible global function definition for ‘dist’
    agram: no visible global function definition for ‘strwidth’
    agram: no visible global function definition for ‘mtext’
    amap: no visible global function definition for ‘colorRampPalette’
    amap: no visible global function definition for ‘cor’
    amap: no visible global function definition for ‘as.dist’
    amap: no visible global function definition for ‘hclust’
    amap: no visible global function definition for ‘as.dendrogram’
    fbvs : getRsq: no visible global function definition for
     ‘complete.cases’
    fbvs : getRsq: no visible global function definition for ‘lm’
    fdg: no visible global function definition for ‘complete.cases’
    fdg: no visible global function definition for ‘cor’
    ma: no visible global function definition for ‘complete.cases’
    ma: no visible global function definition for ‘optimize’
    ma.nl: no visible global function definition for ‘complete.cases’
    ma.nl: no visible global function definition for ‘lm’
    ma.test : pal : knownParamP: no visible global function definition for
     ‘pchisq’
    ma.test : pal : pValue: no visible global function definition for
     ‘approx’
    ma.test : permECDF: no visible global function definition for ‘ecdf’
    pd: no visible global function definition for ‘complete.cases’
    pd: no visible global function definition for ‘contour’
    sbd: no visible global function definition for ‘runif’
    sbd: no visible global function definition for ‘rnorm’
    shpd: no visible global function definition for ‘rnorm’
    shpd: no visible global function definition for ‘addmargins’
    std: no visible global function definition for ‘runif’
    std: no visible global function definition for ‘rnorm’
    tap: no visible global function definition for ‘complete.cases’
Flavors: r-devel-linux-x86_64-debian-clang, r-devel-linux-x86_64-debian-gcc, r-devel-linux-x86_64-fedora-gcc, r-devel-windows-ix86+x86_64

Version: 1.2
Check: R code for possible problems
Result: NOTE
    agram : textPanel: no visible global function definition for ‘text’
    agram : localAxis: no visible global function definition for ‘Axis’
    agram : localPlot: no visible global function definition for ‘plot’
    agram : col.corrgram: no visible global function definition for
     ‘colorRampPalette’
    agram : panel.pts: no visible global function definition for ‘plot.xy’
    agram : panel.pts: no visible global function definition for
     ‘xy.coords’
    agram : panel.pts: no visible global function definition for ‘box’
    agram : panel.pie: no visible global function definition for ‘par’
    agram : panel.pie: no visible global function definition for ‘lines’
    agram : panel.pie: no visible global function definition for ‘polygon’
    agram: no visible global function definition for ‘par’
    agram: no visible global function definition for ‘cor’
    agram: no visible global function definition for ‘dist’
    agram: no visible global function definition for ‘strwidth’
    agram: no visible global function definition for ‘mtext’
    amap: no visible global function definition for ‘colorRampPalette’
    amap: no visible global function definition for ‘cor’
    amap: no visible global function definition for ‘as.dist’
    amap: no visible global function definition for ‘hclust’
    amap: no visible global function definition for ‘as.dendrogram’
    fbvs : getRsq: no visible global function definition for
     ‘complete.cases’
    fbvs : getRsq: no visible global function definition for ‘lm’
    fdg: no visible global function definition for ‘complete.cases’
    fdg: no visible global function definition for ‘cor’
    ma: no visible global function definition for ‘complete.cases’
    ma: no visible global function definition for ‘optimize’
    ma.nl: no visible global function definition for ‘complete.cases’
    ma.nl: no visible global function definition for ‘lm’
    ma.test : pal : knownParamP: no visible global function definition for
     ‘pchisq’
    ma.test : pal : pValue: no visible global function definition for
     ‘approx’
    ma.test : permECDF: no visible global function definition for ‘ecdf’
    pd: no visible global function definition for ‘complete.cases’
    pd: no visible global function definition for ‘contour’
    sbd: no visible global function definition for ‘runif’
    sbd: no visible global function definition for ‘rnorm’
    shpd: no visible global function definition for ‘rnorm’
    shpd: no visible global function definition for ‘addmargins’
    std: no visible global function definition for ‘runif’
    std: no visible global function definition for ‘rnorm’
    tap: no visible global function definition for ‘complete.cases’
    Undefined global functions or variables:
     Axis addmargins approx as.dendrogram as.dist box colorRampPalette
     complete.cases contour cor dist ecdf hclust lines lm mtext optimize
     par pchisq plot plot.xy polygon rnorm runif strwidth text xy.coords
Flavor: r-devel-linux-x86_64-fedora-clang