CRAN Package Check Results for Package matie

Last updated on 2014-08-28 14:47:32.

Flavor Version Tinstall Tcheck Ttotal Status Flags
r-devel-linux-x86_64-debian-clang 1.2 1.96 59.17 61.13 OK
r-devel-linux-x86_64-debian-gcc 1.2 2.08 55.30 57.37 OK
r-devel-linux-x86_64-fedora-clang 1.2 126.35 OK
r-devel-linux-x86_64-fedora-gcc 1.2 116.53 OK
r-devel-osx-x86_64-clang 1.2 101.56 OK
r-devel-windows-ix86+x86_64 1.2 9.00 175.00 184.00 OK
r-patched-linux-x86_64 1.2 2.10 64.00 66.10 OK
r-patched-solaris-sparc 1.2 945.00 OK
r-patched-solaris-x86 1.2 185.90 OK
r-release-linux-ix86 1.2 2.68 91.96 94.64 OK
r-release-linux-x86_64 1.2 2.13 67.21 69.34 OK
r-release-osx-x86_64-mavericks 1.2 OK
r-release-osx-x86_64-snowleopard 1.2 ERROR
r-release-windows-ix86+x86_64 1.2 10.00 187.00 197.00 OK
r-oldrel-windows-ix86+x86_64 1.2 10.00 216.00 226.00 OK

Check Details

Version: 1.2
Check: whether package can be installed
Result: ERROR
    Installation failed.
Flavor: r-release-osx-x86_64-snowleopard