CRAN Package Check Results for Package matie

Last updated on 2014-12-22 14:48:44.

Flavor Version Tinstall Tcheck Ttotal Status Flags
r-devel-linux-x86_64-debian-clang 1.2 2.03 58.95 60.98 OK
r-devel-linux-x86_64-debian-gcc 1.2 2.00 58.76 60.76 OK
r-devel-linux-x86_64-fedora-clang 1.2 123.19 OK
r-devel-linux-x86_64-fedora-gcc 1.2 125.64 OK
r-devel-osx-x86_64-clang 1.2 104.18 OK
r-devel-windows-ix86+x86_64 1.2 10.00 161.00 171.00 OK
r-patched-linux-x86_64 1.2 2.10 65.21 67.31 OK
r-patched-solaris-sparc 1.2 925.50 OK
r-patched-solaris-x86 1.2 181.70 OK
r-release-linux-ix86 1.2 2.68 86.50 89.18 OK
r-release-linux-x86_64 1.2 2.07 65.10 67.17 OK
r-release-osx-x86_64-mavericks 1.2 OK
r-release-osx-x86_64-snowleopard 1.2 ERROR
r-release-windows-ix86+x86_64 1.2 11.00 192.00 203.00 OK
r-oldrel-windows-ix86+x86_64 1.2 11.00 200.00 211.00 OK

Check Details

Version: 1.2
Check: whether package can be installed
Result: ERROR
    Installation failed.
Flavor: r-release-osx-x86_64-snowleopard