CRAN Package Check Results for Package matie

Last updated on 2015-03-05 17:49:09.

Flavor Version Tinstall Tcheck Ttotal Status Flags
r-devel-linux-x86_64-debian-clang 1.2 1.49 62.11 63.60 OK
r-devel-linux-x86_64-debian-gcc 1.2 1.55 65.42 66.97 OK
r-devel-linux-x86_64-fedora-clang 1.2 113.04 OK
r-devel-linux-x86_64-fedora-gcc 1.2 109.94 OK
r-devel-osx-x86_64-clang 1.2 141.13 OK
r-devel-windows-ix86+x86_64 1.2 7.00 143.00 150.00 OK
r-patched-linux-x86_64 1.2 2.42 76.39 78.81 OK
r-patched-solaris-sparc 1.2 942.70 OK
r-patched-solaris-x86 1.2 180.80 OK
r-release-linux-ix86 1.2 2.90 90.39 93.30 OK
r-release-linux-x86_64 1.2 2.43 78.54 80.98 OK
r-release-osx-x86_64-mavericks 1.2 OK
r-release-osx-x86_64-snowleopard 1.2 ERROR
r-release-windows-ix86+x86_64 1.2 11.00 185.00 196.00 OK
r-oldrel-windows-ix86+x86_64 1.2 11.00 215.00 226.00 OK

Check Details

Version: 1.2
Check: whether package can be installed
Result: ERROR
    Installation failed.
Flavor: r-release-osx-x86_64-snowleopard