CRAN Package Check Results for Package matie

Last updated on 2014-04-24 23:48:06.

Flavor Version Tinstall Tcheck Ttotal Status Flags
r-devel-linux-x86_64-debian-clang 1.2 2.18 71.30 73.48 OK
r-devel-linux-x86_64-debian-gcc 1.2 2.22 69.73 71.94 OK
r-devel-linux-x86_64-fedora-clang 1.2 142.33 OK
r-devel-linux-x86_64-fedora-gcc 1.2 140.60 OK
r-devel-osx-x86_64-clang 1.2 110.52 OK
r-devel-osx-x86_64-gcc 1.2 ERROR
r-devel-windows-ix86+x86_64 1.2 9.00 178.00 187.00 OK
r-patched-linux-x86_64 1.2 2.22 71.38 73.60 OK
r-patched-solaris-sparc 1.2 911.30 OK
r-patched-solaris-x86 1.2 181.00 OK
r-release-linux-ix86 1.2 4.00 123.00 127.00 OK
r-release-linux-x86_64 1.2 2.13 66.08 68.21 OK
r-release-osx-x86_64-mavericks 1.2 OK
r-release-osx-x86_64-snowleopard 1.2 ERROR
r-release-windows-ix86+x86_64 1.2 12.00 176.00 188.00 OK
r-oldrel-windows-ix86+x86_64 1.2 11.00 205.00 216.00 OK

Check Details

Version: 1.2
Check: package dependencies
Result: ERROR
    Packages required but not available: ‘seriation’ ‘igraph’ ‘cba’
    
    See the information on DESCRIPTION files in the chapter ‘Creating R
    packages’ of the ‘Writing R Extensions’ manual.
Flavor: r-devel-osx-x86_64-gcc

Version: 1.2
Check: whether package can be installed
Result: ERROR
    Installation failed.
    See ‘/Volumes/XT3/Builds/R-dev-web/QA/Simon/packages/snowleopard-x86_64/results/3.1/matie.Rcheck/00install.out’ for details.
Flavor: r-release-osx-x86_64-snowleopard