CRAN Package Check Results for Package matie

Last updated on 2015-05-29 09:47:06.

Flavor Version Tinstall Tcheck Ttotal Status Flags
r-devel-linux-x86_64-debian-clang 1.2 1.40 47.30 48.70 OK
r-devel-linux-x86_64-debian-gcc 1.2 1.49 46.96 48.45 OK
r-devel-linux-x86_64-fedora-clang 1.2 103.98 OK
r-devel-linux-x86_64-fedora-gcc 1.2 95.65 OK
r-devel-osx-x86_64-clang 1.2 86.91 OK
r-devel-windows-ix86+x86_64 1.2 7.00 132.00 139.00 OK
r-patched-linux-x86_64 1.2 1.40 46.98 48.38 OK
r-patched-solaris-sparc 1.2 743.10 OK
r-patched-solaris-x86 1.2 131.40 OK
r-release-linux-x86_64 1.2 1.55 52.11 53.66 OK
r-release-osx-x86_64-mavericks 1.2 OK
r-release-osx-x86_64-snowleopard 1.2 ERROR
r-release-windows-ix86+x86_64 1.2 8.00 145.00 153.00 OK
r-oldrel-windows-ix86+x86_64 1.2 12.00 194.00 206.00 OK

Check Details

Version: 1.2
Check: package dependencies
Result: ERROR
    Packages required but not available: ‘igraph’ ‘cba’
    
    See section ‘The DESCRIPTION file’ in the ‘Writing R Extensions’
    manual.
Flavor: r-release-osx-x86_64-snowleopard