CRAN Package Check Results for Package matie

Last updated on 2014-10-21 01:47:17.

Flavor Version Tinstall Tcheck Ttotal Status Flags
r-devel-linux-x86_64-debian-clang 1.2 2.01 58.82 60.83 OK
r-devel-linux-x86_64-debian-gcc 1.2 2.10 58.86 60.96 OK
r-devel-linux-x86_64-fedora-clang 1.2 126.89 OK
r-devel-linux-x86_64-fedora-gcc 1.2 120.87 OK
r-devel-osx-x86_64-clang 1.2 104.58 OK
r-devel-windows-ix86+x86_64 1.2 10.00 150.00 160.00 OK
r-patched-linux-x86_64 1.2 2.15 67.20 69.34 OK
r-patched-solaris-sparc 1.2 945.00 OK
r-patched-solaris-x86 1.2 182.40 OK
r-release-linux-ix86 1.2 2.88 91.96 94.85 OK
r-release-linux-x86_64 1.2 2.12 70.96 73.08 OK
r-release-osx-x86_64-mavericks 1.2 OK
r-release-osx-x86_64-snowleopard 1.2 ERROR
r-release-windows-ix86+x86_64 1.2 10.00 178.00 188.00 OK
r-oldrel-windows-ix86+x86_64 1.2 10.00 215.00 225.00 OK

Check Details

Version: 1.2
Check: whether package can be installed
Result: ERROR
    Installation failed.
Flavor: r-release-osx-x86_64-snowleopard