CRAN Package Check Results for Package matie

Last updated on 2014-07-23 12:47:30.

Flavor Version Tinstall Tcheck Ttotal Status Flags
r-devel-linux-x86_64-debian-clang 1.2 2.00 58.51 60.50 OK
r-devel-linux-x86_64-debian-gcc 1.2 2.06 57.50 59.56 OK
r-devel-linux-x86_64-fedora-clang 1.2 128.49 OK
r-devel-linux-x86_64-fedora-gcc 1.2 124.09 OK
r-devel-osx-x86_64-clang 1.2 106.60 OK
r-devel-windows-ix86+x86_64 1.2 10.00 159.00 169.00 OK
r-patched-linux-x86_64 1.2 2.08 63.94 66.02 OK
r-patched-solaris-sparc 1.2 911.30 OK
r-patched-solaris-x86 1.2 183.10 OK
r-release-linux-ix86 1.2 2.65 91.19 93.84 OK
r-release-linux-x86_64 1.2 2.20 65.80 68.00 OK
r-release-osx-x86_64-mavericks 1.2 OK
r-release-osx-x86_64-snowleopard 1.2 ERROR
r-release-windows-ix86+x86_64 1.2 10.00 189.00 199.00 OK
r-oldrel-windows-ix86+x86_64 1.2 10.00 198.00 208.00 OK

Check Details

Version: 1.2
Check: whether package can be installed
Result: ERROR
    Installation failed.
    See ‘/Volumes/XT3/Builds/R-dev-web/QA/Simon/packages/snowleopard-x86_64/results/3.1/matie.Rcheck/00install.out’ for details.
Flavor: r-release-osx-x86_64-snowleopard