CRAN Package Check Results for Package matie

Last updated on 2014-11-01 08:48:19.

Flavor Version Tinstall Tcheck Ttotal Status Flags
r-devel-linux-x86_64-debian-clang 1.2 2.06 58.80 60.85 OK
r-devel-linux-x86_64-debian-gcc 1.2 1.99 57.85 59.84 OK
r-devel-linux-x86_64-fedora-clang 1.2 126.98 OK
r-devel-linux-x86_64-fedora-gcc 1.2 119.08 OK
r-devel-osx-x86_64-clang 1.2 103.52 OK
r-devel-windows-ix86+x86_64 1.2 10.00 153.00 163.00 OK
r-patched-linux-x86_64 1.2 2.20 66.91 69.10 OK
r-patched-solaris-sparc 1.2 945.00 OK
r-patched-solaris-x86 1.2 182.10 OK
r-release-linux-ix86 1.2 2.88 91.96 94.85 OK
r-release-linux-x86_64 1.2 2.12 70.96 73.08 OK
r-release-osx-x86_64-mavericks 1.2 OK
r-release-osx-x86_64-snowleopard 1.2 ERROR
r-release-windows-ix86+x86_64 1.2 10.00 192.00 202.00 OK
r-oldrel-windows-ix86+x86_64 1.2 11.00 206.00 217.00 OK

Check Details

Version: 1.2
Check: whether package can be installed
Result: ERROR
    Installation failed.
Flavor: r-release-osx-x86_64-snowleopard