CRAN Package Check Results for Package matlab

Last updated on 2022-11-28 23:53:25 CET.

Flavor Version Tinstall Tcheck Ttotal Status Flags
r-devel-linux-x86_64-debian-clang 1.0.4 3.59 62.26 65.85 NOTE
r-devel-linux-x86_64-debian-gcc 1.0.4 3.51 47.09 50.60 NOTE
r-devel-linux-x86_64-fedora-clang 1.0.4 97.45 NOTE
r-devel-linux-x86_64-fedora-gcc 1.0.4 90.67 NOTE
r-devel-windows-x86_64 1.0.4 38.00 110.00 148.00 NOTE
r-patched-linux-x86_64 1.0.4 4.63 57.20 61.83 OK
r-release-linux-x86_64 1.0.4 4.60 58.25 62.85 OK
r-release-macos-arm64 1.0.4 31.00 OK
r-release-macos-x86_64 1.0.4 49.00 OK
r-release-windows-x86_64 1.0.4 32.00 107.00 139.00 OK
r-oldrel-macos-arm64 1.0.4 29.00 OK
r-oldrel-macos-x86_64 1.0.4 48.00 OK
r-oldrel-windows-ix86+x86_64 1.0.4 13.00 100.00 113.00 OK

Check Details

Version: 1.0.4
Check: Rd files
Result: NOTE
    checkRd: (-1) size_t-class.Rd:6: Escaped LaTeX specials: \_
Flavors: r-devel-linux-x86_64-debian-clang, r-devel-linux-x86_64-debian-gcc, r-devel-linux-x86_64-fedora-clang, r-devel-linux-x86_64-fedora-gcc, r-devel-windows-x86_64