Last updated on 2023-03-27 04:53:16 CEST.
Flavor | Version | Tinstall | Tcheck | Ttotal | Status | Flags |
---|---|---|---|---|---|---|
r-devel-linux-x86_64-debian-clang | 1.0.4 | 4.72 | 59.88 | 64.60 | NOTE | |
r-devel-linux-x86_64-debian-gcc | 1.0.4 | 3.31 | 46.14 | 49.45 | NOTE | |
r-devel-linux-x86_64-fedora-clang | 1.0.4 | 82.30 | NOTE | |||
r-devel-linux-x86_64-fedora-gcc | 1.0.4 | 79.28 | NOTE | |||
r-patched-linux-x86_64 | 1.0.4 | 4.64 | 58.31 | 62.95 | NOTE | |
r-release-linux-x86_64 | 1.0.4 | 4.50 | 56.98 | 61.48 | OK | |
r-release-macos-arm64 | 1.0.4 | 31.00 | OK | |||
r-release-macos-x86_64 | 1.0.4 | 49.00 | OK | |||
r-release-windows-x86_64 | 1.0.4 | 32.00 | 107.00 | 139.00 | OK | |
r-oldrel-macos-arm64 | 1.0.4 | 29.00 | OK | |||
r-oldrel-macos-x86_64 | 1.0.4 | 48.00 | OK | |||
r-oldrel-windows-ix86+x86_64 | 1.0.4 | 13.00 | 100.00 | 113.00 | OK |
Version: 1.0.4
Check: Rd files
Result: NOTE
checkRd: (-1) size_t-class.Rd:6: Escaped LaTeX specials: \_
Flavors: r-devel-linux-x86_64-debian-clang, r-devel-linux-x86_64-debian-gcc, r-devel-linux-x86_64-fedora-clang, r-devel-linux-x86_64-fedora-gcc, r-patched-linux-x86_64