CRAN Package Check Results for Package matrixStats

Last updated on 2018-02-21 01:47:40 CET.

Flavor Version Tinstall Tcheck Ttotal Status Flags
r-devel-linux-x86_64-debian-clang 0.53.1 138.02 161.24 299.26 OK
r-devel-linux-x86_64-debian-gcc 0.53.1 106.43 123.78 230.21 OK
r-devel-linux-x86_64-fedora-clang 0.53.1 385.07 NOTE
r-devel-linux-x86_64-fedora-gcc 0.53.1 346.32 NOTE
r-devel-windows-ix86+x86_64 0.53.1 296.00 301.00 597.00 NOTE
r-patched-linux-x86_64 0.53.1 161.03 167.30 328.33 OK
r-patched-solaris-x86 0.53.1 1101.90 NOTE
r-release-linux-x86_64 0.53.1 163.14 167.36 330.50 OK
r-release-windows-ix86+x86_64 0.53.1 311.00 403.00 714.00 NOTE
r-release-osx-x86_64 0.53.1 NOTE
r-oldrel-windows-ix86+x86_64 0.53.1 394.00 330.00 724.00 NOTE
r-oldrel-osx-x86_64 0.52.2 NOTE

Check Details

Version: 0.53.1
Check: installed package size
Result: NOTE
     installed size is 9.5Mb
     sub-directories of 1Mb or more:
     libs 8.7Mb
Flavors: r-devel-linux-x86_64-fedora-clang, r-devel-linux-x86_64-fedora-gcc, r-devel-windows-ix86+x86_64, r-patched-solaris-x86, r-release-windows-ix86+x86_64, r-release-osx-x86_64, r-oldrel-windows-ix86+x86_64

Version: 0.52.2
Check: installed package size
Result: NOTE
     installed size is 7.8Mb
     sub-directories of 1Mb or more:
     libs 7.1Mb
Flavor: r-oldrel-osx-x86_64