CRAN Package Check Results for Package matrixStats

Last updated on 2018-06-22 03:49:33 CEST.

Flavor Version Tinstall Tcheck Ttotal Status Flags
r-devel-linux-x86_64-debian-clang 0.53.1 130.12 149.66 279.78 OK
r-devel-linux-x86_64-debian-gcc 0.53.1 119.91 127.33 247.24 OK
r-devel-linux-x86_64-fedora-clang 0.53.1 388.09 NOTE
r-devel-linux-x86_64-fedora-gcc 0.53.1 347.58 OK
r-devel-windows-ix86+x86_64 0.53.1 404.00 296.00 700.00 NOTE
r-patched-linux-x86_64 0.53.1 147.29 160.27 307.56 OK
r-patched-solaris-x86 0.53.1 1059.60 NOTE
r-release-linux-x86_64 0.53.1 154.23 160.41 314.64 OK
r-release-windows-ix86+x86_64 0.53.1 310.00 307.00 617.00 NOTE
r-release-osx-x86_64 0.53.1 NOTE
r-oldrel-windows-ix86+x86_64 0.53.1 403.00 296.00 699.00 NOTE
r-oldrel-osx-x86_64 0.53.1 NOTE

Check Details

Version: 0.53.1
Check: installed package size
Result: NOTE
     installed size is 9.5Mb
     sub-directories of 1Mb or more:
     libs 8.7Mb
Flavors: r-devel-linux-x86_64-fedora-clang, r-devel-windows-ix86+x86_64, r-patched-solaris-x86, r-release-windows-ix86+x86_64, r-release-osx-x86_64, r-oldrel-windows-ix86+x86_64, r-oldrel-osx-x86_64