CRAN Package Check Results for Package matrixStats

Last updated on 2017-01-19 03:52:56.

Flavor Version Tinstall Tcheck Ttotal Status Flags
r-devel-linux-x86_64-debian-clang 0.51.0 98.35 87.55 185.90 OK
r-devel-linux-x86_64-debian-gcc 0.51.0 106.23 85.32 191.55 OK
r-devel-linux-x86_64-fedora-clang 0.51.0 354.98 NOTE --no-stop-on-test-error
r-devel-linux-x86_64-fedora-gcc 0.51.0 312.40 NOTE --no-stop-on-test-error
r-devel-macos-x86_64-clang 0.51.0 249.24 OK --no-stop-on-test-error
r-devel-windows-ix86+x86_64 0.51.0 373.00 222.00 595.00 NOTE
r-patched-linux-x86_64 0.51.0 89.52 69.04 158.56 OK
r-patched-solaris-sparc 0.51.0 1578.00 NOTE
r-patched-solaris-x86 0.51.0 846.60 NOTE
r-release-linux-x86_64 0.51.0 90.77 68.29 159.06 OK
r-release-osx-x86_64-mavericks 0.51.0 NOTE
r-release-windows-ix86+x86_64 0.51.0 299.00 192.00 491.00 NOTE
r-oldrel-windows-ix86+x86_64 0.51.0 260.00 308.00 568.00 NOTE

Check Details

Version: 0.51.0
Flags: --no-stop-on-test-error
Check: installed package size
Result: NOTE
     installed size is 9.2Mb
     sub-directories of 1Mb or more:
     libs 8.5Mb
Flavors: r-devel-linux-x86_64-fedora-clang, r-devel-linux-x86_64-fedora-gcc

Version: 0.51.0
Check: installed package size
Result: NOTE
     installed size is 5.4Mb
     sub-directories of 1Mb or more:
     libs 4.7Mb
Flavors: r-devel-windows-ix86+x86_64, r-patched-solaris-x86, r-release-osx-x86_64-mavericks, r-release-windows-ix86+x86_64, r-oldrel-windows-ix86+x86_64

Version: 0.51.0
Check: package dependencies
Result: NOTE
    Package suggested but not available for checking: ‘microbenchmark’
Flavors: r-patched-solaris-sparc, r-patched-solaris-x86