CRAN Package Check Results for Package matrixStats

Last updated on 2017-10-19 00:52:44.

Flavor Version Tinstall Tcheck Ttotal Status Flags
r-devel-linux-x86_64-debian-clang 0.52.2 95.27 107.71 202.99 OK
r-devel-linux-x86_64-debian-gcc 0.52.2 128.38 125.84 254.22 OK
r-devel-linux-x86_64-fedora-clang 0.52.2 407.85 NOTE
r-devel-linux-x86_64-fedora-gcc 0.52.2 385.16 NOTE
r-devel-windows-ix86+x86_64 0.52.2 386.00 309.00 695.00 NOTE
r-patched-linux-x86_64 0.52.2 106.02 104.06 210.08 OK
r-patched-solaris-x86 0.52.2 993.80 NOTE
r-release-linux-x86_64 0.52.2 106.85 104.63 211.48 OK
r-release-windows-ix86+x86_64 0.52.2 401.00 395.00 796.00 NOTE
r-release-osx-x86_64 0.52.2 NOTE
r-oldrel-windows-ix86+x86_64 0.52.2 409.00 357.00 766.00 NOTE
r-oldrel-osx-x86_64 0.52.2 NOTE

Check Details

Version: 0.52.2
Check: installed package size
Result: NOTE
     installed size is 9.2Mb
     sub-directories of 1Mb or more:
     libs 8.5Mb
Flavors: r-devel-linux-x86_64-fedora-clang, r-devel-linux-x86_64-fedora-gcc, r-devel-windows-ix86+x86_64, r-patched-solaris-x86, r-release-windows-ix86+x86_64, r-release-osx-x86_64, r-oldrel-windows-ix86+x86_64, r-oldrel-osx-x86_64

Version: 0.52.2
Check: package dependencies
Result: NOTE
    Package suggested but not available for checking: ‘microbenchmark’
Flavor: r-patched-solaris-x86