CRAN Package Check Results for Package matrixStats

Last updated on 2016-12-08 23:49:34.

Flavor Version Tinstall Tcheck Ttotal Status Flags
r-devel-linux-x86_64-debian-clang 0.51.0 97.35 88.06 185.41 OK
r-devel-linux-x86_64-debian-gcc 0.51.0 105.12 86.47 191.58 OK
r-devel-linux-x86_64-fedora-clang 0.51.0 369.37 NOTE --no-stop-on-test-error
r-devel-linux-x86_64-fedora-gcc 0.51.0 327.33 NOTE --no-stop-on-test-error
r-devel-macos-x86_64-clang 0.51.0 260.18 OK --no-stop-on-test-error
r-devel-windows-ix86+x86_64 0.51.0 290.00 228.00 518.00 NOTE
r-patched-linux-x86_64 0.51.0 90.84 66.98 157.82 OK
r-patched-solaris-sparc 0.51.0 1488.10 NOTE
r-patched-solaris-x86 0.51.0 804.30 NOTE
r-release-linux-x86_64 0.51.0 89.64 66.31 155.95 OK
r-release-osx-x86_64-mavericks 0.51.0 NOTE
r-release-windows-ix86+x86_64 0.51.0 457.00 190.00 647.00 NOTE
r-oldrel-windows-ix86+x86_64 0.51.0 327.00 209.00 536.00 NOTE

Check Details

Version: 0.51.0
Flags: --no-stop-on-test-error
Check: installed package size
Result: NOTE
     installed size is 9.2Mb
     sub-directories of 1Mb or more:
     libs 8.5Mb
Flavors: r-devel-linux-x86_64-fedora-clang, r-devel-linux-x86_64-fedora-gcc

Version: 0.51.0
Check: installed package size
Result: NOTE
     installed size is 5.4Mb
     sub-directories of 1Mb or more:
     libs 4.7Mb
Flavors: r-devel-windows-ix86+x86_64, r-patched-solaris-x86, r-release-osx-x86_64-mavericks, r-release-windows-ix86+x86_64, r-oldrel-windows-ix86+x86_64

Version: 0.51.0
Check: package dependencies
Result: NOTE
    Package suggested but not available for checking: ‘microbenchmark’
Flavors: r-patched-solaris-sparc, r-patched-solaris-x86