CRAN Package Check Results for Package matrixStats

Last updated on 2017-02-26 05:48:42.

Flavor Version Tinstall Tcheck Ttotal Status Flags
r-devel-linux-x86_64-debian-clang 0.51.0 97.24 87.40 184.64 NOTE
r-devel-linux-x86_64-debian-gcc 0.51.0 103.63 87.22 190.85 NOTE
r-devel-linux-x86_64-fedora-clang 0.51.0 365.99 NOTE --no-stop-on-test-error
r-devel-linux-x86_64-fedora-gcc 0.51.0 311.71 NOTE --no-stop-on-test-error
r-devel-macos-x86_64-clang 0.51.0 252.33 NOTE --no-stop-on-test-error
r-devel-windows-ix86+x86_64 0.51.0 389.00 307.00 696.00 NOTE
r-patched-linux-x86_64 0.51.0 88.78 68.90 157.68 OK
r-patched-solaris-sparc 0.51.0 1578.00 NOTE
r-patched-solaris-x86 0.51.0 1012.70 NOTE
r-release-linux-x86_64 0.51.0 90.93 66.45 157.39 OK
r-release-osx-x86_64-mavericks 0.51.0 NOTE
r-release-windows-ix86+x86_64 0.51.0 378.00 191.00 569.00 NOTE
r-oldrel-windows-ix86+x86_64 0.51.0 393.00 278.00 671.00 NOTE

Check Details

Version: 0.51.0
Check: compiled code
Result: NOTE
    File ‘matrixStats/libs/matrixStats.so’:
     Found no call to: ‘R_useDynamicSymbols’
    
    It is good practice to register native routines and to disable symbol
    search.
    
    See ‘Writing portable packages’ in the ‘Writing R Extensions’ manual.
Flavors: r-devel-linux-x86_64-debian-clang, r-devel-linux-x86_64-debian-gcc

Version: 0.51.0
Flags: --no-stop-on-test-error
Check: installed package size
Result: NOTE
     installed size is 9.2Mb
     sub-directories of 1Mb or more:
     libs 8.5Mb
Flavors: r-devel-linux-x86_64-fedora-clang, r-devel-linux-x86_64-fedora-gcc

Version: 0.51.0
Flags: --no-stop-on-test-error
Check: compiled code
Result: NOTE
    File ‘matrixStats/libs/matrixStats.so’:
     Found no call to: ‘R_useDynamicSymbols’
    
    It is good practice to register native routines and to disable symbol
    search.
    
    See ‘Writing portable packages’ in the ‘Writing R Extensions’ manual.
Flavors: r-devel-linux-x86_64-fedora-clang, r-devel-linux-x86_64-fedora-gcc, r-devel-macos-x86_64-clang

Version: 0.51.0
Check: installed package size
Result: NOTE
     installed size is 5.4Mb
     sub-directories of 1Mb or more:
     libs 4.7Mb
Flavors: r-devel-windows-ix86+x86_64, r-patched-solaris-x86, r-release-osx-x86_64-mavericks, r-release-windows-ix86+x86_64, r-oldrel-windows-ix86+x86_64

Version: 0.51.0
Check: package dependencies
Result: NOTE
    Package suggested but not available for checking: ‘microbenchmark’
Flavors: r-patched-solaris-sparc, r-patched-solaris-x86