CRAN Package Check Results for Package matrixStats

Last updated on 2019-08-18 00:46:15 CEST.

Flavor Version Tinstall Tcheck Ttotal Status Flags
r-devel-linux-x86_64-debian-clang 0.54.0 147.72 155.09 302.81 OK
r-devel-linux-x86_64-debian-gcc 0.54.0 91.42 119.87 211.29 OK
r-devel-linux-x86_64-fedora-clang 0.54.0 436.39 NOTE
r-devel-linux-x86_64-fedora-gcc 0.54.0 375.21 OK
r-devel-windows-ix86+x86_64 0.54.0 381.00 420.00 801.00 NOTE
r-patched-linux-x86_64 0.54.0 108.86 153.89 262.75 OK
r-patched-solaris-x86 0.54.0 861.70 NOTE
r-release-linux-x86_64 0.54.0 107.65 153.29 260.94 OK
r-release-windows-ix86+x86_64 0.54.0 262.00 304.00 566.00 NOTE
r-release-osx-x86_64 0.54.0 NOTE
r-oldrel-windows-ix86+x86_64 0.54.0 468.00 431.00 899.00 NOTE
r-oldrel-osx-x86_64 0.54.0 NOTE

Check Details

Version: 0.54.0
Check: installed package size
Result: NOTE
     installed size is 10.6Mb
     sub-directories of 1Mb or more:
     libs 9.8Mb
Flavors: r-devel-linux-x86_64-fedora-clang, r-devel-windows-ix86+x86_64, r-patched-solaris-x86, r-release-windows-ix86+x86_64, r-release-osx-x86_64, r-oldrel-windows-ix86+x86_64, r-oldrel-osx-x86_64