CRAN Package Check Results for Package matrixStats

Last updated on 2015-02-26 23:47:48.

Flavor Version Tinstall Tcheck Ttotal Status Flags
r-devel-linux-x86_64-debian-clang 0.14.0 5.80 37.95 43.74 OK
r-devel-linux-x86_64-debian-gcc 0.14.0 10.25 37.28 47.52 OK
r-devel-linux-x86_64-fedora-clang 0.14.0 86.20 OK
r-devel-linux-x86_64-fedora-gcc 0.14.0 84.17 OK
r-devel-osx-x86_64-clang 0.14.0 77.58 OK
r-devel-windows-ix86+x86_64 0.14.0 68.00 94.00 162.00 OK
r-patched-linux-x86_64 0.14.0 7.56 40.62 48.18 OK
r-patched-solaris-sparc 0.14.0 529.20 NOTE
r-patched-solaris-x86 0.14.0 147.00 OK
r-release-linux-ix86 0.14.0 9.56 59.41 68.98 OK
r-release-linux-x86_64 0.14.0 8.05 0.26 8.31 OK
r-release-osx-x86_64-mavericks 0.14.0 OK
r-release-osx-x86_64-snowleopard 0.14.0 OK
r-release-windows-ix86+x86_64 0.14.0 47.00 98.00 145.00 OK
r-oldrel-windows-ix86+x86_64 0.14.0 46.00 110.00 156.00 OK

Check Details

Version: 0.14.0
Check: package dependencies
Result: NOTE
    Package suggested but not available for checking: ‘microbenchmark’
Flavor: r-patched-solaris-sparc