CRAN Package Check Results for Package matrixStats

Last updated on 2017-06-26 23:52:11.

Flavor Version Tinstall Tcheck Ttotal Status Flags
r-devel-linux-x86_64-debian-clang 0.52.2 109.77 112.52 222.29 OK
r-devel-linux-x86_64-debian-gcc 0.52.2 116.80 107.20 224.00 OK
r-devel-linux-x86_64-fedora-clang 0.52.2 433.06 NOTE
r-devel-linux-x86_64-fedora-gcc 0.52.2 371.06 NOTE
r-devel-windows-ix86+x86_64 0.52.2 395.00 318.00 713.00 NOTE
r-patched-linux-x86_64 0.52.2 109.68 105.59 215.26 OK
r-patched-solaris-sparc 0.52.2 1791.30 NOTE
r-patched-solaris-x86 0.52.2 1054.10 NOTE
r-release-linux-x86_64 0.52.2 106.29 103.45 209.74 OK
r-release-windows-ix86+x86_64 0.52.2 390.00 413.00 803.00 NOTE
r-release-osx-x86_64 0.52.2 NOTE
r-oldrel-windows-ix86+x86_64 0.52.2 400.00 322.00 722.00 NOTE
r-oldrel-osx-x86_64 0.52.2 NOTE

Check Details

Version: 0.52.2
Check: installed package size
Result: NOTE
     installed size is 10.3Mb
     sub-directories of 1Mb or more:
     libs 9.5Mb
Flavors: r-devel-linux-x86_64-fedora-clang, r-devel-linux-x86_64-fedora-gcc, r-devel-windows-ix86+x86_64, r-patched-solaris-x86, r-release-windows-ix86+x86_64, r-release-osx-x86_64, r-oldrel-windows-ix86+x86_64, r-oldrel-osx-x86_64

Version: 0.52.2
Check: package dependencies
Result: NOTE
    Package suggested but not available for checking: ‘microbenchmark’
Flavors: r-patched-solaris-sparc, r-patched-solaris-x86