CRAN Package Check Results for Package matrixStats

Last updated on 2017-08-23 09:47:18.

Flavor Version Tinstall Tcheck Ttotal Status Flags
r-devel-linux-x86_64-debian-clang 0.52.2 110.30 113.03 223.33 OK
r-devel-linux-x86_64-debian-gcc 0.52.2 117.49 110.36 227.84 OK
r-devel-linux-x86_64-fedora-clang 0.52.2 392.40 NOTE
r-devel-linux-x86_64-fedora-gcc 0.52.2 364.98 NOTE
r-devel-windows-ix86+x86_64 0.52.2 317.00 348.00 665.00 NOTE
r-patched-linux-x86_64 0.52.2 104.35 108.48 212.82 OK
r-patched-solaris-x86 0.52.2 1005.60 NOTE
r-release-linux-x86_64 0.52.2 105.73 111.02 216.75 OK
r-release-windows-ix86+x86_64 0.52.2 281.00 421.00 702.00 NOTE
r-release-osx-x86_64 0.52.2 NOTE
r-oldrel-windows-ix86+x86_64 0.52.2 390.00 249.00 639.00 NOTE
r-oldrel-osx-x86_64 0.52.2 NOTE

Check Details

Version: 0.52.2
Check: installed package size
Result: NOTE
     installed size is 9.2Mb
     sub-directories of 1Mb or more:
     libs 8.5Mb
Flavors: r-devel-linux-x86_64-fedora-clang, r-devel-linux-x86_64-fedora-gcc, r-devel-windows-ix86+x86_64, r-patched-solaris-x86, r-release-windows-ix86+x86_64, r-release-osx-x86_64, r-oldrel-windows-ix86+x86_64, r-oldrel-osx-x86_64

Version: 0.52.2
Check: package dependencies
Result: NOTE
    Package suggested but not available for checking: ‘microbenchmark’
Flavor: r-patched-solaris-x86