CRAN Package Check Results for Package matrixStats

Last updated on 2017-04-23 23:51:10.

Flavor Version Tinstall Tcheck Ttotal Status Flags
r-devel-linux-x86_64-debian-clang 0.52.2 112.64 112.11 224.75 OK
r-devel-linux-x86_64-debian-gcc 0.52.2 107.42 105.84 213.26 OK
r-devel-linux-x86_64-fedora-clang 0.52.2 424.95 NOTE --no-stop-on-test-error
r-devel-linux-x86_64-fedora-gcc 0.52.2 353.86 NOTE --no-stop-on-test-error
r-devel-windows-ix86+x86_64 0.52.2 405.00 389.00 794.00 NOTE
r-patched-linux-x86_64 0.52.2 92.47 103.09 195.56 OK
r-patched-solaris-sparc 0.52.2 1791.30 NOTE
r-patched-solaris-x86 0.52.2 1033.20 NOTE
r-release-linux-x86_64 0.52.2 90.76 105.70 196.46 OK
r-release-windows-ix86+x86_64 0.52.2 314.00 302.00 616.00 NOTE
r-release-osx-x86_64 0.52.2 NOTE
r-oldrel-windows-ix86+x86_64 0.52.2 316.00 250.00 566.00 NOTE
r-oldrel-osx-x86_64 0.52.2 NOTE

Check Details

Version: 0.52.2
Flags: --no-stop-on-test-error
Check: installed package size
Result: NOTE
     installed size is 10.3Mb
     sub-directories of 1Mb or more:
     libs 9.5Mb
Flavors: r-devel-linux-x86_64-fedora-clang, r-devel-linux-x86_64-fedora-gcc

Version: 0.52.2
Check: installed package size
Result: NOTE
     installed size is 5.5Mb
     sub-directories of 1Mb or more:
     libs 4.8Mb
Flavors: r-devel-windows-ix86+x86_64, r-patched-solaris-x86, r-release-windows-ix86+x86_64, r-release-osx-x86_64, r-oldrel-windows-ix86+x86_64, r-oldrel-osx-x86_64

Version: 0.52.2
Check: package dependencies
Result: NOTE
    Package suggested but not available for checking: ‘microbenchmark’
Flavors: r-patched-solaris-sparc, r-patched-solaris-x86