CRAN Package Check Results for Package matrixStats

Last updated on 2016-09-28 15:48:02.

Flavor Version Tinstall Tcheck Ttotal Status Flags
r-devel-linux-x86_64-debian-clang 0.50.2 101.92 75.10 177.01 NOTE
r-devel-linux-x86_64-debian-gcc 0.50.2 105.01 74.51 179.51 NOTE
r-devel-linux-x86_64-fedora-clang 0.50.2 337.40 NOTE
r-devel-linux-x86_64-fedora-gcc 0.50.2 283.94 NOTE
r-devel-macos-x86_64-clang 0.50.2 235.62 OK
r-devel-windows-ix86+x86_64 0.50.2 292.00 270.00 562.00 NOTE
r-patched-linux-x86_64 0.50.2 89.96 71.10 161.06 NOTE
r-patched-solaris-sparc 0.50.2 1635.10 NOTE
r-patched-solaris-x86 0.50.2 850.10 NOTE
r-release-linux-x86_64 0.50.2 91.32 72.95 164.26 NOTE
r-release-osx-x86_64-mavericks 0.50.2 NOTE
r-release-windows-ix86+x86_64 0.50.2 383.00 195.00 578.00 NOTE
r-oldrel-windows-ix86+x86_64 0.50.2 328.00 284.00 612.00 NOTE

Check Details

Version: 0.50.2
Check: installed package size
Result: NOTE
     installed size is 9.2Mb
     sub-directories of 1Mb or more:
     libs 8.5Mb
Flavors: r-devel-linux-x86_64-debian-clang, r-devel-linux-x86_64-debian-gcc, r-devel-linux-x86_64-fedora-clang, r-devel-linux-x86_64-fedora-gcc, r-devel-windows-ix86+x86_64, r-patched-linux-x86_64, r-patched-solaris-x86, r-release-linux-x86_64, r-release-osx-x86_64-mavericks, r-release-windows-ix86+x86_64, r-oldrel-windows-ix86+x86_64

Version: 0.50.2
Check: package dependencies
Result: NOTE
    Package suggested but not available for checking: ‘microbenchmark’
Flavors: r-patched-solaris-sparc, r-patched-solaris-x86