CRAN Package Check Results for Package matrixStats

Last updated on 2016-05-30 23:47:40.

Flavor Version Tinstall Tcheck Ttotal Status Flags
r-devel-linux-x86_64-debian-gcc 0.50.2 109.83 71.84 181.67 NOTE
r-devel-linux-x86_64-fedora-clang 0.50.2 336.60 NOTE
r-devel-linux-x86_64-fedora-gcc 0.50.2 296.62 NOTE
r-devel-osx-x86_64-clang 0.50.2 317.77 OK
r-devel-windows-ix86+x86_64 0.50.2 304.00 203.00 507.00 NOTE
r-patched-linux-x86_64 0.50.2 94.92 70.10 165.02 NOTE
r-patched-solaris-sparc 0.50.2 1640.80 NOTE
r-patched-solaris-x86 0.50.2 894.70 NOTE
r-release-linux-x86_64 0.50.2 94.95 68.95 163.91 NOTE
r-release-osx-x86_64-mavericks 0.50.2 NOTE
r-release-windows-ix86+x86_64 0.50.2 373.00 212.00 585.00 NOTE
r-oldrel-windows-ix86+x86_64 0.50.2 265.00 223.00 488.00 NOTE

Check Details

Version: 0.50.2
Check: installed package size
Result: NOTE
     installed size is 10.6Mb
     sub-directories of 1Mb or more:
     libs 9.9Mb
Flavors: r-devel-linux-x86_64-debian-gcc, r-devel-linux-x86_64-fedora-clang, r-devel-linux-x86_64-fedora-gcc, r-devel-windows-ix86+x86_64, r-patched-linux-x86_64, r-patched-solaris-x86, r-release-linux-x86_64, r-release-osx-x86_64-mavericks, r-release-windows-ix86+x86_64, r-oldrel-windows-ix86+x86_64

Version: 0.50.2
Check: package dependencies
Result: NOTE
    Package suggested but not available for checking: ‘microbenchmark’
Flavors: r-patched-solaris-sparc, r-patched-solaris-x86