CRAN Package Check Results for Package matrixStats

Last updated on 2017-05-22 16:48:46.

Flavor Version Tinstall Tcheck Ttotal Status Flags
r-devel-linux-x86_64-debian-clang 0.52.2 109.70 107.52 217.22 OK
r-devel-linux-x86_64-debian-gcc 0.52.2 106.56 109.11 215.67 OK
r-devel-linux-x86_64-fedora-clang 0.52.2 431.21 NOTE --no-stop-on-test-error
r-devel-linux-x86_64-fedora-gcc 0.52.2 357.15 NOTE --no-stop-on-test-error
r-devel-windows-ix86+x86_64 0.52.2 401.00 318.00 719.00 NOTE
r-patched-linux-x86_64 0.52.2 91.25 105.55 196.80 OK
r-patched-solaris-sparc 0.52.2 1791.30 NOTE
r-patched-solaris-x86 0.52.2 1013.00 NOTE
r-release-linux-x86_64 0.52.2 92.50 105.39 197.89 OK
r-release-windows-ix86+x86_64 0.52.2 313.00 410.00 723.00 NOTE
r-release-osx-x86_64 0.52.2 NOTE
r-oldrel-windows-ix86+x86_64 0.52.2 346.00 344.00 690.00 NOTE
r-oldrel-osx-x86_64 0.52.2 NOTE

Check Details

Version: 0.52.2
Flags: --no-stop-on-test-error
Check: installed package size
Result: NOTE
     installed size is 10.3Mb
     sub-directories of 1Mb or more:
     libs 9.5Mb
Flavors: r-devel-linux-x86_64-fedora-clang, r-devel-linux-x86_64-fedora-gcc

Version: 0.52.2
Check: installed package size
Result: NOTE
     installed size is 5.5Mb
     sub-directories of 1Mb or more:
     libs 4.8Mb
Flavors: r-devel-windows-ix86+x86_64, r-patched-solaris-x86, r-release-windows-ix86+x86_64, r-release-osx-x86_64, r-oldrel-windows-ix86+x86_64, r-oldrel-osx-x86_64

Version: 0.52.2
Check: package dependencies
Result: NOTE
    Package suggested but not available for checking: ‘microbenchmark’
Flavors: r-patched-solaris-sparc, r-patched-solaris-x86