CRAN Package Check Results for Package matrixStats

Last updated on 2015-04-19 23:49:18.

Flavor Version Tinstall Tcheck Ttotal Status Flags
r-devel-linux-x86_64-debian-clang 0.14.0 5.80 38.87 44.67 OK
r-devel-linux-x86_64-debian-gcc 0.14.0 7.39 37.89 45.28 OK
r-devel-linux-x86_64-fedora-clang 0.14.0 85.05 OK
r-devel-linux-x86_64-fedora-gcc 0.14.0 84.53 OK
r-devel-osx-x86_64-clang 0.14.0 76.93 OK
r-devel-windows-ix86+x86_64 0.14.0 65.00 123.00 188.00 OK
r-patched-linux-x86_64 0.14.0 7.38 38.15 45.53 OK
r-patched-solaris-sparc 0.14.0 597.20 NOTE
r-patched-solaris-x86 0.14.0 135.20 OK
r-release-linux-x86_64 0.14.0 7.35 39.07 46.42 OK
r-release-osx-x86_64-mavericks 0.14.0 ERROR
r-release-osx-x86_64-snowleopard 0.14.0 NOTE
r-release-windows-ix86+x86_64 0.14.0 34.00 87.00 121.00 OK
r-oldrel-windows-ix86+x86_64 0.14.0 34.00 90.00 124.00 OK

Check Details

Version: 0.14.0
Check: package dependencies
Result: NOTE
    Package suggested but not available for checking: ‘microbenchmark’
Flavor: r-patched-solaris-sparc

Version: 0.14.0
Check: package dependencies
Result: ERROR
    Packages suggested but not available for checking: ‘R.rsp’ ‘R.devices’
    
    VignetteBuilder package required for checking but installed: ‘R.rsp’
    
    See section ‘The DESCRIPTION file’ in the ‘Writing R Extensions’
    manual.
Flavor: r-release-osx-x86_64-mavericks

Version: 0.14.0
Check: package dependencies
Result: NOTE
    Packages suggested but not available for checking:
     ‘microbenchmark’ ‘ggplot2’ ‘knitr’
Flavor: r-release-osx-x86_64-snowleopard

Version: 0.14.0
Check: re-building of vignette outputs
Result: NOTE
    Error in re-building vignettes:
     ...
    matrixStats v0.14.0 (2015-02-13) successfully loaded. See ?matrixStats for help.
    Error: processing vignette 'matrixStats-methods.md.rsp' failed with diagnostics:
    there is no package called ‘knitr’
    Execution halted
Flavor: r-release-osx-x86_64-snowleopard