CRAN Package Check Results for Package matrixStats

Last updated on 2015-03-27 15:47:17.

Flavor Version Tinstall Tcheck Ttotal Status Flags
r-devel-linux-x86_64-debian-clang 0.14.0 5.69 37.70 43.39 OK
r-devel-linux-x86_64-debian-gcc 0.14.0 7.32 37.78 45.10 OK
r-devel-linux-x86_64-fedora-clang 0.14.0 87.60 OK
r-devel-linux-x86_64-fedora-gcc 0.14.0 85.49 OK
r-devel-osx-x86_64-clang 0.14.0 86.88 OK
r-prerel-windows-ix86+x86_64 0.14.0 62.00 90.00 152.00 OK
r-prerel-linux-x86_64 0.14.0 8.29 38.32 46.60 OK
r-prerel-solaris-sparc 0.14.0 597.20 NOTE
r-prerel-solaris-x86 0.14.0 135.00 OK
r-release-linux-x86_64 0.14.0 8.34 41.23 49.56 OK
r-release-osx-x86_64-mavericks 0.14.0 OK
r-release-osx-x86_64-snowleopard 0.14.0 OK
r-release-windows-ix86+x86_64 0.14.0 47.00 103.00 150.00 OK
r-oldrel-windows-ix86+x86_64 0.14.0 49.00 106.00 155.00 OK

Check Details

Version: 0.14.0
Check: package dependencies
Result: NOTE
    Package suggested but not available for checking: ‘microbenchmark’
Flavor: r-prerel-solaris-sparc