CRAN Package Check Results for Package matrixStats

Last updated on 2019-05-25 08:50:08 CEST.

Flavor Version Tinstall Tcheck Ttotal Status Flags
r-devel-linux-x86_64-debian-clang 0.54.0 145.19 158.02 303.21 OK
r-devel-linux-x86_64-debian-gcc 0.54.0 96.21 120.63 216.84 OK
r-devel-linux-x86_64-fedora-clang 0.54.0 399.86 NOTE
r-devel-linux-x86_64-fedora-gcc 0.54.0 350.74 OK
r-devel-windows-ix86+x86_64 0.54.0 356.00 318.00 674.00 NOTE
r-patched-linux-x86_64 0.54.0 OK
r-patched-solaris-x86 0.54.0 894.40 NOTE
r-release-linux-x86_64 0.54.0 111.33 156.84 268.17 OK
r-release-windows-ix86+x86_64 0.54.0 406.00 412.00 818.00 NOTE
r-release-osx-x86_64 0.54.0 NOTE
r-oldrel-windows-ix86+x86_64 0.54.0 445.00 324.00 769.00 NOTE
r-oldrel-osx-x86_64 0.54.0 NOTE

Check Details

Version: 0.54.0
Check: installed package size
Result: NOTE
     installed size is 9.7Mb
     sub-directories of 1Mb or more:
     libs 9.0Mb
Flavors: r-devel-linux-x86_64-fedora-clang, r-devel-windows-ix86+x86_64, r-patched-solaris-x86, r-release-windows-ix86+x86_64, r-release-osx-x86_64, r-oldrel-windows-ix86+x86_64, r-oldrel-osx-x86_64