CRAN Package Check Results for Package matrixStats

Last updated on 2017-03-22 23:53:21.

Flavor Version Tinstall Tcheck Ttotal Status Flags
r-devel-linux-x86_64-debian-clang 0.51.0 110.67 91.99 202.67 NOTE
r-devel-linux-x86_64-debian-gcc 0.51.0 106.15 87.24 193.39 NOTE
r-devel-linux-x86_64-fedora-clang 0.51.0 391.00 NOTE --no-stop-on-test-error
r-devel-linux-x86_64-fedora-gcc 0.51.0 320.74 NOTE --no-stop-on-test-error
r-devel-macos-x86_64-clang 0.51.0 253.32 NOTE --no-stop-on-test-error
r-devel-windows-ix86+x86_64 0.51.0 306.00 228.00 534.00 NOTE
r-patched-linux-x86_64 0.51.0 90.82 69.41 160.23 OK
r-patched-solaris-sparc 0.51.0 2065.70 NOTE
r-patched-solaris-x86 0.51.0 1018.20 NOTE
r-release-linux-x86_64 0.51.0 89.35 70.10 159.45 OK
r-release-osx-x86_64-mavericks 0.51.0 NOTE
r-release-windows-ix86+x86_64 0.51.0 450.00 262.00 712.00 NOTE
r-oldrel-windows-ix86+x86_64 0.51.0 341.00 459.00 800.00 NOTE

Check Details

Version: 0.51.0
Check: compiled code
Result: NOTE
    File ‘matrixStats/libs/matrixStats.so’:
     Found no call to: ‘R_useDynamicSymbols’
    
    It is good practice to register native routines and to disable symbol
    search.
    
    See ‘Writing portable packages’ in the ‘Writing R Extensions’ manual.
Flavors: r-devel-linux-x86_64-debian-clang, r-devel-linux-x86_64-debian-gcc

Version: 0.51.0
Flags: --no-stop-on-test-error
Check: installed package size
Result: NOTE
     installed size is 10.1Mb
     sub-directories of 1Mb or more:
     libs 9.4Mb
Flavors: r-devel-linux-x86_64-fedora-clang, r-devel-linux-x86_64-fedora-gcc

Version: 0.51.0
Flags: --no-stop-on-test-error
Check: compiled code
Result: NOTE
    File ‘matrixStats/libs/matrixStats.so’:
     Found no call to: ‘R_useDynamicSymbols’
    
    It is good practice to register native routines and to disable symbol
    search.
    
    See ‘Writing portable packages’ in the ‘Writing R Extensions’ manual.
Flavors: r-devel-linux-x86_64-fedora-clang, r-devel-linux-x86_64-fedora-gcc, r-devel-macos-x86_64-clang

Version: 0.51.0
Check: installed package size
Result: NOTE
     installed size is 5.4Mb
     sub-directories of 1Mb or more:
     libs 4.7Mb
Flavors: r-devel-windows-ix86+x86_64, r-patched-solaris-x86, r-release-osx-x86_64-mavericks, r-release-windows-ix86+x86_64, r-oldrel-windows-ix86+x86_64

Version: 0.51.0
Check: package dependencies
Result: NOTE
    Package suggested but not available for checking: ‘microbenchmark’
Flavors: r-patched-solaris-sparc, r-patched-solaris-x86