CRAN Package Check Results for Package matrixStats

Last updated on 2015-08-30 23:47:47.

Flavor Version Tinstall Tcheck Ttotal Status Flags
r-devel-linux-x86_64-debian-clang 0.14.2 5.86 27.70 33.56 NOTE
r-devel-linux-x86_64-debian-gcc 0.14.2 7.64 29.39 37.03 NOTE
r-devel-linux-x86_64-fedora-clang 0.14.2 66.03 NOTE
r-devel-linux-x86_64-fedora-gcc 0.14.2 66.55 NOTE
r-devel-osx-x86_64-clang 0.14.2 63.48 OK
r-devel-windows-ix86+x86_64 0.14.2 62.00 77.00 139.00 NOTE
r-patched-linux-x86_64 0.14.2 7.91 30.02 37.92 OK
r-patched-solaris-sparc 0.14.2 484.40 NOTE
r-patched-solaris-x86 0.14.2 125.60 OK
r-release-linux-x86_64 0.14.2 7.80 30.75 38.55 OK
r-release-osx-x86_64-mavericks 0.14.2 OK
r-release-windows-ix86+x86_64 0.14.2 58.00 84.00 142.00 OK
r-oldrel-windows-ix86+x86_64 0.14.2 70.00 91.00 161.00 OK

Check Details

Version: 0.14.2
Check: R code for possible problems
Result: NOTE
    colQuantiles: no visible global function definition for ‘quantile’
    iqr: no visible global function definition for ‘quantile’
    iqrDiff: no visible global function definition for ‘quantile’
    madDiff: no visible global function definition for ‘mad’
    rowQuantiles: no visible global function definition for ‘quantile’
    Undefined global functions or variables:
     mad quantile
    Consider adding
     importFrom("stats", "mad", "quantile")
    to your NAMESPACE.
Flavors: r-devel-linux-x86_64-debian-clang, r-devel-linux-x86_64-debian-gcc, r-devel-linux-x86_64-fedora-clang, r-devel-linux-x86_64-fedora-gcc, r-devel-windows-ix86+x86_64

Version: 0.14.2
Check: package dependencies
Result: NOTE
    Package suggested but not available for checking: ‘microbenchmark’
Flavor: r-patched-solaris-sparc