CRAN Package Check Results for Package matrixStats

Last updated on 2017-12-13 23:14:28 CET.

Flavor Version Tinstall Tcheck Ttotal Status Flags
r-devel-linux-x86_64-debian-clang 0.52.2 126.59 33.86 160.45 FAIL
r-devel-linux-x86_64-debian-gcc 0.52.2 128.45 22.73 151.18 FAIL
r-devel-linux-x86_64-fedora-clang 0.52.2 388.82 NOTE
r-devel-linux-x86_64-fedora-gcc 0.52.2 363.26 NOTE
r-devel-windows-ix86+x86_64 0.52.2 381.00 437.00 818.00 NOTE
r-patched-linux-x86_64 0.52.2 139.87 169.20 309.07 OK
r-patched-solaris-x86 0.52.2 1065.70 NOTE
r-release-linux-x86_64 0.52.2 130.84 167.46 298.30 OK
r-release-windows-ix86+x86_64 0.52.2 310.00 333.00 643.00 NOTE
r-release-osx-x86_64 0.52.2 NOTE
r-oldrel-windows-ix86+x86_64 0.52.2 398.00 366.00 764.00 NOTE
r-oldrel-osx-x86_64 0.52.2 NOTE

Check Details

Version: 0.52.2
Check: pragmas in C/C++ headers and code
Result: FAIL
    
Flavors: r-devel-linux-x86_64-debian-clang, r-devel-linux-x86_64-debian-gcc

Version: 0.52.2
Check: installed package size
Result: NOTE
     installed size is 9.2Mb
     sub-directories of 1Mb or more:
     libs 8.5Mb
Flavors: r-devel-linux-x86_64-fedora-clang, r-devel-linux-x86_64-fedora-gcc, r-devel-windows-ix86+x86_64, r-patched-solaris-x86, r-release-windows-ix86+x86_64, r-release-osx-x86_64, r-oldrel-windows-ix86+x86_64, r-oldrel-osx-x86_64

Version: 0.52.2
Check: package dependencies
Result: NOTE
    Package suggested but not available for checking: ‘microbenchmark’
Flavor: r-patched-solaris-x86