CRAN Package Check Results for Package matrixStats

Last updated on 2015-05-29 21:46:42.

Flavor Version Tinstall Tcheck Ttotal Status Flags
r-devel-linux-x86_64-debian-clang 0.14.0 5.88 37.88 43.76 OK
r-devel-linux-x86_64-debian-gcc 0.14.0 7.69 37.53 45.22 OK
r-devel-linux-x86_64-fedora-clang 0.14.0 89.68 OK
r-devel-linux-x86_64-fedora-gcc 0.14.0 81.52 OK
r-devel-osx-x86_64-clang 0.14.0 78.49 OK
r-devel-windows-ix86+x86_64 0.14.0 60.00 93.00 153.00 OK
r-patched-linux-x86_64 0.14.0 7.35 37.64 44.99 OK
r-patched-solaris-sparc 0.14.0 599.80 NOTE
r-patched-solaris-x86 0.14.0 136.10 OK
r-release-linux-x86_64 0.14.0 7.56 37.90 45.46 OK
r-release-osx-x86_64-mavericks 0.14.0 OK
r-release-osx-x86_64-snowleopard 0.14.0 NOTE
r-release-windows-ix86+x86_64 0.14.0 50.00 96.00 146.00 OK
r-oldrel-windows-ix86+x86_64 0.14.0 46.00 99.00 145.00 OK

Check Details

Version: 0.14.0
Check: package dependencies
Result: NOTE
    Package suggested but not available for checking: ‘microbenchmark’
Flavor: r-patched-solaris-sparc

Version: 0.14.0
Check: package dependencies
Result: NOTE
    Packages suggested but not available for checking:
     ‘microbenchmark’ ‘ggplot2’ ‘knitr’
Flavor: r-release-osx-x86_64-snowleopard

Version: 0.14.0
Check: re-building of vignette outputs
Result: NOTE
    Error in re-building vignettes:
     ...
    matrixStats v0.14.0 (2015-02-13) successfully loaded. See ?matrixStats for help.
    Error: processing vignette 'matrixStats-methods.md.rsp' failed with diagnostics:
    there is no package called ‘knitr’
    Execution halted
Flavor: r-release-osx-x86_64-snowleopard