CRAN Package Check Results for Package matrixStats

Last updated on 2018-04-21 09:50:04 CEST.

Flavor Version Tinstall Tcheck Ttotal Status Flags
r-devel-linux-x86_64-debian-clang 0.53.1 136.06 160.39 296.45 OK
r-devel-linux-x86_64-debian-gcc 0.53.1 122.07 123.17 245.24 OK
r-devel-linux-x86_64-fedora-clang 0.53.1 384.99 NOTE
r-devel-linux-x86_64-fedora-gcc 0.53.1 348.55 NOTE
r-devel-windows-ix86+x86_64 0.53.1 402.00 313.00 715.00 NOTE
r-devel-osx-x86_64 0.53.1 NOTE
r-patched-linux-x86_64 0.53.1 157.95 160.31 318.26 OK
r-patched-solaris-x86 0.53.1 1073.20 NOTE
r-release-linux-x86_64 0.53.1 158.70 167.69 326.39 OK
r-release-windows-ix86+x86_64 0.53.1 404.00 309.00 713.00 NOTE
r-release-osx-x86_64 0.53.1 NOTE
r-oldrel-windows-ix86+x86_64 0.53.1 406.00 237.00 643.00 NOTE

Check Details

Version: 0.53.1
Check: installed package size
Result: NOTE
     installed size is 9.5Mb
     sub-directories of 1Mb or more:
     libs 8.7Mb
Flavors: r-devel-linux-x86_64-fedora-clang, r-devel-linux-x86_64-fedora-gcc, r-devel-windows-ix86+x86_64, r-devel-osx-x86_64, r-patched-solaris-x86, r-release-windows-ix86+x86_64, r-release-osx-x86_64, r-oldrel-windows-ix86+x86_64