CRAN Package Check Results for Package matrixTests

Last updated on 2019-09-22 01:46:16 CEST.

Flavor Version Tinstall Tcheck Ttotal Status Flags
r-devel-linux-x86_64-debian-clang 0.1.5 3.44 601.61 605.05 OK
r-devel-linux-x86_64-debian-gcc 0.1.6 3.32 518.90 522.22 OK
r-devel-linux-x86_64-fedora-clang 0.1.6 152.86 OK
r-devel-linux-x86_64-fedora-gcc 0.1.6 162.89 OK
r-devel-windows-ix86+x86_64 0.1.6 11.00 149.00 160.00 OK
r-patched-linux-x86_64 0.1.6 3.01 622.31 625.32 ERROR
r-patched-solaris-x86 0.1.6 170.70 OK
r-release-linux-x86_64 0.1.6 3.26 622.93 626.19 ERROR
r-release-windows-ix86+x86_64 0.1.6 23.00 187.00 210.00 OK
r-release-osx-x86_64 0.1.6 OK
r-oldrel-windows-ix86+x86_64 0.1.5 6.00 102.00 108.00 OK
r-oldrel-osx-x86_64 0.1.6 OK

Check Details

Version: 0.1.6
Check: tests
Result: ERROR
     Running ‘testthat.R’ [10m/11m]
    Running the tests in ‘tests/testthat.R’ failed.
    Complete output:
     > library(testthat)
     > library(matrixTests)
     >
     > test_check("matrixTests")
     Killed
Flavors: r-patched-linux-x86_64, r-release-linux-x86_64