CRAN Package Check Results for Package matrixpls

Last updated on 2017-08-17 18:46:43.

Flavor Version Tinstall Tcheck Ttotal Status Flags
r-devel-linux-x86_64-debian-clang 1.0.5 2.53 40.20 42.73 OK
r-devel-linux-x86_64-debian-gcc 1.0.5 2.53 39.58 42.11 OK
r-devel-linux-x86_64-fedora-clang 1.0.5 87.44 OK
r-devel-linux-x86_64-fedora-gcc 1.0.5 81.35 OK
r-devel-windows-ix86+x86_64 1.0.5 6.00 60.00 66.00 OK
r-patched-linux-x86_64 1.0.5 3.04 40.67 43.71 OK
r-patched-solaris-x86 1.0.5 91.30 OK
r-release-linux-x86_64 1.0.5 2.62 41.92 44.55 OK
r-release-windows-ix86+x86_64 1.0.5 6.00 61.00 67.00 OK
r-release-osx-x86_64 1.0.5 NOTE
r-oldrel-windows-ix86+x86_64 1.0.5 7.00 53.00 60.00 OK
r-oldrel-osx-x86_64 1.0.5 OK

Check Details

Version: 1.0.5
Check: package dependencies
Result: NOTE
    Package suggested but not available for checking: ‘ASGSCA’
Flavor: r-release-osx-x86_64