CRAN Package Check Results for Package matrixpls

Last updated on 2016-04-28 21:47:34.

Flavor Version Tinstall Tcheck Ttotal Status Flags
r-devel-linux-x86_64-debian-gcc 0.7.0 2.31 28.80 31.11 OK
r-devel-linux-x86_64-fedora-clang 0.7.0 54.61 OK
r-devel-linux-x86_64-fedora-gcc 0.7.0 53.76 OK
r-devel-osx-x86_64-clang 0.7.0 60.20 OK
r-devel-windows-ix86+x86_64 0.7.0 8.00 76.00 84.00 OK
r-patched-linux-x86_64 0.7.0 2.20 27.36 29.56 OK
r-patched-solaris-sparc 0.7.0 333.90 OK
r-patched-solaris-x86 0.7.0 66.20 OK
r-release-linux-x86_64 0.7.0 2.42 29.74 32.16 OK
r-release-osx-x86_64-mavericks 0.7.0 NOTE
r-release-windows-ix86+x86_64 0.7.0 6.00 52.00 58.00 OK
r-oldrel-windows-ix86+x86_64 0.7.0 10.00 73.00 83.00 OK

Check Details

Version: 0.7.0
Check: package dependencies
Result: NOTE
    Package suggested but not available for checking: ‘ASGSCA’
Flavor: r-release-osx-x86_64-mavericks