CRAN Package Check Results for Package matrixpls

Last updated on 2014-10-25 09:52:10.

Flavor Version Tinstall Tcheck Ttotal Status Flags
r-devel-linux-x86_64-debian-clang 0.4.0 2.81 29.80 32.60 OK
r-devel-linux-x86_64-debian-gcc 0.4.0 2.76 29.80 32.55 OK
r-devel-linux-x86_64-fedora-clang 0.4.0 34.97 OK
r-devel-linux-x86_64-fedora-gcc 0.4.0 33.70 OK
r-devel-osx-x86_64-clang 0.4.0 83.90 OK
r-devel-windows-ix86+x86_64 0.4.0 8.00 45.00 53.00 OK
r-patched-linux-x86_64 0.3.0 2.68 43.40 46.08 NOTE
r-patched-solaris-sparc 0.4.0 362.00 OK
r-patched-solaris-x86 0.4.0 89.30 OK
r-release-linux-ix86 0.3.0 3.46 53.08 56.54 OK
r-release-linux-x86_64 0.3.0 2.79 44.58 47.37 OK
r-release-osx-x86_64-mavericks 0.4.0 NOTE
r-release-osx-x86_64-snowleopard 0.3.0 OK
r-release-windows-ix86+x86_64 0.4.0 7.00 43.00 50.00 OK
r-oldrel-windows-ix86+x86_64 0.4.0 10.00 82.00 92.00 OK

Check Details

Version: 0.3.0
Check: R code for possible problems
Result: NOTE
    matrixpls.plspm: no visible global function definition for ‘boot.array’
    matrixpls.plspm: no visible global function definition for ‘mcmapply’
    matrixpls.sim: no visible binding for global variable ‘sim’
    matrixpls.sim: no visible global function definition for ‘lavaan’
    matrixpls.sim: no visible global function definition for ‘model.lavaan’
Flavor: r-patched-linux-x86_64

Version: 0.4.0
Check: package dependencies
Result: NOTE
    Package suggested but not available for checking: ‘simsem’
Flavor: r-release-osx-x86_64-mavericks

Version: 0.4.0
Check: Rd cross-references
Result: NOTE
    Package unavailable to check Rd xrefs: ‘simsem’
Flavor: r-release-osx-x86_64-mavericks