CRAN Package Check Results for Package matrixpls

Last updated on 2014-12-20 15:46:28.

Flavor Version Tinstall Tcheck Ttotal Status Flags
r-devel-linux-x86_64-debian-clang 0.5.0 3.54 34.88 38.42 OK
r-devel-linux-x86_64-debian-gcc 0.5.0 2.94 31.92 34.86 OK
r-devel-linux-x86_64-fedora-clang 0.5.0 78.56 OK
r-devel-linux-x86_64-fedora-gcc 0.5.0 65.16 OK
r-devel-osx-x86_64-clang 0.5.0 67.86 OK
r-devel-windows-ix86+x86_64 0.5.0 8.00 55.00 63.00 OK
r-patched-linux-x86_64 0.5.0 3.14 33.82 36.96 OK
r-patched-solaris-sparc 0.5.0 407.80 OK
r-patched-solaris-x86 0.5.0 97.80 OK
r-release-linux-ix86 0.5.0 3.80 41.83 45.62 OK
r-release-linux-x86_64 0.5.0 3.06 34.98 38.04 OK
r-release-osx-x86_64-mavericks 0.5.0 NOTE
r-release-osx-x86_64-snowleopard 0.5.0 NOTE
r-release-windows-ix86+x86_64 0.5.0 9.00 53.00 62.00 OK
r-oldrel-windows-ix86+x86_64 0.5.0 10.00 54.00 64.00 NOTE

Check Details

Version: 0.5.0
Check: package dependencies
Result: NOTE
    Packages suggested but not available for checking: ‘simsem’ ‘ASGSCA’
Flavor: r-release-osx-x86_64-mavericks

Version: 0.5.0
Check: Rd cross-references
Result: NOTE
    Package unavailable to check Rd xrefs: ‘simsem’
Flavor: r-release-osx-x86_64-mavericks

Version: 0.5.0
Check: package dependencies
Result: NOTE
    Package suggested but not available for checking: ‘ASGSCA’
Flavors: r-release-osx-x86_64-snowleopard, r-oldrel-windows-ix86+x86_64