CRAN Package Check Results for Package matrixpls

Last updated on 2015-04-18 15:47:46.

Flavor Version Tinstall Tcheck Ttotal Status Flags
r-devel-linux-x86_64-debian-clang 0.5.0 2.94 30.94 33.89 OK
r-devel-linux-x86_64-debian-gcc 0.5.0 2.71 29.76 32.47 OK
r-devel-linux-x86_64-fedora-clang 0.5.0 65.01 OK
r-devel-linux-x86_64-fedora-gcc 0.5.0 61.21 OK
r-devel-osx-x86_64-clang 0.5.0 58.85 OK
r-patched-linux-x86_64 0.5.0 2.56 29.37 31.93 OK
r-patched-solaris-sparc 0.5.0 400.40 OK
r-patched-solaris-x86 0.5.0 80.50 OK
r-release-linux-x86_64 0.5.0 3.32 29.74 33.07 OK
r-release-osx-x86_64-mavericks 0.5.0 NOTE
r-release-osx-x86_64-snowleopard 0.5.0 NOTE
r-release-windows-ix86+x86_64 0.5.0 7.00 56.00 63.00 OK
r-oldrel-windows-ix86+x86_64 0.5.0 11.00 80.00 91.00 NOTE

Check Details

Version: 0.5.0
Check: package dependencies
Result: NOTE
    Package suggested but not available for checking: ‘ASGSCA’
Flavors: r-release-osx-x86_64-mavericks, r-release-osx-x86_64-snowleopard, r-oldrel-windows-ix86+x86_64