CRAN Package Check Results for Package matrixpls

Last updated on 2017-05-23 08:49:05.

Flavor Version Tinstall Tcheck Ttotal Status Flags
r-devel-linux-x86_64-debian-clang 1.0.5 4.64 41.34 45.98 OK
r-devel-linux-x86_64-debian-gcc 1.0.5 2.92 40.11 43.03 OK
r-devel-linux-x86_64-fedora-clang 1.0.5 85.70 OK --no-stop-on-test-error
r-devel-linux-x86_64-fedora-gcc 1.0.5 77.69 OK --no-stop-on-test-error
r-devel-windows-ix86+x86_64 1.0.5 11.00 96.00 107.00 OK
r-patched-linux-x86_64 1.0.5 2.61 41.41 44.02 OK
r-patched-solaris-sparc 1.0.5 455.40 OK
r-patched-solaris-x86 1.0.5 87.40 OK
r-release-linux-x86_64 1.0.5 2.58 39.90 42.47 OK
r-release-windows-ix86+x86_64 1.0.5 7.00 87.00 94.00 OK
r-release-osx-x86_64 1.0.5 NOTE
r-oldrel-windows-ix86+x86_64 1.0.5 9.00 78.00 87.00 OK
r-oldrel-osx-x86_64 1.0.5 OK

Check Details

Version: 1.0.5
Check: package dependencies
Result: NOTE
    Package suggested but not available for checking: ‘ASGSCA’
Flavor: r-release-osx-x86_64