CRAN Package Check Results for Package matrixpls

Last updated on 2014-04-24 07:52:31.

Flavor Version Tinstall Tcheck Ttotal Status Flags
r-devel-linux-x86_64-debian-clang 0.2.0 2.04 24.01 26.04 OK
r-devel-linux-x86_64-debian-gcc 0.2.0 1.97 23.77 25.74 OK
r-devel-linux-x86_64-fedora-clang 0.2.0 52.27 OK
r-devel-linux-x86_64-fedora-gcc 0.2.0 51.00 OK
r-devel-osx-x86_64-clang 0.2.0 42.33 OK
r-devel-osx-x86_64-gcc 0.2.0 NOTE
r-devel-windows-ix86+x86_64 0.2.0 4.00 37.00 41.00 OK
r-patched-linux-x86_64 0.2.0 2.22 24.34 26.56 OK
r-patched-solaris-sparc 0.2.0 286.00 OK
r-patched-solaris-x86 0.2.0 64.70 OK
r-release-linux-ix86 0.2.0 3.00 42.00 45.00 OK
r-release-linux-x86_64 0.2.0 2.00 24.05 26.05 OK
r-release-osx-x86_64-mavericks 0.2.0 ERROR
r-release-osx-x86_64-snowleopard 0.2.0 WARN
r-release-windows-ix86+x86_64 0.2.0 4.00 35.00 39.00 OK
r-oldrel-windows-ix86+x86_64 0.2.0 5.00 35.00 40.00 OK

Check Details

Version: 0.2.0
Check: Rd cross-references
Result: NOTE
    Package unavailable to check Rd xrefs: ‘semPLS’
Flavor: r-devel-osx-x86_64-gcc

Version: 0.2.0
Check: package dependencies
Result: NOTE
    Package suggested but not available for checking: ‘simsem’
Flavor: r-release-osx-x86_64-mavericks

Version: 0.2.0
Check: Rd cross-references
Result: NOTE
    Package unavailable to check Rd xrefs: ‘simsem’
Flavor: r-release-osx-x86_64-mavericks

Version: 0.2.0
Check: examples
Result: ERROR
    Running examples in ‘matrixpls-Ex.R’ failed
    The error most likely occurred in:
    
    > ### Name: matrixpls.sim
    > ### Title: Monte Carlo simulations with matrixpls
    > ### Aliases: matrixpls.sim
    >
    > ### ** Examples
    >
    > #
    > # Runs an example from the SimSem website
    > #
    > # https://github.com/simsem/simsem/wiki/Example-2:-Getting-Started-%28lavaan-input%29
    > #
    >
    > library(matrixpls)
    >
    > popModel <- "
    + f1 =~ 1*y1 + 0.6*y2 + 0.7*y3
    + f2 =~ 1*y4 + 1.1*y5 + 0.9*y6
    + f3 =~ 1*y7 + 1.2*y8 + 1.1*y9
    + f1 ~~ 0.8*f1
    + f2 ~~ 0.9*f2
    + f3 ~~ 0.4*f3
    + f1 ~~ 0.4*f2
    + f1 ~~ 0.2*f3
    + f2 ~~ 0.3*f3
    + y1 ~~ 0.5*y1
    + y2 ~~ 1.1*y2
    + y3 ~~ 0.8*y3
    + y4 ~~ 0.4*y4
    + y5 ~~ 0.4*y5
    + y6 ~~ 0.8*y6
    + y7 ~~ 0.8*y7
    + y8 ~~ 0.5*y8
    + y9 ~~ 0.6*y9
    + "
    >
    > analyzeModel <- "
    + f1 =~ y1 + y2 + y3
    + f2 =~ y4 + y5 + y6
    + f3 =~ y7 + y8 + y9
    + "
    >
    > # Only run 10 replications with 50 bootstrap replications each so that the
    > #example runs faster
    >
    > Output <- matrixpls.sim(10, analyzeModel, n=200, generate=popModel, boot.R=50,
    + multicore = FALSE, stopOnError = TRUE)
    Error in library(simsem) : there is no package called ‘simsem’
    Calls: matrixpls.sim -> library
    Execution halted
Flavor: r-release-osx-x86_64-mavericks

Version: 0.2.0
Check: examples
Result: WARNING
    checking a package with encoding 'UTF-8' in an ASCII locale
    
     OK
Flavor: r-release-osx-x86_64-snowleopard