CRAN Package Check Results for Package matrixpls

Last updated on 2015-03-02 19:52:19.

Flavor Version Tinstall Tcheck Ttotal Status Flags
r-devel-linux-x86_64-debian-clang 0.5.0 2.60 29.10 31.71 OK
r-devel-linux-x86_64-debian-gcc 0.5.0 2.54 29.46 32.00 OK
r-devel-linux-x86_64-fedora-clang 0.5.0 66.99 OK
r-devel-linux-x86_64-fedora-gcc 0.5.0 63.47 OK
r-devel-osx-x86_64-clang 0.5.0 59.65 OK
r-devel-windows-ix86+x86_64 0.5.0 11.00 64.00 75.00 OK
r-patched-linux-x86_64 0.5.0 3.10 35.22 38.32 OK
r-patched-solaris-sparc 0.5.0 432.40 OK
r-patched-solaris-x86 0.5.0 100.30 OK
r-release-linux-ix86 0.5.0 3.83 42.95 46.78 OK
r-release-linux-x86_64 0.5.0 3.10 34.62 37.72 OK
r-release-osx-x86_64-mavericks 0.5.0 NOTE
r-release-osx-x86_64-snowleopard 0.5.0 NOTE
r-release-windows-ix86+x86_64 0.5.0 14.00 78.00 92.00 OK
r-oldrel-windows-ix86+x86_64 0.5.0 9.00 58.00 67.00 NOTE

Check Details

Version: 0.5.0
Check: package dependencies
Result: NOTE
    Package suggested but not available for checking: ‘ASGSCA’
Flavors: r-release-osx-x86_64-mavericks, r-release-osx-x86_64-snowleopard, r-oldrel-windows-ix86+x86_64