CRAN Package Check Results for Package matrixpls

Last updated on 2017-06-28 03:48:34.

Flavor Version Tinstall Tcheck Ttotal Status Flags
r-devel-linux-x86_64-debian-clang 1.0.5 2.64 40.61 43.25 OK
r-devel-linux-x86_64-debian-gcc 1.0.5 2.76 38.00 40.75 OK
r-devel-linux-x86_64-fedora-clang 1.0.5 82.23 OK
r-devel-linux-x86_64-fedora-gcc 1.0.5 79.03 OK
r-devel-windows-ix86+x86_64 1.0.5 11.00 75.00 86.00 OK
r-patched-linux-x86_64 1.0.5 2.91 41.12 44.03 OK
r-patched-solaris-sparc 1.0.5 455.40 OK
r-patched-solaris-x86 1.0.5 87.40 OK
r-release-linux-x86_64 1.0.5 2.55 41.43 43.98 OK
r-release-windows-ix86+x86_64 1.0.5 8.00 95.00 103.00 OK
r-release-osx-x86_64 1.0.5 NOTE
r-oldrel-windows-ix86+x86_64 1.0.5 9.00 73.00 82.00 OK
r-oldrel-osx-x86_64 1.0.5 OK

Check Details

Version: 1.0.5
Check: package dependencies
Result: NOTE
    Package suggested but not available for checking: ‘ASGSCA’
Flavor: r-release-osx-x86_64