CRAN Package Check Results for Package matrixpls

Last updated on 2017-12-17 18:46:27 CET.

Flavor Version Tinstall Tcheck Ttotal Status Flags
r-devel-linux-x86_64-debian-clang 1.0.5 4.86 65.39 70.25 OK
r-devel-linux-x86_64-debian-gcc 1.0.5 3.29 47.83 51.12 OK
r-devel-linux-x86_64-fedora-clang 1.0.5 79.36 OK
r-devel-linux-x86_64-fedora-gcc 1.0.5 76.53 OK
r-devel-windows-ix86+x86_64 1.0.5 7.00 61.00 68.00 OK
r-patched-linux-x86_64 1.0.5 2.96 63.57 66.53 OK
r-patched-solaris-x86 1.0.5 87.50 OK
r-release-linux-x86_64 1.0.5 3.31 65.23 68.54 OK
r-release-windows-ix86+x86_64 1.0.5 8.00 60.00 68.00 OK
r-release-osx-x86_64 1.0.5 NOTE
r-oldrel-windows-ix86+x86_64 1.0.5 7.00 74.00 81.00 OK
r-oldrel-osx-x86_64 1.0.5 OK

Check Details

Version: 1.0.5
Check: package dependencies
Result: NOTE
    Package suggested but not available for checking: ‘ASGSCA’
Flavor: r-release-osx-x86_64