CRAN Package Check Results for Package matrixpls

Last updated on 2018-05-22 13:46:36 CEST.

Flavor Version Tinstall Tcheck Ttotal Status Flags
r-devel-linux-x86_64-debian-clang 1.0.5 3.90 54.12 58.02 OK
r-devel-linux-x86_64-debian-gcc 1.0.5 2.78 42.96 45.74 OK
r-devel-linux-x86_64-fedora-clang 1.0.5 71.66 OK
r-devel-linux-x86_64-fedora-gcc 1.0.5 69.72 OK
r-devel-windows-ix86+x86_64 1.0.5 9.00 61.00 70.00 OK
r-patched-linux-x86_64 1.0.5 4.89 52.14 57.03 OK
r-patched-solaris-x86 1.0.5 87.60 OK
r-release-linux-x86_64 1.0.5 3.74 53.95 57.69 OK
r-release-windows-ix86+x86_64 1.0.5 11.00 82.00 93.00 OK
r-release-osx-x86_64 1.0.5 NOTE
r-oldrel-windows-ix86+x86_64 1.0.5 9.00 86.00 95.00 OK
r-oldrel-osx-x86_64 1.0.5 NOTE

Check Details

Version: 1.0.5
Check: package dependencies
Result: NOTE
    Package suggested but not available for checking: ‘ASGSCA’
Flavors: r-release-osx-x86_64, r-oldrel-osx-x86_64