CRAN Package Check Results for Package matrixpls

Last updated on 2014-11-22 05:48:26.

Flavor Version Tinstall Tcheck Ttotal Status Flags
r-devel-linux-x86_64-debian-clang 0.4.0 2.98 30.25 33.24 OK
r-devel-linux-x86_64-debian-gcc 0.4.0 2.70 29.78 32.48 OK
r-devel-linux-x86_64-fedora-clang 0.4.0 70.29 OK
r-devel-linux-x86_64-fedora-gcc 0.4.0 64.83 OK
r-devel-osx-x86_64-clang 0.4.0 61.91 OK
r-devel-windows-ix86+x86_64 0.4.0 9.00 43.00 52.00 OK
r-patched-linux-x86_64 0.4.0 3.16 31.47 34.63 OK
r-patched-solaris-sparc 0.4.0 362.00 OK
r-patched-solaris-x86 0.4.0 86.60 OK
r-release-linux-ix86 0.4.0 3.60 38.10 41.70 OK
r-release-linux-x86_64 0.4.0 2.96 30.71 33.67 OK
r-release-osx-x86_64-mavericks 0.4.0 NOTE
r-release-osx-x86_64-snowleopard 0.4.0 OK
r-release-windows-ix86+x86_64 0.4.0 10.00 45.00 55.00 OK
r-oldrel-windows-ix86+x86_64 0.4.0 8.00 50.00 58.00 OK

Check Details

Version: 0.4.0
Check: package dependencies
Result: NOTE
    Package suggested but not available for checking: ‘simsem’
Flavor: r-release-osx-x86_64-mavericks

Version: 0.4.0
Check: Rd cross-references
Result: NOTE
    Package unavailable to check Rd xrefs: ‘simsem’
Flavor: r-release-osx-x86_64-mavericks