CRAN Package Check Results for Package matrixpls

Last updated on 2015-08-01 23:47:21.

Flavor Version Tinstall Tcheck Ttotal Status Flags
r-devel-linux-x86_64-debian-clang 0.5.0 2.68 30.67 33.35 NOTE
r-devel-linux-x86_64-debian-gcc 0.5.0 2.85 29.92 32.77 NOTE
r-devel-linux-x86_64-fedora-clang 0.5.0 64.75 NOTE
r-devel-linux-x86_64-fedora-gcc 0.5.0 60.11 NOTE
r-devel-osx-x86_64-clang 0.5.0 56.96 OK
r-devel-windows-ix86+x86_64 0.5.0 11.00 51.00 62.00 NOTE
r-patched-linux-x86_64 0.5.0 2.66 28.73 31.39 OK
r-patched-solaris-sparc 0.5.0 405.20 OK
r-patched-solaris-x86 0.5.0 81.10 OK
r-release-linux-x86_64 0.5.0 4.40 29.80 34.19 OK
r-release-osx-x86_64-mavericks 0.5.0 NOTE
r-release-windows-ix86+x86_64 0.5.0 9.00 54.00 63.00 OK
r-oldrel-windows-ix86+x86_64 0.5.0 13.00 65.00 78.00 OK

Check Details

Version: 0.5.0
Check: R code for possible problems
Result: NOTE
    fitSummary: no visible global function definition for ‘residuals’
    get_bootDataFrame: no visible binding for global variable ‘sd’
    get_bootDataFrame: no visible binding for global variable ‘quantile’
    get_plsr1: no visible global function definition for ‘cov2cor’
    matrixpls: no visible global function definition for ‘cov2cor’
    matrixpls.boot: no visible global function definition for ‘cov’
    matrixpls.boot : <anonymous>: no visible global function definition for
     ‘cov’
    matrixpls.plspm: no visible global function definition for ‘cor’
    matrixpls.plspm: no visible global function definition for ‘cov’
    matrixpls.plspm: no visible global function definition for ‘cov2cor’
    matrixpls.plspm : <anonymous>: no visible global function definition
     for ‘cor’
    matrixpls.plspm : <anonymous>: no visible global function definition
     for ‘cov’
    matrixpls.plspm : <anonymous>: no visible global function definition
     for ‘pt’
    matrixpls.plspm : <anonymous>: no visible binding for global variable
     ‘sd’
    matrixpls.sempls: no visible global function definition for
     ‘complete.cases’
    matrixpls.sempls: no visible global function definition for ‘na.omit’
    matrixpls.sempls: no visible binding for global variable ‘sd’
    matrixpls.sempls: no visible global function definition for ‘cov’
    matrixpls.sempls : <anonymous>: no visible global function definition
     for ‘reshape’
    matrixpls.sim: no visible global function definition for ‘is’
    matrixpls.sim : modelFun: no visible global function definition for
     ‘cov’
    matrixpls.sim : modelFun: no visible global function definition for
     ‘cor’
    matrixpls.sim : modelFun: no visible binding for global variable ‘sd’
    params.plsc: no visible global function definition for ‘coef’
    parseModelToNativeFormat: no visible global function definition for
     ‘is’
    print.matrixpls: no visible binding for global variable ‘sd’
    summary.matrixpls: no visible global function definition for
     ‘residuals’
    weight.optim: no visible global function definition for ‘optim’
    Undefined global functions or variables:
     coef complete.cases cor cov cov2cor is na.omit optim pt quantile
     reshape residuals sd
    Consider adding
     importFrom("methods", "is")
     importFrom("stats", "coef", "complete.cases", "cor", "cov", "cov2cor",
     "na.omit", "optim", "pt", "quantile", "reshape",
     "residuals", "sd")
    to your NAMESPACE.
Flavors: r-devel-linux-x86_64-debian-clang, r-devel-linux-x86_64-debian-gcc, r-devel-linux-x86_64-fedora-clang, r-devel-linux-x86_64-fedora-gcc, r-devel-windows-ix86+x86_64

Version: 0.5.0
Check: package dependencies
Result: NOTE
    Package suggested but not available for checking: ‘ASGSCA’
Flavor: r-release-osx-x86_64-mavericks