CRAN Package Check Results for Package matrixpls

Last updated on 2016-02-07 17:49:50.

Flavor Version Tinstall Tcheck Ttotal Status Flags
r-devel-linux-x86_64-debian-gcc 0.7.0 2.36 26.30 28.66 OK
r-devel-linux-x86_64-fedora-clang 0.7.0 53.88 OK
r-devel-linux-x86_64-fedora-gcc 0.7.0 51.98 OK
r-devel-osx-x86_64-clang 0.7.0 59.86 OK
r-devel-windows-ix86+x86_64 0.7.0 6.00 46.00 52.00 OK
r-patched-linux-x86_64 0.7.0 2.38 28.54 30.93 OK
r-patched-solaris-sparc 0.7.0 336.70 OK
r-patched-solaris-x86 0.7.0 61.60 OK
r-release-linux-x86_64 0.7.0 2.56 26.95 29.51 OK
r-release-osx-x86_64-mavericks 0.7.0 NOTE
r-release-windows-ix86+x86_64 0.7.0 7.00 70.00 77.00 OK
r-oldrel-windows-ix86+x86_64 0.7.0 10.00 53.00 63.00 OK

Check Details

Version: 0.7.0
Check: package dependencies
Result: NOTE
    Package suggested but not available for checking: ‘ASGSCA’
Flavor: r-release-osx-x86_64-mavericks