CRAN Package Check Results for Package matrixpls

Last updated on 2015-05-22 17:46:41.

Flavor Version Tinstall Tcheck Ttotal Status Flags
r-devel-linux-x86_64-debian-clang 0.5.0 4.00 30.09 34.09 OK
r-devel-linux-x86_64-debian-gcc 0.5.0 2.67 28.89 31.56 OK
r-devel-linux-x86_64-fedora-clang 0.5.0 64.58 OK
r-devel-linux-x86_64-fedora-gcc 0.5.0 61.40 OK
r-devel-osx-x86_64-clang 0.5.0 57.79 OK
r-devel-windows-ix86+x86_64 0.5.0 8.00 46.00 54.00 OK
r-patched-linux-x86_64 0.5.0 2.64 30.38 33.02 OK
r-patched-solaris-sparc 0.5.0 400.40 OK
r-patched-solaris-x86 0.5.0 81.70 OK
r-release-linux-x86_64 0.5.0 3.03 29.62 32.64 OK
r-release-osx-x86_64-mavericks 0.5.0 NOTE
r-release-osx-x86_64-snowleopard 0.5.0 NOTE
r-release-windows-ix86+x86_64 0.5.0 8.00 50.00 58.00 OK
r-oldrel-windows-ix86+x86_64 0.5.0 9.00 57.00 66.00 OK

Check Details

Version: 0.5.0
Check: package dependencies
Result: NOTE
    Package suggested but not available for checking: ‘ASGSCA’
Flavor: r-release-osx-x86_64-mavericks

Version: 0.5.0
Check: package dependencies
Result: NOTE
    Packages suggested but not available for checking: ‘semPLS’ ‘ASGSCA’
Flavor: r-release-osx-x86_64-snowleopard

Version: 0.5.0
Check: Rd cross-references
Result: NOTE
    Package unavailable to check Rd xrefs: ‘semPLS’
Flavor: r-release-osx-x86_64-snowleopard