CRAN Package Check Results for Package matrixpls

Last updated on 2017-10-17 01:48:03.

Flavor Version Tinstall Tcheck Ttotal Status Flags
r-devel-linux-x86_64-debian-clang 1.0.5 2.93 39.27 42.21 OK
r-devel-linux-x86_64-debian-gcc 1.0.5 3.13 42.19 45.32 OK
r-devel-linux-x86_64-fedora-clang 1.0.5 78.69 OK
r-devel-linux-x86_64-fedora-gcc 1.0.5 80.01 OK
r-devel-windows-ix86+x86_64 1.0.5 7.00 62.00 69.00 OK
r-patched-linux-x86_64 1.0.5 2.62 38.10 40.73 OK
r-patched-solaris-x86 1.0.5 90.30 OK
r-release-linux-x86_64 1.0.5 2.79 38.95 41.74 OK
r-release-windows-ix86+x86_64 1.0.5 12.00 86.00 98.00 OK
r-release-osx-x86_64 1.0.5 NOTE
r-oldrel-windows-ix86+x86_64 1.0.5 12.00 78.00 90.00 OK
r-oldrel-osx-x86_64 1.0.5 OK

Check Details

Version: 1.0.5
Check: package dependencies
Result: NOTE
    Package suggested but not available for checking: ‘ASGSCA’
Flavor: r-release-osx-x86_64