CRAN Package Check Results for Package matrixpls

Last updated on 2015-01-27 12:47:32.

Flavor Version Tinstall Tcheck Ttotal Status Flags
r-devel-linux-x86_64-debian-clang 0.5.0 2.62 30.88 33.50 OK
r-devel-linux-x86_64-debian-gcc 0.5.0 4.42 29.37 33.80 OK
r-devel-linux-x86_64-fedora-clang 0.5.0 79.78 OK
r-devel-linux-x86_64-fedora-gcc 0.5.0 74.20 OK
r-devel-osx-x86_64-clang 0.5.0 67.79 OK
r-devel-windows-ix86+x86_64 0.5.0 7.00 44.00 51.00 OK
r-patched-linux-x86_64 0.5.0 3.16 33.83 36.99 OK
r-patched-solaris-sparc 0.5.0 432.40 OK
r-patched-solaris-x86 0.5.0 99.00 OK
r-release-linux-ix86 0.5.0 3.74 41.94 45.68 OK
r-release-linux-x86_64 0.5.0 3.13 36.10 39.22 OK
r-release-osx-x86_64-mavericks 0.5.0 NOTE
r-release-osx-x86_64-snowleopard 0.5.0 NOTE
r-release-windows-ix86+x86_64 0.5.0 9.00 51.00 60.00 OK
r-oldrel-windows-ix86+x86_64 0.5.0 12.00 77.00 89.00 NOTE

Check Details

Version: 0.5.0
Check: package dependencies
Result: NOTE
    Package suggested but not available for checking: ‘ASGSCA’
Flavors: r-release-osx-x86_64-mavericks, r-release-osx-x86_64-snowleopard, r-oldrel-windows-ix86+x86_64