CRAN Package Check Results for Package maxLik

Last updated on 2015-05-30 23:47:00.

Flavor Version Tinstall Tcheck Ttotal Status Flags
r-devel-linux-x86_64-debian-clang 1.2-4 2.44 104.52 106.96 NOTE
r-devel-linux-x86_64-debian-gcc 1.2-4 2.25 102.14 104.39 NOTE
r-devel-linux-x86_64-fedora-clang 1.2-4 215.32 NOTE
r-devel-linux-x86_64-fedora-gcc 1.2-4 200.24 NOTE
r-devel-osx-x86_64-clang 1.2-4 140.81 NOTE
r-devel-windows-ix86+x86_64 1.2-4 6.00 161.00 167.00 NOTE
r-patched-linux-x86_64 1.2-4 2.04 102.48 104.52 NOTE
r-patched-solaris-sparc 1.2-4 1483.30 NOTE
r-patched-solaris-x86 1.2-4 236.10 NOTE
r-release-linux-x86_64 1.2-4 2.28 104.93 107.22 NOTE
r-release-osx-x86_64-mavericks 1.2-4 NOTE
r-release-osx-x86_64-snowleopard 1.2-4 ERROR
r-release-windows-ix86+x86_64 1.2-4 6.00 160.00 166.00 NOTE
r-oldrel-windows-ix86+x86_64 1.2-4 6.00 155.00 161.00 OK

Check Details

Version: 1.2-4
Check: DESCRIPTION meta-information
Result: NOTE
    Malformed Description field: should contain one or more complete sentences.
Flavors: r-devel-linux-x86_64-debian-clang, r-devel-linux-x86_64-debian-gcc, r-devel-linux-x86_64-fedora-clang, r-devel-linux-x86_64-fedora-gcc, r-devel-osx-x86_64-clang, r-devel-windows-ix86+x86_64, r-patched-linux-x86_64, r-patched-solaris-sparc, r-patched-solaris-x86, r-release-linux-x86_64, r-release-osx-x86_64-mavericks, r-release-windows-ix86+x86_64

Version: 1.2-4
Check: package dependencies
Result: ERROR
    Packages required but not available: ‘miscTools’ ‘sandwich’
    
    See section ‘The DESCRIPTION file’ in the ‘Writing R Extensions’
    manual.
Flavor: r-release-osx-x86_64-snowleopard