CRAN Package Check Results for Package maxLik

Last updated on 2014-04-19 05:47:47.

Flavor Version Tinstall Tcheck Ttotal Status Flags
r-devel-linux-x86_64-debian-clang 1.2-0 2.78 110.72 113.50 OK
r-devel-linux-x86_64-debian-gcc 1.2-0 2.58 111.71 114.29 OK
r-devel-linux-x86_64-fedora-clang 1.2-0 234.28 OK
r-devel-linux-x86_64-fedora-gcc 1.2-0 223.19 OK
r-devel-macosx-x86_64-clang 1.2-0 133.99 OK
r-devel-macosx-x86_64-gcc 1.2-0 ERROR
r-devel-windows-ix86+x86_64 1.2-0 6.00 170.00 176.00 OK
r-patched-linux-x86_64 1.2-0 2.52 111.52 114.04 OK
r-patched-solaris-sparc 1.2-0 1456.70 OK
r-patched-solaris-x86 1.2-0 250.50 OK
r-release-linux-ix86 1.2-0 6.00 171.00 177.00 OK
r-release-linux-x86_64 1.2-0 2.76 112.36 115.12 OK
r-release-macosx-x86_64 1.2-0 OK
r-release-windows-ix86+x86_64 1.2-0 7.00 168.00 175.00 OK
r-oldrel-windows-ix86+x86_64 1.2-0 6.00 168.00 174.00 OK

Check Details

Version: 1.2-0
Check: package dependencies
Result: ERROR
    Packages required but not available: ‘miscTools’ ‘sandwich’
    
    See the information on DESCRIPTION files in the chapter ‘Creating R
    packages’ of the ‘Writing R Extensions’ manual.
Flavor: r-devel-macosx-x86_64-gcc