CRAN Package Check Results for Package maxLik

Last updated on 2015-04-25 12:46:17.

Flavor Version Tinstall Tcheck Ttotal Status Flags
r-devel-linux-x86_64-debian-clang 1.2-4 2.18 104.24 106.43 NOTE
r-devel-linux-x86_64-debian-gcc 1.2-4 1.98 103.51 105.49 NOTE
r-devel-linux-x86_64-fedora-clang 1.2-4 214.38 NOTE
r-devel-linux-x86_64-fedora-gcc 1.2-4 206.99 NOTE
r-devel-osx-x86_64-clang 1.2-4 141.99 NOTE
r-devel-windows-ix86+x86_64 1.2-4 6.00 159.00 165.00 NOTE
r-patched-linux-x86_64 1.2-4 2.05 102.46 104.51 NOTE
r-patched-solaris-sparc 1.2-4 1489.10 NOTE
r-patched-solaris-x86 1.2-4 235.40 NOTE
r-release-linux-x86_64 1.2-4 2.06 102.86 104.92 NOTE
r-release-osx-x86_64-mavericks 1.2-4 NOTE
r-release-osx-x86_64-snowleopard 1.2-4 ERROR
r-release-windows-ix86+x86_64 1.2-4 5.00 166.00 171.00 NOTE
r-oldrel-windows-ix86+x86_64 1.2-4 5.00 147.00 152.00 OK

Check Details

Version: 1.2-4
Check: DESCRIPTION meta-information
Result: NOTE
    Malformed Description field: should contain one or more complete sentences.
Flavors: r-devel-windows-ix86+x86_64, r-release-windows-ix86+x86_64