CRAN Package Check Results for Package maxLik

Last updated on 2020-08-05 20:48:01 CEST.

Flavor Version Tinstall Tcheck Ttotal Status Flags
r-devel-linux-x86_64-debian-clang 1.4-0 8.49 108.11 116.60 OK
r-devel-linux-x86_64-debian-gcc 1.4-0 6.72 75.05 81.77 OK
r-devel-linux-x86_64-fedora-clang 1.4-0 137.45 NOTE
r-devel-linux-x86_64-fedora-gcc 1.4-0 131.85 OK
r-devel-windows-ix86+x86_64 1.4-0 18.00 148.00 166.00 OK
r-patched-linux-x86_64 1.4-0 8.77 102.29 111.06 OK
r-patched-solaris-x86 1.4-0 162.80 OK
r-release-linux-x86_64 1.4-0 7.51 102.75 110.26 OK
r-release-macos-x86_64 1.4-0 OK
r-release-windows-ix86+x86_64 1.4-0 18.00 151.00 169.00 OK
r-oldrel-macos-x86_64 1.4-0 OK
r-oldrel-windows-ix86+x86_64 1.4-0 13.00 111.00 124.00 OK

Additional issues

ATLAS

Check Details

Version: 1.4-0
Check: Rd cross-references
Result: NOTE
    Undeclared packages ‘dlm’, ‘clue’ in Rd xrefs
Flavor: r-devel-linux-x86_64-fedora-clang