CRAN Package Check Results for Package maxLik

Last updated on 2015-03-27 12:48:36.

Flavor Version Tinstall Tcheck Ttotal Status Flags
r-devel-linux-x86_64-debian-clang 1.2-4 2.23 107.83 110.06 NOTE
r-devel-linux-x86_64-debian-gcc 1.2-4 2.06 104.02 106.08 NOTE
r-devel-linux-x86_64-fedora-clang 1.2-4 227.17 NOTE
r-devel-linux-x86_64-fedora-gcc 1.2-4 204.32 NOTE
r-devel-osx-x86_64-clang 1.2-4 153.54 NOTE
r-prerel-windows-ix86+x86_64 1.2-4 6.00 177.00 183.00 NOTE
r-prerel-linux-x86_64 1.2-4 2.18 102.52 104.70 NOTE
r-prerel-solaris-sparc 1.2-4 1489.10 NOTE
r-prerel-solaris-x86 1.2-4 234.80 NOTE
r-release-linux-x86_64 1.2-4 2.49 109.98 112.46 OK
r-release-osx-x86_64-mavericks 1.2-4 OK
r-release-osx-x86_64-snowleopard 1.2-4 OK
r-release-windows-ix86+x86_64 1.2-4 7.00 157.00 164.00 OK
r-oldrel-windows-ix86+x86_64 1.2-4 6.00 170.00 176.00 OK

Check Details

Version: 1.2-4
Check: DESCRIPTION meta-information
Result: NOTE
    Malformed Description field: should contain one or more complete sentences.
Flavors: r-devel-linux-x86_64-debian-clang, r-devel-linux-x86_64-debian-gcc, r-devel-linux-x86_64-fedora-clang, r-devel-linux-x86_64-fedora-gcc, r-devel-osx-x86_64-clang, r-prerel-windows-ix86+x86_64, r-prerel-linux-x86_64, r-prerel-solaris-sparc, r-prerel-solaris-x86