CRAN Package Check Results for Package maxLik

Last updated on 2015-09-05 17:48:03.

Flavor Version Tinstall Tcheck Ttotal Status Flags
r-devel-linux-x86_64-debian-clang 1.2-4 2.19 104.39 106.58 NOTE
r-devel-linux-x86_64-debian-gcc 1.2-4 1.98 100.38 102.36 NOTE
r-devel-linux-x86_64-fedora-clang 1.2-4 211.47 NOTE
r-devel-linux-x86_64-fedora-gcc 1.2-4 201.22 NOTE
r-devel-osx-x86_64-clang 1.2-4 137.53 NOTE
r-devel-windows-ix86+x86_64 1.2-4 8.00 183.00 191.00 NOTE
r-patched-linux-x86_64 1.2-4 2.36 103.25 105.61 NOTE
r-patched-solaris-sparc 1.2-4 1471.40 NOTE
r-patched-solaris-x86 1.2-4 235.40 NOTE
r-release-linux-x86_64 1.2-4 2.25 103.02 105.26 NOTE
r-release-osx-x86_64-mavericks 1.2-4 NOTE
r-release-windows-ix86+x86_64 1.2-4 7.00 185.00 192.00 NOTE
r-oldrel-windows-ix86+x86_64 1.2-4 7.00 196.00 203.00 OK

Check Details

Version: 1.2-4
Check: DESCRIPTION meta-information
Result: NOTE
    Malformed Description field: should contain one or more complete sentences.
Flavors: r-devel-linux-x86_64-debian-clang, r-devel-linux-x86_64-debian-gcc, r-devel-linux-x86_64-fedora-clang, r-devel-linux-x86_64-fedora-gcc, r-devel-osx-x86_64-clang, r-devel-windows-ix86+x86_64, r-patched-linux-x86_64, r-patched-solaris-sparc, r-patched-solaris-x86, r-release-linux-x86_64, r-release-osx-x86_64-mavericks, r-release-windows-ix86+x86_64

Version: 1.2-4
Check: R code for possible problems
Result: NOTE
    AIC.maxLik: no visible global function definition for ‘logLik’
    activePar.default: no visible global function definition for ‘coef’
    bread.maxLik: no visible global function definition for ‘vcov’
    constrOptim2: no visible global function definition for ‘optim’
    maxOptim: no visible global function definition for ‘optim’
    print.summary.maxLik: no visible global function definition for
     ‘printCoefmat’
    summary.maxLik: no visible global function definition for ‘pnorm’
    sumt: no visible global function definition for ‘coef’
    Undefined global functions or variables:
     coef logLik optim pnorm printCoefmat vcov
    Consider adding
     importFrom("stats", "coef", "logLik", "optim", "pnorm", "printCoefmat",
     "vcov")
    to your NAMESPACE.
Flavors: r-devel-linux-x86_64-debian-clang, r-devel-linux-x86_64-debian-gcc, r-devel-linux-x86_64-fedora-clang, r-devel-linux-x86_64-fedora-gcc, r-devel-windows-ix86+x86_64