CRAN Package Check Results for Package maxLik

Last updated on 2015-07-31 15:47:33.

Flavor Version Tinstall Tcheck Ttotal Status Flags
r-devel-linux-x86_64-debian-clang 1.2-4 3.11 108.32 111.43 NOTE
r-devel-linux-x86_64-debian-gcc 1.2-4 3.22 104.46 107.68 NOTE
r-devel-linux-x86_64-fedora-clang 1.2-4 215.00 NOTE
r-devel-linux-x86_64-fedora-gcc 1.2-4 205.17 NOTE
r-devel-osx-x86_64-clang 1.2-4 137.33 NOTE
r-devel-windows-ix86+x86_64 1.2-4 7.00 159.00 166.00 NOTE
r-patched-linux-x86_64 1.2-4 1.99 104.67 106.66 NOTE
r-patched-solaris-sparc 1.2-4 1471.40 NOTE
r-patched-solaris-x86 1.2-4 237.10 NOTE
r-release-linux-x86_64 1.2-4 2.18 103.79 105.97 NOTE
r-release-osx-x86_64-mavericks 1.2-4 NOTE
r-release-windows-ix86+x86_64 1.2-4 6.00 159.00 165.00 NOTE
r-oldrel-windows-ix86+x86_64 1.2-4 6.00 200.00 206.00 OK

Check Details

Version: 1.2-4
Check: DESCRIPTION meta-information
Result: NOTE
    Malformed Description field: should contain one or more complete sentences.
Flavors: r-devel-linux-x86_64-debian-clang, r-devel-linux-x86_64-debian-gcc, r-devel-linux-x86_64-fedora-clang, r-devel-linux-x86_64-fedora-gcc, r-devel-osx-x86_64-clang, r-devel-windows-ix86+x86_64, r-patched-linux-x86_64, r-patched-solaris-sparc, r-patched-solaris-x86, r-release-linux-x86_64, r-release-osx-x86_64-mavericks, r-release-windows-ix86+x86_64

Version: 1.2-4
Check: R code for possible problems
Result: NOTE
    AIC.maxLik: no visible global function definition for ‘logLik’
    activePar.default: no visible global function definition for ‘coef’
    bread.maxLik: no visible global function definition for ‘vcov’
    constrOptim2: no visible global function definition for ‘optim’
    maxOptim: no visible global function definition for ‘optim’
    print.summary.maxLik: no visible global function definition for
     ‘printCoefmat’
    summary.maxLik: no visible global function definition for ‘pnorm’
    sumt: no visible global function definition for ‘coef’
    Undefined global functions or variables:
     coef logLik optim pnorm printCoefmat vcov
    Consider adding
     importFrom("stats", "coef", "logLik", "optim", "pnorm", "printCoefmat",
     "vcov")
    to your NAMESPACE.
Flavors: r-devel-linux-x86_64-debian-clang, r-devel-linux-x86_64-debian-gcc, r-devel-linux-x86_64-fedora-clang, r-devel-linux-x86_64-fedora-gcc, r-devel-windows-ix86+x86_64