CRAN Package Check Results for Package maxcombo

Last updated on 2021-04-18 18:47:34 CEST.

Flavor Version Tinstall Tcheck Ttotal Status Flags
r-devel-linux-x86_64-debian-clang 1.0 3.01 32.92 35.93 OK
r-devel-linux-x86_64-debian-gcc 1.0 2.53 24.64 27.17 OK
r-devel-linux-x86_64-fedora-clang 1.0 52.32 OK
r-devel-linux-x86_64-fedora-gcc 1.0 40.62 OK
r-devel-windows-ix86+x86_64 1.0 8.00 4.00 12.00 ERROR
r-devel-windows-x86_64-gcc10-UCRT 1.0 OK
r-patched-linux-x86_64 1.0 3.21 30.05 33.26 OK
r-patched-solaris-x86 1.0 63.80 OK
r-release-linux-x86_64 1.0 2.84 30.52 33.36 OK
r-release-macos-x86_64 1.0 OK
r-release-windows-ix86+x86_64 1.0 7.00 47.00 54.00 OK
r-oldrel-macos-x86_64 1.0 OK
r-oldrel-windows-ix86+x86_64 1.0 4.00 46.00 50.00 OK

Check Details

Version: 1.0
Check: whether package can be installed
Result: ERROR
    
    See * DONE
Flavor: r-devel-windows-ix86+x86_64