CRAN Package Check Results for Package maxent

Last updated on 2014-12-22 07:48:05.

Flavor Version Tinstall Tcheck Ttotal Status Flags
r-devel-linux-x86_64-debian-clang 1.3.3.1 17.04 21.60 38.65 NOTE
r-devel-linux-x86_64-debian-gcc 1.3.3.1 20.38 21.97 42.35 NOTE
r-devel-linux-x86_64-fedora-clang 1.3.3.1 93.96 OK
r-devel-linux-x86_64-fedora-gcc 1.3.3.1 89.61 NOTE
r-devel-osx-x86_64-clang 1.3.3.1 66.43 OK
r-devel-windows-ix86+x86_64 1.3.3.1 70.00 111.00 181.00 NOTE
r-patched-linux-x86_64 1.3.3.1 20.52 22.49 43.01 NOTE
r-patched-solaris-sparc 1.3.3.1 527.50 NOTE
r-patched-solaris-x86 1.3.3.1 114.80 NOTE
r-release-linux-ix86 1.3.3.1 25.16 29.70 54.86 NOTE
r-release-linux-x86_64 1.3.3.1 20.93 22.66 43.59 NOTE
r-release-osx-x86_64-mavericks 1.3.3.1 OK
r-release-osx-x86_64-snowleopard 1.3.3.1 OK
r-release-windows-ix86+x86_64 1.3.3.1 70.00 56.00 126.00 NOTE
r-oldrel-windows-ix86+x86_64 1.3.3.1 74.00 55.00 129.00 OK

Memtest notes: UBSAN-gcc

Check Details

Version: 1.3.3.1
Check: compiled code
Result: NOTE
    File ‘maxent/libs/maxent.so’:
     Found ‘rand’, possibly from ‘rand’ (C)
     Object: ‘sgd.o’
    
    Compiled code should not call entry points which might terminate R nor
    write to stdout/stderr instead of to the console, nor the system RNG.
    
    See ‘Writing portable packages’ in the ‘Writing R Extensions’ manual.
Flavors: r-devel-linux-x86_64-debian-clang, r-devel-linux-x86_64-debian-gcc, r-devel-linux-x86_64-fedora-gcc, r-patched-linux-x86_64, r-patched-solaris-sparc, r-patched-solaris-x86

Version: 1.3.3.1
Check: compiled code
Result: NOTE
    File 'maxent/libs/i386/maxent.dll':
     Found 'rand', possibly from 'rand' (C)
     Object: 'sgd.o'
    File 'maxent/libs/x64/maxent.dll':
     Found 'rand', possibly from 'rand' (C)
     Object: 'sgd.o'
    
    Compiled code should not call entry points which might terminate R nor
    write to stdout/stderr instead of to the console, nor the system RNG.
    
    See 'Writing portable packages' in the 'Writing R Extensions' manual.
Flavor: r-devel-windows-ix86+x86_64

Version: 1.3.3.1
Check: compiled code
Result: NOTE
    File ‘maxent/libs/maxent.so’:
     Found ‘rand’, possibly from ‘rand’ (C)
     Object: ‘sgd.o’
    
    Compiled code should not call entry points which might terminate R nor
    write to stdout/stderr instead of to the console, nor the C RNG.
    
    See ‘Writing portable packages’ in the ‘Writing R Extensions’ manual.
Flavors: r-release-linux-ix86, r-release-linux-x86_64

Version: 1.3.3.1
Check: compiled code
Result: NOTE
    File 'maxent/libs/i386/maxent.dll':
     Found 'rand', possibly from 'rand' (C)
     Object: 'sgd.o'
    File 'maxent/libs/x64/maxent.dll':
     Found 'rand', possibly from 'rand' (C)
     Object: 'sgd.o'
    
    Compiled code should not call entry points which might terminate R nor
    write to stdout/stderr instead of to the console, nor the C RNG.
    
    See 'Writing portable packages' in the 'Writing R Extensions' manual.
Flavor: r-release-windows-ix86+x86_64