CRAN Package Check Results for Package maxent

Last updated on 2014-09-01 14:46:32.

Flavor Version Tinstall Tcheck Ttotal Status Flags
r-devel-linux-x86_64-debian-clang 1.3.3.1 16.08 21.52 37.59 NOTE
r-devel-linux-x86_64-debian-gcc 1.3.3.1 20.50 21.31 41.81 NOTE
r-devel-linux-x86_64-fedora-clang 1.3.3.1 88.72 OK
r-devel-linux-x86_64-fedora-gcc 1.3.3.1 82.91 NOTE
r-devel-osx-x86_64-clang 1.3.3.1 68.02 OK
r-devel-windows-ix86+x86_64 1.3.3.1 70.00 60.00 130.00 NOTE
r-patched-linux-x86_64 1.3.3.1 20.51 22.74 43.26 OK
r-patched-solaris-sparc 1.3.3.1 527.70 OK
r-patched-solaris-x86 1.3.3.1 114.00 OK
r-release-linux-ix86 1.3.3.1 26.28 30.78 57.06 OK
r-release-linux-x86_64 1.3.3.1 20.51 22.61 43.12 OK
r-release-osx-x86_64-mavericks 1.3.3.1 OK
r-release-osx-x86_64-snowleopard 1.3.3.1 OK
r-release-windows-ix86+x86_64 1.3.3.1 74.00 60.00 134.00 OK
r-oldrel-windows-ix86+x86_64 1.3.3.1 77.00 59.00 136.00 OK

Check Details

Version: 1.3.3.1
Check: compiled code
Result: NOTE
    File ‘/home/hornik/tmp/R.check/r-devel-clang/Work/build/Packages/maxent/libs/maxent.so’:
     Found ‘rand’, possibly from ‘rand’ (C)
     Object: ‘sgd.o’
    
    Compiled code should not call entry points which might terminate R nor
    write to stdout/stderr instead of to the console, nor the C RNG.
    
    See ‘Writing portable packages’ in the ‘Writing R Extensions’ manual.
Flavor: r-devel-linux-x86_64-debian-clang

Version: 1.3.3.1
Check: compiled code
Result: NOTE
    File ‘/home/hornik/tmp/R.check/r-devel-gcc/Work/build/Packages/maxent/libs/maxent.so’:
     Found ‘rand’, possibly from ‘rand’ (C)
     Object: ‘sgd.o’
    
    Compiled code should not call entry points which might terminate R nor
    write to stdout/stderr instead of to the console, nor the C RNG.
    
    See ‘Writing portable packages’ in the ‘Writing R Extensions’ manual.
Flavor: r-devel-linux-x86_64-debian-gcc

Version: 1.3.3.1
Check: compiled code
Result: NOTE
    File ‘/data/gannet/ripley/R/packages/tests-devel/maxent.Rcheck/maxent/libs/maxent.so’:
     Found ‘rand’, possibly from ‘rand’ (C)
     Object: ‘sgd.o’
    
    Compiled code should not call entry points which might terminate R nor
    write to stdout/stderr instead of to the console, nor the C RNG.
    
    See ‘Writing portable packages’ in the ‘Writing R Extensions’ manual.
Flavor: r-devel-linux-x86_64-fedora-gcc

Version: 1.3.3.1
Check: compiled code
Result: NOTE
    File 'd:/Rcompile/CRANpkg/lib/3.2/maxent/libs/i386/maxent.dll':
     Found 'rand', possibly from 'rand' (C)
     Object: 'sgd.o'
    File 'd:/Rcompile/CRANpkg/lib/3.2/maxent/libs/x64/maxent.dll':
     Found 'rand', possibly from 'rand' (C)
     Object: 'sgd.o'
    
    Compiled code should not call entry points which might terminate R nor
    write to stdout/stderr instead of to the console, nor the C RNG.
    
    See 'Writing portable packages' in the 'Writing R Extensions' manual.
Flavor: r-devel-windows-ix86+x86_64