CRAN Package Check Results for Package maxent

Last updated on 2015-03-04 12:47:22.

Flavor Version Tinstall Tcheck Ttotal Status Flags
r-devel-linux-x86_64-debian-clang 1.3.3.1 18.34 18.60 36.93 NOTE
r-devel-linux-x86_64-debian-gcc 1.3.3.1 20.92 18.54 39.46 NOTE
r-devel-linux-x86_64-fedora-clang 1.3.3.1 86.24 NOTE
r-devel-linux-x86_64-fedora-gcc 1.3.3.1 73.83 NOTE
r-devel-osx-x86_64-clang 1.3.3.1 57.85 NOTE
r-devel-windows-ix86+x86_64 1.3.3.1 65.00 48.00 113.00 NOTE
r-patched-linux-x86_64 1.3.3.1 20.80 23.09 43.89 NOTE
r-patched-solaris-sparc 1.3.3.1 562.70 NOTE
r-patched-solaris-x86 1.3.3.1 114.30 NOTE
r-release-linux-ix86 1.3.3.1 27.64 32.48 60.11 NOTE
r-release-linux-x86_64 1.3.3.1 20.96 22.42 43.38 NOTE
r-release-osx-x86_64-mavericks 1.3.3.1 NOTE
r-release-osx-x86_64-snowleopard 1.3.3.1 OK
r-release-windows-ix86+x86_64 1.3.3.1 68.00 65.00 133.00 NOTE
r-oldrel-windows-ix86+x86_64 1.3.3.1 61.00 60.00 121.00 OK

Check Details

Version: 1.3.3.1
Check: line endings in Makefiles
Result: NOTE
    Found the following Makefile(s) without a final LF:
     src/Makevars
    Some ‘make’ programs ignore lines not ending in LF.
Flavors: r-devel-linux-x86_64-debian-clang, r-devel-linux-x86_64-debian-gcc, r-devel-linux-x86_64-fedora-clang, r-devel-linux-x86_64-fedora-gcc, r-devel-osx-x86_64-clang, r-devel-windows-ix86+x86_64, r-patched-linux-x86_64, r-patched-solaris-sparc, r-patched-solaris-x86, r-release-osx-x86_64-mavericks

Version: 1.3.3.1
Check: compiled code
Result: NOTE
    File ‘maxent/libs/maxent.so’:
     Found ‘rand’, possibly from ‘rand’ (C)
     Object: ‘sgd.o’
    
    Compiled code should not call entry points which might terminate R nor
    write to stdout/stderr instead of to the console, nor the system RNG.
    
    See ‘Writing portable packages’ in the ‘Writing R Extensions’ manual.
Flavors: r-devel-linux-x86_64-debian-clang, r-devel-linux-x86_64-debian-gcc, r-devel-linux-x86_64-fedora-gcc, r-patched-linux-x86_64, r-patched-solaris-sparc, r-patched-solaris-x86

Version: 1.3.3.1
Check: compiled code
Result: NOTE
    File 'maxent/libs/i386/maxent.dll':
     Found 'rand', possibly from 'rand' (C)
     Object: 'sgd.o'
    File 'maxent/libs/x64/maxent.dll':
     Found 'rand', possibly from 'rand' (C)
     Object: 'sgd.o'
    
    Compiled code should not call entry points which might terminate R nor
    write to stdout/stderr instead of to the console, nor the system RNG.
    
    See 'Writing portable packages' in the 'Writing R Extensions' manual.
Flavor: r-devel-windows-ix86+x86_64

Version: 1.3.3.1
Check: compiled code
Result: NOTE
    File ‘maxent/libs/maxent.so’:
     Found ‘rand’, possibly from ‘rand’ (C)
     Object: ‘sgd.o’
    
    Compiled code should not call entry points which might terminate R nor
    write to stdout/stderr instead of to the console, nor the C RNG.
    
    See ‘Writing portable packages’ in the ‘Writing R Extensions’ manual.
Flavors: r-release-linux-ix86, r-release-linux-x86_64

Version: 1.3.3.1
Check: compiled code
Result: NOTE
    File 'maxent/libs/i386/maxent.dll':
     Found 'rand', possibly from 'rand' (C)
     Object: 'sgd.o'
    File 'maxent/libs/x64/maxent.dll':
     Found 'rand', possibly from 'rand' (C)
     Object: 'sgd.o'
    
    Compiled code should not call entry points which might terminate R nor
    write to stdout/stderr instead of to the console, nor the C RNG.
    
    See 'Writing portable packages' in the 'Writing R Extensions' manual.
Flavor: r-release-windows-ix86+x86_64