CRAN Package Check Results for Package maxent

Last updated on 2018-02-20 08:48:19 CET.

Flavor Version Tinstall Tcheck Ttotal Status Flags
r-devel-linux-x86_64-debian-clang 1.3.3.1 34.49 28.18 62.67 NOTE
r-devel-linux-x86_64-debian-gcc 1.3.3.1 26.90 24.13 51.03 NOTE
r-devel-linux-x86_64-fedora-clang 1.3.3.1 93.05 NOTE
r-devel-linux-x86_64-fedora-gcc 1.3.3.1 82.22 NOTE
r-devel-windows-ix86+x86_64 1.3.3.1 66.00 69.00 135.00 NOTE
r-patched-linux-x86_64 1.3.3.1 32.85 31.54 64.39 NOTE
r-patched-solaris-x86 1.3.3.1 93.80 NOTE
r-release-linux-x86_64 1.3.3.1 33.09 31.45 64.54 NOTE
r-release-windows-ix86+x86_64 1.3.3.1 102.00 93.00 195.00 NOTE
r-release-osx-x86_64 1.3.3.1 NOTE
r-oldrel-windows-ix86+x86_64 1.3.3.1 106.00 78.00 184.00 NOTE
r-oldrel-osx-x86_64 1.3.3.1 NOTE

Check Details

Version: 1.3.3.1
Check: R code for possible problems
Result: NOTE
    tune.maxent: no visible global function definition for ‘predict’
    Undefined global functions or variables:
     predict
    Consider adding
     importFrom("stats", "predict")
    to your NAMESPACE file.
Flavors: r-devel-linux-x86_64-debian-clang, r-devel-linux-x86_64-debian-gcc, r-devel-linux-x86_64-fedora-clang, r-devel-linux-x86_64-fedora-gcc, r-devel-windows-ix86+x86_64, r-patched-linux-x86_64, r-patched-solaris-x86, r-release-linux-x86_64, r-release-windows-ix86+x86_64, r-release-osx-x86_64, r-oldrel-windows-ix86+x86_64, r-oldrel-osx-x86_64

Version: 1.3.3.1
Check: line endings in Makefiles
Result: NOTE
    Found the following Makefile(s) without a final LF:
     src/Makevars
    Some ‘make’ programs ignore lines not ending in LF.
Flavors: r-devel-linux-x86_64-debian-clang, r-devel-linux-x86_64-debian-gcc, r-devel-linux-x86_64-fedora-clang, r-devel-linux-x86_64-fedora-gcc, r-devel-windows-ix86+x86_64, r-patched-linux-x86_64, r-patched-solaris-x86, r-release-linux-x86_64, r-release-windows-ix86+x86_64, r-release-osx-x86_64, r-oldrel-windows-ix86+x86_64, r-oldrel-osx-x86_64

Version: 1.3.3.1
Check: compiled code
Result: NOTE
    File ‘maxent/libs/maxent.so’:
     Found ‘rand’, possibly from ‘rand’ (C)
     Object: ‘sgd.o’
    File ‘maxent/libs/maxent.so’:
     Found no calls to: ‘R_registerRoutines’, ‘R_useDynamicSymbols’
    
    Compiled code should not call entry points which might terminate R nor
    write to stdout/stderr instead of to the console, nor use Fortran I/O
    nor system RNGs.
    It is good practice to register native routines and to disable symbol
    search.
    
    See ‘Writing portable packages’ in the ‘Writing R Extensions’ manual.
Flavors: r-devel-linux-x86_64-debian-clang, r-devel-linux-x86_64-debian-gcc, r-devel-linux-x86_64-fedora-gcc, r-patched-linux-x86_64

Version: 1.3.3.1
Check: compiled code
Result: NOTE
    File ‘maxent/libs/maxent.so’:
     Found no calls to: ‘R_registerRoutines’, ‘R_useDynamicSymbols’
    
    It is good practice to register native routines and to disable symbol
    search.
    
    See ‘Writing portable packages’ in the ‘Writing R Extensions’ manual.
Flavor: r-devel-linux-x86_64-fedora-clang

Version: 1.3.3.1
Check: compiled code
Result: NOTE
    File 'maxent/libs/i386/maxent.dll':
     Found 'rand', possibly from 'rand' (C)
     Object: 'sgd.o'
    File 'maxent/libs/x64/maxent.dll':
     Found 'rand', possibly from 'rand' (C)
     Object: 'sgd.o'
    
    Compiled code should not call entry points which might terminate R nor
    write to stdout/stderr instead of to the console, nor use Fortran I/O
    nor system RNGs.
    
    See 'Writing portable packages' in the 'Writing R Extensions' manual.
Flavor: r-devel-windows-ix86+x86_64

Version: 1.3.3.1
Check: compiled code
Result: NOTE
    File ‘maxent/libs/maxent.so’:
     Found ‘rand’, possibly from ‘rand’ (C)
     Object: ‘sgd.o’
    
    Compiled code should not call entry points which might terminate R nor
    write to stdout/stderr instead of to the console, nor use Fortran I/O
    nor system RNGs.
    
    See ‘Writing portable packages’ in the ‘Writing R Extensions’ manual.
Flavor: r-patched-solaris-x86

Version: 1.3.3.1
Check: compiled code
Result: NOTE
    File ‘maxent/libs/maxent.so’:
     Found ‘rand’, possibly from ‘rand’ (C)
     Object: ‘sgd.o’
    File ‘maxent/libs/maxent.so’:
     Found no calls to: ‘R_registerRoutines’, ‘R_useDynamicSymbols’
    
    Compiled code should not call entry points which might terminate R nor
    write to stdout/stderr instead of to the console, nor the system RNG.
    It is good practice to register native routines and to disable symbol
    search.
    
    See ‘Writing portable packages’ in the ‘Writing R Extensions’ manual.
Flavor: r-release-linux-x86_64

Version: 1.3.3.1
Check: compiled code
Result: NOTE
    File 'maxent/libs/i386/maxent.dll':
     Found 'rand', possibly from 'rand' (C)
     Object: 'sgd.o'
    File 'maxent/libs/x64/maxent.dll':
     Found 'rand', possibly from 'rand' (C)
     Object: 'sgd.o'
    
    Compiled code should not call entry points which might terminate R nor
    write to stdout/stderr instead of to the console, nor the system RNG.
    
    See 'Writing portable packages' in the 'Writing R Extensions' manual.
Flavors: r-release-windows-ix86+x86_64, r-oldrel-windows-ix86+x86_64