CRAN Package Check Results for Package maxent

Last updated on 2018-04-21 08:49:33 CEST.

Flavor Version Tinstall Tcheck Ttotal Status Flags
r-devel-linux-x86_64-debian-clang 1.3.3.1 37.28 30.58 67.86 NOTE
r-devel-linux-x86_64-debian-gcc 1.3.3.1 29.38 24.39 53.77 NOTE
r-devel-linux-x86_64-fedora-clang 1.3.3.1 94.11 NOTE
r-devel-linux-x86_64-fedora-gcc 1.3.3.1 82.10 NOTE
r-devel-windows-ix86+x86_64 1.3.3.1 104.00 100.00 204.00 NOTE
r-devel-osx-x86_64 1.3.3.1 NOTE
r-patched-linux-x86_64 1.3.3.1 35.79 30.20 65.99 NOTE
r-patched-solaris-x86 1.3.3.1 96.70 NOTE
r-release-linux-x86_64 1.3.3.1 35.99 31.53 67.52 NOTE
r-release-windows-ix86+x86_64 1.3.3.1 108.00 72.00 180.00 NOTE
r-release-osx-x86_64 1.3.3.1 NOTE
r-oldrel-windows-ix86+x86_64 1.3.3.1 108.00 61.00 169.00 NOTE

Check Details

Version: 1.3.3.1
Check: R code for possible problems
Result: NOTE
    tune.maxent: no visible global function definition for ‘predict’
    Undefined global functions or variables:
     predict
    Consider adding
     importFrom("stats", "predict")
    to your NAMESPACE file.
Flavors: r-devel-linux-x86_64-debian-clang, r-devel-linux-x86_64-debian-gcc, r-devel-linux-x86_64-fedora-clang, r-devel-linux-x86_64-fedora-gcc, r-devel-windows-ix86+x86_64, r-devel-osx-x86_64, r-patched-linux-x86_64, r-patched-solaris-x86, r-release-linux-x86_64, r-release-windows-ix86+x86_64, r-release-osx-x86_64, r-oldrel-windows-ix86+x86_64

Version: 1.3.3.1
Check: line endings in Makefiles
Result: NOTE
    Found the following Makefile(s) without a final LF:
     src/Makevars
    Some ‘make’ programs ignore lines not ending in LF.
Flavors: r-devel-linux-x86_64-debian-clang, r-devel-linux-x86_64-debian-gcc, r-devel-linux-x86_64-fedora-clang, r-devel-linux-x86_64-fedora-gcc, r-devel-windows-ix86+x86_64, r-devel-osx-x86_64, r-patched-linux-x86_64, r-patched-solaris-x86, r-release-linux-x86_64, r-release-windows-ix86+x86_64, r-release-osx-x86_64, r-oldrel-windows-ix86+x86_64

Version: 1.3.3.1
Check: compiled code
Result: NOTE
    File ‘maxent/libs/maxent.so’:
     Found ‘rand’, possibly from ‘rand’ (C)
     Object: ‘sgd.o’
    File ‘maxent/libs/maxent.so’:
     Found no calls to: ‘R_registerRoutines’, ‘R_useDynamicSymbols’
    
    Compiled code should not call entry points which might terminate R nor
    write to stdout/stderr instead of to the console, nor use Fortran I/O
    nor system RNGs.
    It is good practice to register native routines and to disable symbol
    search.
    
    See ‘Writing portable packages’ in the ‘Writing R Extensions’ manual.
Flavors: r-devel-linux-x86_64-debian-clang, r-devel-linux-x86_64-debian-gcc, r-devel-linux-x86_64-fedora-gcc, r-patched-linux-x86_64, r-release-linux-x86_64

Version: 1.3.3.1
Check: compiled code
Result: NOTE
    File ‘maxent/libs/maxent.so’:
     Found no calls to: ‘R_registerRoutines’, ‘R_useDynamicSymbols’
    
    It is good practice to register native routines and to disable symbol
    search.
    
    See ‘Writing portable packages’ in the ‘Writing R Extensions’ manual.
Flavor: r-devel-linux-x86_64-fedora-clang

Version: 1.3.3.1
Check: compiled code
Result: NOTE
    File 'maxent/libs/i386/maxent.dll':
     Found 'rand', possibly from 'rand' (C)
     Object: 'sgd.o'
    File 'maxent/libs/x64/maxent.dll':
     Found 'rand', possibly from 'rand' (C)
     Object: 'sgd.o'
    
    Compiled code should not call entry points which might terminate R nor
    write to stdout/stderr instead of to the console, nor use Fortran I/O
    nor system RNGs.
    
    See 'Writing portable packages' in the 'Writing R Extensions' manual.
Flavors: r-devel-windows-ix86+x86_64, r-release-windows-ix86+x86_64

Version: 1.3.3.1
Check: compiled code
Result: NOTE
    File ‘maxent/libs/maxent.so’:
     Found ‘rand’, possibly from ‘rand’ (C)
     Object: ‘sgd.o’
    
    Compiled code should not call entry points which might terminate R nor
    write to stdout/stderr instead of to the console, nor use Fortran I/O
    nor system RNGs.
    
    See ‘Writing portable packages’ in the ‘Writing R Extensions’ manual.
Flavor: r-patched-solaris-x86

Version: 1.3.3.1
Check: compiled code
Result: NOTE
    File 'maxent/libs/i386/maxent.dll':
     Found 'rand', possibly from 'rand' (C)
     Object: 'sgd.o'
    File 'maxent/libs/x64/maxent.dll':
     Found 'rand', possibly from 'rand' (C)
     Object: 'sgd.o'
    
    Compiled code should not call entry points which might terminate R nor
    write to stdout/stderr instead of to the console, nor the system RNG.
    
    See 'Writing portable packages' in the 'Writing R Extensions' manual.
Flavor: r-oldrel-windows-ix86+x86_64