CRAN Package Check Results for Package maxent

Last updated on 2015-05-30 21:46:37.

Flavor Version Tinstall Tcheck Ttotal Status Flags
r-devel-linux-x86_64-debian-clang 1.3.3.1 18.06 18.34 36.40 NOTE
r-devel-linux-x86_64-debian-gcc 1.3.3.1 20.65 18.16 38.80 NOTE
r-devel-linux-x86_64-fedora-clang 1.3.3.1 85.42 NOTE
r-devel-linux-x86_64-fedora-gcc 1.3.3.1 75.90 NOTE
r-devel-osx-x86_64-clang 1.3.3.1 68.07 NOTE
r-devel-windows-ix86+x86_64 1.3.3.1 70.00 45.00 115.00 NOTE
r-patched-linux-x86_64 1.3.3.1 20.59 18.44 39.03 NOTE
r-patched-solaris-sparc 1.3.3.1 507.80 NOTE
r-patched-solaris-x86 1.3.3.1 102.00 NOTE
r-release-linux-x86_64 1.3.3.1 21.04 18.40 39.43 NOTE
r-release-osx-x86_64-mavericks 1.3.3.1 NOTE
r-release-osx-x86_64-snowleopard 1.3.3.1 ERROR
r-release-windows-ix86+x86_64 1.3.3.1 110.00 70.00 180.00 NOTE
r-oldrel-windows-ix86+x86_64 1.3.3.1 79.00 62.00 141.00 NOTE

Check Details

Version: 1.3.3.1
Check: line endings in Makefiles
Result: NOTE
    Found the following Makefile(s) without a final LF:
     src/Makevars
    Some ‘make’ programs ignore lines not ending in LF.
Flavors: r-devel-linux-x86_64-debian-clang, r-devel-linux-x86_64-debian-gcc, r-devel-linux-x86_64-fedora-clang, r-devel-linux-x86_64-fedora-gcc, r-devel-osx-x86_64-clang, r-devel-windows-ix86+x86_64, r-patched-linux-x86_64, r-patched-solaris-sparc, r-patched-solaris-x86, r-release-linux-x86_64, r-release-osx-x86_64-mavericks, r-release-windows-ix86+x86_64, r-oldrel-windows-ix86+x86_64

Version: 1.3.3.1
Check: compiled code
Result: NOTE
    File ‘maxent/libs/maxent.so’:
     Found ‘rand’, possibly from ‘rand’ (C)
     Object: ‘sgd.o’
    
    Compiled code should not call entry points which might terminate R nor
    write to stdout/stderr instead of to the console, nor the system RNG.
    
    See ‘Writing portable packages’ in the ‘Writing R Extensions’ manual.
Flavors: r-devel-linux-x86_64-debian-clang, r-devel-linux-x86_64-debian-gcc, r-devel-linux-x86_64-fedora-gcc, r-patched-linux-x86_64, r-patched-solaris-sparc, r-patched-solaris-x86, r-release-linux-x86_64

Version: 1.3.3.1
Check: compiled code
Result: NOTE
    File 'maxent/libs/i386/maxent.dll':
     Found 'rand', possibly from 'rand' (C)
     Object: 'sgd.o'
    File 'maxent/libs/x64/maxent.dll':
     Found 'rand', possibly from 'rand' (C)
     Object: 'sgd.o'
    
    Compiled code should not call entry points which might terminate R nor
    write to stdout/stderr instead of to the console, nor the system RNG.
    
    See 'Writing portable packages' in the 'Writing R Extensions' manual.
Flavors: r-devel-windows-ix86+x86_64, r-release-windows-ix86+x86_64, r-oldrel-windows-ix86+x86_64

Version: 1.3.3.1
Check: package dependencies
Result: ERROR
    Package required but not available: ‘tm’
    
    See section ‘The DESCRIPTION file’ in the ‘Writing R Extensions’
    manual.
Flavor: r-release-osx-x86_64-snowleopard