CRAN Package Check Results for Package maxent

Last updated on 2015-04-18 15:47:46.

Flavor Version Tinstall Tcheck Ttotal Status Flags
r-devel-linux-x86_64-debian-clang 1.3.3.1 18.47 18.60 37.07 NOTE
r-devel-linux-x86_64-debian-gcc 1.3.3.1 20.41 18.87 39.28 NOTE
r-devel-linux-x86_64-fedora-clang 1.3.3.1 82.22 NOTE
r-devel-linux-x86_64-fedora-gcc 1.3.3.1 76.23 NOTE
r-devel-osx-x86_64-clang 1.3.3.1 58.83 NOTE
r-patched-linux-x86_64 1.3.3.1 21.97 18.54 40.50 NOTE
r-patched-solaris-sparc 1.3.3.1 522.10 NOTE
r-patched-solaris-x86 1.3.3.1 101.10 NOTE
r-release-linux-x86_64 1.3.3.1 23.85 18.29 42.14 NOTE
r-release-osx-x86_64-mavericks 1.3.3.1 NOTE
r-release-osx-x86_64-snowleopard 1.3.3.1 OK
r-release-windows-ix86+x86_64 1.3.3.1 80.00 58.00 138.00 NOTE
r-oldrel-windows-ix86+x86_64 1.3.3.1 101.00 65.00 166.00 OK

Check Details

Version: 1.3.3.1
Check: line endings in Makefiles
Result: NOTE
    Found the following Makefile(s) without a final LF:
     src/Makevars
    Some ‘make’ programs ignore lines not ending in LF.
Flavors: r-devel-linux-x86_64-debian-clang, r-devel-linux-x86_64-debian-gcc, r-devel-linux-x86_64-fedora-clang, r-devel-linux-x86_64-fedora-gcc, r-devel-osx-x86_64-clang, r-patched-linux-x86_64, r-patched-solaris-sparc, r-patched-solaris-x86, r-release-linux-x86_64, r-release-osx-x86_64-mavericks, r-release-windows-ix86+x86_64

Version: 1.3.3.1
Check: compiled code
Result: NOTE
    File ‘maxent/libs/maxent.so’:
     Found ‘rand’, possibly from ‘rand’ (C)
     Object: ‘sgd.o’
    
    Compiled code should not call entry points which might terminate R nor
    write to stdout/stderr instead of to the console, nor the system RNG.
    
    See ‘Writing portable packages’ in the ‘Writing R Extensions’ manual.
Flavors: r-devel-linux-x86_64-debian-clang, r-devel-linux-x86_64-debian-gcc, r-devel-linux-x86_64-fedora-gcc, r-patched-linux-x86_64, r-patched-solaris-sparc, r-patched-solaris-x86, r-release-linux-x86_64

Version: 1.3.3.1
Check: compiled code
Result: NOTE
    File 'maxent/libs/i386/maxent.dll':
     Found 'rand', possibly from 'rand' (C)
     Object: 'sgd.o'
    File 'maxent/libs/x64/maxent.dll':
     Found 'rand', possibly from 'rand' (C)
     Object: 'sgd.o'
    
    Compiled code should not call entry points which might terminate R nor
    write to stdout/stderr instead of to the console, nor the system RNG.
    
    See 'Writing portable packages' in the 'Writing R Extensions' manual.
Flavor: r-release-windows-ix86+x86_64