CRAN Package Check Results for Package maxent

Last updated on 2014-04-23 07:55:02.

Flavor Version Tinstall Tcheck Ttotal Status Flags
r-devel-linux-x86_64-debian-clang 1.3.3.1 16.26 23.01 39.26 OK
r-devel-linux-x86_64-debian-gcc 1.3.3.1 20.06 22.50 42.56 OK
r-devel-linux-x86_64-fedora-clang 1.3.3.1 86.46 OK
r-devel-linux-x86_64-fedora-gcc 1.3.3.1 82.78 OK
r-devel-osx-x86_64-clang 1.3.3.1 63.62 OK
r-devel-osx-x86_64-gcc 1.3.3.1 ERROR
r-devel-windows-ix86+x86_64 1.3.3.1 72.00 53.00 125.00 OK
r-patched-linux-x86_64 1.3.3.1 20.45 22.65 43.10 OK
r-patched-solaris-sparc 1.3.3.1 507.90 OK
r-patched-solaris-x86 1.3.3.1 109.00 OK
r-release-linux-ix86 1.3.3.1 30.00 43.00 73.00 OK
r-release-linux-x86_64 1.3.3.1 20.12 22.41 42.52 OK
r-release-osx-x86_64-mavericks 1.3.3.1 WARN
r-release-osx-x86_64-snowleopard 1.3.3.1 OK
r-release-windows-ix86+x86_64 1.3.3.1 70.00 54.00 124.00 OK
r-oldrel-windows-ix86+x86_64 1.3.3.1 70.00 54.00 124.00 OK

Check Details

Version: 1.3.3.1
Check: package dependencies
Result: ERROR
    Package required but not available: ‘tm’
    
    See the information on DESCRIPTION files in the chapter ‘Creating R
    packages’ of the ‘Writing R Extensions’ manual.
Flavor: r-devel-osx-x86_64-gcc

Version: 1.3.3.1
Check: PDF version of manual
Result: WARNING
    LaTeX errors when creating PDF version.
    This typically indicates Rd problems.
    LaTeX errors found:
    ! LaTeX Error: File `upquote.sty' not found.
    
    Type X to quit or <RETURN> to proceed,
    or enter new name. (Default extension: sty)
    
    669fcf0d/Rd2.tex:8: ==> Fatal error occurred, no output PDF file produced!
Flavor: r-release-osx-x86_64-mavericks