CRAN Package Check Results for Package maxent

Last updated on 2014-11-26 15:47:31.

Flavor Version Tinstall Tcheck Ttotal Status Flags
r-devel-linux-x86_64-debian-clang 1.3.3.1 17.08 23.12 40.21 NOTE
r-devel-linux-x86_64-debian-gcc 1.3.3.1 21.31 21.87 43.18 NOTE
r-devel-linux-x86_64-fedora-clang 1.3.3.1 93.87 OK
r-devel-linux-x86_64-fedora-gcc 1.3.3.1 84.13 NOTE
r-devel-osx-x86_64-clang 1.3.3.1 69.76 OK
r-devel-windows-ix86+x86_64 1.3.3.1 65.00 54.00 119.00 NOTE
r-patched-linux-x86_64 1.3.3.1 20.75 22.61 43.36 NOTE
r-patched-solaris-sparc 1.3.3.1 491.90 NOTE
r-patched-solaris-x86 1.3.3.1 114.40 NOTE
r-release-linux-ix86 1.3.3.1 25.06 29.84 54.90 NOTE
r-release-linux-x86_64 1.3.3.1 20.61 23.04 43.65 NOTE
r-release-osx-x86_64-mavericks 1.3.3.1 OK
r-release-osx-x86_64-snowleopard 1.3.3.1 OK
r-release-windows-ix86+x86_64 1.3.3.1 72.00 57.00 129.00 NOTE
r-oldrel-windows-ix86+x86_64 1.3.3.1 68.00 59.00 127.00 OK

Memtest notes: UBSAN-gcc

Check Details

Version: 1.3.3.1
Check: compiled code
Result: NOTE
    File ‘maxent/libs/maxent.so’:
     Found ‘rand’, possibly from ‘rand’ (C)
     Object: ‘sgd.o’
    
    Compiled code should not call entry points which might terminate R nor
    write to stdout/stderr instead of to the console, nor the C RNG.
    
    See ‘Writing portable packages’ in the ‘Writing R Extensions’ manual.
Flavors: r-devel-linux-x86_64-debian-clang, r-devel-linux-x86_64-debian-gcc, r-devel-linux-x86_64-fedora-gcc, r-patched-linux-x86_64, r-patched-solaris-sparc, r-patched-solaris-x86, r-release-linux-ix86, r-release-linux-x86_64

Version: 1.3.3.1
Check: compiled code
Result: NOTE
    File 'maxent/libs/i386/maxent.dll':
     Found 'rand', possibly from 'rand' (C)
     Object: 'sgd.o'
    File 'maxent/libs/x64/maxent.dll':
     Found 'rand', possibly from 'rand' (C)
     Object: 'sgd.o'
    
    Compiled code should not call entry points which might terminate R nor
    write to stdout/stderr instead of to the console, nor the C RNG.
    
    See 'Writing portable packages' in the 'Writing R Extensions' manual.
Flavors: r-devel-windows-ix86+x86_64, r-release-windows-ix86+x86_64