CRAN Package Check Results for Package maxlike

Last updated on 2014-04-19 23:49:56.

Flavor Version Tinstall Tcheck Ttotal Status Flags
r-devel-linux-x86_64-debian-clang 0.1-5 3.17 41.99 45.16 NOTE
r-devel-linux-x86_64-debian-gcc 0.1-5 3.16 41.60 44.76 NOTE
r-devel-linux-x86_64-fedora-clang 0.1-5 100.02 NOTE
r-devel-linux-x86_64-fedora-gcc 0.1-5 97.80 NOTE
r-devel-macosx-x86_64-clang 0.1-5 69.26 NOTE
r-devel-macosx-x86_64-gcc 0.1-5 ERROR
r-devel-windows-ix86+x86_64 0.1-5 8.00 59.00 67.00 NOTE
r-patched-linux-x86_64 0.1-5 3.14 41.22 44.35 NOTE
r-patched-solaris-sparc 0.1-5 564.20 NOTE
r-patched-solaris-x86 0.1-5 134.20 NOTE
r-release-linux-ix86 NOTE
r-release-linux-x86_64 0.1-5 3.12 40.97 44.10 NOTE
r-release-macosx-x86_64 0.1-5 OK
r-release-windows-ix86+x86_64 0.1-5 10.00 59.00 69.00 NOTE
r-oldrel-windows-ix86+x86_64 0.1-5 8.00 52.00 60.00 NOTE

Check Details

Version: 0.1-5
Check: dependencies in R code
Result: NOTE
    Package in Depends field not imported from: ‘raster’
     These packages need to be imported from (in the NAMESPACE file)
     for when this namespace is loaded but not attached.
    See the information on DESCRIPTION files in the chapter ‘Creating R
    packages’ of the ‘Writing R Extensions’ manual.
Flavors: r-devel-linux-x86_64-debian-clang, r-devel-linux-x86_64-debian-gcc, r-devel-linux-x86_64-fedora-clang, r-devel-linux-x86_64-fedora-gcc, r-devel-macosx-x86_64-clang, r-devel-windows-ix86+x86_64, r-patched-linux-x86_64, r-patched-solaris-sparc, r-patched-solaris-x86, r-release-linux-ix86, r-release-linux-x86_64, r-release-windows-ix86+x86_64, r-oldrel-windows-ix86+x86_64

Version: 0.1-5
Check: package dependencies
Result: ERROR
    Package required but not available: ‘raster’
    
    See the information on DESCRIPTION files in the chapter ‘Creating R
    packages’ of the ‘Writing R Extensions’ manual.
Flavor: r-devel-macosx-x86_64-gcc