CRAN Package Check Results for Package maxlike

Last updated on 2014-08-29 02:47:46.

Flavor Version Tinstall Tcheck Ttotal Status Flags
r-devel-linux-x86_64-debian-clang 0.1-5 3.15 38.63 41.78 NOTE
r-devel-linux-x86_64-debian-gcc 0.1-5 2.86 37.06 39.92 NOTE
r-devel-linux-x86_64-fedora-clang 0.1-5 98.56 NOTE
r-devel-linux-x86_64-fedora-gcc 0.1-5 89.83 NOTE
r-devel-osx-x86_64-clang 0.1-5 70.46 NOTE
r-devel-windows-ix86+x86_64 0.1-5 8.00 58.00 66.00 NOTE
r-patched-linux-x86_64 0.1-5 2.98 39.86 42.84 NOTE
r-patched-solaris-sparc 0.1-5 568.30 NOTE
r-patched-solaris-x86 0.1-5 130.70 NOTE
r-release-linux-ix86 0.1-5 3.62 60.34 63.96 NOTE
r-release-linux-x86_64 0.1-5 3.24 39.96 43.21 NOTE
r-release-osx-x86_64-mavericks 0.1-5 NOTE
r-release-osx-x86_64-snowleopard 0.1-5 OK
r-release-windows-ix86+x86_64 0.1-5 8.00 59.00 67.00 NOTE
r-oldrel-windows-ix86+x86_64 0.1-5 10.00 58.00 68.00 NOTE

Check Details

Version: 0.1-5
Check: dependencies in R code
Result: NOTE
    Package in Depends field not imported from: ‘raster’
     These packages need to be imported from (in the NAMESPACE file)
     for when this namespace is loaded but not attached.
    See the information on DESCRIPTION files in the chapter ‘Creating R
    packages’ of the ‘Writing R Extensions’ manual.
Flavors: r-devel-linux-x86_64-debian-clang, r-devel-linux-x86_64-debian-gcc, r-devel-linux-x86_64-fedora-clang, r-devel-linux-x86_64-fedora-gcc, r-devel-osx-x86_64-clang, r-devel-windows-ix86+x86_64, r-patched-linux-x86_64, r-patched-solaris-sparc, r-patched-solaris-x86, r-release-linux-ix86, r-release-linux-x86_64, r-release-osx-x86_64-mavericks, r-release-windows-ix86+x86_64, r-oldrel-windows-ix86+x86_64

Version: 0.1-5
Check: R code for possible problems
Result: NOTE
    chisq.maxlikeFit: no visible global function definition for ‘cellStats’
    chisq.maxlikeFit: no visible global function definition for ‘ncell’
    chisq.maxlikeFit: no visible global function definition for
     ‘cellFromXY’
    chisq.maxlikeFit: no visible global function definition for ‘values’
    chisq.maxlikeFit: no visible global function definition for ‘values<-’
    maxlike: no visible global function definition for ‘cellFromXY’
    maxlike: no visible global function definition for ‘extract’
    maxlike: no visible global function definition for ‘getValues’
    predict.maxlikeFit: no visible global function definition for
     ‘getValues’
    predict.maxlikeFit: no visible global function definition for ‘raster’
    predict.maxlikeFit: no visible global function definition for
     ‘extent<-’
    predict.maxlikeFit: no visible global function definition for ‘extent’
Flavors: r-devel-linux-x86_64-debian-clang, r-devel-linux-x86_64-debian-gcc, r-devel-linux-x86_64-fedora-clang, r-devel-linux-x86_64-fedora-gcc, r-devel-osx-x86_64-clang, r-devel-windows-ix86+x86_64