CRAN Package Check Results for Package maxlike

Last updated on 2015-08-27 23:46:59.

Flavor Version Tinstall Tcheck Ttotal Status Flags
r-devel-linux-x86_64-debian-clang 0.1-5 2.44 34.48 36.91 NOTE
r-devel-linux-x86_64-debian-gcc 0.1-5 2.36 33.33 35.69 NOTE
r-devel-linux-x86_64-fedora-clang 0.1-5 70.78 NOTE
r-devel-linux-x86_64-fedora-gcc 0.1-5 71.30 NOTE
r-devel-osx-x86_64-clang 0.1-5 56.61 NOTE
r-devel-windows-ix86+x86_64 0.1-5 10.00 59.00 69.00 NOTE
r-patched-linux-x86_64 0.1-5 2.49 34.42 36.92 NOTE
r-patched-solaris-sparc 0.1-5 497.70 NOTE
r-patched-solaris-x86 0.1-5 108.10 NOTE
r-release-linux-x86_64 0.1-5 2.56 33.87 36.42 NOTE
r-release-osx-x86_64-mavericks 0.1-5 NOTE
r-release-windows-ix86+x86_64 0.1-5 9.00 61.00 70.00 NOTE
r-oldrel-windows-ix86+x86_64 0.1-5 12.00 67.00 79.00 NOTE

Check Details

Version: 0.1-5
Check: DESCRIPTION meta-information
Result: NOTE
    Malformed Title field: should not end in a period.
Flavors: r-devel-linux-x86_64-debian-clang, r-devel-linux-x86_64-debian-gcc, r-devel-linux-x86_64-fedora-clang, r-devel-linux-x86_64-fedora-gcc, r-devel-osx-x86_64-clang, r-devel-windows-ix86+x86_64, r-patched-linux-x86_64, r-patched-solaris-sparc, r-patched-solaris-x86, r-release-linux-x86_64, r-release-osx-x86_64-mavericks, r-release-windows-ix86+x86_64

Version: 0.1-5
Check: dependencies in R code
Result: NOTE
    Package in Depends field not imported from: ‘raster’
     These packages need to be imported from (in the NAMESPACE file)
     for when this namespace is loaded but not attached.
Flavors: r-devel-linux-x86_64-debian-clang, r-devel-linux-x86_64-debian-gcc, r-devel-linux-x86_64-fedora-clang, r-devel-linux-x86_64-fedora-gcc, r-devel-osx-x86_64-clang, r-devel-windows-ix86+x86_64, r-patched-linux-x86_64, r-patched-solaris-sparc, r-patched-solaris-x86, r-release-linux-x86_64, r-release-osx-x86_64-mavericks, r-release-windows-ix86+x86_64, r-oldrel-windows-ix86+x86_64

Version: 0.1-5
Check: R code for possible problems
Result: NOTE
    AIC.maxlikeFit: no visible global function definition for ‘coef’
    chisq.maxlikeFit: no visible global function definition for ‘predict’
    chisq.maxlikeFit: no visible global function definition for ‘aggregate’
    chisq.maxlikeFit: no visible global function definition for ‘cellStats’
    chisq.maxlikeFit: no visible global function definition for ‘ncell’
    chisq.maxlikeFit: no visible global function definition for
     ‘cellFromXY’
    chisq.maxlikeFit: no visible global function definition for ‘values’
    chisq.maxlikeFit: no visible global function definition for ‘values<-’
    chisq.maxlikeFit: no visible global function definition for ‘stack’
    chisq.maxlikeFit: no visible global function definition for
     ‘chisq.test’
    maxlike: no visible global function definition for ‘cellFromXY’
    maxlike: no visible global function definition for ‘extract’
    maxlike: no visible global function definition for ‘getValues’
    maxlike: no visible global function definition for ‘model.frame’
    maxlike: no visible global function definition for ‘model.matrix’
    maxlike : nll: no visible global function definition for ‘plogis’
    maxlike: no visible global function definition for ‘optim’
    maxlike: no visible global function definition for ‘plogis’
    predict.maxlikeFit: no visible global function definition for ‘coef’
    predict.maxlikeFit: no visible global function definition for
     ‘getValues’
    predict.maxlikeFit: no visible global function definition for
     ‘model.frame’
    predict.maxlikeFit: no visible global function definition for
     ‘model.matrix’
    predict.maxlikeFit: no visible global function definition for ‘plogis’
    predict.maxlikeFit: no visible global function definition for ‘raster’
    predict.maxlikeFit: no visible global function definition for
     ‘extent<-’
    predict.maxlikeFit: no visible global function definition for ‘extent’
    summary.maxlikeFit: no visible global function definition for ‘pnorm’
    Undefined global functions or variables:
     aggregate cellFromXY cellStats chisq.test coef extent extent<-
     extract getValues model.frame model.matrix ncell optim plogis pnorm
     predict raster stack values values<-
    Consider adding
     importFrom("stats", "aggregate", "chisq.test", "coef", "model.frame",
     "model.matrix", "optim", "plogis", "pnorm", "predict")
     importFrom("utils", "stack")
    to your NAMESPACE.
Flavors: r-devel-linux-x86_64-debian-clang, r-devel-linux-x86_64-debian-gcc, r-devel-linux-x86_64-fedora-clang, r-devel-linux-x86_64-fedora-gcc, r-devel-windows-ix86+x86_64

Version: 0.1-5
Check: R code for possible problems
Result: NOTE
    chisq.maxlikeFit: no visible global function definition for ‘cellStats’
    chisq.maxlikeFit: no visible global function definition for ‘ncell’
    chisq.maxlikeFit: no visible global function definition for
     ‘cellFromXY’
    chisq.maxlikeFit: no visible global function definition for ‘values’
    chisq.maxlikeFit: no visible global function definition for ‘values<-’
    maxlike: no visible global function definition for ‘cellFromXY’
    maxlike: no visible global function definition for ‘extract’
    maxlike: no visible global function definition for ‘getValues’
    predict.maxlikeFit: no visible global function definition for
     ‘getValues’
    predict.maxlikeFit: no visible global function definition for ‘raster’
    predict.maxlikeFit: no visible global function definition for
     ‘extent<-’
    predict.maxlikeFit: no visible global function definition for ‘extent’
    Undefined global functions or variables:
     cellFromXY cellStats extent extent<- extract getValues ncell raster
     values values<-
Flavor: r-devel-osx-x86_64-clang

Version: 0.1-5
Check: R code for possible problems
Result: NOTE
    chisq.maxlikeFit: no visible global function definition for ‘cellStats’
    chisq.maxlikeFit: no visible global function definition for ‘ncell’
    chisq.maxlikeFit: no visible global function definition for
     ‘cellFromXY’
    chisq.maxlikeFit: no visible global function definition for ‘values’
    chisq.maxlikeFit: no visible global function definition for ‘values<-’
    maxlike: no visible global function definition for ‘cellFromXY’
    maxlike: no visible global function definition for ‘extract’
    maxlike: no visible global function definition for ‘getValues’
    predict.maxlikeFit: no visible global function definition for
     ‘getValues’
    predict.maxlikeFit: no visible global function definition for ‘raster’
    predict.maxlikeFit: no visible global function definition for
     ‘extent<-’
    predict.maxlikeFit: no visible global function definition for ‘extent’
Flavors: r-patched-linux-x86_64, r-patched-solaris-sparc, r-patched-solaris-x86, r-release-linux-x86_64, r-release-osx-x86_64-mavericks, r-release-windows-ix86+x86_64, r-oldrel-windows-ix86+x86_64