CRAN Package Check Results for Package maxlike

Last updated on 2014-07-25 19:50:15.

Flavor Version Tinstall Tcheck Ttotal Status Flags
r-devel-linux-x86_64-debian-clang 0.1-5 3.02 39.78 42.80 NOTE
r-devel-linux-x86_64-debian-gcc 0.1-5 2.92 38.92 41.84 NOTE
r-devel-linux-x86_64-fedora-clang 0.1-5 100.49 NOTE
r-devel-linux-x86_64-fedora-gcc 0.1-5 95.69 NOTE
r-devel-osx-x86_64-clang 0.1-5 75.53 NOTE
r-devel-windows-ix86+x86_64 0.1-5 9.00 54.00 63.00 NOTE
r-patched-linux-x86_64 0.1-5 3.00 39.47 42.48 NOTE
r-patched-solaris-sparc 0.1-5 564.20 NOTE
r-patched-solaris-x86 0.1-5 131.30 NOTE
r-release-linux-ix86 0.1-5 3.68 60.72 64.40 NOTE
r-release-linux-x86_64 0.1-5 3.06 40.14 43.20 NOTE
r-release-osx-x86_64-mavericks 0.1-5 NOTE
r-release-osx-x86_64-snowleopard 0.1-5 OK
r-release-windows-ix86+x86_64 0.1-5 8.00 60.00 68.00 NOTE
r-oldrel-windows-ix86+x86_64 0.1-5 9.00 54.00 63.00 NOTE

Check Details

Version: 0.1-5
Check: dependencies in R code
Result: NOTE
    Package in Depends field not imported from: ‘raster’
     These packages need to be imported from (in the NAMESPACE file)
     for when this namespace is loaded but not attached.
    See the information on DESCRIPTION files in the chapter ‘Creating R
    packages’ of the ‘Writing R Extensions’ manual.
Flavors: r-devel-linux-x86_64-debian-clang, r-devel-linux-x86_64-debian-gcc, r-devel-linux-x86_64-fedora-clang, r-devel-linux-x86_64-fedora-gcc, r-devel-osx-x86_64-clang, r-devel-windows-ix86+x86_64, r-patched-linux-x86_64, r-patched-solaris-sparc, r-patched-solaris-x86, r-release-linux-ix86, r-release-linux-x86_64, r-release-osx-x86_64-mavericks, r-release-windows-ix86+x86_64, r-oldrel-windows-ix86+x86_64