CRAN Package Check Results for Package maxlike

Last updated on 2015-05-24 08:48:34.

Flavor Version Tinstall Tcheck Ttotal Status Flags
r-devel-linux-x86_64-debian-clang 0.1-5 2.51 37.84 40.36 NOTE
r-devel-linux-x86_64-debian-gcc 0.1-5 2.33 33.46 35.79 NOTE
r-devel-linux-x86_64-fedora-clang 0.1-5 74.40 NOTE
r-devel-linux-x86_64-fedora-gcc 0.1-5 69.55 NOTE
r-devel-osx-x86_64-clang 0.1-5 60.76 NOTE
r-devel-windows-ix86+x86_64 0.1-5 7.00 47.00 54.00 NOTE
r-patched-linux-x86_64 0.1-5 2.66 33.85 36.52 NOTE
r-patched-solaris-sparc 0.1-5 489.20 NOTE
r-patched-solaris-x86 0.1-5 103.30 NOTE
r-release-linux-x86_64 0.1-5 2.41 33.38 35.78 NOTE
r-release-osx-x86_64-mavericks 0.1-5 NOTE
r-release-osx-x86_64-snowleopard 0.1-5 ERROR
r-release-windows-ix86+x86_64 0.1-5 7.00 50.00 57.00 NOTE
r-oldrel-windows-ix86+x86_64 0.1-5 9.00 57.00 66.00 NOTE

Check Details

Version: 0.1-5
Check: DESCRIPTION meta-information
Result: NOTE
    Malformed Title field: should not end in a period.
Flavors: r-devel-linux-x86_64-debian-clang, r-devel-linux-x86_64-debian-gcc, r-devel-linux-x86_64-fedora-clang, r-devel-linux-x86_64-fedora-gcc, r-devel-osx-x86_64-clang, r-devel-windows-ix86+x86_64, r-patched-linux-x86_64, r-patched-solaris-sparc, r-patched-solaris-x86, r-release-linux-x86_64, r-release-osx-x86_64-mavericks, r-release-windows-ix86+x86_64

Version: 0.1-5
Check: dependencies in R code
Result: NOTE
    Package in Depends field not imported from: ‘raster’
     These packages need to be imported from (in the NAMESPACE file)
     for when this namespace is loaded but not attached.
Flavors: r-devel-linux-x86_64-debian-clang, r-devel-linux-x86_64-debian-gcc, r-devel-linux-x86_64-fedora-clang, r-devel-linux-x86_64-fedora-gcc, r-devel-osx-x86_64-clang, r-devel-windows-ix86+x86_64, r-patched-linux-x86_64, r-patched-solaris-sparc, r-patched-solaris-x86, r-release-linux-x86_64, r-release-osx-x86_64-mavericks, r-release-windows-ix86+x86_64, r-oldrel-windows-ix86+x86_64

Version: 0.1-5
Check: R code for possible problems
Result: NOTE
    chisq.maxlikeFit: no visible global function definition for ‘cellStats’
    chisq.maxlikeFit: no visible global function definition for ‘ncell’
    chisq.maxlikeFit: no visible global function definition for
     ‘cellFromXY’
    chisq.maxlikeFit: no visible global function definition for ‘values’
    chisq.maxlikeFit: no visible global function definition for ‘values<-’
    maxlike: no visible global function definition for ‘cellFromXY’
    maxlike: no visible global function definition for ‘extract’
    maxlike: no visible global function definition for ‘getValues’
    predict.maxlikeFit: no visible global function definition for
     ‘getValues’
    predict.maxlikeFit: no visible global function definition for ‘raster’
    predict.maxlikeFit: no visible global function definition for
     ‘extent<-’
    predict.maxlikeFit: no visible global function definition for ‘extent’
Flavors: r-devel-linux-x86_64-debian-clang, r-devel-linux-x86_64-debian-gcc, r-devel-linux-x86_64-fedora-clang, r-devel-linux-x86_64-fedora-gcc, r-devel-osx-x86_64-clang, r-devel-windows-ix86+x86_64, r-patched-linux-x86_64, r-patched-solaris-sparc, r-patched-solaris-x86, r-release-linux-x86_64, r-release-osx-x86_64-mavericks, r-release-windows-ix86+x86_64, r-oldrel-windows-ix86+x86_64

Version: 0.1-5
Check: package dependencies
Result: ERROR
    Package required but not available: ‘raster’
    
    See section ‘The DESCRIPTION file’ in the ‘Writing R Extensions’
    manual.
Flavor: r-release-osx-x86_64-snowleopard