CRAN Package Check Results for Package maxstat

Last updated on 2015-01-25 17:48:06.

Flavor Version Tinstall Tcheck Ttotal Status Flags
r-devel-linux-x86_64-debian-clang 0.7-21 1.24 20.12 21.35 OK
r-devel-linux-x86_64-debian-gcc 0.7-21 1.28 19.90 21.18 OK
r-devel-linux-x86_64-fedora-clang 0.7-21 40.85 NOTE
r-devel-linux-x86_64-fedora-gcc 0.7-21 39.13 NOTE
r-devel-osx-x86_64-clang 0.7-21 45.04 NOTE
r-devel-windows-ix86+x86_64 0.7-21 9.00 42.00 51.00 OK
r-patched-linux-x86_64 0.7-21 1.39 19.88 21.27 OK
r-patched-solaris-sparc 0.7-21 224.70 OK
r-patched-solaris-x86 0.7-21 59.10 OK
r-release-linux-ix86 0.7-21 1.87 28.90 30.78 OK
r-release-linux-x86_64 0.7-21 1.44 20.10 21.54 OK
r-release-osx-x86_64-mavericks 0.7-21 OK
r-release-osx-x86_64-snowleopard 0.7-21 OK
r-release-windows-ix86+x86_64 0.7-21 10.00 41.00 51.00 OK
r-oldrel-windows-ix86+x86_64 0.7-21 9.00 44.00 53.00 OK

Check Details

Version: 0.7-21
Check: S3 generic/method consistency
Result: NOTE
    Found the following apparent S3 methods exported but not registered:
     maxstat.test.data.frame maxstat.test.default
    See section ‘Registering S3 methods’ in the ‘Writing R Extensions’
    manual.
Flavors: r-devel-linux-x86_64-fedora-clang, r-devel-linux-x86_64-fedora-gcc, r-devel-osx-x86_64-clang