CRAN Package Check Results for Package maxstat

Last updated on 2017-02-22 23:54:03.

Flavor Version Tinstall Tcheck Ttotal Status Flags
r-devel-linux-x86_64-debian-clang 0.7-24 1.47 24.50 25.97 NOTE
r-devel-linux-x86_64-debian-gcc 0.7-24 1.48 25.30 26.78 NOTE
r-devel-linux-x86_64-fedora-clang 0.7-24 52.57 NOTE --no-stop-on-test-error
r-devel-linux-x86_64-fedora-gcc 0.7-24 46.45 NOTE --no-stop-on-test-error
r-devel-macos-x86_64-clang 0.7-24 38.94 NOTE --no-stop-on-test-error
r-devel-windows-ix86+x86_64 0.7-24 13.00 135.00 148.00 OK
r-patched-linux-x86_64 0.7-24 1.28 20.93 22.21 OK
r-patched-solaris-sparc 0.7-24 243.20 OK
r-patched-solaris-x86 0.7-24 54.60 OK
r-release-linux-x86_64 0.7-24 1.22 21.24 22.46 OK
r-release-osx-x86_64-mavericks 0.7-24 OK
r-release-windows-ix86+x86_64 0.7-24 13.00 77.00 90.00 OK
r-oldrel-windows-ix86+x86_64 0.7-24 11.00 73.00 84.00 OK

Check Details

Version: 0.7-24
Check: compiled code
Result: NOTE
    File ‘maxstat/libs/maxstat.so’:
     Found no calls to: ‘R_registerRoutines’, ‘R_useDynamicSymbols’
    
    It is good practice to register native routines and to disable symbol
    search.
    
    See ‘Writing portable packages’ in the ‘Writing R Extensions’ manual.
Flavors: r-devel-linux-x86_64-debian-clang, r-devel-linux-x86_64-debian-gcc

Version: 0.7-24
Flags: --no-stop-on-test-error
Check: compiled code
Result: NOTE
    File ‘maxstat/libs/maxstat.so’:
     Found no calls to: ‘R_registerRoutines’, ‘R_useDynamicSymbols’
    
    It is good practice to register native routines and to disable symbol
    search.
    
    See ‘Writing portable packages’ in the ‘Writing R Extensions’ manual.
Flavors: r-devel-linux-x86_64-fedora-clang, r-devel-linux-x86_64-fedora-gcc, r-devel-macos-x86_64-clang