CRAN Package Check Results for Package maxstat

Last updated on 2014-04-24 11:48:49.

Flavor Version Tinstall Tcheck Ttotal Status Flags
r-devel-linux-x86_64-debian-clang 0.7-20 1.24 19.39 20.63 OK
r-devel-linux-x86_64-debian-gcc 0.7-20 1.36 19.43 20.79 OK
r-devel-linux-x86_64-fedora-clang 0.7-20 39.10 OK
r-devel-linux-x86_64-fedora-gcc 0.7-20 38.47 OK
r-devel-osx-x86_64-clang 0.7-20 39.70 OK
r-devel-osx-x86_64-gcc 0.7-20 OK
r-devel-windows-ix86+x86_64 0.7-20 7.00 40.00 47.00 OK
r-patched-linux-x86_64 0.7-20 1.36 19.47 20.83 OK
r-patched-solaris-sparc 0.7-20 242.40 OK
r-patched-solaris-x86 0.7-20 58.50 OK
r-release-linux-ix86 0.7-20 3.00 40.00 43.00 OK
r-release-linux-x86_64 0.7-20 1.31 19.44 20.76 OK
r-release-osx-x86_64-mavericks 0.7-20 WARN
r-release-osx-x86_64-snowleopard 0.7-20 OK
r-release-windows-ix86+x86_64 0.7-20 10.00 41.00 51.00 OK
r-oldrel-windows-ix86+x86_64 0.7-20 9.00 42.00 51.00 OK

Check Details

Version: 0.7-20
Check: PDF version of manual
Result: WARNING
    LaTeX errors when creating PDF version.
    This typically indicates Rd problems.
    LaTeX errors found:
    ! LaTeX Error: File `upquote.sty' not found.
    
    Type X to quit or <RETURN> to proceed,
    or enter new name. (Default extension: sty)
    
    16b263e8/Rd2.tex:8: ==> Fatal error occurred, no output PDF file produced!
Flavor: r-release-osx-x86_64-mavericks