CRAN Package Check Results for Package maxstat

Last updated on 2015-07-01 17:47:43.

Flavor Version Tinstall Tcheck Ttotal Status Flags
r-devel-linux-x86_64-debian-clang 0.7-22 1.14 17.49 18.64 NOTE
r-devel-linux-x86_64-debian-gcc 0.7-22 1.23 17.52 18.75 NOTE
r-devel-linux-x86_64-fedora-clang 0.7-23 21.05 OK
r-devel-linux-x86_64-fedora-gcc 0.7-22 34.13 NOTE
r-devel-osx-x86_64-clang 0.7-22 37.19 OK
r-devel-windows-ix86+x86_64 0.7-22 13.00 41.00 54.00 NOTE
r-patched-linux-x86_64 0.7-22 1.21 17.88 19.08 OK
r-patched-solaris-sparc 0.7-22 262.80 OK
r-patched-solaris-x86 0.7-23 53.10 OK
r-release-linux-x86_64 0.7-22 1.32 18.30 19.62 OK
r-release-osx-x86_64-mavericks 0.7-22 OK
r-release-windows-ix86+x86_64 0.7-22 9.00 44.00 53.00 OK
r-oldrel-windows-ix86+x86_64 0.7-22 13.00 47.00 60.00 OK

Check Details

Version: 0.7-22
Check: R code for possible problems
Result: NOTE
    maxstat.test.data.frame: no visible global function definition for
     ‘terms’
    pLausen92: no visible global function definition for ‘dnorm’
    pLausen94: no visible global function definition for ‘pnorm’
    pexactgauss: no visible global function definition for ‘pnorm’
    plot.maxtest: no visible global function definition for ‘plot’
    plot.maxtest: no visible global function definition for ‘lines’
    plot.mmaxtest: no visible global function definition for ‘par’
    plot.mmaxtest: no visible global function definition for ‘plot’
    qLausen92: no visible global function definition for ‘optimize’
    qLausen94: no visible global function definition for ‘optimize’
    qexactgauss: no visible global function definition for ‘optimize’
Flavors: r-devel-linux-x86_64-debian-clang, r-devel-linux-x86_64-debian-gcc, r-devel-linux-x86_64-fedora-gcc, r-devel-windows-ix86+x86_64