CRAN Package Check Results for Package mazeGen

Last updated on 2020-09-18 19:49:08 CEST.

Flavor Version Tinstall Tcheck Ttotal Status Flags
r-devel-linux-x86_64-debian-clang 0.1.3 4.02 36.41 40.43 NOTE
r-devel-linux-x86_64-debian-gcc 0.1.3 3.91 28.35 32.26 NOTE
r-devel-linux-x86_64-fedora-clang 0.1.3 58.30 NOTE
r-devel-linux-x86_64-fedora-gcc 0.1.3 50.06 NOTE
r-devel-windows-ix86+x86_64 0.1.3 10.00 49.00 59.00 OK
r-patched-linux-x86_64 0.1.3 4.69 36.30 40.99 NOTE
r-patched-solaris-x86 0.1.3 67.60 NOTE
r-release-linux-x86_64 0.1.3 4.78 37.49 42.27 NOTE
r-release-macos-x86_64 0.1.3 OK
r-release-windows-ix86+x86_64 0.1.3 10.00 48.00 58.00 OK
r-oldrel-macos-x86_64 0.1.3 OK
r-oldrel-windows-ix86+x86_64 0.1.3 7.00 57.00 64.00 OK

Check Details

Version: 0.1.3
Check: for non-standard things in the check directory
Result: NOTE
    Found the following files/directories:
     'map_5.png' 'maze_5.html'
Flavors: r-devel-linux-x86_64-debian-clang, r-devel-linux-x86_64-debian-gcc, r-devel-linux-x86_64-fedora-clang, r-devel-linux-x86_64-fedora-gcc, r-patched-linux-x86_64, r-patched-solaris-x86, r-release-linux-x86_64