Last updated on 2023-12-07 20:48:42 CET.
Flavor | Version | Tinstall | Tcheck | Ttotal | Status | Flags |
---|---|---|---|---|---|---|
r-devel-linux-x86_64-debian-clang | 1.3.5 | 6.62 | 43.17 | 49.79 | NOTE | |
r-devel-linux-x86_64-debian-gcc | 1.3.5 | 4.63 | 32.18 | 36.81 | NOTE | |
r-devel-linux-x86_64-fedora-clang | 1.3.5 | 60.82 | NOTE | |||
r-devel-linux-x86_64-fedora-gcc | 1.3.5 | 68.79 | NOTE | |||
r-devel-windows-x86_64 | 1.3.5 | 5.00 | 53.00 | 58.00 | NOTE | |
r-patched-linux-x86_64 | 1.3.5 | 5.75 | 41.56 | 47.31 | NOTE | |
r-release-linux-x86_64 | 1.3.5 | 6.19 | 41.11 | 47.30 | NOTE | |
r-release-macos-arm64 | 1.3.5 | 27.00 | NOTE | |||
r-release-macos-x86_64 | 1.3.5 | 42.00 | NOTE | |||
r-release-windows-x86_64 | 1.3.5 | 7.00 | 56.00 | 63.00 | NOTE | |
r-oldrel-macos-arm64 | 1.3.5 | 27.00 | NOTE | |||
r-oldrel-macos-x86_64 | 1.3.5 | 31.00 | NOTE | |||
r-oldrel-windows-x86_64 | 1.3.5 | 7.00 | 58.00 | 65.00 | NOTE |
Version: 1.3.5
Check: LazyData
Result: NOTE
'LazyData' is specified without a 'data' directory
Flavors: r-devel-linux-x86_64-debian-clang, r-devel-linux-x86_64-debian-gcc, r-devel-linux-x86_64-fedora-clang, r-devel-linux-x86_64-fedora-gcc, r-devel-windows-x86_64, r-patched-linux-x86_64, r-release-linux-x86_64, r-release-macos-arm64, r-release-macos-x86_64, r-release-windows-x86_64, r-oldrel-macos-arm64, r-oldrel-macos-x86_64, r-oldrel-windows-x86_64
Version: 1.3.5
Check: dependencies in R code
Result: NOTE
Namespaces in Imports field not imported from:
‘effsize’ ‘psych’
All declared Imports should be used.
Flavors: r-devel-linux-x86_64-fedora-clang, r-devel-linux-x86_64-fedora-gcc, r-oldrel-macos-x86_64