CRAN Package Check Results for Package mboost

Last updated on 2015-05-25 08:48:29.

Flavor Version Tinstall Tcheck Ttotal Status Flags
r-devel-linux-x86_64-debian-clang 2.4-2 3.98 197.18 201.16 OK
r-devel-linux-x86_64-debian-gcc 2.4-2 3.83 195.50 199.33 OK
r-devel-linux-x86_64-fedora-clang 2.4-2 471.35 OK
r-devel-linux-x86_64-fedora-gcc 2.4-2 440.69 OK
r-devel-osx-x86_64-clang 2.4-2 352.80 OK
r-devel-windows-ix86+x86_64 2.4-2 12.00 397.00 409.00 OK
r-patched-linux-x86_64 2.4-2 3.70 197.70 201.41 OK
r-patched-solaris-sparc 2.4-2 848.20 OK --no-vignettes
r-patched-solaris-x86 2.4-2 625.70 OK
r-release-linux-x86_64 2.4-2 3.57 196.06 199.64 OK
r-release-osx-x86_64-mavericks 2.4-2 NOTE
r-release-osx-x86_64-snowleopard 2.4-2 ERROR
r-release-windows-ix86+x86_64 2.4-2 13.00 395.00 408.00 OK
r-oldrel-windows-ix86+x86_64 2.4-2 15.00 424.00 439.00 OK

Check Details

Version: 2.4-2
Check: re-building of vignette outputs
Result: NOTE
    Error in re-building vignettes:
     ...
    
    Loading required package: strucchange
    Loading required package: zoo
    
    Attaching package: ‘zoo’
    
    The following objects are masked from ‘package:base’:
    
     as.Date, as.Date.numeric
    
    Loading required package: sandwich
    Warning in obs + pred :
     longer object length is not a multiple of shorter object length
    Warning in obs - pred :
     longer object length is not a multiple of shorter object length
    Warning in gamboost(DEXfat ~ ., data = bodyfat, baselearner = "bss") :
     bss and bns are deprecated, bbs is used instead
    Error in unloadNamespace(package) :
     namespace ‘splines’ is imported by ‘survival’, ‘mboost’ so cannot be unloaded
    
    Error: processing vignette 'mboost_illustrations.Rnw' failed with diagnostics:
     chunk 13 (label = bodyfat-pkg-attach)
    Error in library("splines") :
     Package ‘splines’ version 3.2.0 cannot be unloaded
    Execution halted
Flavor: r-release-osx-x86_64-mavericks

Version: 2.4-2
Check: package dependencies
Result: NOTE
    Packages suggested but not available for checking:
     ‘party’ ‘fields’ ‘BayesX’
Flavor: r-release-osx-x86_64-snowleopard

Version: 2.4-2
Check: dependencies in R code
Result: NOTE
    Unavailable namespace imported from by a ':::' call: ‘party’
     See the note in ?`:::` about the use of this operator.
Flavor: r-release-osx-x86_64-snowleopard

Version: 2.4-2
Check: Rd cross-references
Result: NOTE
    Packages unavailable to check Rd xrefs: ‘fields’, ‘party’, ‘BayesX’
Flavor: r-release-osx-x86_64-snowleopard

Version: 2.4-2
Check: examples
Result: ERROR
    Running examples in ‘mboost-Ex.R’ failed
    The error most likely occurred in:
    
    > ### Name: blackboost
    > ### Title: Gradient Boosting with Regression Trees
    > ### Aliases: blackboost
    > ### Keywords: models regression
    >
    > ### ** Examples
    >
    >
    > ### a simple two-dimensional example: cars data
    > cars.gb <- blackboost(dist ~ speed, data = cars,
    + control = boost_control(mstop = 50))
    Loading required namespace: party
    Failed with error: ‘there is no package called ‘party’’
    Error in btree(mf, tree_controls = tree_controls) : cannot load ‘party’
    Calls: blackboost -> btree
    Execution halted
Flavor: r-release-osx-x86_64-snowleopard

Version: 2.4-2
Check: running R code from vignettes
Result: WARN
    Errors in running code in vignettes:
    when running code in ‘SurvivalEnsembles.Rnw’
     ...
    
    > if (!require("party")) stop("cannot attach package ",
    + sQuote("party"))
    Loading required package: party
    Warning in library(package, lib.loc = lib.loc, character.only = TRUE, logical.return = TRUE, :
     there is no package called ‘party’
    
     When sourcing ‘SurvivalEnsembles.R’:
    Error: cannot attach package ‘party’
    Execution halted
    when running code in ‘mboost.Rnw’
     ...
    > if (!require("party")) install.packages("party", dependencies = TRUE)
    Loading required package: party
    Warning in library(package, lib.loc = lib.loc, character.only = TRUE, logical.return = TRUE, :
     there is no package called ‘party’
    Installing package into ‘/Volumes/XT3/Builds/R-dev-web/QA/Simon/packages/snowleopard-x86_64/results/3.2/mboost.Rcheck’
    (as ‘lib’ is unspecified)
    
     When sourcing ‘mboost.R’:
    Error: trying to use CRAN without setting a mirror
    Execution halted
Flavor: r-release-osx-x86_64-snowleopard

Version: 2.4-2
Check: re-building of vignette outputs
Result: NOTE
    Error in re-building vignettes:
     ...
    Loading required package: parallel
    Loading required package: stabs
    This is mboost 2.4-2. See ‘package?mboost’ and ‘news(package = "mboost")’
    for a complete list of changes.
    
    Loading required package: TH.data
    Loading required package: rpart
    Loading required package: survival
    Loading required package: party
    Warning in library(package, lib.loc = lib.loc, character.only = TRUE, logical.return = TRUE, :
     there is no package called ‘party’
    
    Error: processing vignette 'SurvivalEnsembles.Rnw' failed with diagnostics:
     chunk 1 (label = setup)
    Error in eval(expr, envir, enclos) : cannot attach package ‘party’
    Execution halted
Flavor: r-release-osx-x86_64-snowleopard