CRAN Package Check Results for Package mboost

Last updated on 2020-10-26 01:48:41 CET.

Flavor Version Tinstall Tcheck Ttotal Status Flags
r-devel-linux-x86_64-debian-clang 2.9-3 18.89 579.32 598.21 OK
r-devel-linux-x86_64-debian-gcc 2.9-3 15.56 405.94 421.50 OK
r-devel-linux-x86_64-fedora-clang 2.9-3 660.60 OK
r-devel-linux-x86_64-fedora-gcc 2.9-3 648.56 OK
r-devel-windows-ix86+x86_64 2.9-3 35.00 191.00 226.00 OK --no-vignettes
r-patched-linux-x86_64 2.9-3 14.15 521.56 535.71 OK
r-patched-solaris-x86 2.9-3 781.90 OK
r-release-linux-x86_64 2.9-3 19.89 517.57 537.46 OK
r-release-macos-x86_64 2.9-3 NOTE
r-release-windows-ix86+x86_64 2.9-3 26.00 135.00 161.00 OK --no-vignettes
r-oldrel-macos-x86_64 2.9-3 OK
r-oldrel-windows-ix86+x86_64 2.9-3 30.00 134.00 164.00 OK --no-vignettes

Check Details

Version: 2.9-3
Check: package dependencies
Result: NOTE
    Package suggested but not available for checking: ‘kangar00’
Flavor: r-release-macos-x86_64

Version: 2.9-3
Check: Rd cross-references
Result: NOTE
    Package unavailable to check Rd xrefs: ‘kangar00’
Flavor: r-release-macos-x86_64