CRAN Package Check Results for Package mboost

Last updated on 2018-07-23 03:50:33 CEST.

Flavor Version Tinstall Tcheck Ttotal Status Flags
r-devel-linux-x86_64-debian-clang 2.9-0 13.66 445.29 458.95 WARN
r-devel-linux-x86_64-debian-gcc 2.9-0 10.75 381.11 391.86 WARN
r-devel-linux-x86_64-fedora-clang 2.9-0 481.25 WARN
r-devel-linux-x86_64-fedora-gcc 2.9-0 612.84 WARN
r-devel-windows-ix86+x86_64 2.9-0 29.00 147.00 176.00 WARN --no-vignettes
r-patched-linux-x86_64 2.9-0 OK
r-patched-solaris-x86 2.9-0 792.00 OK
r-release-linux-x86_64 2.9-0 12.85 490.57 503.42 OK
r-release-windows-ix86+x86_64 2.9-0 23.00 215.00 238.00 OK --no-vignettes
r-release-osx-x86_64 2.9-0 OK
r-oldrel-windows-ix86+x86_64 2.9-0 13.00 199.00 212.00 OK --no-vignettes
r-oldrel-osx-x86_64 2.9-0 OK

Check Details

Version: 2.9-0
Check: package subdirectories
Result: WARN
    Problems with news in ‘inst/NEWS.Rd’:
     Malformed NEWS.Rd file:
     Chunk starting
     \itemize{
     \subsection{Base-learners}{
     \itemize{
     \
     contains no \item.
Flavors: r-devel-linux-x86_64-debian-clang, r-devel-linux-x86_64-debian-gcc, r-devel-linux-x86_64-fedora-clang, r-devel-linux-x86_64-fedora-gcc

Version: 2.9-0
Flags: --no-vignettes
Check: package subdirectories
Result: WARN
    Problems with news in 'inst/NEWS.Rd':
     number of columns of matrices must match (see arg 18)
Flavor: r-devel-windows-ix86+x86_64