Last updated on 2021-01-17 22:46:44 CET.
Flavor | Version | Tinstall | Tcheck | Ttotal | Status | Flags |
---|---|---|---|---|---|---|
r-devel-linux-x86_64-debian-clang | 2.9-4 | 16.72 | 937.51 | 954.23 | OK | |
r-devel-linux-x86_64-debian-gcc | 2.9-4 | 15.48 | 652.06 | 667.54 | OK | |
r-devel-linux-x86_64-fedora-clang | 2.9-4 | 1049.44 | OK | |||
r-devel-linux-x86_64-fedora-gcc | 2.9-4 | 1022.09 | OK | |||
r-devel-windows-ix86+x86_64 | 2.9-4 | 30.00 | 162.00 | 192.00 | OK | --no-vignettes |
r-patched-linux-x86_64 | 2.9-4 | 15.27 | 867.60 | 882.87 | OK | |
r-patched-solaris-x86 | 2.9-4 | 1337.20 | OK | |||
r-release-linux-x86_64 | 2.9-4 | 14.17 | 870.45 | 884.62 | OK | |
r-release-macos-x86_64 | 2.9-4 | NOTE | ||||
r-release-windows-ix86+x86_64 | 2.9-4 | 29.00 | 167.00 | 196.00 | OK | --no-vignettes |
r-oldrel-macos-x86_64 | 2.9-4 | OK | ||||
r-oldrel-windows-ix86+x86_64 | 2.9-4 | 30.00 | 183.00 | 213.00 | OK | --no-vignettes |
Version: 2.9-4
Check: package dependencies
Result: NOTE
Package suggested but not available for checking: ‘kangar00’
Flavor: r-release-macos-x86_64
Version: 2.9-4
Check: Rd cross-references
Result: NOTE
Package unavailable to check Rd xrefs: ‘kangar00’
Flavor: r-release-macos-x86_64