CRAN Package Check Results for Package mboost

Last updated on 2014-04-23 12:48:21.

Flavor Version Tinstall Tcheck Ttotal Status Flags
r-devel-linux-x86_64-debian-clang 2.2-3 5.18 239.33 244.51 NOTE
r-devel-linux-x86_64-debian-gcc 2.2-3 5.35 240.61 245.96 NOTE
r-devel-linux-x86_64-fedora-clang 2.2-3 731.19 NOTE
r-devel-linux-x86_64-fedora-gcc 2.2-3 453.15 NOTE
r-devel-osx-x86_64-clang 2.2-3 381.67 NOTE
r-devel-osx-x86_64-gcc 2.2-3 ERROR
r-devel-windows-ix86+x86_64 2.2-3 14.00 581.00 595.00 NOTE
r-patched-linux-x86_64 2.2-3 5.32 239.62 244.94 NOTE
r-patched-solaris-sparc 2.2-3 970.90 NOTE --no-vignettes
r-patched-solaris-x86 2.2-3 794.40 NOTE
r-release-linux-ix86 2.2-3 8.00 405.00 413.00 NOTE
r-release-linux-x86_64 2.2-3 5.15 242.42 247.57 NOTE
r-release-osx-x86_64-mavericks 2.2-3 ERROR
r-release-windows-ix86+x86_64 2.2-3 14.00 509.00 523.00 NOTE
r-oldrel-windows-ix86+x86_64 2.2-3 16.00 545.00 561.00 NOTE

Check Details

Version: 2.2-3
Check: installed package size
Result: NOTE
     installed size is 5.5Mb
     sub-directories of 1Mb or more:
     data 1.1Mb
     doc 1.8Mb
Flavors: r-devel-linux-x86_64-debian-clang, r-devel-linux-x86_64-debian-gcc, r-devel-linux-x86_64-fedora-clang, r-devel-linux-x86_64-fedora-gcc, r-devel-osx-x86_64-clang, r-devel-osx-x86_64-gcc, r-devel-windows-ix86+x86_64, r-patched-linux-x86_64, r-patched-solaris-x86, r-release-linux-ix86, r-release-linux-x86_64, r-release-osx-x86_64-mavericks, r-release-windows-ix86+x86_64, r-oldrel-windows-ix86+x86_64

Version: 2.2-3
Check: package dependencies
Result: NOTE
    Packages suggested but not available for checking:
     ‘party’ ‘fields’ ‘BayesX’
Flavor: r-devel-osx-x86_64-gcc

Version: 2.2-3
Check: dependencies in R code
Result: NOTE
    Unavailable namespace imported from by a ':::' call: ‘party’
     See the note in ?`:::` about the use of this operator.
    See the information on DESCRIPTION files in the chapter ‘Creating R
    packages’ of the ‘Writing R Extensions’ manual.
Flavors: r-devel-osx-x86_64-gcc, r-release-osx-x86_64-mavericks

Version: 2.2-3
Check: R code for possible problems
Result: NOTE
    blackboost: no visible global function definition for ‘ctree_control’
    brad: no visible binding for global variable ‘stationary.cov’
    btree: no visible global function definition for ‘ctree_control’
    btree : <anonymous>: no visible global function definition for
     ‘ctree_memory’
    effective_range: no visible binding for global variable
     ‘stationary.cov’
    effective_range: no visible binding for global variable ‘Exp.cov’
    hyper_bmrf: no visible global function definition for ‘bnd2gra’
    hyper_brad: no visible global function definition for ‘cover.design’
Flavor: r-devel-osx-x86_64-gcc

Version: 2.2-3
Check: Rd cross-references
Result: NOTE
    Packages unavailable to check Rd xrefs: ‘fields’, ‘party’, ‘BayesX’
Flavor: r-devel-osx-x86_64-gcc

Version: 2.2-3
Check: examples
Result: ERROR
    Running examples in ‘mboost-Ex.R’ failed
    The error most likely occurred in:
    
    > ### Name: blackboost
    > ### Title: Gradient Boosting with Regression Trees
    > ### Aliases: blackboost
    > ### Keywords: models regression
    >
    > ### ** Examples
    >
    >
    > ### a simple two-dimensional example: cars data
    > cars.gb <- blackboost(dist ~ speed, data = cars,
    + control = boost_control(mstop = 50))
    Loading required package: party
    Warning in library(package, lib.loc = lib.loc, character.only = TRUE, logical.return = TRUE, :
     there is no package called ‘party’
    Error in btree(mf, tree_controls = tree_controls) : cannot load ‘party’
    Calls: blackboost -> btree
    Execution halted
Flavors: r-devel-osx-x86_64-gcc, r-release-osx-x86_64-mavericks

Version: 2.2-3
Flags: --no-vignettes
Check: installed package size
Result: NOTE
     installed size is 6.1Mb
     sub-directories of 1Mb or more:
     data 1.1Mb
     doc 2.2Mb
Flavor: r-patched-solaris-sparc

Version: 2.2-3
Check: package dependencies
Result: NOTE
    Packages suggested but not available for checking: ‘party’ ‘BayesX’
Flavor: r-release-osx-x86_64-mavericks

Version: 2.2-3
Check: R code for possible problems
Result: NOTE
    blackboost: no visible global function definition for ‘ctree_control’
    btree: no visible global function definition for ‘ctree_control’
    btree : <anonymous>: no visible global function definition for
     ‘ctree_memory’
    hyper_bmrf: no visible global function definition for ‘bnd2gra’
Flavor: r-release-osx-x86_64-mavericks

Version: 2.2-3
Check: Rd cross-references
Result: NOTE
    Packages unavailable to check Rd xrefs: ‘party’, ‘BayesX’
Flavor: r-release-osx-x86_64-mavericks