CRAN Package Check Results for Package mboost

Last updated on 2017-06-22 17:47:48.

Flavor Version Tinstall Tcheck Ttotal Status Flags
r-devel-linux-x86_64-debian-clang 2.8-0 4.91 185.02 189.93 OK
r-devel-linux-x86_64-debian-gcc 2.8-0 4.42 183.01 187.42 OK
r-devel-linux-x86_64-fedora-clang 2.8-0 509.10 OK
r-devel-linux-x86_64-fedora-gcc 2.8-0 486.91 OK
r-devel-windows-ix86+x86_64 2.8-0 28.00 155.00 183.00 OK --no-vignettes
r-patched-linux-x86_64 2.8-0 4.46 184.15 188.61 OK
r-patched-solaris-sparc 2.8-0 849.80 OK --no-vignettes
r-patched-solaris-x86 2.8-0 597.80 OK
r-release-linux-x86_64 2.8-0 4.43 182.89 187.32 OK
r-release-windows-ix86+x86_64 2.8-0 24.00 206.00 230.00 OK --no-vignettes
r-release-osx-x86_64 2.8-0 NOTE
r-oldrel-windows-ix86+x86_64 2.8-0 23.00 148.00 171.00 OK --no-vignettes
r-oldrel-osx-x86_64 2.8-0 OK

Check Details

Version: 2.8-0
Check: package dependencies
Result: NOTE
    Package suggested but not available for checking: ‘kangar00’
Flavor: r-release-osx-x86_64

Version: 2.8-0
Check: Rd cross-references
Result: NOTE
    Package unavailable to check Rd xrefs: ‘kangar00’
Flavor: r-release-osx-x86_64

Version: 2.8-0
Check: re-building of vignette outputs
Result: NOTE
    Error in re-building vignettes:
     ...
    
    Loading required package: sandwich
    
    Attaching package: ‘party’
    
    The following object is masked from ‘package:mboost’:
    
     varimp
    
    Error in texi2dvi(file = file, pdf = TRUE, clean = clean, quiet = quiet, :
     Running 'texi2dvi' on 'SurvivalEnsembles.tex' failed.
    LaTeX errors:
    ! LaTeX Error: File `relsize.sty' not found.
    
    Type X to quit or <RETURN> to proceed,
    or enter new name. (Default extension: sty)
    
    ! Emergency stop.
    <read *>
    
    l.31 ^^M
    
    ! ==> Fatal error occurred, no output PDF file produced!
    Calls: buildVignettes -> texi2pdf -> texi2dvi
    Execution halted
Flavor: r-release-osx-x86_64