CRAN Package Check Results for Package mboost

Last updated on 2017-12-17 18:46:27 CET.

Flavor Version Tinstall Tcheck Ttotal Status Flags
r-devel-linux-x86_64-debian-clang 2.8-1 5.58 396.50 402.08 OK
r-devel-linux-x86_64-debian-gcc 2.8-1 4.54 305.05 309.59 OK
r-devel-linux-x86_64-fedora-clang 2.8-1 471.49 OK
r-devel-linux-x86_64-fedora-gcc 2.8-1 467.30 OK
r-devel-windows-ix86+x86_64 2.8-1 16.00 157.00 173.00 OK --no-vignettes
r-patched-linux-x86_64 2.8-1 6.42 396.81 403.23 OK
r-patched-solaris-x86 2.8-1 596.40 OK
r-release-linux-x86_64 2.8-1 6.35 399.56 405.91 OK
r-release-windows-ix86+x86_64 2.8-1 13.00 215.00 228.00 OK --no-vignettes
r-release-osx-x86_64 2.8-1 NOTE
r-oldrel-windows-ix86+x86_64 2.8-1 17.00 217.00 234.00 OK --no-vignettes
r-oldrel-osx-x86_64 2.8-1 OK

Check Details

Version: 2.8-1
Check: package dependencies
Result: NOTE
    Package suggested but not available for checking: ‘kangar00’
Flavor: r-release-osx-x86_64

Version: 2.8-1
Check: Rd cross-references
Result: NOTE
    Package unavailable to check Rd xrefs: ‘kangar00’
Flavor: r-release-osx-x86_64

Version: 2.8-1
Check: re-building of vignette outputs
Result: NOTE
    Error in re-building vignettes:
     ...
    
    Loading required package: sandwich
    
    Attaching package: ‘party’
    
    The following object is masked from ‘package:mboost’:
    
     varimp
    
    Error in texi2dvi(file = file, pdf = TRUE, clean = clean, quiet = quiet, :
     Running 'texi2dvi' on 'SurvivalEnsembles.tex' failed.
    LaTeX errors:
    ! LaTeX Error: File `relsize.sty' not found.
    
    Type X to quit or <RETURN> to proceed,
    or enter new name. (Default extension: sty)
    
    ! Emergency stop.
    <read *>
    
    l.31 ^^M
    
    ! ==> Fatal error occurred, no output PDF file produced!
    Calls: buildVignettes -> texi2pdf -> texi2dvi
    Execution halted
Flavor: r-release-osx-x86_64