CRAN Package Check Results for Package mboost

Last updated on 2014-10-25 09:52:10.

Flavor Version Tinstall Tcheck Ttotal Status Flags
r-devel-linux-x86_64-debian-clang 2.4-0 4.53 212.18 216.72 OK
r-devel-linux-x86_64-debian-gcc 2.4-0 4.66 206.42 211.08 OK
r-devel-linux-x86_64-fedora-clang 2.4-0 537.47 OK
r-devel-linux-x86_64-fedora-gcc 2.4-0 515.90 OK
r-devel-osx-x86_64-clang 2.4-0 376.84 OK
r-devel-windows-ix86+x86_64 2.4-0 12.00 386.00 398.00 OK
r-patched-linux-x86_64 2.4-0 4.68 244.68 249.36 OK
r-patched-solaris-sparc 2.4-0 944.60 NOTE --no-vignettes
r-patched-solaris-x86 2.4-0 800.10 NOTE
r-release-linux-ix86 2.4-0 5.99 345.46 351.45 OK
r-release-linux-x86_64 2.4-0 4.95 250.62 255.57 OK
r-release-osx-x86_64-mavericks 2.4-0 NOTE
r-release-osx-x86_64-snowleopard 2.4-0 OK
r-release-windows-ix86+x86_64 2.4-0 15.00 501.00 516.00 OK
r-oldrel-windows-ix86+x86_64 2.4-0 14.00 491.00 505.00 OK

Check Details

Version: 2.4-0
Flags: --no-vignettes
Check: installed package size
Result: NOTE
     installed size is 5.0Mb
     sub-directories of 1Mb or more:
     doc 2.2Mb
Flavor: r-patched-solaris-sparc

Version: 2.4-0
Check: installed package size
Result: NOTE
     installed size is 5.0Mb
     sub-directories of 1Mb or more:
     doc 2.2Mb
Flavor: r-patched-solaris-x86

Version: 2.4-0
Check: re-building of vignette outputs
Result: NOTE
    Error in re-building vignettes:
     ...
    
    The following objects are masked from ‘package:base’:
    
     as.Date, as.Date.numeric
    
    Loading required package: sandwich
    Loading required package: strucchange
    Loading required package: modeltools
    Loading required package: stats4
    Warning in obs + pred :
     longer object length is not a multiple of shorter object length
    Warning in obs - pred :
     longer object length is not a multiple of shorter object length
    Error in texi2dvi(file = file, pdf = TRUE, clean = clean, quiet = quiet, :
     Running 'texi2dvi' on 'SurvivalEnsembles.tex' failed.
    LaTeX errors:
    ! LaTeX Error: File `relsize.sty' not found.
    
    Type X to quit or <RETURN> to proceed,
    or enter new name. (Default extension: sty)
    
    test/mboost/vignettes/SurvivalEnsembles.tex:31: ==> Fatal error occurred, no o
    utput PDF file produced!
    Calls: buildVignettes -> texi2pdf -> texi2dvi
    Execution halted
Flavor: r-release-osx-x86_64-mavericks