CRAN Package Check Results for Package mboost

Last updated on 2021-10-22 10:59:15 CEST.

Flavor Version Tinstall Tcheck Ttotal Status Flags
r-devel-linux-x86_64-debian-clang 2.9-5 18.70 359.22 377.92 OK
r-devel-linux-x86_64-debian-gcc 2.9-5 15.21 265.79 281.00 OK
r-devel-linux-x86_64-fedora-clang 2.9-5 460.47 OK
r-devel-linux-x86_64-fedora-gcc 2.9-5 446.64 OK
r-devel-windows-x86_64 2.9-5 28.00 184.00 212.00 OK --no-vignettes
r-devel-windows-x86_64-gcc10-UCRT 2.9-5 NOTE
r-patched-linux-x86_64 2.9-5 20.30 348.77 369.07 OK
r-patched-solaris-x86 2.9-5 646.20 OK
r-release-linux-x86_64 2.9-5 14.90 351.69 366.59 OK
r-release-macos-arm64 2.9-5 NOTE
r-release-macos-x86_64 2.9-5 NOTE
r-release-windows-ix86+x86_64 2.9-5 29.00 314.00 343.00 OK --no-vignettes
r-oldrel-macos-x86_64 2.9-5 NOTE
r-oldrel-windows-ix86+x86_64 2.9-5 36.00 291.00 327.00 OK --no-vignettes

Check Details

Version: 2.9-5
Check: package dependencies
Result: NOTE
    Package suggested but not available for checking: 'kangar00'
Flavors: r-devel-windows-x86_64-gcc10-UCRT, r-release-macos-arm64, r-release-macos-x86_64, r-oldrel-macos-x86_64

Version: 2.9-5
Check: Rd cross-references
Result: NOTE
    Package unavailable to check Rd xrefs: 'kangar00'
Flavors: r-devel-windows-x86_64-gcc10-UCRT, r-release-macos-arm64, r-release-macos-x86_64, r-oldrel-macos-x86_64