CRAN Package Check Results for Package mboost

Last updated on 2017-02-21 23:50:51.

Flavor Version Tinstall Tcheck Ttotal Status Flags
r-devel-linux-x86_64-debian-clang 2.7-0 4.70 200.90 205.60 NOTE
r-devel-linux-x86_64-debian-gcc 2.7-0 4.42 193.51 197.93 NOTE
r-devel-linux-x86_64-fedora-clang 2.7-0 494.63 NOTE --no-stop-on-test-error
r-devel-linux-x86_64-fedora-gcc 2.7-0 485.53 NOTE --no-stop-on-test-error
r-devel-macos-x86_64-clang 2.7-0 376.72 NOTE --no-stop-on-test-error
r-devel-windows-ix86+x86_64 2.7-0 21.00 601.00 622.00 OK
r-patched-linux-x86_64 2.7-0 4.22 188.15 192.37 OK
r-patched-solaris-sparc 2.7-0 987.10 OK --no-vignettes
r-patched-solaris-x86 2.7-0 539.70 OK
r-release-linux-x86_64 2.7-0 4.44 187.72 192.16 OK
r-release-osx-x86_64-mavericks 2.7-0 OK
r-release-windows-ix86+x86_64 2.7-0 23.00 571.00 594.00 OK
r-oldrel-windows-ix86+x86_64 2.7-0 22.00 1117.00 1139.00 OK

Check Details

Version: 2.7-0
Check: compiled code
Result: NOTE
    File ‘mboost/libs/mboost.so’:
     Found no calls to: ‘R_registerRoutines’, ‘R_useDynamicSymbols’
    
    It is good practice to register native routines and to disable symbol
    search.
    
    See ‘Writing portable packages’ in the ‘Writing R Extensions’ manual.
Flavors: r-devel-linux-x86_64-debian-clang, r-devel-linux-x86_64-debian-gcc

Version: 2.7-0
Flags: --no-stop-on-test-error
Check: compiled code
Result: NOTE
    File ‘mboost/libs/mboost.so’:
     Found no calls to: ‘R_registerRoutines’, ‘R_useDynamicSymbols’
    
    It is good practice to register native routines and to disable symbol
    search.
    
    See ‘Writing portable packages’ in the ‘Writing R Extensions’ manual.
Flavors: r-devel-linux-x86_64-fedora-clang, r-devel-linux-x86_64-fedora-gcc, r-devel-macos-x86_64-clang