CRAN Package Check Results for Package mboost

Last updated on 2014-11-28 19:51:21.

Flavor Version Tinstall Tcheck Ttotal Status Flags
r-devel-linux-x86_64-debian-clang 2.4-0 4.73 206.54 211.27 OK
r-devel-linux-x86_64-debian-gcc 2.4-0 4.47 207.88 212.34 OK
r-devel-linux-x86_64-fedora-clang 2.4-0 522.79 OK
r-devel-linux-x86_64-fedora-gcc 2.4-0 546.92 OK
r-devel-osx-x86_64-clang 2.4-0 368.18 OK
r-devel-windows-ix86+x86_64 2.4-0 12.00 393.00 405.00 OK
r-patched-linux-x86_64 2.4-0 4.67 242.00 246.66 OK
r-patched-solaris-sparc 2.4-0 944.60 NOTE --no-vignettes
r-patched-solaris-x86 2.4-0 806.50 NOTE
r-release-linux-ix86 2.4-0 5.66 329.42 335.07 OK
r-release-linux-x86_64 2.4-0 4.68 250.76 255.43 OK
r-release-osx-x86_64-mavericks 2.4-0 NOTE
r-release-osx-x86_64-snowleopard 2.4-0 OK
r-release-windows-ix86+x86_64 2.4-0 14.00 479.00 493.00 OK
r-oldrel-windows-ix86+x86_64 2.4-0 13.00 483.00 496.00 OK

Check Details

Version: 2.4-0
Flags: --no-vignettes
Check: installed package size
Result: NOTE
     installed size is 5.0Mb
     sub-directories of 1Mb or more:
     doc 2.2Mb
Flavor: r-patched-solaris-sparc

Version: 2.4-0
Check: installed package size
Result: NOTE
     installed size is 5.0Mb
     sub-directories of 1Mb or more:
     doc 2.2Mb
Flavor: r-patched-solaris-x86

Version: 2.4-0
Check: re-building of vignette outputs
Result: NOTE
    Error in re-building vignettes:
     ...
    
    The following objects are masked from ‘package:base’:
    
     as.Date, as.Date.numeric
    
    Loading required package: sandwich
    Loading required package: strucchange
    Loading required package: modeltools
    Loading required package: stats4
    Warning in obs + pred :
     longer object length is not a multiple of shorter object length
    Warning in obs - pred :
     longer object length is not a multiple of shorter object length
    Error in texi2dvi(file = file, pdf = TRUE, clean = clean, quiet = quiet, :
     Running 'texi2dvi' on 'SurvivalEnsembles.tex' failed.
    LaTeX errors:
    ! LaTeX Error: File `relsize.sty' not found.
    
    Type X to quit or <RETURN> to proceed,
    or enter new name. (Default extension: sty)
    
    test/mboost/vignettes/SurvivalEnsembles.tex:31: ==> Fatal error occurred, no o
    utput PDF file produced!
    Calls: buildVignettes -> texi2pdf -> texi2dvi
    Execution halted
Flavor: r-release-osx-x86_64-mavericks