CRAN Package Check Results for Package mboost

Last updated on 2019-05-23 14:49:10 CEST.

Flavor Version Tinstall Tcheck Ttotal Status Flags
r-devel-linux-x86_64-debian-clang 2.9-1 15.32 485.58 500.90 OK
r-devel-linux-x86_64-debian-gcc 2.9-1 12.18 353.45 365.63 OK
r-devel-linux-x86_64-fedora-clang 2.9-1 543.31 OK
r-devel-linux-x86_64-fedora-gcc 2.9-1 536.60 OK
r-devel-windows-ix86+x86_64 2.9-1 28.00 186.00 214.00 OK --no-vignettes
r-patched-linux-x86_64 2.9-1 14.13 462.74 476.87 OK
r-patched-solaris-x86 2.9-1 765.30 OK
r-release-linux-x86_64 2.9-1 15.17 463.66 478.83 OK
r-release-windows-ix86+x86_64 2.9-1 37.00 148.00 185.00 OK --no-vignettes
r-release-osx-x86_64 2.9-1 NOTE
r-oldrel-windows-ix86+x86_64 2.9-1 17.00 218.00 235.00 OK --no-vignettes
r-oldrel-osx-x86_64 2.9-1 OK

Check Details

Version: 2.9-1
Check: package dependencies
Result: NOTE
    Package suggested but not available for checking: ‘kangar00’
Flavor: r-release-osx-x86_64

Version: 2.9-1
Check: Rd cross-references
Result: NOTE
    Package unavailable to check Rd xrefs: ‘kangar00’
Flavor: r-release-osx-x86_64