CRAN Package Check Results for Package mboost

Last updated on 2015-01-30 18:51:31.

Flavor Version Tinstall Tcheck Ttotal Status Flags
r-devel-linux-x86_64-debian-clang 2.4-1 3.84 186.61 190.46 NOTE
r-devel-linux-x86_64-debian-gcc 2.4-1 4.10 201.96 206.05 NOTE
r-devel-linux-x86_64-fedora-clang 2.4-1 513.12 NOTE
r-devel-linux-x86_64-fedora-gcc 2.4-1 501.96 NOTE
r-devel-osx-x86_64-clang 2.4-1 378.53 NOTE
r-devel-windows-ix86+x86_64 2.4-1 19.00 403.00 422.00 NOTE
r-patched-linux-x86_64 2.4-1 4.77 216.73 221.50 OK
r-patched-solaris-sparc 2.4-1 985.60 OK --no-vignettes
r-patched-solaris-x86 2.4-1 720.60 OK
r-release-linux-ix86 2.4-1 5.50 325.56 331.06 OK
r-release-linux-x86_64 2.4-1 5.05 243.99 249.04 OK
r-release-osx-x86_64-mavericks 2.4-1 OK
r-release-osx-x86_64-snowleopard 2.4-1 OK
r-release-windows-ix86+x86_64 2.4-1 14.00 507.00 521.00 OK
r-oldrel-windows-ix86+x86_64 2.4-1 15.00 486.00 501.00 OK

Check Details

Version: 2.4-1
Check: dependencies in R code
Result: NOTE
    'library' or 'require' calls in package code:
     ‘BayesX’ ‘fields’ ‘party’
     Please use :: or requireNamespace() instead.
     See section 'Suggested packages' in the 'Writing R Extensions' manual.
Flavors: r-devel-linux-x86_64-debian-clang, r-devel-linux-x86_64-debian-gcc, r-devel-linux-x86_64-fedora-clang, r-devel-linux-x86_64-fedora-gcc, r-devel-osx-x86_64-clang, r-devel-windows-ix86+x86_64