CRAN Package Check Results for Package mboost

Last updated on 2017-04-28 23:52:27.

Flavor Version Tinstall Tcheck Ttotal Status Flags
r-devel-linux-x86_64-debian-clang 2.7-0 4.60 198.35 202.95 NOTE
r-devel-linux-x86_64-debian-gcc 2.7-0 4.57 197.96 202.53 NOTE
r-devel-linux-x86_64-fedora-clang 2.7-0 522.23 NOTE --no-stop-on-test-error
r-devel-linux-x86_64-fedora-gcc 2.7-0 498.11 NOTE --no-stop-on-test-error
r-devel-windows-ix86+x86_64 2.7-0 26.00 261.00 287.00 OK --no-vignettes
r-patched-linux-x86_64 2.7-0 4.58 197.56 202.14 NOTE
r-patched-solaris-sparc 2.7-0 1048.10 OK --no-vignettes
r-patched-solaris-x86 2.7-0 611.20 OK
r-release-linux-x86_64 2.7-0 4.69 200.66 205.35 NOTE
r-release-windows-ix86+x86_64 2.7-0 19.00 209.00 228.00 OK --no-vignettes
r-release-osx-x86_64 2.7-0 NOTE
r-oldrel-windows-ix86+x86_64 2.7-0 21.00 167.00 188.00 OK --no-vignettes
r-oldrel-osx-x86_64 2.7-0 OK

Check Details

Version: 2.7-0
Check: compiled code
Result: NOTE
    File ‘mboost/libs/mboost.so’:
     Found no calls to: ‘R_registerRoutines’, ‘R_useDynamicSymbols’
    
    It is good practice to register native routines and to disable symbol
    search.
    
    See ‘Writing portable packages’ in the ‘Writing R Extensions’ manual.
Flavors: r-devel-linux-x86_64-debian-clang, r-devel-linux-x86_64-debian-gcc, r-patched-linux-x86_64, r-release-linux-x86_64

Version: 2.7-0
Flags: --no-stop-on-test-error
Check: compiled code
Result: NOTE
    File ‘mboost/libs/mboost.so’:
     Found no calls to: ‘R_registerRoutines’, ‘R_useDynamicSymbols’
    
    It is good practice to register native routines and to disable symbol
    search.
    
    See ‘Writing portable packages’ in the ‘Writing R Extensions’ manual.
Flavors: r-devel-linux-x86_64-fedora-clang, r-devel-linux-x86_64-fedora-gcc

Version: 2.7-0
Check: re-building of vignette outputs
Result: NOTE
    Error in re-building vignettes:
     ...
    
    The following object is masked from ‘package:mboost’:
    
     varimp
    
    Warning in obs + pred :
     longer object length is not a multiple of shorter object length
    Warning in obs - pred :
     longer object length is not a multiple of shorter object length
    Error in texi2dvi(file = file, pdf = TRUE, clean = clean, quiet = quiet, :
     Running 'texi2dvi' on 'SurvivalEnsembles.tex' failed.
    LaTeX errors:
    ! LaTeX Error: File `relsize.sty' not found.
    
    Type X to quit or <RETURN> to proceed,
    or enter new name. (Default extension: sty)
    
    ! Emergency stop.
    <read *>
    
    l.31 ^^M
    
    ! ==> Fatal error occurred, no output PDF file produced!
    Calls: buildVignettes -> texi2pdf -> texi2dvi
    Execution halted
Flavor: r-release-osx-x86_64