CRAN Package Check Results for Package mboost

Last updated on 2014-12-19 20:48:19.

Flavor Version Tinstall Tcheck Ttotal Status Flags
r-devel-linux-x86_64-debian-clang 2.4-1 4.35 205.05 209.40 OK
r-devel-linux-x86_64-debian-gcc 2.4-1 4.30 208.16 212.46 OK
r-devel-linux-x86_64-fedora-clang 2.4-1 279.09 OK
r-devel-linux-x86_64-fedora-gcc 2.4-1 269.53 OK
r-devel-osx-x86_64-clang 2.4-1 222.77 OK
r-devel-windows-ix86+x86_64 2.4-1 15.00 403.00 418.00 OK
r-patched-linux-x86_64 2.4-1 4.58 241.40 245.98 OK
r-patched-solaris-sparc 2.4-1 936.30 OK --no-vignettes
r-patched-solaris-x86 2.4-1 801.70 OK
r-release-linux-ix86 2.4-0 5.66 325.46 331.12 OK
r-release-linux-x86_64 2.4-1 4.59 253.49 258.08 OK
r-release-osx-x86_64-mavericks 2.4-1 NOTE
r-release-osx-x86_64-snowleopard 2.4-1 OK
r-release-windows-ix86+x86_64 2.4-1 14.00 503.00 517.00 OK
r-oldrel-windows-ix86+x86_64 2.4-1 14.00 484.00 498.00 OK

Check Details

Version: 2.4-1
Check: re-building of vignette outputs
Result: NOTE
    Error in re-building vignettes:
     ...
    Loading required package: modeltools
    Loading required package: stats4
    
    Attaching package: ‘modeltools’
    
    The following object is masked from ‘package:stabs’:
    
     parameters
    
    Warning in obs + pred :
     longer object length is not a multiple of shorter object length
    Warning in obs - pred :
     longer object length is not a multiple of shorter object length
    Error in texi2dvi(file = file, pdf = TRUE, clean = clean, quiet = quiet, :
     Running 'texi2dvi' on 'SurvivalEnsembles.tex' failed.
    LaTeX errors:
    ! LaTeX Error: File `relsize.sty' not found.
    
    Type X to quit or <RETURN> to proceed,
    or enter new name. (Default extension: sty)
    
    test/mboost/vignettes/SurvivalEnsembles.tex:31: ==> Fatal error occurred, no o
    utput PDF file produced!
    Calls: buildVignettes -> texi2pdf -> texi2dvi
    Execution halted
Flavor: r-release-osx-x86_64-mavericks