CRAN Package Check Results for Package mboost

Last updated on 2014-08-28 00:47:04.

Flavor Version Tinstall Tcheck Ttotal Status Flags
r-devel-linux-x86_64-debian-clang 2.3-0 4.52 193.28 197.80 NOTE
r-devel-linux-x86_64-debian-gcc 2.3-0 4.60 201.99 206.58 NOTE
r-devel-linux-x86_64-fedora-clang 2.3-0 533.86 NOTE
r-devel-linux-x86_64-fedora-gcc 2.3-0 512.44 NOTE
r-devel-osx-x86_64-clang 2.3-0 360.55 NOTE
r-devel-windows-ix86+x86_64 2.3-0 13.00 405.00 418.00 NOTE
r-patched-linux-x86_64 2.3-0 4.75 244.34 249.09 NOTE
r-patched-solaris-sparc 2.3-0 978.50 NOTE --no-vignettes
r-patched-solaris-x86 2.3-0 805.10 NOTE
r-release-linux-ix86 2.3-0 5.63 333.58 339.21 OK
r-release-linux-x86_64 2.3-0 4.82 229.47 234.29 OK
r-release-osx-x86_64-mavericks 2.3-0 NOTE
r-release-osx-x86_64-snowleopard 2.3-0 OK
r-release-windows-ix86+x86_64 2.3-0 13.00 489.00 502.00 OK
r-oldrel-windows-ix86+x86_64 2.3-0 13.00 492.00 505.00 OK

Check Details

Version: 2.3-0
Check: dependencies in R code
Result: NOTE
    Package in Depends field not imported from: ‘parallel’
     These packages need to be imported from (in the NAMESPACE file)
     for when this namespace is loaded but not attached.
    See the information on DESCRIPTION files in the chapter ‘Creating R
    packages’ of the ‘Writing R Extensions’ manual.
Flavors: r-devel-linux-x86_64-debian-clang, r-devel-linux-x86_64-debian-gcc, r-devel-linux-x86_64-fedora-clang, r-devel-linux-x86_64-fedora-gcc, r-devel-osx-x86_64-clang, r-devel-windows-ix86+x86_64, r-patched-linux-x86_64, r-patched-solaris-x86

Version: 2.3-0
Check: R code for possible problems
Result: NOTE
    blackboost: no visible global function definition for ‘ctree_control’
    brad: no visible binding for global variable ‘stationary.cov’
    btree: no visible global function definition for ‘ctree_control’
    btree : <anonymous>: no visible global function definition for
     ‘ctree_memory’
    cvrisk.mboost: no visible binding for global variable ‘mclapply’
    effective_range: no visible binding for global variable
     ‘stationary.cov’
    effective_range: no visible binding for global variable ‘Exp.cov’
    hyper_bmrf: no visible global function definition for ‘bnd2gra’
    hyper_brad: no visible global function definition for ‘cover.design’
    stabsel: no visible binding for global variable ‘mclapply’
Flavors: r-devel-linux-x86_64-debian-clang, r-devel-linux-x86_64-debian-gcc, r-devel-linux-x86_64-fedora-clang, r-devel-linux-x86_64-fedora-gcc, r-devel-osx-x86_64-clang, r-devel-windows-ix86+x86_64

Version: 2.3-0
Flags: --no-vignettes
Check: installed package size
Result: NOTE
     installed size is 5.1Mb
     sub-directories of 1Mb or more:
     doc 2.2Mb
Flavor: r-patched-solaris-sparc

Version: 2.3-0
Flags: --no-vignettes
Check: dependencies in R code
Result: NOTE
    Package in Depends field not imported from: ‘parallel’
     These packages need to be imported from (in the NAMESPACE file)
     for when this namespace is loaded but not attached.
    See the information on DESCRIPTION files in the chapter ‘Creating R
    packages’ of the ‘Writing R Extensions’ manual.
Flavor: r-patched-solaris-sparc

Version: 2.3-0
Check: installed package size
Result: NOTE
     installed size is 5.1Mb
     sub-directories of 1Mb or more:
     doc 2.2Mb
Flavor: r-patched-solaris-x86

Version: 2.3-0
Check: re-building of vignette outputs
Result: NOTE
    Error in re-building vignettes:
     ...
    
    The following objects are masked from ‘package:base’:
    
     as.Date, as.Date.numeric
    
    Loading required package: sandwich
    Loading required package: strucchange
    Loading required package: modeltools
    Loading required package: stats4
    Warning in obs + pred :
     longer object length is not a multiple of shorter object length
    Warning in obs - pred :
     longer object length is not a multiple of shorter object length
    Error in texi2dvi(file = file, pdf = TRUE, clean = clean, quiet = quiet, :
     Running 'texi2dvi' on 'SurvivalEnsembles.tex' failed.
    LaTeX errors:
    ! LaTeX Error: File `relsize.sty' not found.
    
    Type X to quit or <RETURN> to proceed,
    or enter new name. (Default extension: sty)
    
    test/mboost/vignettes/SurvivalEnsembles.tex:31: ==> Fatal error occurred, no o
    utput PDF file produced!
    Calls: buildVignettes -> texi2pdf -> texi2dvi
    Execution halted
Flavor: r-release-osx-x86_64-mavericks