CRAN Package Check Results for Package mboost

Last updated on 2014-07-22 17:48:32.

Flavor Version Tinstall Tcheck Ttotal Status Flags
r-devel-linux-x86_64-debian-clang 2.3-0 4.80 213.52 218.31 OK
r-devel-linux-x86_64-debian-gcc 2.3-0 4.48 203.96 208.44 OK
r-devel-linux-x86_64-fedora-clang 2.3-0 566.32 OK
r-devel-linux-x86_64-fedora-gcc 2.3-0 542.11 OK
r-devel-osx-x86_64-clang 2.3-0 375.90 OK
r-devel-windows-ix86+x86_64 2.3-0 15.00 430.00 445.00 OK
r-patched-linux-x86_64 2.3-0 4.73 238.29 243.02 OK
r-patched-solaris-sparc 2.3-0 897.20 NOTE --no-vignettes
r-patched-solaris-x86 2.3-0 824.00 NOTE
r-release-linux-ix86 2.3-0 5.65 336.82 342.47 OK
r-release-linux-x86_64 2.3-0 4.79 232.26 237.05 OK
r-release-osx-x86_64-mavericks 2.3-0 NOTE
r-release-osx-x86_64-snowleopard 2.3-0 OK
r-release-windows-ix86+x86_64 2.3-0 14.00 505.00 519.00 OK
r-oldrel-windows-ix86+x86_64 2.3-0 15.00 475.00 490.00 OK

Check Details

Version: 2.3-0
Flags: --no-vignettes
Check: installed package size
Result: NOTE
     installed size is 5.1Mb
     sub-directories of 1Mb or more:
     doc 2.2Mb
Flavor: r-patched-solaris-sparc

Version: 2.3-0
Check: installed package size
Result: NOTE
     installed size is 5.1Mb
     sub-directories of 1Mb or more:
     doc 2.2Mb
Flavor: r-patched-solaris-x86

Version: 2.3-0
Check: re-building of vignette outputs
Result: NOTE
    Error in re-building vignettes:
     ...
    
    The following objects are masked from ‘package:base’:
    
     as.Date, as.Date.numeric
    
    Loading required package: sandwich
    Loading required package: strucchange
    Loading required package: modeltools
    Loading required package: stats4
    Warning in obs + pred :
     longer object length is not a multiple of shorter object length
    Warning in obs - pred :
     longer object length is not a multiple of shorter object length
    Error in texi2dvi(file = file, pdf = TRUE, clean = clean, quiet = quiet, :
     Running 'texi2dvi' on 'SurvivalEnsembles.tex' failed.
    LaTeX errors:
    ! LaTeX Error: File `relsize.sty' not found.
    
    Type X to quit or <RETURN> to proceed,
    or enter new name. (Default extension: sty)
    
    test/mboost/vignettes/SurvivalEnsembles.tex:31: ==> Fatal error occurred, no o
    utput PDF file produced!
    Calls: buildVignettes -> texi2pdf -> texi2dvi
    Execution halted
Flavor: r-release-osx-x86_64-mavericks