CRAN Package Check Results for Package mboost

Last updated on 2015-08-02 11:47:27.

Flavor Version Tinstall Tcheck Ttotal Status Flags
r-devel-linux-x86_64-debian-clang 2.4-2 3.79 198.73 202.52 NOTE
r-devel-linux-x86_64-debian-gcc 2.4-2 3.69 194.06 197.74 NOTE
r-devel-linux-x86_64-fedora-clang 2.4-2 463.11 NOTE
r-devel-linux-x86_64-fedora-gcc 2.4-2 443.21 NOTE
r-devel-osx-x86_64-clang 2.4-2 324.58 OK
r-devel-windows-ix86+x86_64 2.4-2 13.00 467.00 480.00 NOTE
r-patched-linux-x86_64 2.4-2 3.72 203.92 207.64 OK
r-patched-solaris-sparc 2.4-2 834.80 OK --no-vignettes
r-patched-solaris-x86 2.4-2 623.70 OK
r-release-linux-x86_64 2.4-2 3.63 198.06 201.70 OK
r-release-osx-x86_64-mavericks 2.4-2 NOTE
r-release-windows-ix86+x86_64 2.4-2 18.00 586.00 604.00 OK
r-oldrel-windows-ix86+x86_64 2.4-2 22.00 525.00 547.00 OK

Check Details

Version: 2.4-2
Check: R code for possible problems
Result: NOTE
    lines.mboost: no visible global function definition for ‘plot’
    lines.mboost.ci: no visible global function definition for ‘rgb’
    lines.mboost.ci: no visible global function definition for ‘polygon’
    lines.mboost.ci: no visible global function definition for ‘matlines’
    plot.cvrisk: no visible global function definition for ‘plot’
    plot.cvrisk : <anonymous>: no visible global function definition for
     ‘lines’
    plot.cvrisk: no visible global function definition for ‘lines’
    plot.cvrisk: no visible global function definition for ‘axis’
    plot.cvrisk: no visible global function definition for ‘box’
    plot.gbAIC: no visible global function definition for ‘plot’
    plot.gbAIC: no visible global function definition for ‘points’
    plot.gbAIC: no visible global function definition for ‘lines’
    plot.glmboost: no visible global function definition for ‘hcl’
    plot.glmboost: no visible global function definition for ‘matplot’
    plot.glmboost: no visible global function definition for ‘abline’
    plot.glmboost: no visible global function definition for ‘axis’
    plot.mboost : plot_helper: no visible global function definition for
     ‘plot’
    plot.mboost : plot_helper: no visible global function definition for
     ‘axis’
    plot.mboost : plot_helper: no visible global function definition for
     ‘lines’
    plot.mboost.ci: no visible global function definition for ‘rgb’
    plot.mboost.ci: no visible global function definition for ‘plot’
    plot.mboost.ci: no visible global function definition for ‘lines’
    plot.survFit: no visible global function definition for ‘plot’
    plot.survFit : <anonymous>: no visible global function definition for
     ‘lines’
    Undefined global functions or variables:
     abline axis box hcl lines matlines matplot plot points polygon rgb
    Consider adding
     importFrom("grDevices", "hcl", "rgb")
     importFrom("graphics", "abline", "axis", "box", "lines", "matlines",
     "matplot", "plot", "points", "polygon")
    to your NAMESPACE.
Flavors: r-devel-linux-x86_64-debian-clang, r-devel-linux-x86_64-debian-gcc, r-devel-linux-x86_64-fedora-clang, r-devel-linux-x86_64-fedora-gcc, r-devel-windows-ix86+x86_64

Version: 2.4-2
Check: re-building of vignette outputs
Result: NOTE
    Error in re-building vignettes:
     ...
    
    Loading required package: strucchange
    Loading required package: zoo
    
    Attaching package: ‘zoo’
    
    The following objects are masked from ‘package:base’:
    
     as.Date, as.Date.numeric
    
    Loading required package: sandwich
    Warning in obs + pred :
     longer object length is not a multiple of shorter object length
    Warning in obs - pred :
     longer object length is not a multiple of shorter object length
    Warning in gamboost(DEXfat ~ ., data = bodyfat, baselearner = "bss") :
     bss and bns are deprecated, bbs is used instead
    Error in unloadNamespace(package) :
     namespace ‘splines’ is imported by ‘survival’, ‘mboost’ so cannot be unloaded
    
    Error: processing vignette 'mboost_illustrations.Rnw' failed with diagnostics:
     chunk 13 (label = bodyfat-pkg-attach)
    Error in library("splines") :
     Package ‘splines’ version 3.2.0 cannot be unloaded
    Execution halted
Flavor: r-release-osx-x86_64-mavericks