CRAN Package Check Results for Package mboost

Last updated on 2017-03-23 06:48:11.

Flavor Version Tinstall Tcheck Ttotal Status Flags
r-devel-linux-x86_64-debian-clang 2.7-0 4.42 198.89 203.31 NOTE
r-devel-linux-x86_64-debian-gcc 2.7-0 5.00 194.63 199.63 NOTE
r-devel-linux-x86_64-fedora-clang 2.7-0 547.90 NOTE --no-stop-on-test-error
r-devel-linux-x86_64-fedora-gcc 2.7-0 495.68 NOTE --no-stop-on-test-error
r-devel-macos-x86_64-clang 2.7-0 377.86 NOTE --no-stop-on-test-error
r-devel-windows-ix86+x86_64 2.7-0 14.00 421.00 435.00 OK
r-patched-linux-x86_64 2.7-0 4.11 194.72 198.82 OK
r-patched-solaris-sparc 2.7-0 1048.10 OK --no-vignettes
r-patched-solaris-x86 2.7-0 617.80 OK
r-release-linux-x86_64 2.7-0 4.34 194.04 198.38 OK
r-release-osx-x86_64-mavericks 2.7-0 OK
r-release-windows-ix86+x86_64 2.7-0 20.00 564.00 584.00 OK
r-oldrel-windows-ix86+x86_64 2.7-0 21.00 1095.00 1116.00 OK

Check Details

Version: 2.7-0
Check: compiled code
Result: NOTE
    File ‘mboost/libs/mboost.so’:
     Found no calls to: ‘R_registerRoutines’, ‘R_useDynamicSymbols’
    
    It is good practice to register native routines and to disable symbol
    search.
    
    See ‘Writing portable packages’ in the ‘Writing R Extensions’ manual.
Flavors: r-devel-linux-x86_64-debian-clang, r-devel-linux-x86_64-debian-gcc

Version: 2.7-0
Flags: --no-stop-on-test-error
Check: compiled code
Result: NOTE
    File ‘mboost/libs/mboost.so’:
     Found no calls to: ‘R_registerRoutines’, ‘R_useDynamicSymbols’
    
    It is good practice to register native routines and to disable symbol
    search.
    
    See ‘Writing portable packages’ in the ‘Writing R Extensions’ manual.
Flavors: r-devel-linux-x86_64-fedora-clang, r-devel-linux-x86_64-fedora-gcc, r-devel-macos-x86_64-clang