CRAN Package Check Results for Package mc2d

Last updated on 2015-03-27 07:48:50.

Flavor Version Tinstall Tcheck Ttotal Status Flags
r-devel-linux-x86_64-debian-clang 0.1-15 1.48 84.29 85.77 NOTE
r-devel-linux-x86_64-debian-gcc 0.1-15 1.16 86.60 87.76 NOTE
r-devel-linux-x86_64-fedora-clang 0.1-15 166.19 NOTE
r-devel-linux-x86_64-fedora-gcc 0.1-15 156.17 NOTE
r-devel-osx-x86_64-clang 0.1-15 156.35 NOTE
r-prerel-windows-ix86+x86_64 0.1-15 7.00 125.00 132.00 NOTE
r-prerel-linux-x86_64 0.1-15 1.26 79.51 80.77 NOTE
r-prerel-solaris-sparc 0.1-15 987.80 NOTE
r-prerel-solaris-x86 0.1-15 193.70 NOTE
r-release-linux-x86_64 0.1-15 1.35 94.03 95.38 OK
r-release-osx-x86_64-mavericks 0.1-15 OK
r-release-osx-x86_64-snowleopard 0.1-15 OK
r-release-windows-ix86+x86_64 0.1-15 4.00 151.00 155.00 OK
r-oldrel-windows-ix86+x86_64 0.1-15 4.00 175.00 179.00 OK

Check Details

Version: 0.1-15
Check: DESCRIPTION meta-information
Result: NOTE
    Malformed Description field: should contain one or more complete sentences.
Flavors: r-devel-linux-x86_64-debian-clang, r-devel-linux-x86_64-debian-gcc, r-devel-linux-x86_64-fedora-clang, r-devel-linux-x86_64-fedora-gcc, r-devel-osx-x86_64-clang, r-prerel-windows-ix86+x86_64, r-prerel-linux-x86_64, r-prerel-solaris-sparc, r-prerel-solaris-x86