CRAN Package Check Results for Package mc2d

Last updated on 2015-06-30 18:47:21.

Flavor Version Tinstall Tcheck Ttotal Status Flags
r-devel-linux-x86_64-debian-clang 0.1-15 1.88 80.78 82.66 NOTE
r-devel-linux-x86_64-debian-gcc 0.1-15 1.22 80.44 81.66 NOTE
r-devel-linux-x86_64-fedora-clang 0.1-15 155.25 NOTE
r-devel-linux-x86_64-fedora-gcc 0.1-15 152.47 NOTE
r-devel-osx-x86_64-clang 0.1-15 147.12 NOTE
r-devel-windows-ix86+x86_64 0.1-15 8.00 167.00 175.00 NOTE
r-patched-linux-x86_64 0.1-15 1.18 79.74 80.92 NOTE
r-patched-solaris-sparc 0.1-15 1009.90 NOTE
r-patched-solaris-x86 0.1-15 193.20 NOTE
r-release-linux-x86_64 0.1-15 1.28 79.45 80.73 NOTE
r-release-osx-x86_64-mavericks 0.1-15 NOTE
r-release-windows-ix86+x86_64 0.1-15 7.00 134.00 141.00 NOTE
r-oldrel-windows-ix86+x86_64 0.1-15 7.00 153.00 160.00 OK

Check Details

Version: 0.1-15
Check: DESCRIPTION meta-information
Result: NOTE
    Malformed Description field: should contain one or more complete sentences.
Flavors: r-devel-linux-x86_64-debian-clang, r-devel-linux-x86_64-debian-gcc, r-devel-linux-x86_64-fedora-clang, r-devel-linux-x86_64-fedora-gcc, r-devel-osx-x86_64-clang, r-devel-windows-ix86+x86_64, r-patched-linux-x86_64, r-patched-solaris-sparc, r-patched-solaris-x86, r-release-linux-x86_64, r-release-osx-x86_64-mavericks, r-release-windows-ix86+x86_64

Version: 0.1-15
Check: R code for possible problems
Result: NOTE
    converg : graph: no visible global function definition for ‘plot’
    converg : graph: no visible global function definition for ‘lines’
    converg: no visible global function definition for ‘par’
    evalmccut: no visible global function definition for ‘flush.console’
    hist.mc: no visible global function definition for ‘par’
    hist.mc: no visible global function definition for ‘hist’
    plot.mc: no visible global function definition for ‘par’
    plot.mc : LEPLOT: no visible global function definition for ‘abline’
    plot.mc : LEPLOT: no visible global function definition for ‘grey’
    plot.mc : LEPLOT: no visible global function definition for ‘polygon’
    plot.tornado: no visible global function definition for ‘plot’
    plot.tornado: no visible global function definition for ‘axis’
    plot.tornado: no visible global function definition for ‘segments’
    plot.tornado: no visible global function definition for ‘points’
    plot.tornado: no visible global function definition for ‘abline’
    plot.tornado: no visible global function definition for ‘text’
Flavors: r-devel-linux-x86_64-debian-clang, r-devel-linux-x86_64-debian-gcc, r-devel-linux-x86_64-fedora-clang, r-devel-windows-ix86+x86_64