CRAN Package Check Results for Package mc2d

Last updated on 2014-04-25 09:52:17.

Flavor Version Tinstall Tcheck Ttotal Status Flags
r-devel-linux-x86_64-debian-clang 0.1-14 1.42 86.61 88.03 OK
r-devel-linux-x86_64-debian-gcc 0.1-14 1.28 87.37 88.65 OK
r-devel-linux-x86_64-fedora-clang 0.1-14 180.66 OK
r-devel-linux-x86_64-fedora-gcc 0.1-14 179.58 OK
r-devel-osx-x86_64-clang 0.1-14 140.49 OK
r-devel-osx-x86_64-gcc 0.1-14 WARN
r-devel-windows-ix86+x86_64 0.1-14 3.00 137.00 140.00 OK
r-patched-linux-x86_64 0.1-14 1.34 88.00 89.34 OK
r-patched-solaris-sparc 0.1-14 1018.40 OK
r-patched-solaris-x86 0.1-14 211.70 OK
r-release-linux-ix86 0.1-14 2.00 218.00 220.00 OK
r-release-linux-x86_64 0.1-14 1.32 86.95 88.27 OK
r-release-osx-x86_64-mavericks 0.1-14 WARN
r-release-osx-x86_64-snowleopard 0.1-14 NOTE
r-release-windows-ix86+x86_64 0.1-14 4.00 129.00 133.00 OK
r-oldrel-windows-ix86+x86_64 0.1-14 4.00 120.00 124.00 OK

Check Details

Version: 0.1-14
Check: package dependencies
Result: NOTE
    Package suggested but not available for checking: ‘fitdistrplus’
Flavor: r-devel-osx-x86_64-gcc

Version: 0.1-14
Check: running R code from vignettes
Result: WARNING
    Errors in running code in vignettes:
    when running code in ‘docmcEnglish.Rnw’
     ...
    Warning in sample.int(length(x), size, replace, prob) :
     Walker's alias method used: results are different from R < 2.2.0
     node mode nsv nsu nva variate min mean median max Nas type outm
    1 x numeric 1001 1 1 1 0 0.384 0.3 3.11 0 V each
    
    > library(fitdistrplus)
    
     When sourcing ‘docmcEnglish.R’:
    Error: there is no package called ‘fitdistrplus’
    Execution halted
    when running code in ‘mc2dLmEnglish.rnw’
     ...
    > risk <- 1 - (1 - r)^expo
    
    > risk
    [1] 2.69e-09
    
    > library(fitdistrplus)
    
     When sourcing ‘mc2dLmEnglish.R’:
    Error: there is no package called ‘fitdistrplus’
    Execution halted
Flavor: r-devel-osx-x86_64-gcc

Version: 0.1-14
Check: re-building of vignette outputs
Result: NOTE
    Error in re-building vignettes:
     ...
    Loading required package: mvtnorm
    
    Attaching package: ‘mc2d’
    
    The following objects are masked from ‘package:base’:
    
     pmax, pmin
    
    Warning in sample.int(length(x), size, replace, prob) :
     Walker's alias method used: results are different from R < 2.2.0
    
    Error: processing vignette 'docmcEnglish.Rnw' failed with diagnostics:
     chunk 36 (label = Crypto4)
    Error in library(fitdistrplus) :
     there is no package called ‘fitdistrplus’
    Execution halted
Flavor: r-devel-osx-x86_64-gcc

Version: 0.1-14
Check: PDF version of manual
Result: WARNING
    LaTeX errors when creating PDF version.
    This typically indicates Rd problems.
    LaTeX errors found:
    ! LaTeX Error: File `upquote.sty' not found.
    
    Type X to quit or <RETURN> to proceed,
    or enter new name. (Default extension: sty)
    
    70701461/Rd2.tex:8: ==> Fatal error occurred, no output PDF file produced!
Flavor: r-release-osx-x86_64-mavericks

Version: 0.1-14
Check: re-building of vignette outputs
Result: NOTE
    Error in re-building vignettes:
     ...
    
    The following objects are masked from 'package:base':
    
     pmax, pmin
    
    Warning in sample.int(length(x), size, replace, prob) :
     Walker's alias method used: results are different from R < 2.2.0
    Loading required package: survival
    Loading required package: splines
    Error in texi2dvi(file = file, pdf = TRUE, clean = clean, quiet = quiet, :
     Running 'texi2dvi' on 'docmcEnglish.tex' failed.
    LaTeX errors:
    ! File ended while scanning use of \emph .
    <inserted text>
     \par
    <*> ...k/vign_test/mc2d/vignettes/docmcEnglish.tex
    
    ! Emergency stop.
    <*> ...k/vign_test/mc2d/vignettes/docmcEnglish.tex
    
    *** (job aborted, no legal \end found)
    
    ! ==> Fatal error occurred, no output PDF file produced!
    Calls: buildVignettes -> texi2pdf -> texi2dvi
    Execution halted
Flavor: r-release-osx-x86_64-snowleopard