CRAN Package Check Results for Package mc2d

Last updated on 2014-07-28 11:49:01.

Flavor Version Tinstall Tcheck Ttotal Status Flags
r-devel-linux-x86_64-debian-clang 0.1-14 1.42 86.12 87.54 OK
r-devel-linux-x86_64-debian-gcc 0.1-14 1.83 85.69 87.52 OK
r-devel-linux-x86_64-fedora-clang 0.1-14 179.41 OK
r-devel-linux-x86_64-fedora-gcc 0.1-14 178.30 OK
r-devel-osx-x86_64-clang 0.1-14 155.88 OK
r-devel-windows-ix86+x86_64 0.1-14 4.00 136.00 140.00 OK
r-patched-linux-x86_64 0.1-14 1.38 85.16 86.53 OK
r-patched-solaris-sparc 0.1-14 1018.40 OK
r-patched-solaris-x86 0.1-14 215.60 OK
r-release-linux-ix86 0.1-14 1.72 164.70 166.42 OK
r-release-linux-x86_64 0.1-14 1.98 89.26 91.24 OK
r-release-osx-x86_64-mavericks 0.1-14 OK
r-release-osx-x86_64-snowleopard 0.1-14 NOTE
r-release-windows-ix86+x86_64 0.1-14 4.00 138.00 142.00 OK
r-oldrel-windows-ix86+x86_64 0.1-14 4.00 119.00 123.00 OK

Check Details

Version: 0.1-14
Check: re-building of vignette outputs
Result: NOTE
    Error in re-building vignettes:
     ...
    
    The following objects are masked from 'package:base':
    
     pmax, pmin
    
    Warning in sample.int(length(x), size, replace, prob) :
     Walker's alias method used: results are different from R < 2.2.0
    Loading required package: survival
    Loading required package: splines
    Error in texi2dvi(file = file, pdf = TRUE, clean = clean, quiet = quiet, :
     Running 'texi2dvi' on 'docmcEnglish.tex' failed.
    LaTeX errors:
    ! File ended while scanning use of \emph .
    <inserted text>
     \par
    <*> ...k/vign_test/mc2d/vignettes/docmcEnglish.tex
    
    ! Emergency stop.
    <*> ...k/vign_test/mc2d/vignettes/docmcEnglish.tex
    
    *** (job aborted, no legal \end found)
    
    ! ==> Fatal error occurred, no output PDF file produced!
    Calls: buildVignettes -> texi2pdf -> texi2dvi
    Execution halted
Flavor: r-release-osx-x86_64-snowleopard