CRAN Package Check Results for Package mc2d

Last updated on 2015-07-29 23:47:14.

Flavor Version Tinstall Tcheck Ttotal Status Flags
r-devel-linux-x86_64-debian-clang 0.1-15 1.29 76.28 77.57 NOTE
r-devel-linux-x86_64-debian-gcc 0.1-15 1.28 73.13 74.40 NOTE
r-devel-linux-x86_64-fedora-clang 0.1-15 146.89 NOTE
r-devel-linux-x86_64-fedora-gcc 0.1-15 139.47 NOTE
r-devel-osx-x86_64-clang 0.1-15 116.99 NOTE
r-devel-windows-ix86+x86_64 0.1-15 6.00 168.00 174.00 NOTE
r-patched-linux-x86_64 0.1-15 1.80 85.04 86.83 NOTE
r-patched-solaris-sparc 0.1-15 997.70 NOTE
r-patched-solaris-x86 0.1-15 195.10 NOTE
r-release-linux-x86_64 0.1-15 1.30 80.69 81.99 NOTE
r-release-osx-x86_64-mavericks 0.1-15 NOTE
r-release-windows-ix86+x86_64 0.1-15 6.00 179.00 185.00 NOTE
r-oldrel-windows-ix86+x86_64 0.1-15 7.00 143.00 150.00 OK

Check Details

Version: 0.1-15
Check: DESCRIPTION meta-information
Result: NOTE
    Malformed Description field: should contain one or more complete sentences.
Flavors: r-devel-linux-x86_64-debian-clang, r-devel-linux-x86_64-debian-gcc, r-devel-linux-x86_64-fedora-clang, r-devel-linux-x86_64-fedora-gcc, r-devel-osx-x86_64-clang, r-devel-windows-ix86+x86_64, r-patched-linux-x86_64, r-patched-solaris-sparc, r-patched-solaris-x86, r-release-linux-x86_64, r-release-osx-x86_64-mavericks, r-release-windows-ix86+x86_64

Version: 0.1-15
Check: R code for possible problems
Result: NOTE
    converg : graph: no visible global function definition for ‘plot’
    converg : graph: no visible global function definition for ‘lines’
    converg: no visible global function definition for ‘par’
    evalmccut: no visible global function definition for ‘flush.console’
    hist.mc: no visible global function definition for ‘par’
    hist.mc: no visible global function definition for ‘hist’
    plot.mc: no visible global function definition for ‘par’
    plot.mc : LEPLOT: no visible global function definition for ‘abline’
    plot.mc : LEPLOT: no visible global function definition for ‘grey’
    plot.mc : LEPLOT: no visible global function definition for ‘polygon’
    plot.tornado: no visible global function definition for ‘plot’
    plot.tornado: no visible global function definition for ‘axis’
    plot.tornado: no visible global function definition for ‘segments’
    plot.tornado: no visible global function definition for ‘points’
    plot.tornado: no visible global function definition for ‘abline’
    plot.tornado: no visible global function definition for ‘text’
    Undefined global functions or variables:
     abline axis flush.console grey hist lines par plot points polygon
     segments text
    Consider adding
     importFrom("grDevices", "grey")
     importFrom("graphics", "abline", "axis", "hist", "lines", "par",
     "plot", "points", "polygon", "segments", "text")
     importFrom("utils", "flush.console")
    to your NAMESPACE.
Flavors: r-devel-linux-x86_64-debian-clang, r-devel-linux-x86_64-debian-gcc, r-devel-linux-x86_64-fedora-clang, r-devel-linux-x86_64-fedora-gcc, r-devel-windows-ix86+x86_64