CRAN Package Check Results for Package mc2d

Last updated on 2014-09-02 20:48:53.

Flavor Version Tinstall Tcheck Ttotal Status Flags
r-devel-linux-x86_64-debian-clang 0.1-14 1.22 84.39 85.60 OK
r-devel-linux-x86_64-debian-gcc 0.1-14 1.18 84.13 85.31 OK
r-devel-linux-x86_64-fedora-clang 0.1-14 180.89 OK
r-devel-linux-x86_64-fedora-gcc 0.1-14 177.10 OK
r-devel-osx-x86_64-clang 0.1-14 150.15 OK
r-devel-windows-ix86+x86_64 0.1-14 4.00 133.00 137.00 OK
r-patched-linux-x86_64 0.1-14 1.22 87.63 88.85 OK
r-patched-solaris-sparc 0.1-14 1016.60 OK
r-patched-solaris-x86 0.1-14 217.30 OK
r-release-linux-ix86 0.1-14 1.70 169.46 171.16 OK
r-release-linux-x86_64 0.1-14 1.26 86.26 87.51 OK
r-release-osx-x86_64-mavericks 0.1-14 OK
r-release-osx-x86_64-snowleopard 0.1-14 NOTE
r-release-windows-ix86+x86_64 0.1-14 3.00 131.00 134.00 OK
r-oldrel-windows-ix86+x86_64 0.1-14 4.00 123.00 127.00 OK

Check Details

Version: 0.1-14
Check: re-building of vignette outputs
Result: NOTE
    Error in re-building vignettes:
     ...
    
    The following objects are masked from 'package:base':
    
     pmax, pmin
    
    Warning in sample.int(length(x), size, replace, prob) :
     Walker's alias method used: results are different from R < 2.2.0
    Loading required package: survival
    Loading required package: splines
    Error in texi2dvi(file = file, pdf = TRUE, clean = clean, quiet = quiet, :
     Running 'texi2dvi' on 'docmcEnglish.tex' failed.
    LaTeX errors:
    ! File ended while scanning use of \emph .
    <inserted text>
     \par
    <*> ...k/vign_test/mc2d/vignettes/docmcEnglish.tex
    
    ! Emergency stop.
    <*> ...k/vign_test/mc2d/vignettes/docmcEnglish.tex
    
    *** (job aborted, no legal \end found)
    
    ! ==> Fatal error occurred, no output PDF file produced!
    Calls: buildVignettes -> texi2pdf -> texi2dvi
    Execution halted
Flavor: r-release-osx-x86_64-snowleopard