CRAN Package Check Results for Package mc2d

Last updated on 2015-05-27 19:47:12.

Flavor Version Tinstall Tcheck Ttotal Status Flags
r-devel-linux-x86_64-debian-clang 0.1-15 1.23 85.80 87.03 NOTE
r-devel-linux-x86_64-debian-gcc 0.1-15 1.16 80.50 81.66 NOTE
r-devel-linux-x86_64-fedora-clang 0.1-15 157.02 NOTE
r-devel-linux-x86_64-fedora-gcc 0.1-15 151.27 NOTE
r-devel-osx-x86_64-clang 0.1-15 146.68 NOTE
r-devel-windows-ix86+x86_64 0.1-15 4.00 131.00 135.00 NOTE
r-patched-linux-x86_64 0.1-15 1.18 81.36 82.54 NOTE
r-patched-solaris-sparc 0.1-15 1009.90 NOTE
r-patched-solaris-x86 0.1-15 192.50 NOTE
r-release-linux-x86_64 0.1-15 1.30 80.26 81.56 NOTE
r-release-osx-x86_64-mavericks 0.1-15 NOTE
r-release-osx-x86_64-snowleopard 0.1-15 NOTE
r-release-windows-ix86+x86_64 0.1-15 5.00 133.00 138.00 NOTE
r-oldrel-windows-ix86+x86_64 0.1-15 5.00 167.00 172.00 OK

Check Details

Version: 0.1-15
Check: DESCRIPTION meta-information
Result: NOTE
    Malformed Description field: should contain one or more complete sentences.
Flavors: r-devel-linux-x86_64-debian-clang, r-devel-linux-x86_64-debian-gcc, r-devel-linux-x86_64-fedora-clang, r-devel-linux-x86_64-fedora-gcc, r-devel-osx-x86_64-clang, r-devel-windows-ix86+x86_64, r-patched-linux-x86_64, r-patched-solaris-sparc, r-patched-solaris-x86, r-release-linux-x86_64, r-release-osx-x86_64-mavericks, r-release-osx-x86_64-snowleopard, r-release-windows-ix86+x86_64