CRAN Package Check Results for Package mcGlobaloptim

Last updated on 2015-07-31 11:49:15.

Flavor Version Tinstall Tcheck Ttotal Status Flags
r-devel-linux-x86_64-debian-clang 0.1 0.53 13.69 14.22 NOTE
r-devel-linux-x86_64-debian-gcc 0.1 0.77 12.96 13.73 NOTE
r-devel-linux-x86_64-fedora-clang 0.1 26.87 NOTE
r-devel-linux-x86_64-fedora-gcc 0.1 25.32 NOTE
r-devel-osx-x86_64-clang 0.1 25.94 OK
r-devel-windows-ix86+x86_64 0.1 2.00 21.00 23.00 NOTE
r-patched-linux-x86_64 0.1 0.56 15.22 15.78 OK
r-patched-solaris-sparc 0.1 191.30 OK
r-patched-solaris-x86 0.1 38.10 OK
r-release-linux-x86_64 0.1 0.66 14.11 14.77 OK
r-release-osx-x86_64-mavericks 0.1 OK
r-release-windows-ix86+x86_64 0.1 4.00 22.00 26.00 OK
r-oldrel-windows-ix86+x86_64 0.1 4.00 28.00 32.00 OK

Check Details

Version: 0.1
Check: R code for possible problems
Result: NOTE
    call_localoptim: no visible global function definition for ‘optim’
    call_localoptim: no visible global function definition for ‘nlminb’
    call_localoptim: no visible global function definition for
     ‘txtProgressBar’
    call_localoptim: no visible global function definition for
     ‘setTxtProgressBar’
    call_localoptim : <anonymous>: no visible global function definition
     for ‘optim’
    call_localoptim : <anonymous>: no visible global function definition
     for ‘nlminb’
    multiStartoptim: no visible global function definition for ‘median’
    Undefined global functions or variables:
     median nlminb optim setTxtProgressBar txtProgressBar
    Consider adding
     importFrom("stats", "median", "nlminb", "optim")
     importFrom("utils", "setTxtProgressBar", "txtProgressBar")
    to your NAMESPACE.
Flavors: r-devel-linux-x86_64-debian-clang, r-devel-linux-x86_64-debian-gcc, r-devel-linux-x86_64-fedora-clang, r-devel-linux-x86_64-fedora-gcc, r-devel-windows-ix86+x86_64