CRAN Package Check Results for Package mcGlobaloptim

Last updated on 2017-09-24 00:51:10.

Flavor Version Tinstall Tcheck Ttotal Status Flags
r-devel-linux-x86_64-debian-clang 0.1 0.58 15.17 15.75 NOTE
r-devel-linux-x86_64-debian-gcc 0.1 0.70 14.60 15.30 NOTE
r-devel-linux-x86_64-fedora-clang 0.1 27.99 NOTE
r-devel-linux-x86_64-fedora-gcc 0.1 26.35 NOTE
r-devel-windows-ix86+x86_64 0.1 3.00 34.00 37.00 NOTE
r-patched-linux-x86_64 0.1 0.58 14.84 15.42 NOTE
r-patched-solaris-x86 0.1 38.30 NOTE
r-release-linux-x86_64 0.1 0.67 14.74 15.41 NOTE
r-release-windows-ix86+x86_64 0.1 2.00 42.00 44.00 NOTE
r-release-osx-x86_64 0.1 NOTE
r-oldrel-windows-ix86+x86_64 0.1 3.00 32.00 35.00 NOTE
r-oldrel-osx-x86_64 0.1 NOTE

Check Details

Version: 0.1
Check: R code for possible problems
Result: NOTE
    call_localoptim: no visible global function definition for ‘optim’
    call_localoptim: no visible global function definition for ‘nlminb’
    call_localoptim: no visible global function definition for
     ‘txtProgressBar’
    call_localoptim: no visible global function definition for
     ‘setTxtProgressBar’
    call_localoptim : <anonymous>: no visible global function definition
     for ‘optim’
    call_localoptim : <anonymous>: no visible global function definition
     for ‘nlminb’
    multiStartoptim: no visible global function definition for ‘median’
    Undefined global functions or variables:
     median nlminb optim setTxtProgressBar txtProgressBar
    Consider adding
     importFrom("stats", "median", "nlminb", "optim")
     importFrom("utils", "setTxtProgressBar", "txtProgressBar")
    to your NAMESPACE file.
Flavors: r-devel-linux-x86_64-debian-clang, r-devel-linux-x86_64-debian-gcc, r-devel-linux-x86_64-fedora-clang, r-devel-linux-x86_64-fedora-gcc, r-devel-windows-ix86+x86_64, r-patched-linux-x86_64, r-patched-solaris-x86, r-release-linux-x86_64, r-release-windows-ix86+x86_64, r-release-osx-x86_64, r-oldrel-windows-ix86+x86_64, r-oldrel-osx-x86_64