CRAN Package Check Results for Package mcGlobaloptim

Last updated on 2017-07-27 14:47:07.

Flavor Version Tinstall Tcheck Ttotal Status Flags
r-devel-linux-x86_64-debian-clang 0.1 0.58 21.02 21.59 NOTE
r-devel-linux-x86_64-debian-gcc 0.1 0.57 21.30 21.88 NOTE
r-devel-linux-x86_64-fedora-clang 0.1 28.04 NOTE
r-devel-linux-x86_64-fedora-gcc 0.1 26.90 NOTE
r-devel-windows-ix86+x86_64 0.1 4.00 36.00 40.00 NOTE
r-patched-linux-x86_64 0.1 0.62 22.24 22.86 NOTE
r-patched-solaris-x86 0.1 40.00 NOTE
r-release-linux-x86_64 0.1 0.65 20.88 21.53 NOTE
r-release-windows-ix86+x86_64 0.1 4.00 31.00 35.00 NOTE
r-release-osx-x86_64 0.1 NOTE
r-oldrel-windows-ix86+x86_64 0.1 3.00 32.00 35.00 NOTE
r-oldrel-osx-x86_64 0.1 NOTE

Check Details

Version: 0.1
Check: R code for possible problems
Result: NOTE
    call_localoptim: no visible global function definition for ‘optim’
    call_localoptim: no visible global function definition for ‘nlminb’
    call_localoptim: no visible global function definition for
     ‘txtProgressBar’
    call_localoptim: no visible global function definition for
     ‘setTxtProgressBar’
    call_localoptim : <anonymous>: no visible global function definition
     for ‘optim’
    call_localoptim : <anonymous>: no visible global function definition
     for ‘nlminb’
    multiStartoptim: no visible global function definition for ‘median’
    Undefined global functions or variables:
     median nlminb optim setTxtProgressBar txtProgressBar
    Consider adding
     importFrom("stats", "median", "nlminb", "optim")
     importFrom("utils", "setTxtProgressBar", "txtProgressBar")
    to your NAMESPACE file.
Flavors: r-devel-linux-x86_64-debian-clang, r-devel-linux-x86_64-debian-gcc, r-devel-linux-x86_64-fedora-clang, r-devel-linux-x86_64-fedora-gcc, r-devel-windows-ix86+x86_64, r-patched-linux-x86_64, r-patched-solaris-x86, r-release-linux-x86_64, r-release-windows-ix86+x86_64, r-release-osx-x86_64, r-oldrel-windows-ix86+x86_64, r-oldrel-osx-x86_64