CRAN Package Check Results for Package mcGlobaloptim

Last updated on 2014-07-26 05:50:41.

Flavor Version Tinstall Tcheck Ttotal Status Flags
r-devel-linux-x86_64-debian-clang 0.1 0.61 14.95 15.56 OK
r-devel-linux-x86_64-debian-gcc 0.1 0.70 14.18 14.88 OK
r-devel-linux-x86_64-fedora-clang 0.1 30.93 OK
r-devel-linux-x86_64-fedora-gcc 0.1 29.93 OK
r-devel-osx-x86_64-clang 0.1 32.22 OK
r-devel-windows-ix86+x86_64 0.1 3.00 26.00 29.00 OK
r-patched-linux-x86_64 0.1 0.71 14.38 15.09 OK
r-patched-solaris-sparc 0.1 194.80 OK
r-patched-solaris-x86 0.1 41.30 OK
r-release-linux-ix86 0.1 0.41 1.59 2.00 ERROR
r-release-linux-x86_64 0.1 0.61 15.00 15.61 OK
r-release-osx-x86_64-mavericks 0.1 OK
r-release-osx-x86_64-snowleopard 0.1 OK
r-release-windows-ix86+x86_64 0.1 3.00 27.00 30.00 OK
r-oldrel-windows-ix86+x86_64 0.1 3.00 19.00 22.00 ERROR

Check Details

Version: 0.1
Check: package dependencies
Result: ERROR
    Package required but not available: ‘randtoolbox’
    
    See the information on DESCRIPTION files in the chapter ‘Creating R
    packages’ of the ‘Writing R Extensions’ manual.
Flavor: r-release-linux-ix86

Version: 0.1
Check: examples
Result: ERROR
    Running examples in 'mcGlobaloptim-Ex.R' failed
    The error most likely occurred in:
    
    > ### Name: multiStartoptim
    > ### Title: Multistart global optimization using Monte Carlo and Quasi Monte
    > ### Carlo simulation.
    > ### Aliases: multiStartoptim
    >
    > ### ** Examples
    >
    > ### Example from optim :
    > # "wild" function, global minimum at about -15.81515
    > fw <- function (x)
    + {
    + 10*sin(0.3*x)*sin(1.3*x^2) + 0.00001*x^4 + 0.2*x+80
    + }
    > plot(fw, -50, 50, n = 1000, main = "optim() minimising 'wild function'")
    > (minfw <- multiStartoptim(objectivefn = fw, lower = -40,
    + upper = 40, method = "nlminb", nbtrials = 500,
    + typerunif = "sobol", verb = TRUE))
    
     |
     | | 0%
     |
     | | 1%
     |
     |= | 1%
     |
     |= | 2%
     |
     |== | 2%
     |
     |== | 3%
     |
     |=== | 4%
     |
     |=== | 5%
     |
     |==== | 5%
     |
     |==== | 6%
     |
     |===== | 7%
     |
     |===== | 8%
     |
     |====== | 8%
     |
     |====== | 9%
     |
     |======= | 9%
     |
     |======= | 10%
     |
     |======= | 11%
     |
     |======== | 11%
     |
     |======== | 12%
     |
     |========= | 12%
     |
     |========= | 13%
     |
     |========== | 14%
     |
     |========== | 15%
     |
     |=========== | 15%
     |
     |=========== | 16%
     |
     |============ | 17%
     |
     |============ | 18%
     |
     |============= | 18%
     |
     |============= | 19%
     |
     |============== | 19%
     |
     |============== | 20%
     |
     |============== | 21%
     |
     |=============== | 21%
     |
     |=============== | 22%
     |
     |================ | 22%
     |
     |================ | 23%
     |
     |================= | 24%
     |
     |================= | 25%
     |
     |================== | 25%
     |
     |================== | 26%
     |
     |=================== | 27%
     |
     |=================== | 28%
     |
     |==================== | 28%
     |
     |==================== | 29%
     |
     |===================== | 29%
     |
     |===================== | 30%
     |
     |===================== | 31%
     |
     |====================== | 31%
     |
     |====================== | 32%
     |
     |======================= | 32%
     |
     |======================= | 33%
     |
     |======================== | 34%
     |
     |======================== | 35%
     |
     |========================= | 35%
     |
     |========================= | 36%
Flavor: r-oldrel-windows-ix86+x86_64