CRAN Package Check Results for Package mcGlobaloptim

Last updated on 2014-10-02 03:47:49.

Flavor Version Tinstall Tcheck Ttotal Status Flags
r-devel-linux-x86_64-debian-clang 0.1 0.66 14.79 15.45 NOTE
r-devel-linux-x86_64-debian-gcc 0.1 0.75 14.56 15.32 NOTE
r-devel-linux-x86_64-fedora-clang 0.1 31.72 OK
r-devel-linux-x86_64-fedora-gcc 0.1 29.98 OK
r-devel-osx-x86_64-clang 0.1 31.49 NOTE
r-devel-windows-ix86+x86_64 0.1 3.00 28.00 31.00 NOTE
r-patched-linux-x86_64 0.1 0.66 14.82 15.48 OK
r-patched-solaris-sparc 0.1 198.90 OK
r-patched-solaris-x86 0.1 43.30 OK
r-release-linux-ix86 0.1 0.95 26.79 27.74 OK
r-release-linux-x86_64 0.1 0.62 15.21 15.83 OK
r-release-osx-x86_64-mavericks 0.1 OK
r-release-osx-x86_64-snowleopard 0.1 OK
r-release-windows-ix86+x86_64 0.1 3.00 26.00 29.00 OK
r-oldrel-windows-ix86+x86_64 0.1 3.00 26.00 29.00 OK

Check Details

Version: 0.1
Check: R code for possible problems
Result: NOTE
    Warning in initDefaultClusterOptions(libname) :
     NAs introduced by coercion
Flavors: r-devel-linux-x86_64-debian-clang, r-devel-linux-x86_64-debian-gcc, r-devel-osx-x86_64-clang, r-devel-windows-ix86+x86_64