CRAN Package Check Results for Package mcGlobaloptim

Last updated on 2016-04-29 06:47:29.

Flavor Version Tinstall Tcheck Ttotal Status Flags
r-devel-linux-x86_64-debian-gcc 0.1 0.63 13.19 13.82 NOTE
r-devel-linux-x86_64-fedora-clang 0.1 25.44 NOTE
r-devel-linux-x86_64-fedora-gcc 0.1 25.83 NOTE
r-devel-osx-x86_64-clang 0.1 28.96 NOTE
r-devel-windows-ix86+x86_64 0.1 2.00 33.00 35.00 NOTE
r-patched-linux-x86_64 0.1 0.62 13.39 14.01 NOTE
r-patched-solaris-sparc 0.1 169.70 NOTE
r-patched-solaris-x86 0.1 35.20 NOTE
r-release-linux-x86_64 0.1 0.70 14.79 15.49 OK
r-release-osx-x86_64-mavericks 0.1 OK
r-release-windows-ix86+x86_64 0.1 2.00 23.00 25.00 OK
r-oldrel-windows-ix86+x86_64 0.1 6.00 33.00 39.00 OK

Check Details

Version: 0.1
Check: R code for possible problems
Result: NOTE
    call_localoptim: no visible global function definition for ‘optim’
    call_localoptim: no visible global function definition for ‘nlminb’
    call_localoptim: no visible global function definition for
     ‘txtProgressBar’
    call_localoptim: no visible global function definition for
     ‘setTxtProgressBar’
    call_localoptim : <anonymous>: no visible global function definition
     for ‘optim’
    call_localoptim : <anonymous>: no visible global function definition
     for ‘nlminb’
    multiStartoptim: no visible global function definition for ‘median’
    Undefined global functions or variables:
     median nlminb optim setTxtProgressBar txtProgressBar
    Consider adding
     importFrom("stats", "median", "nlminb", "optim")
     importFrom("utils", "setTxtProgressBar", "txtProgressBar")
    to your NAMESPACE file.
Flavors: r-devel-linux-x86_64-debian-gcc, r-devel-linux-x86_64-fedora-clang, r-devel-linux-x86_64-fedora-gcc, r-devel-osx-x86_64-clang, r-devel-windows-ix86+x86_64, r-patched-linux-x86_64, r-patched-solaris-sparc, r-patched-solaris-x86