CRAN Package Check Results for Package mcGlobaloptim

Last updated on 2016-07-23 21:49:51.

Flavor Version Tinstall Tcheck Ttotal Status Flags
r-devel-linux-x86_64-debian-clang 0.1 0.78 17.46 18.24 NOTE
r-devel-linux-x86_64-debian-gcc 0.1 0.65 18.44 19.09 NOTE
r-devel-linux-x86_64-fedora-clang 0.1 25.74 NOTE
r-devel-linux-x86_64-fedora-gcc 0.1 24.13 NOTE
r-devel-osx-x86_64-clang 0.1 22.47 NOTE
r-devel-windows-ix86+x86_64 0.1 2.00 42.00 44.00 NOTE
r-patched-linux-x86_64 0.1 0.70 16.97 17.66 NOTE
r-patched-solaris-sparc 0.1 168.70 NOTE
r-patched-solaris-x86 0.1 34.80 NOTE
r-release-linux-x86_64 0.1 0.80 17.01 17.81 NOTE
r-release-osx-x86_64-mavericks 0.1 NOTE
r-release-windows-ix86+x86_64 0.1 2.00 31.00 33.00 NOTE
r-oldrel-windows-ix86+x86_64 0.1 2.00 23.00 25.00 OK

Check Details

Version: 0.1
Check: R code for possible problems
Result: NOTE
    call_localoptim: no visible global function definition for ‘optim’
    call_localoptim: no visible global function definition for ‘nlminb’
    call_localoptim: no visible global function definition for
     ‘txtProgressBar’
    call_localoptim: no visible global function definition for
     ‘setTxtProgressBar’
    call_localoptim : <anonymous>: no visible global function definition
     for ‘optim’
    call_localoptim : <anonymous>: no visible global function definition
     for ‘nlminb’
    multiStartoptim: no visible global function definition for ‘median’
    Undefined global functions or variables:
     median nlminb optim setTxtProgressBar txtProgressBar
    Consider adding
     importFrom("stats", "median", "nlminb", "optim")
     importFrom("utils", "setTxtProgressBar", "txtProgressBar")
    to your NAMESPACE file.
Flavors: r-devel-linux-x86_64-debian-clang, r-devel-linux-x86_64-debian-gcc, r-devel-linux-x86_64-fedora-clang, r-devel-linux-x86_64-fedora-gcc, r-devel-osx-x86_64-clang, r-devel-windows-ix86+x86_64, r-patched-linux-x86_64, r-patched-solaris-sparc, r-patched-solaris-x86, r-release-linux-x86_64, r-release-osx-x86_64-mavericks, r-release-windows-ix86+x86_64