CRAN Package Check Results for Package mcGlobaloptim

Last updated on 2015-06-30 09:46:59.

Flavor Version Tinstall Tcheck Ttotal Status Flags
r-devel-linux-x86_64-debian-clang 0.1 0.50 13.22 13.73 NOTE
r-devel-linux-x86_64-debian-gcc 0.1 0.58 12.76 13.34 NOTE
r-devel-linux-x86_64-fedora-clang 0.1 26.40 OK
r-devel-linux-x86_64-fedora-gcc 0.1 24.87 OK
r-devel-osx-x86_64-clang 0.1 27.58 OK
r-devel-windows-ix86+x86_64 0.1 2.00 35.00 37.00 OK
r-patched-linux-x86_64 0.1 0.52 13.30 13.82 OK
r-patched-solaris-sparc 0.1 186.00 OK
r-patched-solaris-x86 0.1 37.80 OK
r-release-linux-x86_64 0.1 0.53 14.11 14.64 OK
r-release-osx-x86_64-mavericks 0.1 OK
r-release-windows-ix86+x86_64 0.1 2.00 28.00 30.00 OK
r-oldrel-windows-ix86+x86_64 0.1 4.00 28.00 32.00 OK

Check Details

Version: 0.1
Check: R code for possible problems
Result: NOTE
    call_localoptim: no visible global function definition for ‘optim’
    call_localoptim: no visible global function definition for ‘nlminb’
    call_localoptim: no visible global function definition for
     ‘txtProgressBar’
    call_localoptim: no visible global function definition for
     ‘setTxtProgressBar’
    call_localoptim : <anonymous>: no visible global function definition
     for ‘optim’
    call_localoptim : <anonymous>: no visible global function definition
     for ‘nlminb’
    multiStartoptim: no visible global function definition for ‘median’
Flavors: r-devel-linux-x86_64-debian-clang, r-devel-linux-x86_64-debian-gcc