CRAN Package Check Results for Package mcGlobaloptim

Last updated on 2016-09-01 04:49:14.

Flavor Version Tinstall Tcheck Ttotal Status Flags
r-devel-linux-x86_64-debian-clang 0.1 0.55 14.81 15.36 NOTE
r-devel-linux-x86_64-debian-gcc 0.1 0.72 14.17 14.88 NOTE
r-devel-linux-x86_64-fedora-clang 0.1 26.62 NOTE
r-devel-linux-x86_64-fedora-gcc 0.1 25.56 NOTE
r-devel-osx-x86_64-clang 0.1 22.31 NOTE
r-devel-windows-ix86+x86_64 0.1 4.00 44.00 48.00 NOTE
r-patched-linux-x86_64 0.1 0.56 14.44 15.00 NOTE
r-patched-solaris-sparc 0.1 168.70 NOTE
r-patched-solaris-x86 0.1 34.20 NOTE
r-release-linux-x86_64 0.1 0.55 14.35 14.90 NOTE
r-release-osx-x86_64-mavericks 0.1 NOTE
r-release-windows-ix86+x86_64 0.1 2.00 31.00 33.00 NOTE
r-oldrel-windows-ix86+x86_64 0.1 2.00 23.00 25.00 OK

Check Details

Version: 0.1
Check: R code for possible problems
Result: NOTE
    call_localoptim: no visible global function definition for ‘optim’
    call_localoptim: no visible global function definition for ‘nlminb’
    call_localoptim: no visible global function definition for
     ‘txtProgressBar’
    call_localoptim: no visible global function definition for
     ‘setTxtProgressBar’
    call_localoptim : <anonymous>: no visible global function definition
     for ‘optim’
    call_localoptim : <anonymous>: no visible global function definition
     for ‘nlminb’
    multiStartoptim: no visible global function definition for ‘median’
    Undefined global functions or variables:
     median nlminb optim setTxtProgressBar txtProgressBar
    Consider adding
     importFrom("stats", "median", "nlminb", "optim")
     importFrom("utils", "setTxtProgressBar", "txtProgressBar")
    to your NAMESPACE file.
Flavors: r-devel-linux-x86_64-debian-clang, r-devel-linux-x86_64-debian-gcc, r-devel-linux-x86_64-fedora-clang, r-devel-linux-x86_64-fedora-gcc, r-devel-osx-x86_64-clang, r-devel-windows-ix86+x86_64, r-patched-linux-x86_64, r-patched-solaris-sparc, r-patched-solaris-x86, r-release-linux-x86_64, r-release-osx-x86_64-mavericks, r-release-windows-ix86+x86_64