CRAN Package Check Results for Package mcGlobaloptim

Last updated on 2014-08-29 19:48:13.

Flavor Version Tinstall Tcheck Ttotal Status Flags
r-devel-linux-x86_64-debian-clang 0.1 0.62 14.28 14.90 NOTE
r-devel-linux-x86_64-debian-gcc 0.1 0.60 13.96 14.57 NOTE
r-devel-linux-x86_64-fedora-clang 0.1 31.12 OK
r-devel-linux-x86_64-fedora-gcc 0.1 28.53 OK
r-devel-osx-x86_64-clang 0.1 30.61 NOTE
r-devel-windows-ix86+x86_64 0.1 3.00 27.00 30.00 NOTE
r-patched-linux-x86_64 0.1 0.70 14.26 14.96 OK
r-patched-solaris-sparc 0.1 198.90 OK
r-patched-solaris-x86 0.1 41.60 OK
r-release-linux-ix86 0.1 0.93 22.68 23.61 OK
r-release-linux-x86_64 0.1 0.62 14.78 15.40 OK
r-release-osx-x86_64-mavericks 0.1 OK
r-release-osx-x86_64-snowleopard 0.1 OK
r-release-windows-ix86+x86_64 0.1 3.00 26.00 29.00 OK
r-oldrel-windows-ix86+x86_64 0.1 3.00 26.00 29.00 OK

Check Details

Version: 0.1
Check: R code for possible problems
Result: NOTE
    Warning in initDefaultClusterOptions(libname) :
     NAs introduced by coercion
Flavors: r-devel-linux-x86_64-debian-clang, r-devel-linux-x86_64-debian-gcc, r-devel-osx-x86_64-clang, r-devel-windows-ix86+x86_64