CRAN Package Check Results for Package mcGlobaloptim

Last updated on 2016-05-31 03:49:50.

Flavor Version Tinstall Tcheck Ttotal Status Flags
r-devel-linux-x86_64-debian-gcc 0.1 0.55 13.41 13.95 NOTE
r-devel-linux-x86_64-fedora-clang 0.1 27.90 NOTE
r-devel-linux-x86_64-fedora-gcc 0.1 24.31 NOTE
r-devel-osx-x86_64-clang 0.1 29.24 NOTE
r-devel-windows-ix86+x86_64 0.1 2.00 30.00 32.00 NOTE
r-patched-linux-x86_64 0.1 0.60 13.61 14.22 NOTE
r-patched-solaris-sparc 0.1 168.40 NOTE
r-patched-solaris-x86 0.1 35.00 NOTE
r-release-linux-x86_64 0.1 0.62 13.47 14.09 NOTE
r-release-osx-x86_64-mavericks 0.1 NOTE
r-release-windows-ix86+x86_64 0.1 3.00 41.00 44.00 NOTE
r-oldrel-windows-ix86+x86_64 0.1 2.00 23.00 25.00 OK

Check Details

Version: 0.1
Check: R code for possible problems
Result: NOTE
    call_localoptim: no visible global function definition for ‘optim’
    call_localoptim: no visible global function definition for ‘nlminb’
    call_localoptim: no visible global function definition for
     ‘txtProgressBar’
    call_localoptim: no visible global function definition for
     ‘setTxtProgressBar’
    call_localoptim : <anonymous>: no visible global function definition
     for ‘optim’
    call_localoptim : <anonymous>: no visible global function definition
     for ‘nlminb’
    multiStartoptim: no visible global function definition for ‘median’
    Undefined global functions or variables:
     median nlminb optim setTxtProgressBar txtProgressBar
    Consider adding
     importFrom("stats", "median", "nlminb", "optim")
     importFrom("utils", "setTxtProgressBar", "txtProgressBar")
    to your NAMESPACE file.
Flavors: r-devel-linux-x86_64-debian-gcc, r-devel-linux-x86_64-fedora-clang, r-devel-linux-x86_64-fedora-gcc, r-devel-osx-x86_64-clang, r-devel-windows-ix86+x86_64, r-patched-linux-x86_64, r-patched-solaris-sparc, r-patched-solaris-x86, r-release-linux-x86_64, r-release-osx-x86_64-mavericks, r-release-windows-ix86+x86_64