CRAN Package Check Results for Package mcGlobaloptim

Last updated on 2018-06-22 18:46:46 CEST.

Flavor Version Tinstall Tcheck Ttotal Status Flags
r-devel-linux-x86_64-debian-clang 0.1 1.25 24.62 25.87 NOTE
r-devel-linux-x86_64-debian-gcc 0.1 0.90 18.94 19.84 NOTE
r-devel-linux-x86_64-fedora-clang 0.1 30.54 NOTE
r-devel-linux-x86_64-fedora-gcc 0.1 28.84 NOTE
r-devel-windows-ix86+x86_64 0.1 5.00 31.00 36.00 NOTE
r-patched-linux-x86_64 0.1 1.24 23.41 24.65 NOTE
r-patched-solaris-x86 0.1 43.20 NOTE
r-release-linux-x86_64 0.1 0.99 23.19 24.18 NOTE
r-release-windows-ix86+x86_64 0.1 4.00 33.00 37.00 NOTE
r-release-osx-x86_64 0.1 NOTE
r-oldrel-windows-ix86+x86_64 0.1 5.00 54.00 59.00 NOTE
r-oldrel-osx-x86_64 0.1 NOTE

Check Details

Version: 0.1
Check: R code for possible problems
Result: NOTE
    call_localoptim: no visible global function definition for ‘optim’
    call_localoptim: no visible global function definition for ‘nlminb’
    call_localoptim: no visible global function definition for
     ‘txtProgressBar’
    call_localoptim: no visible global function definition for
     ‘setTxtProgressBar’
    call_localoptim : <anonymous>: no visible global function definition
     for ‘optim’
    call_localoptim : <anonymous>: no visible global function definition
     for ‘nlminb’
    multiStartoptim: no visible global function definition for ‘median’
    Undefined global functions or variables:
     median nlminb optim setTxtProgressBar txtProgressBar
    Consider adding
     importFrom("stats", "median", "nlminb", "optim")
     importFrom("utils", "setTxtProgressBar", "txtProgressBar")
    to your NAMESPACE file.
Flavors: r-devel-linux-x86_64-debian-clang, r-devel-linux-x86_64-debian-gcc, r-devel-linux-x86_64-fedora-clang, r-devel-linux-x86_64-fedora-gcc, r-devel-windows-ix86+x86_64, r-patched-linux-x86_64, r-patched-solaris-x86, r-release-linux-x86_64, r-release-windows-ix86+x86_64, r-release-osx-x86_64, r-oldrel-windows-ix86+x86_64, r-oldrel-osx-x86_64