CRAN Package Check Results for Package mcGlobaloptim

Last updated on 2015-09-04 03:48:26.

Flavor Version Tinstall Tcheck Ttotal Status Flags
r-devel-linux-x86_64-debian-clang 0.1 0.50 14.17 14.67 NOTE
r-devel-linux-x86_64-debian-gcc 0.1 0.48 12.73 13.21 NOTE
r-devel-linux-x86_64-fedora-clang 0.1 26.33 NOTE
r-devel-linux-x86_64-fedora-gcc 0.1 26.30 NOTE
r-devel-osx-x86_64-clang 0.1 25.36 OK
r-devel-windows-ix86+x86_64 0.1 2.00 35.00 37.00 NOTE
r-patched-linux-x86_64 0.1 0.53 13.25 13.78 OK
r-patched-solaris-sparc 0.1 191.30 OK
r-patched-solaris-x86 0.1 38.90 OK
r-release-linux-x86_64 0.1 0.54 13.56 14.09 OK
r-release-osx-x86_64-mavericks 0.1 OK
r-release-windows-ix86+x86_64 0.1 4.00 27.00 31.00 OK
r-oldrel-windows-ix86+x86_64 0.1 4.00 28.00 32.00 OK

Check Details

Version: 0.1
Check: R code for possible problems
Result: NOTE
    call_localoptim: no visible global function definition for ‘optim’
    call_localoptim: no visible global function definition for ‘nlminb’
    call_localoptim: no visible global function definition for
     ‘txtProgressBar’
    call_localoptim: no visible global function definition for
     ‘setTxtProgressBar’
    call_localoptim : <anonymous>: no visible global function definition
     for ‘optim’
    call_localoptim : <anonymous>: no visible global function definition
     for ‘nlminb’
    multiStartoptim: no visible global function definition for ‘median’
    Undefined global functions or variables:
     median nlminb optim setTxtProgressBar txtProgressBar
    Consider adding
     importFrom("stats", "median", "nlminb", "optim")
     importFrom("utils", "setTxtProgressBar", "txtProgressBar")
    to your NAMESPACE.
Flavors: r-devel-linux-x86_64-debian-clang, r-devel-linux-x86_64-debian-gcc, r-devel-linux-x86_64-fedora-clang, r-devel-linux-x86_64-fedora-gcc, r-devel-windows-ix86+x86_64