CRAN Package Check Results for Package mcGlobaloptim

Last updated on 2016-12-02 22:50:24.

Flavor Version Tinstall Tcheck Ttotal Status Flags
r-devel-linux-x86_64-debian-clang 0.1 0.66 15.44 16.10 NOTE
r-devel-linux-x86_64-debian-gcc 0.1 0.75 15.25 16.00 NOTE
r-devel-linux-x86_64-fedora-clang 0.1 28.45 NOTE
r-devel-linux-x86_64-fedora-gcc 0.1 29.63 NOTE
r-devel-macos-x86_64-clang 0.1 23.90 NOTE
r-devel-windows-ix86+x86_64 0.1 4.00 32.00 36.00 NOTE
r-patched-linux-x86_64 0.1 0.61 15.31 15.91 NOTE
r-patched-solaris-sparc 0.1 168.70 NOTE
r-patched-solaris-x86 0.1 34.30 NOTE
r-release-linux-x86_64 0.1 0.54 14.49 15.03 NOTE
r-release-osx-x86_64-mavericks 0.1 NOTE
r-release-windows-ix86+x86_64 0.1 2.00 35.00 37.00 NOTE
r-oldrel-windows-ix86+x86_64 0.1 2.00 32.00 34.00 OK

Check Details

Version: 0.1
Check: R code for possible problems
Result: NOTE
    call_localoptim: no visible global function definition for ‘optim’
    call_localoptim: no visible global function definition for ‘nlminb’
    call_localoptim: no visible global function definition for
     ‘txtProgressBar’
    call_localoptim: no visible global function definition for
     ‘setTxtProgressBar’
    call_localoptim : <anonymous>: no visible global function definition
     for ‘optim’
    call_localoptim : <anonymous>: no visible global function definition
     for ‘nlminb’
    multiStartoptim: no visible global function definition for ‘median’
    Undefined global functions or variables:
     median nlminb optim setTxtProgressBar txtProgressBar
    Consider adding
     importFrom("stats", "median", "nlminb", "optim")
     importFrom("utils", "setTxtProgressBar", "txtProgressBar")
    to your NAMESPACE file.
Flavors: r-devel-linux-x86_64-debian-clang, r-devel-linux-x86_64-debian-gcc, r-devel-linux-x86_64-fedora-clang, r-devel-linux-x86_64-fedora-gcc, r-devel-macos-x86_64-clang, r-devel-windows-ix86+x86_64, r-patched-linux-x86_64, r-patched-solaris-sparc, r-patched-solaris-x86, r-release-linux-x86_64, r-release-osx-x86_64-mavericks, r-release-windows-ix86+x86_64