CRAN Package Check Results for Package mcGlobaloptim

Last updated on 2014-09-17 05:47:13.

Flavor Version Tinstall Tcheck Ttotal Status Flags
r-devel-linux-x86_64-debian-clang 0.1 0.68 15.11 15.80 NOTE
r-devel-linux-x86_64-debian-gcc 0.1 0.58 14.29 14.87 NOTE
r-devel-linux-x86_64-fedora-clang 0.1 30.98 OK
r-devel-linux-x86_64-fedora-gcc 0.1 28.94 OK
r-devel-osx-x86_64-clang 0.1 34.67 NOTE
r-devel-windows-ix86+x86_64 0.1 3.00 23.00 26.00 NOTE
r-patched-linux-x86_64 0.1 0.59 14.73 15.32 OK
r-patched-solaris-sparc 0.1 198.90 OK
r-patched-solaris-x86 0.1 39.60 OK
r-release-linux-ix86 0.1 0.93 21.43 22.36 OK
r-release-linux-x86_64 0.1 0.62 14.76 15.38 OK
r-release-osx-x86_64-mavericks 0.1 OK
r-release-osx-x86_64-snowleopard 0.1 OK
r-release-windows-ix86+x86_64 0.1 3.00 26.00 29.00 OK
r-oldrel-windows-ix86+x86_64 0.1 3.00 26.00 29.00 OK

Check Details

Version: 0.1
Check: R code for possible problems
Result: NOTE
    Warning in initDefaultClusterOptions(libname) :
     NAs introduced by coercion
Flavors: r-devel-linux-x86_64-debian-clang, r-devel-linux-x86_64-debian-gcc, r-devel-osx-x86_64-clang, r-devel-windows-ix86+x86_64