CRAN Package Check Results for Package mcMST

Last updated on 2022-10-04 20:53:43 CEST.

Flavor Version Tinstall Tcheck Ttotal Status Flags
r-devel-linux-x86_64-debian-clang 1.0.1 15.60 156.91 172.51 NOTE
r-devel-linux-x86_64-debian-gcc 1.0.1 10.91 115.60 126.51 NOTE
r-devel-linux-x86_64-fedora-clang 1.0.1 231.90 NOTE
r-devel-linux-x86_64-fedora-gcc 1.0.1 228.19 NOTE
r-devel-windows-x86_64 1.0.1 25.00 173.00 198.00 NOTE
r-patched-linux-x86_64 1.0.1 16.47 164.90 181.37 NOTE
r-release-linux-x86_64 1.0.1 18.07 165.99 184.06 NOTE
r-release-macos-arm64 1.0.1 92.00 NOTE
r-release-macos-x86_64 1.0.1 177.00 NOTE
r-release-windows-x86_64 1.0.1 27.00 170.00 197.00 NOTE
r-oldrel-macos-arm64 1.0.1 139.00 NOTE
r-oldrel-macos-x86_64 1.0.1 142.00 NOTE
r-oldrel-windows-ix86+x86_64 1.0.1 34.00 170.00 204.00 NOTE

Check Details

Version: 1.0.1
Check: LazyData
Result: NOTE
     'LazyData' is specified without a 'data' directory
Flavors: r-devel-linux-x86_64-debian-clang, r-devel-linux-x86_64-debian-gcc, r-devel-linux-x86_64-fedora-clang, r-devel-linux-x86_64-fedora-gcc, r-devel-windows-x86_64, r-patched-linux-x86_64, r-release-linux-x86_64, r-release-macos-arm64, r-release-macos-x86_64, r-release-windows-x86_64, r-oldrel-macos-arm64, r-oldrel-macos-x86_64, r-oldrel-windows-ix86+x86_64

Version: 1.0.1
Check: dependencies in R code
Result: NOTE
    Namespaces in Imports field not imported from:
     ‘parallelMap’ ‘reshape2’
     All declared Imports should be used.
Flavors: r-devel-linux-x86_64-fedora-clang, r-devel-linux-x86_64-fedora-gcc, r-release-macos-arm64, r-release-macos-x86_64, r-oldrel-macos-arm64, r-oldrel-macos-x86_64