CRAN Package Check Results for Package mcclust

Last updated on 2016-05-05 06:47:22.

Flavor Version Tinstall Tcheck Ttotal Status Flags
r-devel-linux-x86_64-debian-gcc 1.0 0.94 16.26 17.20 NOTE
r-devel-linux-x86_64-fedora-clang 1.0 30.95 NOTE
r-devel-linux-x86_64-fedora-gcc 1.0 28.93 NOTE
r-devel-osx-x86_64-clang 1.0 35.62 NOTE
r-devel-windows-ix86+x86_64 1.0 5.00 61.00 66.00 NOTE
r-patched-linux-x86_64 1.0 0.94 16.32 17.26 NOTE
r-patched-solaris-sparc 1.0 218.00 NOTE
r-patched-solaris-x86 1.0 44.80 NOTE
r-release-linux-x86_64 1.0 0.91 16.23 17.14 NOTE
r-release-osx-x86_64-mavericks 1.0 NOTE
r-release-windows-ix86+x86_64 1.0 5.00 61.00 66.00 NOTE
r-oldrel-windows-ix86+x86_64 1.0 7.00 46.00 53.00 NOTE

Check Details

Version: 1.0
Check: dependencies in R code
Result: NOTE
    Package in Depends field not imported from: ‘lpSolve’
     These packages need to be imported from (in the NAMESPACE file)
     for when this namespace is loaded but not attached.
Flavors: r-devel-linux-x86_64-debian-gcc, r-devel-linux-x86_64-fedora-clang, r-devel-linux-x86_64-fedora-gcc, r-devel-osx-x86_64-clang, r-devel-windows-ix86+x86_64, r-patched-linux-x86_64, r-patched-solaris-sparc, r-patched-solaris-x86, r-release-linux-x86_64, r-release-osx-x86_64-mavericks, r-release-windows-ix86+x86_64, r-oldrel-windows-ix86+x86_64

Version: 1.0
Check: R code for possible problems
Result: NOTE
    laugreen: no visible global function definition for ‘combn’
    laugreen: no visible global function definition for ‘lp’
    maxpear: no visible global function definition for ‘hclust’
    maxpear: no visible global function definition for ‘as.dist’
    maxpear : <anonymous>: no visible global function definition for
     ‘cutree’
    medv: no visible global function definition for ‘cutree’
    medv: no visible global function definition for ‘hclust’
    medv: no visible global function definition for ‘as.dist’
    minbinder: no visible global function definition for ‘hclust’
    minbinder: no visible global function definition for ‘as.dist’
    minbinder : <anonymous>: no visible global function definition for
     ‘cutree’
    relabel : min.perm.labels: no visible global function definition for
     ‘lp.transport’
    Undefined global functions or variables:
     as.dist combn cutree hclust lp lp.transport
    Consider adding
     importFrom("stats", "as.dist", "cutree", "hclust")
     importFrom("utils", "combn")
    to your NAMESPACE file.
Flavors: r-devel-linux-x86_64-debian-gcc, r-devel-linux-x86_64-fedora-clang, r-devel-linux-x86_64-fedora-gcc, r-devel-osx-x86_64-clang, r-devel-windows-ix86+x86_64, r-patched-linux-x86_64, r-patched-solaris-sparc, r-patched-solaris-x86, r-release-linux-x86_64, r-release-windows-ix86+x86_64

Version: 1.0
Check: R code for possible problems
Result: NOTE
    laugreen: no visible global function definition for ‘lp’
    relabel : min.perm.labels: no visible global function definition for
     ‘lp.transport’
Flavors: r-release-osx-x86_64-mavericks, r-oldrel-windows-ix86+x86_64