CRAN Package Check Results for Package mcclust

Last updated on 2014-07-23 13:47:52.

Flavor Version Tinstall Tcheck Ttotal Status Flags
r-devel-linux-x86_64-debian-clang 1.0 0.98 18.80 19.78 NOTE
r-devel-linux-x86_64-debian-gcc 1.0 0.99 18.25 19.24 NOTE
r-devel-linux-x86_64-fedora-clang 1.0 40.48 NOTE
r-devel-linux-x86_64-fedora-gcc 1.0 38.37 NOTE
r-devel-osx-x86_64-clang 1.0 38.81 NOTE
r-devel-windows-ix86+x86_64 1.0 6.00 46.00 52.00 NOTE
r-patched-linux-x86_64 1.0 0.92 18.38 19.30 NOTE
r-patched-solaris-sparc 1.0 252.20 NOTE
r-patched-solaris-x86 1.0 54.00 NOTE
r-release-linux-ix86 1.0 1.44 29.44 30.88 NOTE
r-release-linux-x86_64 1.0 1.01 18.86 19.87 NOTE
r-release-osx-x86_64-mavericks 1.0 NOTE
r-release-osx-x86_64-snowleopard 1.0 OK
r-release-windows-ix86+x86_64 1.0 9.00 43.00 52.00 NOTE
r-oldrel-windows-ix86+x86_64 1.0 6.00 49.00 55.00 NOTE

Check Details

Version: 1.0
Check: dependencies in R code
Result: NOTE
    Package in Depends field not imported from: ‘lpSolve’
     These packages need to be imported from (in the NAMESPACE file)
     for when this namespace is loaded but not attached.
    See the information on DESCRIPTION files in the chapter ‘Creating R
    packages’ of the ‘Writing R Extensions’ manual.
Flavors: r-devel-linux-x86_64-debian-clang, r-devel-linux-x86_64-debian-gcc, r-devel-linux-x86_64-fedora-clang, r-devel-linux-x86_64-fedora-gcc, r-devel-osx-x86_64-clang, r-devel-windows-ix86+x86_64, r-patched-linux-x86_64, r-patched-solaris-sparc, r-patched-solaris-x86, r-release-linux-ix86, r-release-linux-x86_64, r-release-osx-x86_64-mavericks, r-release-windows-ix86+x86_64, r-oldrel-windows-ix86+x86_64