CRAN Package Check Results for Package mcclust

Last updated on 2015-05-05 06:46:41.

Flavor Version Tinstall Tcheck Ttotal Status Flags
r-devel-linux-x86_64-debian-clang 1.0 0.95 17.17 18.12 NOTE
r-devel-linux-x86_64-debian-gcc 1.0 0.96 17.60 18.56 NOTE
r-devel-linux-x86_64-fedora-clang 1.0 34.82 NOTE
r-devel-linux-x86_64-fedora-gcc 1.0 33.69 NOTE
r-devel-osx-x86_64-clang 1.0 35.65 NOTE
r-devel-windows-ix86+x86_64 1.0 7.00 41.00 48.00 NOTE
r-patched-linux-x86_64 1.0 0.95 17.43 18.38 NOTE
r-patched-solaris-sparc 1.0 252.40 NOTE
r-patched-solaris-x86 1.0 51.40 NOTE
r-release-linux-x86_64 1.0 0.89 16.88 17.77 NOTE
r-release-osx-x86_64-mavericks 1.0 NOTE
r-release-osx-x86_64-snowleopard 1.0 NOTE
r-release-windows-ix86+x86_64 1.0 4.00 52.00 56.00 NOTE
r-oldrel-windows-ix86+x86_64 1.0 9.00 63.00 72.00 NOTE

Check Details

Version: 1.0
Check: dependencies in R code
Result: NOTE
    Package in Depends field not imported from: ‘lpSolve’
     These packages need to be imported from (in the NAMESPACE file)
     for when this namespace is loaded but not attached.
Flavors: r-devel-linux-x86_64-debian-clang, r-devel-linux-x86_64-debian-gcc, r-devel-linux-x86_64-fedora-clang, r-devel-linux-x86_64-fedora-gcc, r-devel-osx-x86_64-clang, r-devel-windows-ix86+x86_64, r-patched-linux-x86_64, r-patched-solaris-sparc, r-patched-solaris-x86, r-release-linux-x86_64, r-release-osx-x86_64-mavericks, r-release-osx-x86_64-snowleopard, r-release-windows-ix86+x86_64, r-oldrel-windows-ix86+x86_64

Version: 1.0
Check: R code for possible problems
Result: NOTE
    laugreen: no visible global function definition for ‘lp’
    relabel : min.perm.labels: no visible global function definition for
     ‘lp.transport’
Flavors: r-devel-linux-x86_64-debian-clang, r-devel-linux-x86_64-debian-gcc, r-devel-linux-x86_64-fedora-clang, r-devel-linux-x86_64-fedora-gcc, r-devel-osx-x86_64-clang, r-devel-windows-ix86+x86_64, r-patched-linux-x86_64, r-patched-solaris-sparc, r-patched-solaris-x86, r-release-linux-x86_64, r-release-osx-x86_64-mavericks, r-release-osx-x86_64-snowleopard, r-release-windows-ix86+x86_64, r-oldrel-windows-ix86+x86_64