CRAN Package Check Results for Package mcemGLM

Last updated on 2022-12-05 11:51:44 CET.

Flavor Version Tinstall Tcheck Ttotal Status Flags
r-devel-linux-x86_64-debian-clang 1.1.1 777.85 167.34 945.19 NOTE --no-vignettes
r-devel-linux-x86_64-debian-gcc 1.1.1 582.84 98.71 681.55 NOTE --no-vignettes
r-devel-linux-x86_64-fedora-clang 1.1.1 1387.22 NOTE --no-vignettes
r-devel-linux-x86_64-fedora-gcc 1.1.1 1110.13 NOTE --no-vignettes
r-devel-windows-x86_64 1.1.1 590.00 96.00 686.00 NOTE --no-vignettes
r-patched-linux-x86_64 1.1.1 629.07 166.02 795.09 OK --no-vignettes
r-release-linux-x86_64 1.1.1 648.73 165.66 814.39 OK --no-vignettes
r-release-macos-arm64 1.1.1 1803.00 NOTE
r-release-macos-x86_64 1.1.1 1803.00 NOTE
r-release-windows-x86_64 1.1.1 575.00 93.00 668.00 NOTE --no-vignettes
r-oldrel-macos-arm64 1.1.1 1803.00 FAIL
r-oldrel-macos-x86_64 1.1.1 1803.00 NOTE
r-oldrel-windows-ix86+x86_64 1.1.1 1912.00 95.00 2007.00 NOTE --no-vignettes

Check Details

Version: 1.1.1
Flags: --no-vignettes
Check: Rd files
Result: NOTE
    checkRd: (-1) salamander.Rd:22: Escaped LaTeX specials: \&
Flavors: r-devel-linux-x86_64-debian-clang, r-devel-linux-x86_64-debian-gcc, r-devel-linux-x86_64-fedora-clang, r-devel-linux-x86_64-fedora-gcc, r-devel-windows-x86_64

Version: 1.1.1
Flags: --no-vignettes
Check: compiled code
Result: NOTE
    File ‘mcemGLM/libs/mcemGLM.so’:
     Found no calls to: ‘R_registerRoutines’, ‘R_useDynamicSymbols’
    
    It is good practice to register native routines and to disable symbol
    search.
    
    See ‘Writing portable packages’ in the ‘Writing R Extensions’ manual.
Flavors: r-devel-linux-x86_64-fedora-clang, r-devel-linux-x86_64-fedora-gcc

Version: 1.1.1
Flags: --no-vignettes
Check: installed package size
Result: NOTE
     installed size is 5.5Mb
     sub-directories of 1Mb or more:
     doc 3.8Mb
     libs 1.5Mb
Flavors: r-devel-windows-x86_64, r-release-windows-x86_64, r-oldrel-windows-ix86+x86_64

Version: 1.1.1
Check: installed package size
Result: NOTE
     installed size is 17.5Mb
     sub-directories of 1Mb or more:
     doc 3.8Mb
     libs 13.5Mb
Flavors: r-release-macos-arm64, r-release-macos-x86_64, r-oldrel-macos-arm64, r-oldrel-macos-x86_64

Version: 1.1.1
Check: running R code from vignettes
Result: ERROR
    Errors in running code in vignettes:
    when running code in ‘mcemGLM-vignette.Rnw’
     ...
     6 : 6 6 : 6 Max. :1.000
     (Other):324 (Other):324
    
    > fitBernoulli <- mcemGLMM(fixed = Mate ~ 0 + Cross,
    + random = list(~0 + Female, ~0 + Male), data = salamander,
    + family = "bernoulli", vcD .... [TRUNCATED]
    
    Execution halted
    
    ... incomplete output. Crash?
    
     ‘mcemGLM-vignette.Rnw’... failed to complete the test
Flavor: r-oldrel-macos-arm64

Version: 1.1.1
Check: re-building of vignette outputs
Result: FAIL
Flavor: r-oldrel-macos-arm64