CRAN Package Check Results for Package mcga

Last updated on 2017-08-16 18:46:36.

Flavor Version Tinstall Tcheck Ttotal Status Flags
r-devel-linux-x86_64-debian-clang 3.0.1 10.06 32.05 42.11 NOTE
r-devel-linux-x86_64-debian-gcc 3.0.1 10.42 31.83 42.25 NOTE
r-devel-linux-x86_64-fedora-clang 3.0.1 82.30 NOTE
r-devel-linux-x86_64-fedora-gcc 3.0.1 79.43 NOTE
r-devel-windows-ix86+x86_64 3.0.1 38.00 109.00 147.00 OK
r-patched-linux-x86_64 3.0.1 10.32 33.03 43.35 NOTE
r-patched-solaris-x86 3.0.1 105.70 OK
r-release-linux-x86_64 3.0.1 10.23 31.93 42.16 NOTE
r-release-windows-ix86+x86_64 3.0.1 36.00 131.00 167.00 OK
r-release-osx-x86_64 3.0.1 OK
r-oldrel-windows-ix86+x86_64 3.0.1 50.00 92.00 142.00 OK
r-oldrel-osx-x86_64 3.0.1 OK

Check Details

Version: 3.0.1
Check: compiled code
Result: NOTE
    File ‘mcga/libs/mcga.so’:
     Found no calls to: ‘R_registerRoutines’, ‘R_useDynamicSymbols’
    
    It is good practice to register native routines and to disable symbol
    search.
    
    See ‘Writing portable packages’ in the ‘Writing R Extensions’ manual.
Flavors: r-devel-linux-x86_64-debian-clang, r-devel-linux-x86_64-debian-gcc, r-devel-linux-x86_64-fedora-clang, r-devel-linux-x86_64-fedora-gcc, r-patched-linux-x86_64, r-release-linux-x86_64