CRAN Package Check Results for Package mcga

Last updated on 2016-07-01 23:47:26.

Flavor Version Tinstall Tcheck Ttotal Status Flags
r-devel-linux-x86_64-debian-gcc 3.0.1 13.41 34.02 47.43 OK
r-devel-linux-x86_64-fedora-clang 3.0.1 79.18 OK
r-devel-linux-x86_64-fedora-gcc 3.0.1 74.76 OK
r-devel-osx-x86_64-clang 3.0.1 60.42 OK
r-devel-windows-ix86+x86_64 3.0.1 31.00 97.00 128.00 OK
r-patched-linux-x86_64 3.0.1 10.92 34.44 45.36 OK
r-patched-solaris-sparc 3.0.1 479.90 NOTE
r-patched-solaris-x86 3.0.1 96.00 OK
r-release-linux-x86_64 3.0.1 8.73 31.70 40.43 OK
r-release-osx-x86_64-mavericks 3.0.1 OK
r-release-windows-ix86+x86_64 3.0.1 52.00 99.00 151.00 OK
r-oldrel-windows-ix86+x86_64 3.0.1 34.00 138.00 172.00 OK

Check Details

Version: 3.0.1
Check: installed package size
Result: NOTE
     installed size is 5.2Mb
     sub-directories of 1Mb or more:
     libs 5.0Mb
Flavor: r-patched-solaris-sparc