CRAN Package Check Results for Package mcga

Last updated on 2017-06-29 06:52:59.

Flavor Version Tinstall Tcheck Ttotal Status Flags
r-devel-linux-x86_64-debian-clang 3.0.1 10.03 35.42 45.45 NOTE
r-devel-linux-x86_64-debian-gcc 3.0.1 10.39 32.56 42.95 NOTE
r-devel-linux-x86_64-fedora-clang 3.0.1 84.32 NOTE
r-devel-linux-x86_64-fedora-gcc 3.0.1 79.24 NOTE
r-devel-windows-ix86+x86_64 3.0.1 52.00 98.00 150.00 OK
r-patched-linux-x86_64 3.0.1 10.39 31.21 41.60 NOTE
r-patched-solaris-sparc 3.0.1 462.90 OK
r-patched-solaris-x86 3.0.1 102.90 OK
r-release-linux-x86_64 3.0.1 10.51 32.27 42.78 NOTE
r-release-windows-ix86+x86_64 3.0.1 52.00 126.00 178.00 OK
r-release-osx-x86_64 3.0.1 OK
r-oldrel-windows-ix86+x86_64 3.0.1 45.00 140.00 185.00 OK
r-oldrel-osx-x86_64 3.0.1 OK

Check Details

Version: 3.0.1
Check: compiled code
Result: NOTE
    File ‘mcga/libs/mcga.so’:
     Found no calls to: ‘R_registerRoutines’, ‘R_useDynamicSymbols’
    
    It is good practice to register native routines and to disable symbol
    search.
    
    See ‘Writing portable packages’ in the ‘Writing R Extensions’ manual.
Flavors: r-devel-linux-x86_64-debian-clang, r-devel-linux-x86_64-debian-gcc, r-devel-linux-x86_64-fedora-clang, r-devel-linux-x86_64-fedora-gcc, r-patched-linux-x86_64, r-release-linux-x86_64