CRAN Package Check Results for Package mcga

Last updated on 2016-02-06 15:51:42.

Flavor Version Tinstall Tcheck Ttotal Status Flags
r-devel-linux-x86_64-debian-gcc 2.0.9 1.12 7.47 8.59 NOTE
r-devel-linux-x86_64-fedora-clang 2.0.9 15.00 NOTE
r-devel-linux-x86_64-fedora-gcc 2.0.9 14.34 NOTE
r-devel-osx-x86_64-clang 2.0.9 17.81 NOTE
r-devel-windows-ix86+x86_64 2.0.9 13.00 19.00 32.00 NOTE
r-patched-linux-x86_64 2.0.9 1.27 7.99 9.26 NOTE
r-patched-solaris-sparc 2.0.9 97.60 NOTE
r-patched-solaris-x86 2.0.9 22.80 NOTE
r-release-linux-x86_64 2.0.9 1.17 7.78 8.95 NOTE
r-release-osx-x86_64-mavericks 2.0.9 NOTE
r-release-windows-ix86+x86_64 2.0.9 9.00 18.00 27.00 NOTE
r-oldrel-windows-ix86+x86_64 2.0.9 12.00 19.00 31.00 NOTE

Check Details

Version: 2.0.9
Check: compiled code
Result: NOTE
    File ‘mcga/libs/mcga.so’:
     Found ‘rand’, possibly from ‘rand’ (C)
     Objects: ‘mcga.o’, ‘multi_mcga.o’
    
    Compiled code should not call entry points which might terminate R nor
    write to stdout/stderr instead of to the console, nor the system RNG.
    
    See ‘Writing portable packages’ in the ‘Writing R Extensions’ manual.
Flavors: r-devel-linux-x86_64-debian-gcc, r-devel-linux-x86_64-fedora-clang, r-devel-linux-x86_64-fedora-gcc, r-patched-linux-x86_64, r-patched-solaris-sparc, r-patched-solaris-x86, r-release-linux-x86_64

Version: 2.0.9
Check: compiled code
Result: NOTE
    File ‘mcga/libs/mcga.so’:
     Found ‘_rand’, possibly from ‘rand’ (C)
     Objects: ‘mcga.o’, ‘multi_mcga.o’
    
    Compiled code should not call entry points which might terminate R nor
    write to stdout/stderr instead of to the console, nor the system RNG.
    
    See ‘Writing portable packages’ in the ‘Writing R Extensions’ manual.
Flavors: r-devel-osx-x86_64-clang, r-release-osx-x86_64-mavericks

Version: 2.0.9
Check: compiled code
Result: NOTE
    File 'mcga/libs/i386/mcga.dll':
     Found 'rand', possibly from 'rand' (C)
     Objects: 'mcga.o', 'multi_mcga.o'
    File 'mcga/libs/x64/mcga.dll':
     Found 'rand', possibly from 'rand' (C)
     Objects: 'mcga.o', 'multi_mcga.o'
    
    Compiled code should not call entry points which might terminate R nor
    write to stdout/stderr instead of to the console, nor the system RNG.
    
    See 'Writing portable packages' in the 'Writing R Extensions' manual.
Flavors: r-devel-windows-ix86+x86_64, r-release-windows-ix86+x86_64, r-oldrel-windows-ix86+x86_64