CRAN Package Check Results for Package mcga

Last updated on 2014-09-23 23:47:04.

Flavor Version Tinstall Tcheck Ttotal Status Flags
r-devel-linux-x86_64-debian-clang 2.0.9 1.12 8.30 9.43 NOTE
r-devel-linux-x86_64-debian-gcc 2.0.9 1.08 8.14 9.22 NOTE
r-devel-linux-x86_64-fedora-clang 2.0.9 19.24 NOTE
r-devel-linux-x86_64-fedora-gcc 2.0.9 17.87 NOTE
r-devel-osx-x86_64-clang 2.0.9 22.62 NOTE
r-devel-windows-ix86+x86_64 2.0.9 7.00 19.00 26.00 NOTE
r-patched-linux-x86_64 2.0.9 1.11 8.40 9.51 OK
r-patched-solaris-sparc 2.0.9 127.20 OK
r-patched-solaris-x86 2.0.9 27.90 OK
r-release-linux-ix86 2.0.9 1.69 14.16 15.85 OK
r-release-linux-x86_64 2.0.9 1.19 8.68 9.87 OK
r-release-osx-x86_64-mavericks 2.0.9 OK
r-release-osx-x86_64-snowleopard 2.0.9 OK
r-release-windows-ix86+x86_64 2.0.9 11.00 18.00 29.00 OK
r-oldrel-windows-ix86+x86_64 2.0.9 7.00 18.00 25.00 OK

Check Details

Version: 2.0.9
Check: compiled code
Result: NOTE
    File ‘mcga/libs/mcga.so’:
     Found ‘rand’, possibly from ‘rand’ (C)
     Objects: ‘mcga.o’, ‘multi_mcga.o’
    
    Compiled code should not call entry points which might terminate R nor
    write to stdout/stderr instead of to the console, nor the C RNG.
    
    See ‘Writing portable packages’ in the ‘Writing R Extensions’ manual.
Flavors: r-devel-linux-x86_64-debian-clang, r-devel-linux-x86_64-debian-gcc, r-devel-linux-x86_64-fedora-clang, r-devel-linux-x86_64-fedora-gcc

Version: 2.0.9
Check: compiled code
Result: NOTE
    File ‘mcga/libs/mcga.so’:
     Found ‘_rand’, possibly from ‘rand’ (C)
     Objects: ‘mcga.o’, ‘multi_mcga.o’
    
    Compiled code should not call entry points which might terminate R nor
    write to stdout/stderr instead of to the console, nor the C RNG.
    
    See ‘Writing portable packages’ in the ‘Writing R Extensions’ manual.
Flavor: r-devel-osx-x86_64-clang

Version: 2.0.9
Check: compiled code
Result: NOTE
    File 'mcga/libs/i386/mcga.dll':
     Found 'rand', possibly from 'rand' (C)
     Objects: 'mcga.o', 'multi_mcga.o'
    File 'mcga/libs/x64/mcga.dll':
     Found 'rand', possibly from 'rand' (C)
     Objects: 'mcga.o', 'multi_mcga.o'
    
    Compiled code should not call entry points which might terminate R nor
    write to stdout/stderr instead of to the console, nor the C RNG.
    
    See 'Writing portable packages' in the 'Writing R Extensions' manual.
Flavor: r-devel-windows-ix86+x86_64