CRAN Package Check Results for Package mcga

Last updated on 2015-07-01 23:47:00.

Flavor Version Tinstall Tcheck Ttotal Status Flags
r-devel-linux-x86_64-debian-clang 2.0.9 1.11 7.88 8.99 NOTE
r-devel-linux-x86_64-debian-gcc 2.0.9 1.08 8.02 9.10 NOTE
r-devel-linux-x86_64-fedora-clang 2.0.9 17.14 NOTE
r-devel-linux-x86_64-fedora-gcc 2.0.9 16.51 NOTE
r-devel-osx-x86_64-clang 2.0.9 18.71 NOTE
r-devel-windows-ix86+x86_64 2.0.9 12.00 26.00 38.00 NOTE
r-patched-linux-x86_64 2.0.9 1.20 8.46 9.66 NOTE
r-patched-solaris-sparc 2.0.9 107.30 NOTE
r-patched-solaris-x86 2.0.9 26.40 NOTE
r-release-linux-x86_64 2.0.9 1.16 8.35 9.51 NOTE
r-release-osx-x86_64-mavericks 2.0.9 NOTE
r-release-windows-ix86+x86_64 2.0.9 8.00 19.00 27.00 NOTE
r-oldrel-windows-ix86+x86_64 2.0.9 12.00 19.00 31.00 NOTE

Check Details

Version: 2.0.9
Check: compiled code
Result: NOTE
    File ‘mcga/libs/mcga.so’:
     Found ‘rand’, possibly from ‘rand’ (C)
     Objects: ‘mcga.o’, ‘multi_mcga.o’
    
    Compiled code should not call entry points which might terminate R nor
    write to stdout/stderr instead of to the console, nor the system RNG.
    
    See ‘Writing portable packages’ in the ‘Writing R Extensions’ manual.
Flavors: r-devel-linux-x86_64-debian-clang, r-devel-linux-x86_64-debian-gcc, r-devel-linux-x86_64-fedora-clang, r-devel-linux-x86_64-fedora-gcc, r-patched-linux-x86_64, r-patched-solaris-sparc, r-patched-solaris-x86, r-release-linux-x86_64

Version: 2.0.9
Check: compiled code
Result: NOTE
    File ‘mcga/libs/mcga.so’:
     Found ‘_rand’, possibly from ‘rand’ (C)
     Objects: ‘mcga.o’, ‘multi_mcga.o’
    
    Compiled code should not call entry points which might terminate R nor
    write to stdout/stderr instead of to the console, nor the system RNG.
    
    See ‘Writing portable packages’ in the ‘Writing R Extensions’ manual.
Flavors: r-devel-osx-x86_64-clang, r-release-osx-x86_64-mavericks

Version: 2.0.9
Check: compiled code
Result: NOTE
    File 'mcga/libs/i386/mcga.dll':
     Found 'rand', possibly from 'rand' (C)
     Objects: 'mcga.o', 'multi_mcga.o'
    File 'mcga/libs/x64/mcga.dll':
     Found 'rand', possibly from 'rand' (C)
     Objects: 'mcga.o', 'multi_mcga.o'
    
    Compiled code should not call entry points which might terminate R nor
    write to stdout/stderr instead of to the console, nor the system RNG.
    
    See 'Writing portable packages' in the 'Writing R Extensions' manual.
Flavors: r-devel-windows-ix86+x86_64, r-release-windows-ix86+x86_64, r-oldrel-windows-ix86+x86_64