CRAN Package Check Results for Package mcga

Last updated on 2017-04-27 11:53:42.

Flavor Version Tinstall Tcheck Ttotal Status Flags
r-devel-linux-x86_64-debian-clang 3.0.1 9.89 33.02 42.92 NOTE
r-devel-linux-x86_64-debian-gcc 3.0.1 9.71 32.45 42.16 NOTE
r-devel-linux-x86_64-fedora-clang 3.0.1 80.79 NOTE --no-stop-on-test-error
r-devel-linux-x86_64-fedora-gcc 3.0.1 77.51 NOTE --no-stop-on-test-error
r-devel-windows-ix86+x86_64 3.0.1 37.00 124.00 161.00 OK
r-patched-linux-x86_64 3.0.1 8.35 32.18 40.53 NOTE
r-patched-solaris-sparc 3.0.1 462.90 OK
r-patched-solaris-x86 3.0.1 97.20 OK
r-release-linux-x86_64 3.0.1 8.42 32.74 41.16 NOTE
r-release-windows-ix86+x86_64 3.0.1 37.00 96.00 133.00 OK
r-release-osx-x86_64 3.0.1 OK
r-oldrel-windows-ix86+x86_64 3.0.1 52.00 102.00 154.00 OK
r-oldrel-osx-x86_64 3.0.1 OK

Check Details

Version: 3.0.1
Check: compiled code
Result: NOTE
    File ‘mcga/libs/mcga.so’:
     Found no calls to: ‘R_registerRoutines’, ‘R_useDynamicSymbols’
    
    It is good practice to register native routines and to disable symbol
    search.
    
    See ‘Writing portable packages’ in the ‘Writing R Extensions’ manual.
Flavors: r-devel-linux-x86_64-debian-clang, r-devel-linux-x86_64-debian-gcc, r-patched-linux-x86_64, r-release-linux-x86_64

Version: 3.0.1
Flags: --no-stop-on-test-error
Check: compiled code
Result: NOTE
    File ‘mcga/libs/mcga.so’:
     Found no calls to: ‘R_registerRoutines’, ‘R_useDynamicSymbols’
    
    It is good practice to register native routines and to disable symbol
    search.
    
    See ‘Writing portable packages’ in the ‘Writing R Extensions’ manual.
Flavors: r-devel-linux-x86_64-fedora-clang, r-devel-linux-x86_64-fedora-gcc