CRAN Package Check Results for Package mcga

Last updated on 2014-12-20 03:49:35.

Flavor Version Tinstall Tcheck Ttotal Status Flags
r-devel-linux-x86_64-debian-clang 2.0.9 1.23 8.92 10.14 NOTE
r-devel-linux-x86_64-debian-gcc 2.0.9 1.20 8.78 9.98 NOTE
r-devel-linux-x86_64-fedora-clang 2.0.9 21.23 NOTE
r-devel-linux-x86_64-fedora-gcc 2.0.9 19.99 NOTE
r-devel-osx-x86_64-clang 2.0.9 22.36 NOTE
r-devel-windows-ix86+x86_64 2.0.9 8.00 34.00 42.00 NOTE
r-patched-linux-x86_64 2.0.9 1.26 8.61 9.87 NOTE
r-patched-solaris-sparc 2.0.9 173.30 NOTE
r-patched-solaris-x86 2.0.9 30.20 NOTE
r-release-linux-ix86 2.0.9 1.68 13.96 15.64 NOTE
r-release-linux-x86_64 2.0.9 1.19 8.70 9.88 NOTE
r-release-osx-x86_64-mavericks 2.0.9 OK
r-release-osx-x86_64-snowleopard 2.0.9 OK
r-release-windows-ix86+x86_64 2.0.9 7.00 18.00 25.00 NOTE
r-oldrel-windows-ix86+x86_64 2.0.9 7.00 18.00 25.00 OK

Check Details

Version: 2.0.9
Check: compiled code
Result: NOTE
    File ‘mcga/libs/mcga.so’:
     Found ‘rand’, possibly from ‘rand’ (C)
     Objects: ‘mcga.o’, ‘multi_mcga.o’
    
    Compiled code should not call entry points which might terminate R nor
    write to stdout/stderr instead of to the console, nor the system RNG.
    
    See ‘Writing portable packages’ in the ‘Writing R Extensions’ manual.
Flavors: r-devel-linux-x86_64-debian-clang, r-devel-linux-x86_64-debian-gcc, r-devel-linux-x86_64-fedora-clang, r-devel-linux-x86_64-fedora-gcc, r-patched-linux-x86_64, r-patched-solaris-sparc, r-patched-solaris-x86

Version: 2.0.9
Check: compiled code
Result: NOTE
    File ‘mcga/libs/mcga.so’:
     Found ‘_rand’, possibly from ‘rand’ (C)
     Objects: ‘mcga.o’, ‘multi_mcga.o’
    
    Compiled code should not call entry points which might terminate R nor
    write to stdout/stderr instead of to the console, nor the system RNG.
    
    See ‘Writing portable packages’ in the ‘Writing R Extensions’ manual.
Flavor: r-devel-osx-x86_64-clang

Version: 2.0.9
Check: compiled code
Result: NOTE
    File 'mcga/libs/i386/mcga.dll':
     Found 'rand', possibly from 'rand' (C)
     Objects: 'mcga.o', 'multi_mcga.o'
    File 'mcga/libs/x64/mcga.dll':
     Found 'rand', possibly from 'rand' (C)
     Objects: 'mcga.o', 'multi_mcga.o'
    
    Compiled code should not call entry points which might terminate R nor
    write to stdout/stderr instead of to the console, nor the system RNG.
    
    See 'Writing portable packages' in the 'Writing R Extensions' manual.
Flavor: r-devel-windows-ix86+x86_64

Version: 2.0.9
Check: compiled code
Result: NOTE
    File ‘mcga/libs/mcga.so’:
     Found ‘rand’, possibly from ‘rand’ (C)
     Objects: ‘mcga.o’, ‘multi_mcga.o’
    
    Compiled code should not call entry points which might terminate R nor
    write to stdout/stderr instead of to the console, nor the C RNG.
    
    See ‘Writing portable packages’ in the ‘Writing R Extensions’ manual.
Flavors: r-release-linux-ix86, r-release-linux-x86_64

Version: 2.0.9
Check: compiled code
Result: NOTE
    File 'mcga/libs/i386/mcga.dll':
     Found 'rand', possibly from 'rand' (C)
     Objects: 'mcga.o', 'multi_mcga.o'
    File 'mcga/libs/x64/mcga.dll':
     Found 'rand', possibly from 'rand' (C)
     Objects: 'mcga.o', 'multi_mcga.o'
    
    Compiled code should not call entry points which might terminate R nor
    write to stdout/stderr instead of to the console, nor the C RNG.
    
    See 'Writing portable packages' in the 'Writing R Extensions' manual.
Flavor: r-release-windows-ix86+x86_64