CRAN Package Check Results for Package mcga

Last updated on 2014-10-23 00:48:02.

Flavor Version Tinstall Tcheck Ttotal Status Flags
r-devel-linux-x86_64-debian-clang 2.0.9 1.22 8.83 10.05 NOTE
r-devel-linux-x86_64-debian-gcc 2.0.9 1.24 8.62 9.85 NOTE
r-devel-linux-x86_64-fedora-clang 2.0.9 20.63 NOTE
r-devel-linux-x86_64-fedora-gcc 2.0.9 18.14 NOTE
r-devel-osx-x86_64-clang 2.0.9 23.12 NOTE
r-devel-windows-ix86+x86_64 2.0.9 7.00 17.00 24.00 NOTE
r-patched-linux-x86_64 2.0.9 1.24 9.06 10.30 NOTE
r-patched-solaris-sparc 2.0.9 108.60 NOTE
r-patched-solaris-x86 2.0.9 29.10 NOTE
r-release-linux-ix86 2.0.9 1.66 14.04 15.71 OK
r-release-linux-x86_64 2.0.9 1.15 8.56 9.71 OK
r-release-osx-x86_64-mavericks 2.0.9 OK
r-release-osx-x86_64-snowleopard 2.0.9 OK
r-release-windows-ix86+x86_64 2.0.9 11.00 18.00 29.00 OK
r-oldrel-windows-ix86+x86_64 2.0.9 7.00 18.00 25.00 OK

Check Details

Version: 2.0.9
Check: compiled code
Result: NOTE
    File ‘mcga/libs/mcga.so’:
     Found ‘rand’, possibly from ‘rand’ (C)
     Objects: ‘mcga.o’, ‘multi_mcga.o’
    
    Compiled code should not call entry points which might terminate R nor
    write to stdout/stderr instead of to the console, nor the C RNG.
    
    See ‘Writing portable packages’ in the ‘Writing R Extensions’ manual.
Flavors: r-devel-linux-x86_64-debian-clang, r-devel-linux-x86_64-debian-gcc, r-devel-linux-x86_64-fedora-clang, r-devel-linux-x86_64-fedora-gcc, r-patched-linux-x86_64, r-patched-solaris-sparc, r-patched-solaris-x86

Version: 2.0.9
Check: compiled code
Result: NOTE
    File ‘mcga/libs/mcga.so’:
     Found ‘_rand’, possibly from ‘rand’ (C)
     Objects: ‘mcga.o’, ‘multi_mcga.o’
    
    Compiled code should not call entry points which might terminate R nor
    write to stdout/stderr instead of to the console, nor the C RNG.
    
    See ‘Writing portable packages’ in the ‘Writing R Extensions’ manual.
Flavor: r-devel-osx-x86_64-clang

Version: 2.0.9
Check: compiled code
Result: NOTE
    File 'mcga/libs/i386/mcga.dll':
     Found 'rand', possibly from 'rand' (C)
     Objects: 'mcga.o', 'multi_mcga.o'
    File 'mcga/libs/x64/mcga.dll':
     Found 'rand', possibly from 'rand' (C)
     Objects: 'mcga.o', 'multi_mcga.o'
    
    Compiled code should not call entry points which might terminate R nor
    write to stdout/stderr instead of to the console, nor the C RNG.
    
    See 'Writing portable packages' in the 'Writing R Extensions' manual.
Flavor: r-devel-windows-ix86+x86_64