CRAN Package Check Results for Package mcga

Last updated on 2017-03-27 13:55:41.

Flavor Version Tinstall Tcheck Ttotal Status Flags
r-devel-linux-x86_64-debian-clang 3.0.1 9.69 31.55 41.24 NOTE
r-devel-linux-x86_64-debian-gcc 3.0.1 9.77 32.20 41.97 NOTE
r-devel-linux-x86_64-fedora-clang 3.0.1 87.24 NOTE --no-stop-on-test-error
r-devel-linux-x86_64-fedora-gcc 3.0.1 78.82 NOTE --no-stop-on-test-error
r-devel-macos-x86_64-clang 3.0.1 59.42 NOTE --no-stop-on-test-error
r-devel-windows-ix86+x86_64 3.0.1 33.00 133.00 166.00 OK
r-patched-linux-x86_64 3.0.1 8.28 32.22 40.51 NOTE
r-patched-solaris-sparc 3.0.1 462.90 OK
r-patched-solaris-x86 3.0.1 100.80 OK
r-release-linux-x86_64 3.0.1 8.22 32.46 40.69 OK
r-release-osx-x86_64-mavericks 3.0.1 OK
r-release-windows-ix86+x86_64 3.0.1 53.00 100.00 153.00 OK
r-oldrel-windows-ix86+x86_64 3.0.1 39.00 97.00 136.00 OK

Check Details

Version: 3.0.1
Check: compiled code
Result: NOTE
    File ‘mcga/libs/mcga.so’:
     Found no calls to: ‘R_registerRoutines’, ‘R_useDynamicSymbols’
    
    It is good practice to register native routines and to disable symbol
    search.
    
    See ‘Writing portable packages’ in the ‘Writing R Extensions’ manual.
Flavors: r-devel-linux-x86_64-debian-clang, r-devel-linux-x86_64-debian-gcc, r-patched-linux-x86_64

Version: 3.0.1
Flags: --no-stop-on-test-error
Check: compiled code
Result: NOTE
    File ‘mcga/libs/mcga.so’:
     Found no calls to: ‘R_registerRoutines’, ‘R_useDynamicSymbols’
    
    It is good practice to register native routines and to disable symbol
    search.
    
    See ‘Writing portable packages’ in the ‘Writing R Extensions’ manual.
Flavors: r-devel-linux-x86_64-fedora-clang, r-devel-linux-x86_64-fedora-gcc, r-devel-macos-x86_64-clang