CRAN Package Check Results for Package mcga

Last updated on 2017-02-22 17:48:49.

Flavor Version Tinstall Tcheck Ttotal Status Flags
r-devel-linux-x86_64-debian-clang 3.0.1 9.39 34.22 43.61 NOTE
r-devel-linux-x86_64-debian-gcc 3.0.1 9.73 34.35 44.08 NOTE
r-devel-linux-x86_64-fedora-clang 3.0.1 78.98 NOTE --no-stop-on-test-error
r-devel-linux-x86_64-fedora-gcc 3.0.1 76.18 NOTE --no-stop-on-test-error
r-devel-macos-x86_64-clang 3.0.1 58.93 NOTE --no-stop-on-test-error
r-devel-windows-ix86+x86_64 3.0.1 46.00 128.00 174.00 OK
r-patched-linux-x86_64 3.0.1 8.34 32.34 40.68 OK
r-patched-solaris-sparc 3.0.1 473.30 OK
r-patched-solaris-x86 3.0.1 98.80 OK
r-release-linux-x86_64 3.0.1 8.42 33.89 42.31 OK
r-release-osx-x86_64-mavericks 3.0.1 OK
r-release-windows-ix86+x86_64 3.0.1 75.00 105.00 180.00 OK
r-oldrel-windows-ix86+x86_64 3.0.1 48.00 127.00 175.00 OK

Check Details

Version: 3.0.1
Check: compiled code
Result: NOTE
    File ‘mcga/libs/mcga.so’:
     Found no calls to: ‘R_registerRoutines’, ‘R_useDynamicSymbols’
    
    It is good practice to register native routines and to disable symbol
    search.
    
    See ‘Writing portable packages’ in the ‘Writing R Extensions’ manual.
Flavors: r-devel-linux-x86_64-debian-clang, r-devel-linux-x86_64-debian-gcc

Version: 3.0.1
Flags: --no-stop-on-test-error
Check: compiled code
Result: NOTE
    File ‘mcga/libs/mcga.so’:
     Found no calls to: ‘R_registerRoutines’, ‘R_useDynamicSymbols’
    
    It is good practice to register native routines and to disable symbol
    search.
    
    See ‘Writing portable packages’ in the ‘Writing R Extensions’ manual.
Flavors: r-devel-linux-x86_64-fedora-clang, r-devel-linux-x86_64-fedora-gcc, r-devel-macos-x86_64-clang