CRAN Package Check Results for Package mcga

Last updated on 2017-10-17 19:48:00.

Flavor Version Tinstall Tcheck Ttotal Status Flags
r-devel-linux-x86_64-debian-clang 3.0.1 10.23 33.66 43.89 NOTE
r-devel-linux-x86_64-debian-gcc 3.0.1 10.70 32.48 43.18 NOTE
r-devel-linux-x86_64-fedora-clang 3.0.1 86.26 NOTE
r-devel-linux-x86_64-fedora-gcc 3.0.1 84.21 NOTE
r-devel-windows-ix86+x86_64 3.0.1 32.00 94.00 126.00 OK
r-patched-linux-x86_64 3.0.1 10.51 32.55 43.06 NOTE
r-patched-solaris-x86 3.0.1 101.20 OK
r-release-linux-x86_64 3.0.1 10.33 31.30 41.63 NOTE
r-release-windows-ix86+x86_64 3.0.1 50.00 92.00 142.00 OK
r-release-osx-x86_64 3.0.1 OK
r-oldrel-windows-ix86+x86_64 3.0.1 54.00 132.00 186.00 OK
r-oldrel-osx-x86_64 3.0.1 OK

Check Details

Version: 3.0.1
Check: compiled code
Result: NOTE
    File ‘mcga/libs/mcga.so’:
     Found no calls to: ‘R_registerRoutines’, ‘R_useDynamicSymbols’
    
    It is good practice to register native routines and to disable symbol
    search.
    
    See ‘Writing portable packages’ in the ‘Writing R Extensions’ manual.
Flavors: r-devel-linux-x86_64-debian-clang, r-devel-linux-x86_64-debian-gcc, r-devel-linux-x86_64-fedora-clang, r-devel-linux-x86_64-fedora-gcc, r-patched-linux-x86_64, r-release-linux-x86_64