CRAN Package Check Results for Package mcgibbsit

Last updated on 2017-04-24 10:47:27.

Flavor Version Tinstall Tcheck Ttotal Status Flags
r-devel-linux-x86_64-debian-clang 1.1.0 0.78 13.88 14.67 NOTE
r-devel-linux-x86_64-debian-gcc 1.1.0 0.80 13.02 13.82 NOTE
r-devel-linux-x86_64-fedora-clang 1.1.0 21.30 NOTE --no-stop-on-test-error
r-devel-linux-x86_64-fedora-gcc 1.1.0 20.14 NOTE --no-stop-on-test-error
r-devel-windows-ix86+x86_64 1.1.0 5.00 29.00 34.00 NOTE
r-patched-linux-x86_64 1.1.0 0.78 12.76 13.55 NOTE
r-patched-solaris-sparc 1.1.0 125.40 NOTE
r-patched-solaris-x86 1.1.0 30.40 NOTE
r-release-linux-x86_64 1.1.0 0.82 12.97 13.79 NOTE
r-release-windows-ix86+x86_64 1.1.0 2.00 29.00 31.00 NOTE
r-release-osx-x86_64 1.1.0 NOTE
r-oldrel-windows-ix86+x86_64 1.1.0 2.00 27.00 29.00 NOTE
r-oldrel-osx-x86_64 1.1.0 NOTE

Check Details

Version: 1.1.0
Check: dependencies in R code
Result: NOTE
    Package in Depends field not imported from: ‘coda’
     These packages need to be imported from (in the NAMESPACE file)
     for when this namespace is loaded but not attached.
Flavors: r-devel-linux-x86_64-debian-clang, r-devel-linux-x86_64-debian-gcc, r-devel-windows-ix86+x86_64, r-patched-linux-x86_64, r-patched-solaris-sparc, r-patched-solaris-x86, r-release-linux-x86_64, r-release-windows-ix86+x86_64, r-release-osx-x86_64, r-oldrel-windows-ix86+x86_64, r-oldrel-osx-x86_64

Version: 1.1.0
Check: R code for possible problems
Result: NOTE
    mcgibbsit: no visible global function definition for ‘is.mcmc.list’
    mcgibbsit: no visible global function definition for ‘start’
    mcgibbsit: no visible global function definition for ‘end’
    mcgibbsit: no visible global function definition for ‘thin’
    mcgibbsit: no visible global function definition for ‘nvar’
    mcgibbsit: no visible global function definition for ‘mcmc’
    mcgibbsit: no visible global function definition for ‘mcmc.list’
    mcgibbsit: no visible global function definition for ‘varnames’
    mcgibbsit: no visible global function definition for ‘qnorm’
    mcgibbsit: no visible global function definition for ‘niter’
    mcgibbsit: no visible global function definition for ‘quantile’
    mcgibbsit : to.table: no visible global function definition for
     ‘window’
    mcgibbsit: no visible global function definition for ‘var’
    read.mcmc: no visible global function definition for ‘mcmc.list’
    read.mcmc: no visible global function definition for ‘mcmc’
    Undefined global functions or variables:
     end is.mcmc.list mcmc mcmc.list niter nvar qnorm quantile start thin
     var varnames window
    Consider adding
     importFrom("stats", "end", "qnorm", "quantile", "start", "var",
     "window")
    to your NAMESPACE file.
Flavors: r-devel-linux-x86_64-debian-clang, r-devel-linux-x86_64-debian-gcc, r-devel-windows-ix86+x86_64, r-patched-linux-x86_64, r-patched-solaris-sparc, r-patched-solaris-x86, r-release-linux-x86_64, r-release-windows-ix86+x86_64, r-release-osx-x86_64, r-oldrel-windows-ix86+x86_64, r-oldrel-osx-x86_64

Version: 1.1.0
Flags: --no-stop-on-test-error
Check: dependencies in R code
Result: NOTE
    Package in Depends field not imported from: ‘coda’
     These packages need to be imported from (in the NAMESPACE file)
     for when this namespace is loaded but not attached.
Flavors: r-devel-linux-x86_64-fedora-clang, r-devel-linux-x86_64-fedora-gcc

Version: 1.1.0
Flags: --no-stop-on-test-error
Check: R code for possible problems
Result: NOTE
    mcgibbsit: no visible global function definition for ‘is.mcmc.list’
    mcgibbsit: no visible global function definition for ‘start’
    mcgibbsit: no visible global function definition for ‘end’
    mcgibbsit: no visible global function definition for ‘thin’
    mcgibbsit: no visible global function definition for ‘nvar’
    mcgibbsit: no visible global function definition for ‘mcmc’
    mcgibbsit: no visible global function definition for ‘mcmc.list’
    mcgibbsit: no visible global function definition for ‘varnames’
    mcgibbsit: no visible global function definition for ‘qnorm’
    mcgibbsit: no visible global function definition for ‘niter’
    mcgibbsit: no visible global function definition for ‘quantile’
    mcgibbsit : to.table: no visible global function definition for
     ‘window’
    mcgibbsit: no visible global function definition for ‘var’
    read.mcmc: no visible global function definition for ‘mcmc.list’
    read.mcmc: no visible global function definition for ‘mcmc’
    Undefined global functions or variables:
     end is.mcmc.list mcmc mcmc.list niter nvar qnorm quantile start thin
     var varnames window
    Consider adding
     importFrom("stats", "end", "qnorm", "quantile", "start", "var",
     "window")
    to your NAMESPACE file.
Flavors: r-devel-linux-x86_64-fedora-clang, r-devel-linux-x86_64-fedora-gcc