CRAN Package Check Results for Package mcgibbsit

Last updated on 2014-04-18 01:47:48.

Flavor Version Tinstall Tcheck Ttotal Status Flags
r-devel-linux-x86_64-debian-clang 1.1.0 0.70 11.51 12.21 NOTE
r-devel-linux-x86_64-debian-gcc 1.1.0 0.70 11.64 12.34 NOTE
r-devel-linux-x86_64-fedora-clang 1.1.0 23.87 NOTE
r-devel-linux-x86_64-fedora-gcc 1.1.0 22.56 NOTE
r-devel-macosx-x86_64-clang 1.1.0 28.88 NOTE
r-devel-macosx-x86_64-gcc 1.1.0 NOTE
r-devel-windows-ix86+x86_64 1.1.0 2.00 19.00 21.00 NOTE
r-patched-linux-x86_64 1.1.0 0.70 11.36 12.05 NOTE
r-patched-solaris-sparc 1.1.0 152.10 NOTE
r-patched-solaris-x86 1.1.0 34.30 NOTE
r-release-linux-ix86 1.1.0 2.00 25.00 27.00 NOTE
r-release-linux-x86_64 1.1.0 0.81 11.42 12.22 NOTE
r-release-macosx-x86_64 1.1.0 OK
r-release-windows-ix86+x86_64 1.1.0 3.00 20.00 23.00 NOTE
r-oldrel-windows-ix86+x86_64 1.1.0 3.00 20.00 23.00 NOTE

Check Details

Version: 1.1.0
Check: dependencies in R code
Result: NOTE
    Package in Depends field not imported from: ‘coda’
     These packages need to be imported from (in the NAMESPACE file)
     for when this namespace is loaded but not attached.
    See the information on DESCRIPTION files in the chapter ‘Creating R
    packages’ of the ‘Writing R Extensions’ manual.
Flavors: r-devel-linux-x86_64-debian-clang, r-devel-linux-x86_64-debian-gcc, r-devel-linux-x86_64-fedora-clang, r-devel-linux-x86_64-fedora-gcc, r-devel-macosx-x86_64-clang, r-devel-macosx-x86_64-gcc, r-devel-windows-ix86+x86_64, r-patched-linux-x86_64, r-patched-solaris-sparc, r-patched-solaris-x86, r-release-linux-ix86, r-release-linux-x86_64, r-release-windows-ix86+x86_64, r-oldrel-windows-ix86+x86_64