CRAN Package Check Results for Package mcgibbsit

Last updated on 2014-07-22 08:47:12.

Flavor Version Tinstall Tcheck Ttotal Status Flags
r-devel-linux-x86_64-debian-clang 1.1.0 0.63 11.17 11.80 NOTE
r-devel-linux-x86_64-debian-gcc 1.1.0 0.70 10.71 11.41 NOTE
r-devel-linux-x86_64-fedora-clang 1.1.0 23.96 NOTE
r-devel-linux-x86_64-fedora-gcc 1.1.0 22.92 NOTE
r-devel-osx-x86_64-clang 1.1.0 27.60 NOTE
r-devel-windows-ix86+x86_64 1.1.0 3.00 21.00 24.00 NOTE
r-patched-linux-x86_64 1.1.0 0.69 10.87 11.56 NOTE
r-patched-solaris-sparc 1.1.0 152.10 NOTE
r-patched-solaris-x86 1.1.0 34.10 NOTE
r-release-linux-ix86 1.1.0 0.98 17.32 18.30 NOTE
r-release-linux-x86_64 1.1.0 0.66 11.24 11.90 NOTE
r-release-osx-x86_64-mavericks 1.1.0 NOTE
r-release-osx-x86_64-snowleopard 1.1.0 OK
r-release-windows-ix86+x86_64 1.1.0 3.00 20.00 23.00 NOTE
r-oldrel-windows-ix86+x86_64 1.1.0 4.00 20.00 24.00 NOTE

Check Details

Version: 1.1.0
Check: dependencies in R code
Result: NOTE
    Package in Depends field not imported from: ‘coda’
     These packages need to be imported from (in the NAMESPACE file)
     for when this namespace is loaded but not attached.
    See the information on DESCRIPTION files in the chapter ‘Creating R
    packages’ of the ‘Writing R Extensions’ manual.
Flavors: r-devel-linux-x86_64-debian-clang, r-devel-linux-x86_64-debian-gcc, r-devel-linux-x86_64-fedora-clang, r-devel-linux-x86_64-fedora-gcc, r-devel-osx-x86_64-clang, r-devel-windows-ix86+x86_64, r-patched-linux-x86_64, r-patched-solaris-sparc, r-patched-solaris-x86, r-release-linux-ix86, r-release-linux-x86_64, r-release-osx-x86_64-mavericks, r-release-windows-ix86+x86_64, r-oldrel-windows-ix86+x86_64