CRAN Package Check Results for Package mcgibbsit

Last updated on 2016-09-28 18:50:01.

Flavor Version Tinstall Tcheck Ttotal Status Flags
r-devel-linux-x86_64-debian-clang 1.1.0 0.58 9.66 10.24 NOTE
r-devel-linux-x86_64-debian-gcc 1.1.0 0.61 9.82 10.43 NOTE
r-devel-linux-x86_64-fedora-clang 1.1.0 18.37 NOTE
r-devel-linux-x86_64-fedora-gcc 1.1.0 16.49 NOTE
r-devel-macos-x86_64-clang 1.1.0 16.33 NOTE
r-devel-windows-ix86+x86_64 1.1.0 3.00 32.00 35.00 NOTE
r-patched-linux-x86_64 1.1.0 0.60 9.75 10.35 NOTE
r-patched-solaris-sparc 1.1.0 104.70 NOTE
r-patched-solaris-x86 1.1.0 24.00 NOTE
r-release-linux-x86_64 1.1.0 0.60 10.00 10.61 NOTE
r-release-osx-x86_64-mavericks 1.1.0 NOTE
r-release-windows-ix86+x86_64 1.1.0 3.00 25.00 28.00 NOTE
r-oldrel-windows-ix86+x86_64 1.1.0 5.00 23.00 28.00 NOTE

Check Details

Version: 1.1.0
Check: dependencies in R code
Result: NOTE
    Package in Depends field not imported from: ‘coda’
     These packages need to be imported from (in the NAMESPACE file)
     for when this namespace is loaded but not attached.
Flavors: r-devel-linux-x86_64-debian-clang, r-devel-linux-x86_64-debian-gcc, r-devel-linux-x86_64-fedora-clang, r-devel-linux-x86_64-fedora-gcc, r-devel-macos-x86_64-clang, r-devel-windows-ix86+x86_64, r-patched-linux-x86_64, r-patched-solaris-sparc, r-patched-solaris-x86, r-release-linux-x86_64, r-release-osx-x86_64-mavericks, r-release-windows-ix86+x86_64, r-oldrel-windows-ix86+x86_64

Version: 1.1.0
Check: R code for possible problems
Result: NOTE
    mcgibbsit: no visible global function definition for ‘is.mcmc.list’
    mcgibbsit: no visible global function definition for ‘start’
    mcgibbsit: no visible global function definition for ‘end’
    mcgibbsit: no visible global function definition for ‘thin’
    mcgibbsit: no visible global function definition for ‘nvar’
    mcgibbsit: no visible global function definition for ‘mcmc’
    mcgibbsit: no visible global function definition for ‘mcmc.list’
    mcgibbsit: no visible global function definition for ‘varnames’
    mcgibbsit: no visible global function definition for ‘qnorm’
    mcgibbsit: no visible global function definition for ‘niter’
    mcgibbsit: no visible global function definition for ‘quantile’
    mcgibbsit : to.table: no visible global function definition for
     ‘window’
    mcgibbsit: no visible global function definition for ‘var’
    read.mcmc: no visible global function definition for ‘mcmc.list’
    read.mcmc: no visible global function definition for ‘mcmc’
    Undefined global functions or variables:
     end is.mcmc.list mcmc mcmc.list niter nvar qnorm quantile start thin
     var varnames window
    Consider adding
     importFrom("stats", "end", "qnorm", "quantile", "start", "var",
     "window")
    to your NAMESPACE file.
Flavors: r-devel-linux-x86_64-debian-clang, r-devel-linux-x86_64-debian-gcc, r-devel-linux-x86_64-fedora-clang, r-devel-linux-x86_64-fedora-gcc, r-devel-macos-x86_64-clang, r-devel-windows-ix86+x86_64, r-patched-linux-x86_64, r-patched-solaris-sparc, r-patched-solaris-x86, r-release-linux-x86_64, r-release-osx-x86_64-mavericks, r-release-windows-ix86+x86_64

Version: 1.1.0
Check: R code for possible problems
Result: NOTE
    mcgibbsit: no visible global function definition for 'is.mcmc.list'
    mcgibbsit: no visible global function definition for 'thin'
    mcgibbsit: no visible global function definition for 'nvar'
    mcgibbsit: no visible global function definition for 'mcmc'
    mcgibbsit: no visible global function definition for 'mcmc.list'
    mcgibbsit: no visible global function definition for 'varnames'
    mcgibbsit: no visible global function definition for 'niter'
    read.mcmc: no visible global function definition for 'mcmc.list'
    read.mcmc: no visible global function definition for 'mcmc'
Flavor: r-oldrel-windows-ix86+x86_64