CRAN Package Check Results for Package mcgibbsit

Last updated on 2014-08-22 03:48:01.

Flavor Version Tinstall Tcheck Ttotal Status Flags
r-devel-linux-x86_64-debian-clang 1.1.0 0.64 10.58 11.22 NOTE
r-devel-linux-x86_64-debian-gcc 1.1.0 0.67 11.01 11.68 NOTE
r-devel-linux-x86_64-fedora-clang 1.1.0 22.54 NOTE
r-devel-linux-x86_64-fedora-gcc 1.1.0 21.14 NOTE
r-devel-osx-x86_64-clang 1.1.0 26.17 NOTE
r-devel-windows-ix86+x86_64 1.1.0 3.00 20.00 23.00 NOTE
r-patched-linux-x86_64 1.1.0 0.73 10.84 11.58 NOTE
r-patched-solaris-sparc 1.1.0 157.60 NOTE
r-patched-solaris-x86 1.1.0 33.80 NOTE
r-release-linux-ix86 1.1.0 0.98 17.44 18.42 NOTE
r-release-linux-x86_64 1.1.0 0.74 11.83 12.56 NOTE
r-release-osx-x86_64-mavericks 1.1.0 NOTE
r-release-osx-x86_64-snowleopard 1.1.0 OK
r-release-windows-ix86+x86_64 1.1.0 3.00 22.00 25.00 NOTE
r-oldrel-windows-ix86+x86_64 1.1.0 3.00 22.00 25.00 NOTE

Check Details

Version: 1.1.0
Check: dependencies in R code
Result: NOTE
    Package in Depends field not imported from: ‘coda’
     These packages need to be imported from (in the NAMESPACE file)
     for when this namespace is loaded but not attached.
    See the information on DESCRIPTION files in the chapter ‘Creating R
    packages’ of the ‘Writing R Extensions’ manual.
Flavors: r-devel-linux-x86_64-debian-clang, r-devel-linux-x86_64-debian-gcc, r-devel-linux-x86_64-fedora-clang, r-devel-linux-x86_64-fedora-gcc, r-devel-osx-x86_64-clang, r-devel-windows-ix86+x86_64, r-patched-linux-x86_64, r-patched-solaris-sparc, r-patched-solaris-x86, r-release-linux-ix86, r-release-linux-x86_64, r-release-osx-x86_64-mavericks, r-release-windows-ix86+x86_64, r-oldrel-windows-ix86+x86_64

Version: 1.1.0
Check: R code for possible problems
Result: NOTE
    mcgibbsit: no visible global function definition for ‘is.mcmc.list’
    mcgibbsit: no visible global function definition for ‘thin’
    mcgibbsit: no visible global function definition for ‘nvar’
    mcgibbsit: no visible global function definition for ‘mcmc’
    mcgibbsit: no visible global function definition for ‘mcmc.list’
    mcgibbsit: no visible global function definition for ‘varnames’
    mcgibbsit: no visible global function definition for ‘niter’
    read.mcmc: no visible global function definition for ‘mcmc.list’
    read.mcmc: no visible global function definition for ‘mcmc’
Flavors: r-devel-linux-x86_64-fedora-clang, r-devel-linux-x86_64-fedora-gcc, r-devel-osx-x86_64-clang