CRAN Package Check Results for Package mcgibbsit

Last updated on 2018-04-26 05:50:17 CEST.

Flavor Version Tinstall Tcheck Ttotal Status Flags
r-devel-linux-x86_64-debian-clang 1.1.0 1.23 15.87 17.10 NOTE
r-devel-linux-x86_64-debian-gcc 1.1.0 0.82 14.78 15.60 NOTE
r-devel-linux-x86_64-fedora-clang 1.1.0 23.21 NOTE
r-devel-linux-x86_64-fedora-gcc 1.1.0 21.75 NOTE
r-devel-windows-ix86+x86_64 1.1.0 4.00 28.00 32.00 NOTE
r-patched-linux-x86_64 1.1.0 0.89 17.71 18.60 NOTE
r-patched-solaris-x86 1.1.0 35.90 NOTE
r-release-linux-x86_64 1.1.0 1.16 17.83 18.99 NOTE
r-release-windows-ix86+x86_64 1.1.0 4.00 28.00 32.00 NOTE
r-release-osx-x86_64 1.1.0 NOTE
r-oldrel-windows-ix86+x86_64 1.1.0 4.00 42.00 46.00 NOTE
r-oldrel-osx-x86_64 1.1.0 NOTE

Check Details

Version: 1.1.0
Check: dependencies in R code
Result: NOTE
    Package in Depends field not imported from: ‘coda’
     These packages need to be imported from (in the NAMESPACE file)
     for when this namespace is loaded but not attached.
Flavors: r-devel-linux-x86_64-debian-clang, r-devel-linux-x86_64-debian-gcc, r-devel-linux-x86_64-fedora-clang, r-devel-linux-x86_64-fedora-gcc, r-devel-windows-ix86+x86_64, r-patched-linux-x86_64, r-patched-solaris-x86, r-release-linux-x86_64, r-release-windows-ix86+x86_64, r-release-osx-x86_64, r-oldrel-windows-ix86+x86_64, r-oldrel-osx-x86_64

Version: 1.1.0
Check: R code for possible problems
Result: NOTE
    mcgibbsit: no visible global function definition for ‘is.mcmc.list’
    mcgibbsit: no visible global function definition for ‘start’
    mcgibbsit: no visible global function definition for ‘end’
    mcgibbsit: no visible global function definition for ‘thin’
    mcgibbsit: no visible global function definition for ‘nvar’
    mcgibbsit: no visible global function definition for ‘mcmc’
    mcgibbsit: no visible global function definition for ‘mcmc.list’
    mcgibbsit: no visible global function definition for ‘varnames’
    mcgibbsit: no visible global function definition for ‘qnorm’
    mcgibbsit: no visible global function definition for ‘niter’
    mcgibbsit: no visible global function definition for ‘quantile’
    mcgibbsit : to.table: no visible global function definition for
     ‘window’
    mcgibbsit: no visible global function definition for ‘var’
    read.mcmc: no visible global function definition for ‘mcmc.list’
    read.mcmc: no visible global function definition for ‘mcmc’
    Undefined global functions or variables:
     end is.mcmc.list mcmc mcmc.list niter nvar qnorm quantile start thin
     var varnames window
    Consider adding
     importFrom("stats", "end", "qnorm", "quantile", "start", "var",
     "window")
    to your NAMESPACE file.
Flavors: r-devel-linux-x86_64-debian-clang, r-devel-linux-x86_64-debian-gcc, r-devel-linux-x86_64-fedora-clang, r-devel-linux-x86_64-fedora-gcc, r-devel-windows-ix86+x86_64, r-patched-linux-x86_64, r-patched-solaris-x86, r-release-linux-x86_64, r-release-windows-ix86+x86_64, r-release-osx-x86_64, r-oldrel-windows-ix86+x86_64, r-oldrel-osx-x86_64