CRAN Package Check Results for Package mcgibbsit

Last updated on 2014-09-02 20:48:53.

Flavor Version Tinstall Tcheck Ttotal Status Flags
r-devel-linux-x86_64-debian-clang 1.1.0 0.62 10.28 10.90 NOTE
r-devel-linux-x86_64-debian-gcc 1.1.0 0.62 10.35 10.98 NOTE
r-devel-linux-x86_64-fedora-clang 1.1.0 23.23 NOTE
r-devel-linux-x86_64-fedora-gcc 1.1.0 21.36 NOTE
r-devel-osx-x86_64-clang 1.1.0 26.03 NOTE
r-devel-windows-ix86+x86_64 1.1.0 3.00 19.00 22.00 NOTE
r-patched-linux-x86_64 1.1.0 0.66 10.71 11.37 NOTE
r-patched-solaris-sparc 1.1.0 157.60 NOTE
r-patched-solaris-x86 1.1.0 34.30 NOTE
r-release-linux-ix86 1.1.0 0.98 18.52 19.50 NOTE
r-release-linux-x86_64 1.1.0 0.77 11.30 12.07 NOTE
r-release-osx-x86_64-mavericks 1.1.0 NOTE
r-release-osx-x86_64-snowleopard 1.1.0 OK
r-release-windows-ix86+x86_64 1.1.0 3.00 21.00 24.00 NOTE
r-oldrel-windows-ix86+x86_64 1.1.0 3.00 22.00 25.00 NOTE

Check Details

Version: 1.1.0
Check: dependencies in R code
Result: NOTE
    Package in Depends field not imported from: ‘coda’
     These packages need to be imported from (in the NAMESPACE file)
     for when this namespace is loaded but not attached.
    See the information on DESCRIPTION files in the chapter ‘Creating R
    packages’ of the ‘Writing R Extensions’ manual.
Flavors: r-devel-linux-x86_64-debian-clang, r-devel-linux-x86_64-debian-gcc, r-devel-linux-x86_64-fedora-clang, r-devel-linux-x86_64-fedora-gcc, r-devel-osx-x86_64-clang, r-devel-windows-ix86+x86_64, r-patched-linux-x86_64, r-patched-solaris-sparc, r-patched-solaris-x86, r-release-linux-ix86, r-release-linux-x86_64, r-release-osx-x86_64-mavericks, r-release-windows-ix86+x86_64, r-oldrel-windows-ix86+x86_64

Version: 1.1.0
Check: R code for possible problems
Result: NOTE
    mcgibbsit: no visible global function definition for ‘is.mcmc.list’
    mcgibbsit: no visible global function definition for ‘thin’
    mcgibbsit: no visible global function definition for ‘nvar’
    mcgibbsit: no visible global function definition for ‘mcmc’
    mcgibbsit: no visible global function definition for ‘mcmc.list’
    mcgibbsit: no visible global function definition for ‘varnames’
    mcgibbsit: no visible global function definition for ‘niter’
    read.mcmc: no visible global function definition for ‘mcmc.list’
    read.mcmc: no visible global function definition for ‘mcmc’
Flavors: r-devel-linux-x86_64-debian-clang, r-devel-linux-x86_64-debian-gcc, r-devel-linux-x86_64-fedora-clang, r-devel-linux-x86_64-fedora-gcc, r-devel-osx-x86_64-clang, r-devel-windows-ix86+x86_64