CRAN Package Check Results for Package mcglm

Last updated on 2022-01-28 21:51:57 CET.

Flavor Version Tinstall Tcheck Ttotal Status Flags
r-devel-linux-x86_64-debian-clang 0.7.0 69.00 159.43 228.43 OK
r-devel-linux-x86_64-debian-gcc 0.7.0 55.36 120.37 175.73 OK
r-devel-linux-x86_64-fedora-clang 0.7.0 278.91 NOTE
r-devel-linux-x86_64-fedora-gcc 0.7.0 266.57 OK
r-devel-windows-x86_64-new-UL 0.7.0 120.00 201.00 321.00 OK
r-devel-windows-x86_64-new-TK 0.7.0 OK
r-patched-linux-x86_64 0.7.0 54.09 145.94 200.03 OK
r-release-linux-x86_64 0.7.0 58.80 146.09 204.89 OK
r-release-macos-arm64 0.7.0 NOTE
r-release-macos-x86_64 0.7.0 OK
r-release-windows-ix86+x86_64 0.7.0 153.00 239.00 392.00 OK

Check Details

Version: 0.7.0
Check: installed package size
Result: NOTE
     installed size is 5.1Mb
     sub-directories of 1Mb or more:
     doc 1.5Mb
     libs 3.1Mb
Flavors: r-devel-linux-x86_64-fedora-clang, r-release-macos-arm64