CRAN Package Check Results for Package mcll

Last updated on 2015-06-30 19:47:52.

Flavor Version Tinstall Tcheck Ttotal Status Flags
r-devel-linux-x86_64-debian-clang 1.2 0.68 14.31 15.00 NOTE
r-devel-linux-x86_64-debian-gcc 1.2 0.64 14.04 14.68 NOTE
r-devel-linux-x86_64-fedora-clang 1.2 27.67 NOTE
r-devel-linux-x86_64-fedora-gcc 1.2 26.58 NOTE
r-devel-osx-x86_64-clang 1.2 28.12 NOTE
r-devel-windows-ix86+x86_64 1.2 7.00 38.00 45.00 NOTE
r-patched-linux-x86_64 1.2 0.66 14.02 14.67 NOTE
r-patched-solaris-sparc 1.2 188.60 NOTE
r-patched-solaris-x86 1.2 43.00 NOTE
r-release-linux-x86_64 1.2 0.72 13.73 14.45 NOTE
r-release-osx-x86_64-mavericks 1.2 NOTE
r-release-windows-ix86+x86_64 1.2 4.00 27.00 31.00 NOTE
r-oldrel-windows-ix86+x86_64 1.2 6.00 44.00 50.00 OK

Check Details

Version: 1.2
Check: DESCRIPTION meta-information
Result: NOTE
    Malformed Description field: should contain one or more complete sentences.
Flavors: r-devel-linux-x86_64-debian-clang, r-devel-linux-x86_64-debian-gcc, r-devel-linux-x86_64-fedora-clang, r-devel-linux-x86_64-fedora-gcc, r-devel-osx-x86_64-clang, r-devel-windows-ix86+x86_64, r-patched-linux-x86_64, r-patched-solaris-sparc, r-patched-solaris-x86, r-release-linux-x86_64, r-release-osx-x86_64-mavericks, r-release-windows-ix86+x86_64

Version: 1.2
Check: R code for possible problems
Result: NOTE
    lik_locfit: no visible global function definition for ‘predict’
    mcll_coeff: no visible global function definition for ‘optim’
    mcll_est: no visible global function definition for ‘cov’
    mcll_est: no visible global function definition for ‘optim’
    mcll_se: no visible global function definition for ‘cov’
Flavors: r-devel-linux-x86_64-debian-clang, r-devel-linux-x86_64-debian-gcc, r-devel-linux-x86_64-fedora-clang, r-devel-windows-ix86+x86_64