CRAN Package Check Results for Package mcll

Last updated on 2017-04-26 09:47:44.

Flavor Version Tinstall Tcheck Ttotal Status Flags
r-devel-linux-x86_64-debian-clang 1.2 0.94 17.12 18.06 NOTE
r-devel-linux-x86_64-debian-gcc 1.2 0.89 17.69 18.57 NOTE
r-devel-linux-x86_64-fedora-clang 1.2 30.36 NOTE --no-stop-on-test-error
r-devel-linux-x86_64-fedora-gcc 1.2 29.19 NOTE --no-stop-on-test-error
r-devel-windows-ix86+x86_64 1.2 6.00 39.00 45.00 NOTE
r-patched-linux-x86_64 1.2 1.04 16.80 17.85 NOTE
r-patched-solaris-sparc 1.2 182.40 NOTE
r-patched-solaris-x86 1.2 42.90 NOTE
r-release-linux-x86_64 1.2 0.84 16.86 17.70 NOTE
r-release-windows-ix86+x86_64 1.2 3.00 36.00 39.00 NOTE
r-release-osx-x86_64 1.2 NOTE
r-oldrel-windows-ix86+x86_64 1.2 3.00 43.00 46.00 NOTE
r-oldrel-osx-x86_64 1.2 NOTE

Check Details

Version: 1.2
Check: DESCRIPTION meta-information
Result: NOTE
    Malformed Description field: should contain one or more complete sentences.
Flavors: r-devel-linux-x86_64-debian-clang, r-devel-linux-x86_64-debian-gcc, r-devel-windows-ix86+x86_64, r-patched-linux-x86_64, r-patched-solaris-sparc, r-patched-solaris-x86, r-release-linux-x86_64, r-release-windows-ix86+x86_64, r-release-osx-x86_64, r-oldrel-windows-ix86+x86_64, r-oldrel-osx-x86_64

Version: 1.2
Check: R code for possible problems
Result: NOTE
    lik_locfit: no visible global function definition for ‘predict’
    mcll_coeff: no visible global function definition for ‘optim’
    mcll_est: no visible global function definition for ‘cov’
    mcll_est: no visible global function definition for ‘optim’
    mcll_se: no visible global function definition for ‘cov’
    Undefined global functions or variables:
     cov optim predict
    Consider adding
     importFrom("stats", "cov", "optim", "predict")
    to your NAMESPACE file.
Flavors: r-devel-linux-x86_64-debian-clang, r-devel-linux-x86_64-debian-gcc, r-devel-windows-ix86+x86_64, r-patched-linux-x86_64, r-patched-solaris-sparc, r-patched-solaris-x86, r-release-linux-x86_64, r-release-windows-ix86+x86_64, r-release-osx-x86_64, r-oldrel-windows-ix86+x86_64, r-oldrel-osx-x86_64

Version: 1.2
Flags: --no-stop-on-test-error
Check: DESCRIPTION meta-information
Result: NOTE
    Malformed Description field: should contain one or more complete sentences.
Flavors: r-devel-linux-x86_64-fedora-clang, r-devel-linux-x86_64-fedora-gcc

Version: 1.2
Flags: --no-stop-on-test-error
Check: R code for possible problems
Result: NOTE
    lik_locfit: no visible global function definition for ‘predict’
    mcll_coeff: no visible global function definition for ‘optim’
    mcll_est: no visible global function definition for ‘cov’
    mcll_est: no visible global function definition for ‘optim’
    mcll_se: no visible global function definition for ‘cov’
    Undefined global functions or variables:
     cov optim predict
    Consider adding
     importFrom("stats", "cov", "optim", "predict")
    to your NAMESPACE file.
Flavors: r-devel-linux-x86_64-fedora-clang, r-devel-linux-x86_64-fedora-gcc