CRAN Package Check Results for Package mcll

Last updated on 2016-12-08 15:48:28.

Flavor Version Tinstall Tcheck Ttotal Status Flags
r-devel-linux-x86_64-debian-clang 1.2 0.81 17.43 18.24 NOTE
r-devel-linux-x86_64-debian-gcc 1.2 0.87 16.71 17.57 NOTE
r-devel-linux-x86_64-fedora-clang 1.2 32.35 NOTE --no-stop-on-test-error
r-devel-linux-x86_64-fedora-gcc 1.2 29.56 NOTE --no-stop-on-test-error
r-devel-macos-x86_64-clang 1.2 25.15 NOTE
r-devel-windows-ix86+x86_64 1.2 3.00 48.00 51.00 NOTE
r-patched-linux-x86_64 1.2 0.75 13.95 14.70 NOTE
r-patched-solaris-sparc 1.2 169.60 NOTE
r-patched-solaris-x86 1.2 38.10 NOTE
r-release-linux-x86_64 1.2 0.76 13.79 14.55 NOTE
r-release-osx-x86_64-mavericks 1.2 NOTE
r-release-windows-ix86+x86_64 1.2 3.00 50.00 53.00 NOTE
r-oldrel-windows-ix86+x86_64 1.2 5.00 31.00 36.00 NOTE

Check Details

Version: 1.2
Check: DESCRIPTION meta-information
Result: NOTE
    Malformed Description field: should contain one or more complete sentences.
Flavors: r-devel-linux-x86_64-debian-clang, r-devel-linux-x86_64-debian-gcc, r-devel-macos-x86_64-clang, r-devel-windows-ix86+x86_64, r-patched-linux-x86_64, r-patched-solaris-sparc, r-patched-solaris-x86, r-release-linux-x86_64, r-release-osx-x86_64-mavericks, r-release-windows-ix86+x86_64, r-oldrel-windows-ix86+x86_64

Version: 1.2
Check: R code for possible problems
Result: NOTE
    lik_locfit: no visible global function definition for ‘predict’
    mcll_coeff: no visible global function definition for ‘optim’
    mcll_est: no visible global function definition for ‘cov’
    mcll_est: no visible global function definition for ‘optim’
    mcll_se: no visible global function definition for ‘cov’
    Undefined global functions or variables:
     cov optim predict
    Consider adding
     importFrom("stats", "cov", "optim", "predict")
    to your NAMESPACE file.
Flavors: r-devel-linux-x86_64-debian-clang, r-devel-linux-x86_64-debian-gcc, r-devel-macos-x86_64-clang, r-devel-windows-ix86+x86_64, r-patched-linux-x86_64, r-patched-solaris-sparc, r-patched-solaris-x86, r-release-linux-x86_64, r-release-osx-x86_64-mavericks, r-release-windows-ix86+x86_64

Version: 1.2
Flags: --no-stop-on-test-error
Check: DESCRIPTION meta-information
Result: NOTE
    Malformed Description field: should contain one or more complete sentences.
Flavors: r-devel-linux-x86_64-fedora-clang, r-devel-linux-x86_64-fedora-gcc

Version: 1.2
Flags: --no-stop-on-test-error
Check: R code for possible problems
Result: NOTE
    lik_locfit: no visible global function definition for ‘predict’
    mcll_coeff: no visible global function definition for ‘optim’
    mcll_est: no visible global function definition for ‘cov’
    mcll_est: no visible global function definition for ‘optim’
    mcll_se: no visible global function definition for ‘cov’
    Undefined global functions or variables:
     cov optim predict
    Consider adding
     importFrom("stats", "cov", "optim", "predict")
    to your NAMESPACE file.
Flavors: r-devel-linux-x86_64-fedora-clang, r-devel-linux-x86_64-fedora-gcc