CRAN Package Check Results for Package mcll

Last updated on 2015-03-26 21:47:00.

Flavor Version Tinstall Tcheck Ttotal Status Flags
r-devel-linux-x86_64-debian-clang 1.2 0.71 14.04 14.75 NOTE
r-devel-linux-x86_64-debian-gcc 1.2 0.70 14.02 14.72 NOTE
r-devel-linux-x86_64-fedora-clang 1.2 30.83 NOTE
r-devel-linux-x86_64-fedora-gcc 1.2 28.05 NOTE
r-devel-osx-x86_64-clang 1.2 33.75 NOTE
r-prerel-windows-ix86+x86_64 1.2 3.00 25.00 28.00 NOTE
r-prerel-linux-x86_64 1.2 0.66 14.03 14.69 NOTE
r-prerel-solaris-sparc 1.2 190.80 NOTE
r-prerel-solaris-x86 1.2 42.50 NOTE
r-release-linux-x86_64 1.2 1.03 16.37 17.40 OK
r-release-osx-x86_64-mavericks 1.2 OK
r-release-osx-x86_64-snowleopard 1.2 OK
r-release-windows-ix86+x86_64 1.2 4.00 30.00 34.00 OK
r-oldrel-windows-ix86+x86_64 1.2 4.00 33.00 37.00 OK

Check Details

Version: 1.2
Check: DESCRIPTION meta-information
Result: NOTE
    Malformed Description field: should contain one or more complete sentences.
Flavors: r-devel-linux-x86_64-debian-clang, r-devel-linux-x86_64-debian-gcc, r-devel-linux-x86_64-fedora-clang, r-devel-linux-x86_64-fedora-gcc, r-devel-osx-x86_64-clang, r-prerel-windows-ix86+x86_64, r-prerel-linux-x86_64, r-prerel-solaris-sparc, r-prerel-solaris-x86