CRAN Package Check Results for Package mcll

Last updated on 2015-04-21 02:48:36.

Flavor Version Tinstall Tcheck Ttotal Status Flags
r-devel-linux-x86_64-debian-clang 1.2 0.70 14.74 15.44 NOTE
r-devel-linux-x86_64-debian-gcc 1.2 0.66 13.97 14.63 NOTE
r-devel-linux-x86_64-fedora-clang 1.2 29.06 NOTE
r-devel-linux-x86_64-fedora-gcc 1.2 26.95 NOTE
r-devel-osx-x86_64-clang 1.2 29.97 NOTE
r-devel-windows-ix86+x86_64 1.2 5.00 23.00 28.00 NOTE
r-patched-linux-x86_64 1.2 0.65 14.18 14.83 NOTE
r-patched-solaris-sparc 1.2 190.80 NOTE
r-patched-solaris-x86 1.2 41.10 NOTE
r-release-linux-x86_64 1.2 0.79 14.15 14.94 NOTE
r-release-osx-x86_64-mavericks 1.2 NOTE
r-release-osx-x86_64-snowleopard 1.2 NOTE
r-release-windows-ix86+x86_64 1.2 2.00 23.00 25.00 NOTE
r-oldrel-windows-ix86+x86_64 1.2 3.00 35.00 38.00 OK

Check Details

Version: 1.2
Check: DESCRIPTION meta-information
Result: NOTE
    Malformed Description field: should contain one or more complete sentences.
Flavors: r-devel-linux-x86_64-debian-clang, r-devel-linux-x86_64-debian-gcc, r-devel-linux-x86_64-fedora-clang, r-devel-linux-x86_64-fedora-gcc, r-devel-osx-x86_64-clang, r-devel-windows-ix86+x86_64, r-patched-linux-x86_64, r-patched-solaris-sparc, r-patched-solaris-x86, r-release-linux-x86_64, r-release-osx-x86_64-mavericks, r-release-osx-x86_64-snowleopard, r-release-windows-ix86+x86_64