CRAN Package Check Results for Package mcll

Last updated on 2014-04-24 17:49:47.

Flavor Version Tinstall Tcheck Ttotal Status Flags
r-devel-linux-x86_64-debian-clang 1.2 0.79 16.74 17.53 OK
r-devel-linux-x86_64-debian-gcc 1.2 0.78 16.36 17.15 OK
r-devel-linux-x86_64-fedora-clang 1.2 33.20 OK
r-devel-linux-x86_64-fedora-gcc 1.2 32.13 OK
r-devel-osx-x86_64-clang 1.2 31.36 OK
r-devel-osx-x86_64-gcc 1.2 OK
r-devel-windows-ix86+x86_64 1.2 3.00 30.00 33.00 OK
r-patched-linux-x86_64 1.2 0.85 16.41 17.26 OK
r-patched-solaris-sparc 1.2 196.20 OK
r-patched-solaris-x86 1.2 46.80 OK
r-release-linux-ix86 1.2 2.00 33.00 35.00 OK
r-release-linux-x86_64 1.2 0.83 16.27 17.10 OK
r-release-osx-x86_64-mavericks 1.2 WARN
r-release-osx-x86_64-snowleopard 1.2 OK
r-release-windows-ix86+x86_64 1.2 3.00 29.00 32.00 OK
r-oldrel-windows-ix86+x86_64 1.2 4.00 31.00 35.00 OK

Check Details

Version: 1.2
Check: PDF version of manual
Result: WARNING
    LaTeX errors when creating PDF version.
    This typically indicates Rd problems.
    LaTeX errors found:
    ! LaTeX Error: File `upquote.sty' not found.
    
    Type X to quit or <RETURN> to proceed,
    or enter new name. (Default extension: sty)
    
    777af62/Rd2.tex:8: ==> Fatal error occurred, no output PDF file produced!
Flavor: r-release-osx-x86_64-mavericks