CRAN Package Check Results for Package mcll

Last updated on 2016-09-25 23:46:54.

Flavor Version Tinstall Tcheck Ttotal Status Flags
r-devel-linux-x86_64-debian-clang 1.2 0.68 14.60 15.28 NOTE
r-devel-linux-x86_64-debian-gcc 1.2 0.76 13.99 14.76 NOTE
r-devel-linux-x86_64-fedora-clang 1.2 26.59 NOTE
r-devel-linux-x86_64-fedora-gcc 1.2 25.79 NOTE
r-devel-macos-x86_64-clang 1.2 21.74 NOTE
r-devel-windows-ix86+x86_64 1.2 4.00 43.00 47.00 NOTE
r-patched-linux-x86_64 1.2 0.72 13.87 14.59 NOTE
r-patched-solaris-sparc 1.2 169.60 NOTE
r-patched-solaris-x86 1.2 37.60 NOTE
r-release-linux-x86_64 1.2 0.71 13.95 14.66 NOTE
r-release-osx-x86_64-mavericks 1.2 NOTE
r-release-windows-ix86+x86_64 1.2 8.00 45.00 53.00 NOTE
r-oldrel-windows-ix86+x86_64 1.2 6.00 43.00 49.00 NOTE

Check Details

Version: 1.2
Check: DESCRIPTION meta-information
Result: NOTE
    Malformed Description field: should contain one or more complete sentences.
Flavors: r-devel-linux-x86_64-debian-clang, r-devel-linux-x86_64-debian-gcc, r-devel-linux-x86_64-fedora-clang, r-devel-linux-x86_64-fedora-gcc, r-devel-macos-x86_64-clang, r-devel-windows-ix86+x86_64, r-patched-linux-x86_64, r-patched-solaris-sparc, r-patched-solaris-x86, r-release-linux-x86_64, r-release-osx-x86_64-mavericks, r-release-windows-ix86+x86_64, r-oldrel-windows-ix86+x86_64

Version: 1.2
Check: R code for possible problems
Result: NOTE
    lik_locfit: no visible global function definition for ‘predict’
    mcll_coeff: no visible global function definition for ‘optim’
    mcll_est: no visible global function definition for ‘cov’
    mcll_est: no visible global function definition for ‘optim’
    mcll_se: no visible global function definition for ‘cov’
    Undefined global functions or variables:
     cov optim predict
    Consider adding
     importFrom("stats", "cov", "optim", "predict")
    to your NAMESPACE file.
Flavors: r-devel-linux-x86_64-debian-clang, r-devel-linux-x86_64-debian-gcc, r-devel-linux-x86_64-fedora-clang, r-devel-linux-x86_64-fedora-gcc, r-devel-macos-x86_64-clang, r-devel-windows-ix86+x86_64, r-patched-linux-x86_64, r-patched-solaris-sparc, r-patched-solaris-x86, r-release-linux-x86_64, r-release-osx-x86_64-mavericks, r-release-windows-ix86+x86_64