CRAN Package Check Results for Package mcll

Last updated on 2016-07-29 17:47:20.

Flavor Version Tinstall Tcheck Ttotal Status Flags
r-devel-linux-x86_64-debian-clang 1.2 0.71 14.93 15.64 NOTE
r-devel-linux-x86_64-debian-gcc 1.2 0.85 16.48 17.33 NOTE
r-devel-linux-x86_64-fedora-clang 1.2 25.60 NOTE
r-devel-linux-x86_64-fedora-gcc 1.2 24.11 NOTE
r-devel-osx-x86_64-clang 1.2 22.00 NOTE
r-devel-windows-ix86+x86_64 1.2 6.00 32.00 38.00 NOTE
r-patched-linux-x86_64 1.2 0.81 16.41 17.22 NOTE
r-patched-solaris-sparc 1.2 169.60 NOTE
r-patched-solaris-x86 1.2 37.30 NOTE
r-release-linux-x86_64 1.2 0.81 16.78 17.59 NOTE
r-release-osx-x86_64-mavericks 1.2 NOTE
r-release-windows-ix86+x86_64 1.2 5.00 41.00 46.00 NOTE
r-oldrel-windows-ix86+x86_64 1.2 5.00 41.00 46.00 NOTE

Check Details

Version: 1.2
Check: DESCRIPTION meta-information
Result: NOTE
    Malformed Description field: should contain one or more complete sentences.
Flavors: r-devel-linux-x86_64-debian-clang, r-devel-linux-x86_64-debian-gcc, r-devel-linux-x86_64-fedora-clang, r-devel-linux-x86_64-fedora-gcc, r-devel-osx-x86_64-clang, r-devel-windows-ix86+x86_64, r-patched-linux-x86_64, r-patched-solaris-sparc, r-patched-solaris-x86, r-release-linux-x86_64, r-release-osx-x86_64-mavericks, r-release-windows-ix86+x86_64, r-oldrel-windows-ix86+x86_64

Version: 1.2
Check: R code for possible problems
Result: NOTE
    lik_locfit: no visible global function definition for ‘predict’
    mcll_coeff: no visible global function definition for ‘optim’
    mcll_est: no visible global function definition for ‘cov’
    mcll_est: no visible global function definition for ‘optim’
    mcll_se: no visible global function definition for ‘cov’
    Undefined global functions or variables:
     cov optim predict
    Consider adding
     importFrom("stats", "cov", "optim", "predict")
    to your NAMESPACE file.
Flavors: r-devel-linux-x86_64-debian-clang, r-devel-linux-x86_64-debian-gcc, r-devel-linux-x86_64-fedora-clang, r-devel-linux-x86_64-fedora-gcc, r-devel-osx-x86_64-clang, r-devel-windows-ix86+x86_64, r-patched-linux-x86_64, r-patched-solaris-sparc, r-patched-solaris-x86, r-release-linux-x86_64, r-release-osx-x86_64-mavericks, r-release-windows-ix86+x86_64