CRAN Package Check Results for Package mcll

Last updated on 2016-05-26 21:49:31.

Flavor Version Tinstall Tcheck Ttotal Status Flags
r-devel-linux-x86_64-debian-gcc 1.2 0.75 13.89 14.64 NOTE
r-devel-linux-x86_64-fedora-clang 1.2 27.23 NOTE
r-devel-linux-x86_64-fedora-gcc 1.2 23.99 NOTE
r-devel-osx-x86_64-clang 1.2 28.87 NOTE
r-devel-windows-ix86+x86_64 1.2 3.00 34.00 37.00 NOTE
r-patched-linux-x86_64 1.2 0.76 14.35 15.11 NOTE
r-patched-solaris-sparc 1.2 167.90 NOTE
r-patched-solaris-x86 1.2 38.60 NOTE
r-release-linux-x86_64 1.2 0.64 13.95 14.59 NOTE
r-release-osx-x86_64-mavericks 1.2 NOTE
r-release-windows-ix86+x86_64 1.2 6.00 32.00 38.00 NOTE
r-oldrel-windows-ix86+x86_64 1.2 3.00 42.00 45.00 NOTE

Check Details

Version: 1.2
Check: DESCRIPTION meta-information
Result: NOTE
    Malformed Description field: should contain one or more complete sentences.
Flavors: r-devel-linux-x86_64-debian-gcc, r-devel-linux-x86_64-fedora-clang, r-devel-linux-x86_64-fedora-gcc, r-devel-osx-x86_64-clang, r-devel-windows-ix86+x86_64, r-patched-linux-x86_64, r-patched-solaris-sparc, r-patched-solaris-x86, r-release-linux-x86_64, r-release-osx-x86_64-mavericks, r-release-windows-ix86+x86_64, r-oldrel-windows-ix86+x86_64

Version: 1.2
Check: R code for possible problems
Result: NOTE
    lik_locfit: no visible global function definition for ‘predict’
    mcll_coeff: no visible global function definition for ‘optim’
    mcll_est: no visible global function definition for ‘cov’
    mcll_est: no visible global function definition for ‘optim’
    mcll_se: no visible global function definition for ‘cov’
    Undefined global functions or variables:
     cov optim predict
    Consider adding
     importFrom("stats", "cov", "optim", "predict")
    to your NAMESPACE file.
Flavors: r-devel-linux-x86_64-debian-gcc, r-devel-linux-x86_64-fedora-clang, r-devel-linux-x86_64-fedora-gcc, r-devel-osx-x86_64-clang, r-devel-windows-ix86+x86_64, r-patched-linux-x86_64, r-patched-solaris-sparc, r-patched-solaris-x86, r-release-linux-x86_64, r-release-osx-x86_64-mavericks, r-release-windows-ix86+x86_64