CRAN Package Check Results for Package mcll

Last updated on 2015-09-01 09:47:55.

Flavor Version Tinstall Tcheck Ttotal Status Flags
r-devel-linux-x86_64-debian-clang 1.2 0.63 14.10 14.73 NOTE
r-devel-linux-x86_64-debian-gcc 1.2 0.62 13.34 13.96 NOTE
r-devel-linux-x86_64-fedora-clang 1.2 26.24 NOTE
r-devel-linux-x86_64-fedora-gcc 1.2 26.34 NOTE
r-devel-osx-x86_64-clang 1.2 25.72 NOTE
r-devel-windows-ix86+x86_64 1.2 6.00 31.00 37.00 NOTE
r-patched-linux-x86_64 1.2 0.73 13.97 14.70 NOTE
r-patched-solaris-sparc 1.2 187.80 NOTE
r-patched-solaris-x86 1.2 44.20 NOTE
r-release-linux-x86_64 1.2 0.68 14.16 14.84 NOTE
r-release-osx-x86_64-mavericks 1.2 NOTE
r-release-windows-ix86+x86_64 1.2 4.00 42.00 46.00 NOTE
r-oldrel-windows-ix86+x86_64 1.2 6.00 45.00 51.00 OK

Check Details

Version: 1.2
Check: DESCRIPTION meta-information
Result: NOTE
    Malformed Description field: should contain one or more complete sentences.
Flavors: r-devel-linux-x86_64-debian-clang, r-devel-linux-x86_64-debian-gcc, r-devel-linux-x86_64-fedora-clang, r-devel-linux-x86_64-fedora-gcc, r-devel-osx-x86_64-clang, r-devel-windows-ix86+x86_64, r-patched-linux-x86_64, r-patched-solaris-sparc, r-patched-solaris-x86, r-release-linux-x86_64, r-release-osx-x86_64-mavericks, r-release-windows-ix86+x86_64

Version: 1.2
Check: R code for possible problems
Result: NOTE
    lik_locfit: no visible global function definition for ‘predict’
    mcll_coeff: no visible global function definition for ‘optim’
    mcll_est: no visible global function definition for ‘cov’
    mcll_est: no visible global function definition for ‘optim’
    mcll_se: no visible global function definition for ‘cov’
    Undefined global functions or variables:
     cov optim predict
    Consider adding
     importFrom("stats", "cov", "optim", "predict")
    to your NAMESPACE.
Flavors: r-devel-linux-x86_64-debian-clang, r-devel-linux-x86_64-debian-gcc, r-devel-linux-x86_64-fedora-clang, r-devel-linux-x86_64-fedora-gcc, r-devel-windows-ix86+x86_64