CRAN Package Check Results for Package mcll

Last updated on 2015-05-24 17:47:29.

Flavor Version Tinstall Tcheck Ttotal Status Flags
r-devel-linux-x86_64-debian-clang 1.2 0.66 14.26 14.93 NOTE
r-devel-linux-x86_64-debian-gcc 1.2 0.67 14.09 14.76 NOTE
r-devel-linux-x86_64-fedora-clang 1.2 28.80 NOTE
r-devel-linux-x86_64-fedora-gcc 1.2 26.93 NOTE
r-devel-osx-x86_64-clang 1.2 30.67 NOTE
r-devel-windows-ix86+x86_64 1.2 3.00 23.00 26.00 NOTE
r-patched-linux-x86_64 1.2 0.79 13.91 14.70 NOTE
r-patched-solaris-sparc 1.2 188.60 NOTE
r-patched-solaris-x86 1.2 43.70 NOTE
r-release-linux-x86_64 1.2 0.67 14.34 15.01 NOTE
r-release-osx-x86_64-mavericks 1.2 NOTE
r-release-osx-x86_64-snowleopard 1.2 NOTE
r-release-windows-ix86+x86_64 1.2 3.00 25.00 28.00 NOTE
r-oldrel-windows-ix86+x86_64 1.2 4.00 42.00 46.00 OK

Check Details

Version: 1.2
Check: DESCRIPTION meta-information
Result: NOTE
    Malformed Description field: should contain one or more complete sentences.
Flavors: r-devel-linux-x86_64-debian-clang, r-devel-linux-x86_64-debian-gcc, r-devel-linux-x86_64-fedora-clang, r-devel-linux-x86_64-fedora-gcc, r-devel-osx-x86_64-clang, r-devel-windows-ix86+x86_64, r-patched-linux-x86_64, r-patched-solaris-sparc, r-patched-solaris-x86, r-release-linux-x86_64, r-release-osx-x86_64-mavericks, r-release-osx-x86_64-snowleopard, r-release-windows-ix86+x86_64