Last updated on 2023-01-30 11:52:53 CET.
Flavor | Version | Tinstall | Tcheck | Ttotal | Status | Flags |
---|---|---|---|---|---|---|
r-devel-linux-x86_64-debian-clang | 0.2.7 | 29.69 | 129.05 | 158.74 | OK | |
r-devel-linux-x86_64-debian-gcc | 0.2.7 | 24.16 | 92.97 | 117.13 | OK | |
r-devel-linux-x86_64-fedora-clang | 0.2.7 | 200.97 | NOTE | |||
r-devel-linux-x86_64-fedora-gcc | 0.2.7 | 185.82 | OK | |||
r-devel-windows-x86_64 | 0.2.7 | 86.00 | 200.00 | 286.00 | OK | |
r-patched-linux-x86_64 | 0.2.7 | 27.64 | 118.25 | 145.89 | OK | |
r-release-linux-x86_64 | 0.2.7 | 23.78 | 116.89 | 140.67 | OK | |
r-release-macos-arm64 | 0.2.7 | 82.00 | OK | |||
r-release-macos-x86_64 | 0.2.7 | 87.00 | OK | |||
r-release-windows-x86_64 | 0.2.7 | 85.00 | 217.00 | 302.00 | OK | |
r-oldrel-macos-arm64 | 0.2.7 | 79.00 | OK | |||
r-oldrel-macos-x86_64 | 0.2.7 | 89.00 | OK | |||
r-oldrel-windows-ix86+x86_64 | 0.2.7 | 67.00 | 293.00 | 360.00 | OK |
Version: 0.2.7
Check: Rd cross-references
Result: NOTE
Undeclared package ‘NLP’ in Rd xrefs
Flavor: r-devel-linux-x86_64-fedora-clang