CRAN Package Check Results for Package mclogit

Last updated on 2014-09-19 11:49:12.

Flavor Version Tinstall Tcheck Ttotal Status Flags
r-devel-linux-x86_64-debian-clang 0.2-7 4.32 53.10 57.41 NOTE
r-devel-linux-x86_64-debian-gcc 0.2-7 4.28 52.81 57.09 NOTE
r-devel-linux-x86_64-fedora-clang 0.2-7 135.37 NOTE
r-devel-linux-x86_64-fedora-gcc 0.2-7 125.73 NOTE
r-devel-osx-x86_64-clang 0.2-7 108.01 NOTE
r-devel-windows-ix86+x86_64 0.2-7 14.00 68.00 82.00 NOTE
r-patched-linux-x86_64 0.2-7 4.55 53.87 58.42 OK
r-patched-solaris-sparc 0.2-7 732.70 OK
r-patched-solaris-x86 0.2-7 168.60 OK
r-release-linux-ix86 0.2-7 5.32 65.50 70.81 OK
r-release-linux-x86_64 0.2-7 4.76 54.97 59.73 OK
r-release-osx-x86_64-mavericks 0.2-7 OK
r-release-osx-x86_64-snowleopard 0.2-7 OK
r-release-windows-ix86+x86_64 0.2-7 12.00 76.00 88.00 OK
r-oldrel-windows-ix86+x86_64 0.2-7 11.00 69.00 80.00 OK

Check Details

Version: 0.2-7
Check: R code for possible problems
Result: NOTE
    getSummary.mclogit : <anonymous>: no visible global function definition
     for ‘%nin%’
    mclogit.fit: no visible global function definition for ‘ginv’
Flavors: r-devel-linux-x86_64-debian-clang, r-devel-linux-x86_64-debian-gcc, r-devel-linux-x86_64-fedora-clang, r-devel-linux-x86_64-fedora-gcc, r-devel-osx-x86_64-clang, r-devel-windows-ix86+x86_64