CRAN Package Check Results for Package mclogit

Last updated on 2016-07-24 22:46:59.

Flavor Version Tinstall Tcheck Ttotal Status Flags
r-devel-linux-x86_64-debian-clang 0.3-1 3.88 57.65 61.52 NOTE
r-devel-linux-x86_64-debian-gcc 0.3-1 4.46 55.41 59.86 NOTE
r-devel-linux-x86_64-fedora-clang 0.3-1 102.00 NOTE
r-devel-linux-x86_64-fedora-gcc 0.3-1 100.67 NOTE
r-devel-osx-x86_64-clang 0.3-1 81.62 NOTE
r-devel-windows-ix86+x86_64 0.3-1 10.00 89.00 99.00 NOTE
r-patched-linux-x86_64 0.3-1 3.06 51.65 54.72 NOTE
r-patched-solaris-sparc 0.3-1 598.10 NOTE
r-patched-solaris-x86 0.3-1 132.30 NOTE
r-release-linux-x86_64 0.3-1 4.51 53.69 58.20 NOTE
r-release-osx-x86_64-mavericks 0.3-1 NOTE
r-release-windows-ix86+x86_64 0.3-1 11.00 107.00 118.00 NOTE
r-oldrel-windows-ix86+x86_64 0.3-1 15.00 90.00 105.00 OK

Check Details

Version: 0.3-1
Check: R code for possible problems
Result: NOTE
    mclogit.fit.rePQL: no visible global function definition for ‘as’
    Undefined global functions or variables:
     as
    Consider adding
     importFrom("methods", "as")
    to your NAMESPACE file (and ensure that your DESCRIPTION Imports field
    contains 'methods').
Flavors: r-devel-linux-x86_64-debian-clang, r-devel-linux-x86_64-debian-gcc, r-devel-linux-x86_64-fedora-clang, r-devel-linux-x86_64-fedora-gcc, r-devel-osx-x86_64-clang, r-devel-windows-ix86+x86_64, r-patched-linux-x86_64, r-patched-solaris-sparc, r-patched-solaris-x86, r-release-linux-x86_64, r-release-osx-x86_64-mavericks, r-release-windows-ix86+x86_64