CRAN Package Check Results for Package mclogit

Last updated on 2016-05-06 12:52:46.

Flavor Version Tinstall Tcheck Ttotal Status Flags
r-devel-linux-x86_64-debian-gcc 0.3-1 2.88 47.10 49.98 NOTE
r-devel-linux-x86_64-fedora-clang 0.3-1 101.69 NOTE
r-devel-linux-x86_64-fedora-gcc 0.3-1 95.36 NOTE
r-devel-osx-x86_64-clang 0.3-1 110.72 NOTE
r-devel-windows-ix86+x86_64 0.3-1 9.00 83.00 92.00 NOTE
r-patched-linux-x86_64 0.3-1 2.65 46.88 49.53 NOTE
r-patched-solaris-sparc 0.3-1 596.00 NOTE
r-patched-solaris-x86 0.3-1 129.80 NOTE
r-release-linux-x86_64 0.3-1 2.75 45.96 48.71 NOTE
r-release-osx-x86_64-mavericks 0.3-1 OK
r-release-windows-ix86+x86_64 0.3-1 9.00 83.00 92.00 NOTE
r-oldrel-windows-ix86+x86_64 0.3-1 16.00 112.00 128.00 OK

Check Details

Version: 0.3-1
Check: R code for possible problems
Result: NOTE
    mclogit.fit.rePQL: no visible global function definition for ‘as’
    Undefined global functions or variables:
     as
    Consider adding
     importFrom("methods", "as")
    to your NAMESPACE file (and ensure that your DESCRIPTION Imports field
    contains 'methods').
Flavors: r-devel-linux-x86_64-debian-gcc, r-devel-linux-x86_64-fedora-clang, r-devel-linux-x86_64-fedora-gcc, r-devel-osx-x86_64-clang, r-devel-windows-ix86+x86_64, r-patched-linux-x86_64, r-patched-solaris-sparc, r-patched-solaris-x86, r-release-linux-x86_64, r-release-windows-ix86+x86_64