CRAN Package Check Results for Package mclogit

Last updated on 2016-06-01 06:49:04.

Flavor Version Tinstall Tcheck Ttotal Status Flags
r-devel-linux-x86_64-debian-gcc 0.3-1 3.24 49.07 52.32 NOTE
r-devel-linux-x86_64-fedora-clang 0.3-1 105.87 NOTE
r-devel-linux-x86_64-fedora-gcc 0.3-1 95.97 NOTE
r-devel-osx-x86_64-clang 0.3-1 110.22 NOTE
r-devel-windows-ix86+x86_64 0.3-1 15.00 115.00 130.00 NOTE
r-patched-linux-x86_64 0.3-1 3.87 48.51 52.38 NOTE
r-patched-solaris-sparc 0.3-1 593.10 NOTE
r-patched-solaris-x86 0.3-1 131.70 NOTE
r-release-linux-x86_64 0.3-1 2.72 47.33 50.05 NOTE
r-release-osx-x86_64-mavericks 0.3-1 NOTE
r-release-windows-ix86+x86_64 0.3-1 13.00 115.00 128.00 NOTE
r-oldrel-windows-ix86+x86_64 0.3-1 10.00 122.00 132.00 OK

Check Details

Version: 0.3-1
Check: R code for possible problems
Result: NOTE
    mclogit.fit.rePQL: no visible global function definition for ‘as’
    Undefined global functions or variables:
     as
    Consider adding
     importFrom("methods", "as")
    to your NAMESPACE file (and ensure that your DESCRIPTION Imports field
    contains 'methods').
Flavors: r-devel-linux-x86_64-debian-gcc, r-devel-linux-x86_64-fedora-clang, r-devel-linux-x86_64-fedora-gcc, r-devel-osx-x86_64-clang, r-devel-windows-ix86+x86_64, r-patched-linux-x86_64, r-patched-solaris-sparc, r-patched-solaris-x86, r-release-linux-x86_64, r-release-osx-x86_64-mavericks, r-release-windows-ix86+x86_64