CRAN Package Check Results for Package mclogit

Last updated on 2016-12-09 09:52:34.

Flavor Version Tinstall Tcheck Ttotal Status Flags
r-devel-linux-x86_64-debian-clang 0.3-1 2.62 47.55 50.17 NOTE
r-devel-linux-x86_64-debian-gcc 0.3-1 2.59 49.32 51.91 NOTE
r-devel-linux-x86_64-fedora-clang 0.3-1 118.97 NOTE --no-stop-on-test-error
r-devel-linux-x86_64-fedora-gcc 0.3-1 113.43 NOTE --no-stop-on-test-error
r-devel-macos-x86_64-clang 0.3-1 83.77 NOTE
r-devel-windows-ix86+x86_64 0.3-1 8.00 107.00 115.00 NOTE
r-patched-linux-x86_64 0.3-1 2.53 44.05 46.58 NOTE
r-patched-solaris-sparc 0.3-1 598.10 NOTE
r-patched-solaris-x86 0.3-1 129.70 NOTE
r-release-linux-x86_64 0.3-1 2.42 43.65 46.07 NOTE
r-release-osx-x86_64-mavericks 0.3-1 NOTE
r-release-windows-ix86+x86_64 0.3-1 9.00 112.00 121.00 NOTE
r-oldrel-windows-ix86+x86_64 0.3-1 14.00 75.00 89.00 OK

Check Details

Version: 0.3-1
Check: R code for possible problems
Result: NOTE
    mclogit.fit.rePQL: no visible global function definition for ‘as’
    Undefined global functions or variables:
     as
    Consider adding
     importFrom("methods", "as")
    to your NAMESPACE file (and ensure that your DESCRIPTION Imports field
    contains 'methods').
Flavors: r-devel-linux-x86_64-debian-clang, r-devel-linux-x86_64-debian-gcc, r-devel-macos-x86_64-clang, r-devel-windows-ix86+x86_64, r-patched-linux-x86_64, r-patched-solaris-sparc, r-patched-solaris-x86, r-release-linux-x86_64, r-release-osx-x86_64-mavericks, r-release-windows-ix86+x86_64

Version: 0.3-1
Flags: --no-stop-on-test-error
Check: R code for possible problems
Result: NOTE
    mclogit.fit.rePQL: no visible global function definition for ‘as’
    Undefined global functions or variables:
     as
    Consider adding
     importFrom("methods", "as")
    to your NAMESPACE file (and ensure that your DESCRIPTION Imports field
    contains 'methods').
Flavors: r-devel-linux-x86_64-fedora-clang, r-devel-linux-x86_64-fedora-gcc