CRAN Package Check Results for Package mclogit

Last updated on 2016-02-12 09:50:47.

Flavor Version Tinstall Tcheck Ttotal Status Flags
r-devel-linux-x86_64-debian-gcc 0.3-1 3.04 46.26 49.30 NOTE
r-devel-linux-x86_64-fedora-clang 0.3-1 102.97 NOTE
r-devel-linux-x86_64-fedora-gcc 0.3-1 102.18 NOTE
r-devel-osx-x86_64-clang 0.3-1 109.27 NOTE
r-devel-windows-ix86+x86_64 0.3-1 14.00 78.00 92.00 NOTE
r-patched-linux-x86_64 0.3-1 3.10 50.66 53.75 OK
r-patched-solaris-sparc 0.3-1 649.30 OK
r-patched-solaris-x86 0.3-1 139.80 OK
r-release-linux-x86_64 0.3-1 3.03 51.69 54.72 OK
r-release-osx-x86_64-mavericks 0.3-1 OK
r-release-windows-ix86+x86_64 0.3-1 14.00 78.00 92.00 OK
r-oldrel-windows-ix86+x86_64 0.3-1 21.00 104.00 125.00 OK

Check Details

Version: 0.3-1
Check: R code for possible problems
Result: NOTE
    mclogit.fit.rePQL: no visible global function definition for ‘as’
    Undefined global functions or variables:
     as
    Consider adding
     importFrom("methods", "as")
    to your NAMESPACE file (and ensure that your DESCRIPTION Imports field
    contains 'methods').
Flavors: r-devel-linux-x86_64-debian-gcc, r-devel-linux-x86_64-fedora-clang, r-devel-linux-x86_64-fedora-gcc, r-devel-osx-x86_64-clang, r-devel-windows-ix86+x86_64