CRAN Package Check Results for Package mclogit

Last updated on 2015-07-31 15:47:33.

Flavor Version Tinstall Tcheck Ttotal Status Flags
r-devel-linux-x86_64-debian-clang 0.3-1 2.76 49.21 51.98 NOTE
r-devel-linux-x86_64-debian-gcc 0.3-1 4.09 48.11 52.20 NOTE
r-devel-linux-x86_64-fedora-clang 0.3-1 111.58 NOTE
r-devel-linux-x86_64-fedora-gcc 0.3-1 101.00 NOTE
r-devel-osx-x86_64-clang 0.3-1 90.01 OK
r-devel-windows-ix86+x86_64 0.3-1 14.00 104.00 118.00 NOTE
r-patched-linux-x86_64 0.3-1 2.88 47.16 50.04 OK
r-patched-solaris-sparc 0.3-1 639.20 OK
r-patched-solaris-x86 0.3-1 141.70 OK
r-release-linux-x86_64 0.3-1 2.85 47.41 50.26 OK
r-release-osx-x86_64-mavericks 0.3-1 OK
r-release-windows-ix86+x86_64 0.3-1 13.00 112.00 125.00 OK
r-oldrel-windows-ix86+x86_64 0.3-1 15.00 118.00 133.00 OK

Check Details

Version: 0.3-1
Check: R code for possible problems
Result: NOTE
    mclogit.fit.rePQL: no visible global function definition for ‘as’
    Undefined global functions or variables:
     as
    Consider adding
     importFrom("methods", "as")
    to your NAMESPACE.
Flavors: r-devel-linux-x86_64-debian-clang, r-devel-linux-x86_64-debian-gcc, r-devel-linux-x86_64-fedora-clang, r-devel-linux-x86_64-fedora-gcc, r-devel-windows-ix86+x86_64