CRAN Package Check Results for Package mclogit

Last updated on 2015-09-02 19:47:39.

Flavor Version Tinstall Tcheck Ttotal Status Flags
r-devel-linux-x86_64-debian-clang 0.3-1 2.61 48.07 50.68 NOTE
r-devel-linux-x86_64-debian-gcc 0.3-1 2.61 47.04 49.65 NOTE
r-devel-linux-x86_64-fedora-clang 0.3-1 103.80 NOTE
r-devel-linux-x86_64-fedora-gcc 0.3-1 102.49 NOTE
r-devel-osx-x86_64-clang 0.3-1 92.42 OK
r-devel-windows-ix86+x86_64 0.3-1 14.00 86.00 100.00 NOTE
r-patched-linux-x86_64 0.3-1 3.01 50.80 53.82 OK
r-patched-solaris-sparc 0.3-1 639.20 OK
r-patched-solaris-x86 0.3-1 149.40 OK
r-release-linux-x86_64 0.3-1 2.89 50.34 53.24 OK
r-release-osx-x86_64-mavericks 0.3-1 OK
r-release-windows-ix86+x86_64 0.3-1 13.00 80.00 93.00 OK
r-oldrel-windows-ix86+x86_64 0.3-1 20.00 122.00 142.00 OK

Check Details

Version: 0.3-1
Check: R code for possible problems
Result: NOTE
    mclogit.fit.rePQL: no visible global function definition for ‘as’
    Undefined global functions or variables:
     as
    Consider adding
     importFrom("methods", "as")
    to your NAMESPACE (and ensure that your DESCRIPTION Imports field
    contains 'methods').
Flavors: r-devel-linux-x86_64-debian-clang, r-devel-linux-x86_64-debian-gcc, r-devel-linux-x86_64-fedora-clang, r-devel-linux-x86_64-fedora-gcc, r-devel-windows-ix86+x86_64