CRAN Package Check Results for Package mclogit

Last updated on 2014-08-28 11:49:07.

Flavor Version Tinstall Tcheck Ttotal Status Flags
r-devel-linux-x86_64-debian-clang 0.2-7 4.50 53.44 57.95 NOTE
r-devel-linux-x86_64-debian-gcc 0.2-7 4.35 50.63 54.98 NOTE
r-devel-linux-x86_64-fedora-clang 0.2-7 137.93 NOTE
r-devel-linux-x86_64-fedora-gcc 0.2-7 127.33 NOTE
r-devel-osx-x86_64-clang 0.2-7 106.61 NOTE
r-devel-windows-ix86+x86_64 0.2-7 11.00 75.00 86.00 NOTE
r-patched-linux-x86_64 0.2-7 4.43 52.81 57.24 OK
r-patched-solaris-sparc 0.2-7 732.70 OK
r-patched-solaris-x86 0.2-7 174.80 OK
r-release-linux-ix86 0.2-7 5.31 64.20 69.51 OK
r-release-linux-x86_64 0.2-7 5.74 54.67 60.41 OK
r-release-osx-x86_64-mavericks 0.2-7 OK
r-release-osx-x86_64-snowleopard 0.2-7 OK
r-release-windows-ix86+x86_64 0.2-7 12.00 75.00 87.00 OK
r-oldrel-windows-ix86+x86_64 0.2-7 12.00 70.00 82.00 OK

Check Details

Version: 0.2-7
Check: R code for possible problems
Result: NOTE
    getSummary.mclogit : <anonymous>: no visible global function definition
     for ‘%nin%’
    mclogit.fit: no visible global function definition for ‘ginv’
Flavors: r-devel-linux-x86_64-debian-clang, r-devel-linux-x86_64-debian-gcc, r-devel-linux-x86_64-fedora-clang, r-devel-linux-x86_64-fedora-gcc, r-devel-osx-x86_64-clang, r-devel-windows-ix86+x86_64