CRAN Package Check Results for Package mclogit

Last updated on 2015-06-29 23:46:58.

Flavor Version Tinstall Tcheck Ttotal Status Flags
r-devel-linux-x86_64-debian-clang 0.3-1 2.78 47.63 50.41 NOTE
r-devel-linux-x86_64-debian-gcc 0.3-1 2.74 47.42 50.15 NOTE
r-devel-linux-x86_64-fedora-clang 0.3-1 106.23 OK
r-devel-linux-x86_64-fedora-gcc 0.3-1 100.44 OK
r-devel-osx-x86_64-clang 0.3-1 98.96 OK
r-devel-windows-ix86+x86_64 0.3-1 13.00 108.00 121.00 NOTE
r-patched-linux-x86_64 0.3-1 2.86 49.71 52.57 OK
r-patched-solaris-sparc 0.3-1 662.00 OK
r-patched-solaris-x86 0.3-1 140.10 OK
r-release-linux-x86_64 0.3-1 2.84 46.94 49.78 OK
r-release-osx-x86_64-mavericks 0.3-1 OK
r-release-windows-ix86+x86_64 0.3-1 13.00 107.00 120.00 OK
r-oldrel-windows-ix86+x86_64 0.3-1 17.00 105.00 122.00 OK

Check Details

Version: 0.3-1
Check: R code for possible problems
Result: NOTE
    mclogit.fit.rePQL: no visible global function definition for ‘as’
Flavors: r-devel-linux-x86_64-debian-clang, r-devel-linux-x86_64-debian-gcc, r-devel-windows-ix86+x86_64