CRAN Package Check Results for Package mclogit

Last updated on 2014-10-01 07:47:42.

Flavor Version Tinstall Tcheck Ttotal Status Flags
r-devel-linux-x86_64-debian-clang 0.2-7 4.49 53.08 57.56 NOTE
r-devel-linux-x86_64-debian-gcc 0.2-7 4.20 50.68 54.88 NOTE
r-devel-linux-x86_64-fedora-clang 0.2-7 137.11 NOTE
r-devel-linux-x86_64-fedora-gcc 0.2-7 127.47 NOTE
r-devel-osx-x86_64-clang 0.2-7 104.41 NOTE
r-devel-windows-ix86+x86_64 0.2-7 10.00 71.00 81.00 NOTE
r-patched-linux-x86_64 0.2-7 4.54 54.44 58.98 OK
r-patched-solaris-sparc 0.2-7 732.70 OK
r-patched-solaris-x86 0.2-7 176.50 OK
r-release-linux-ix86 0.2-7 5.42 67.32 72.74 OK
r-release-linux-x86_64 0.2-7 4.47 55.49 59.96 OK
r-release-osx-x86_64-mavericks 0.2-7 OK
r-release-osx-x86_64-snowleopard 0.2-7 OK
r-release-windows-ix86+x86_64 0.2-7 11.00 78.00 89.00 OK
r-oldrel-windows-ix86+x86_64 0.2-7 12.00 69.00 81.00 OK

Check Details

Version: 0.2-7
Check: R code for possible problems
Result: NOTE
    getSummary.mclogit : <anonymous>: no visible global function definition
     for ‘%nin%’
    mclogit.fit: no visible global function definition for ‘ginv’
Flavors: r-devel-linux-x86_64-debian-clang, r-devel-linux-x86_64-debian-gcc, r-devel-linux-x86_64-fedora-clang, r-devel-linux-x86_64-fedora-gcc, r-devel-osx-x86_64-clang, r-devel-windows-ix86+x86_64