CRAN Package Check Results for Package mclogit

Last updated on 2014-04-25 05:47:19.

Flavor Version Tinstall Tcheck Ttotal Status Flags
r-devel-linux-x86_64-debian-clang 0.2-7 5.20 56.62 61.82 OK
r-devel-linux-x86_64-debian-gcc 0.2-7 5.06 55.51 60.57 OK
r-devel-linux-x86_64-fedora-clang 0.2-7 138.43 OK
r-devel-linux-x86_64-fedora-gcc 0.2-7 136.47 OK
r-devel-osx-x86_64-clang 0.2-7 103.72 OK
r-devel-osx-x86_64-gcc 0.2-7 OK
r-devel-windows-ix86+x86_64 0.2-7 12.00 76.00 88.00 OK
r-patched-linux-x86_64 0.2-7 4.94 55.70 60.64 OK
r-patched-solaris-sparc 0.2-7 739.50 OK
r-patched-solaris-x86 0.2-7 172.90 OK
r-release-linux-ix86 0.2-7 7.00 86.00 93.00 OK
r-release-linux-x86_64 0.2-7 4.73 56.76 61.49 OK
r-release-osx-x86_64-mavericks 0.2-7 WARN
r-release-osx-x86_64-snowleopard 0.2-7 OK
r-release-windows-ix86+x86_64 0.2-7 12.00 75.00 87.00 OK
r-oldrel-windows-ix86+x86_64 0.2-7 12.00 69.00 81.00 OK

Check Details

Version: 0.2-7
Check: PDF version of manual
Result: WARNING
    LaTeX errors when creating PDF version.
    This typically indicates Rd problems.
    LaTeX errors found:
    ! LaTeX Error: File `upquote.sty' not found.
    
    Type X to quit or <RETURN> to proceed,
    or enter new name. (Default extension: sty)
    
    1f33f22d/Rd2.tex:8: ==> Fatal error occurred, no output PDF file produced!
Flavor: r-release-osx-x86_64-mavericks