CRAN Package Check Results for Package mclust

Last updated on 2019-03-26 13:51:23 CET.

Flavor Version Tinstall Tcheck Ttotal Status Flags
r-devel-linux-x86_64-debian-clang 5.4.3 33.52 223.94 257.46 OK
r-devel-linux-x86_64-debian-gcc 5.4.3 28.83 159.02 187.85 OK
r-devel-linux-x86_64-fedora-clang 5.4.3 326.39 NOTE
r-devel-linux-x86_64-fedora-gcc 5.4.3 301.70 OK
r-devel-windows-ix86+x86_64 5.4.3 98.00 348.00 446.00 NOTE
r-patched-linux-x86_64 5.4.3 31.39 215.59 246.98 OK
r-patched-solaris-x86 5.4.3 422.50 NOTE
r-release-linux-x86_64 5.4.3 28.51 215.54 244.05 OK
r-release-windows-ix86+x86_64 5.4.3 79.00 344.00 423.00 NOTE
r-release-osx-x86_64 5.4.3 NOTE
r-oldrel-windows-ix86+x86_64 5.4.3 62.00 408.00 470.00 NOTE
r-oldrel-osx-x86_64 5.4.3 NOTE

Check Details

Version: 5.4.3
Check: installed package size
Result: NOTE
     installed size is 5.6Mb
     sub-directories of 1Mb or more:
     doc 3.0Mb
Flavors: r-devel-linux-x86_64-fedora-clang, r-devel-windows-ix86+x86_64, r-patched-solaris-x86, r-release-windows-ix86+x86_64, r-release-osx-x86_64, r-oldrel-windows-ix86+x86_64, r-oldrel-osx-x86_64