CRAN Package Check Results for Package mclust

Last updated on 2019-05-20 18:54:10 CEST.

Flavor Version Tinstall Tcheck Ttotal Status Flags
r-devel-linux-x86_64-debian-clang 5.4.3 32.40 223.17 255.57 OK
r-devel-linux-x86_64-debian-gcc 5.4.3 29.50 177.59 207.09 OK
r-devel-linux-x86_64-fedora-clang 5.4.3 309.51 NOTE
r-devel-linux-x86_64-fedora-gcc 5.4.3 304.64 OK
r-devel-windows-ix86+x86_64 5.4.3 97.00 410.00 507.00 NOTE
r-patched-linux-x86_64 5.4.3 32.23 220.87 253.10 OK
r-patched-solaris-x86 5.4.3 425.90 NOTE
r-release-linux-x86_64 5.4.3 31.96 221.02 252.98 OK
r-release-windows-ix86+x86_64 5.4.3 66.00 440.00 506.00 NOTE
r-release-osx-x86_64 5.4.3 NOTE
r-oldrel-windows-ix86+x86_64 5.4.3 63.00 293.00 356.00 NOTE
r-oldrel-osx-x86_64 5.4.3 NOTE

Check Details

Version: 5.4.3
Check: installed package size
Result: NOTE
     installed size is 5.6Mb
     sub-directories of 1Mb or more:
     doc 3.0Mb
Flavors: r-devel-linux-x86_64-fedora-clang, r-devel-windows-ix86+x86_64, r-patched-solaris-x86, r-release-windows-ix86+x86_64, r-release-osx-x86_64, r-oldrel-windows-ix86+x86_64, r-oldrel-osx-x86_64