CRAN Package Check Results for Package mclust

Last updated on 2014-04-25 05:47:19.

Flavor Version Tinstall Tcheck Ttotal Status Flags
r-devel-linux-x86_64-debian-clang 4.3 19.50 99.97 119.47 OK
r-devel-linux-x86_64-debian-gcc 4.3 19.14 100.23 119.37 OK
r-devel-linux-x86_64-fedora-clang 4.3 233.26 OK
r-devel-linux-x86_64-fedora-gcc 4.3 227.88 OK
r-devel-osx-x86_64-clang 4.3 158.74 OK
r-devel-osx-x86_64-gcc 4.3 OK
r-devel-windows-ix86+x86_64 4.3 38.00 207.00 245.00 OK
r-patched-linux-x86_64 4.3 18.94 99.35 118.29 OK
r-patched-solaris-sparc 4.3 1380.10 OK
r-patched-solaris-x86 4.3 287.80 OK
r-release-linux-ix86 4.3 28.00 174.00 202.00 OK
r-release-linux-x86_64 4.3 19.35 100.84 120.20 OK
r-release-osx-x86_64-mavericks 4.3 WARN
r-release-osx-x86_64-snowleopard 4.3 OK
r-release-windows-ix86+x86_64 4.3 45.00 280.00 325.00 OK
r-oldrel-windows-ix86+x86_64 4.3 48.00 280.00 328.00 OK

Check Details

Version: 4.3
Check: PDF version of manual
Result: WARNING
    LaTeX errors when creating PDF version.
    This typically indicates Rd problems.
    LaTeX errors found:
    ! LaTeX Error: File `upquote.sty' not found.
    
    Type X to quit or <RETURN> to proceed,
    or enter new name. (Default extension: sty)
    
    6b2fd87a/Rd2.tex:8: ==> Fatal error occurred, no output PDF file produced!
Flavor: r-release-osx-x86_64-mavericks