CRAN Package Check Results for Package mclust

Last updated on 2017-05-27 14:47:08.

Flavor Version Tinstall Tcheck Ttotal Status Flags
r-devel-linux-x86_64-debian-clang 5.3 26.01 155.54 181.55 OK
r-devel-linux-x86_64-debian-gcc 5.3 25.92 151.44 177.36 OK
r-devel-linux-x86_64-fedora-clang 5.3 373.64 NOTE
r-devel-linux-x86_64-fedora-gcc 5.3 369.80 NOTE
r-devel-windows-ix86+x86_64 5.3 89.00 357.00 446.00 NOTE
r-patched-linux-x86_64 5.3 24.32 153.71 178.03 OK
r-patched-solaris-sparc 5.3 2008.90 NOTE
r-patched-solaris-x86 5.3 379.30 NOTE
r-release-linux-x86_64 5.3 27.96 152.12 180.08 OK
r-release-windows-ix86+x86_64 5.3 62.00 316.00 378.00 NOTE
r-release-osx-x86_64 5.3 NOTE
r-oldrel-windows-ix86+x86_64 5.3 70.00 313.00 383.00 NOTE
r-oldrel-osx-x86_64 5.3 NOTE

Check Details

Version: 5.3
Check: installed package size
Result: NOTE
     installed size is 5.3Mb
     sub-directories of 1Mb or more:
     doc 2.9Mb
Flavors: r-devel-linux-x86_64-fedora-clang, r-devel-linux-x86_64-fedora-gcc, r-devel-windows-ix86+x86_64, r-patched-solaris-sparc, r-patched-solaris-x86, r-release-windows-ix86+x86_64, r-release-osx-x86_64, r-oldrel-windows-ix86+x86_64, r-oldrel-osx-x86_64