CRAN Package Check Results for Package mclust

Last updated on 2017-03-25 15:47:55.

Flavor Version Tinstall Tcheck Ttotal Status Flags
r-devel-linux-x86_64-debian-clang 5.2.3 24.44 149.89 174.33 OK
r-devel-linux-x86_64-debian-gcc 5.2.3 23.82 144.98 168.80 OK
r-devel-linux-x86_64-fedora-clang 5.2.3 378.32 NOTE --no-stop-on-test-error
r-devel-linux-x86_64-fedora-gcc 5.2.3 364.30 NOTE --no-stop-on-test-error
r-devel-macos-x86_64-clang 5.2.3 222.30 OK --no-stop-on-test-error
r-patched-linux-x86_64 5.2.3 24.04 146.86 170.91 OK
r-patched-solaris-sparc 5.2.3 2121.30 NOTE
r-patched-solaris-x86 5.2.3 395.90 NOTE
r-release-linux-x86_64 5.2.3 21.79 146.12 167.91 OK
r-release-osx-x86_64-mavericks 5.2.3 NOTE
r-release-windows-ix86+x86_64 5.2.3 74.00 358.00 432.00 NOTE
r-oldrel-windows-ix86+x86_64 5.2.3 66.00 367.00 433.00 NOTE

Check Details

Version: 5.2.3
Flags: --no-stop-on-test-error
Check: installed package size
Result: NOTE
     installed size is 5.2Mb
     sub-directories of 1Mb or more:
     doc 2.8Mb
Flavors: r-devel-linux-x86_64-fedora-clang, r-devel-linux-x86_64-fedora-gcc

Version: 5.2.3
Check: installed package size
Result: NOTE
     installed size is 5.2Mb
     sub-directories of 1Mb or more:
     R 1.0Mb
     doc 3.0Mb
Flavors: r-patched-solaris-sparc, r-patched-solaris-x86, r-release-osx-x86_64-mavericks, r-release-windows-ix86+x86_64, r-oldrel-windows-ix86+x86_64