CRAN Package Check Results for Package mclust

Last updated on 2016-12-02 18:47:40.

Flavor Version Tinstall Tcheck Ttotal Status Flags
r-devel-linux-x86_64-debian-clang 5.2 25.28 200.43 225.72 OK
r-devel-linux-x86_64-debian-gcc 5.2 24.91 195.62 220.52 OK
r-devel-linux-x86_64-fedora-clang 5.2 376.28 NOTE
r-devel-linux-x86_64-fedora-gcc 5.2 383.71 NOTE
r-devel-macos-x86_64-clang 5.2 226.99 OK
r-devel-windows-ix86+x86_64 5.2 58.00 420.00 478.00 NOTE
r-patched-linux-x86_64 5.2 22.36 192.02 214.38 OK
r-patched-solaris-sparc 5.2 2200.30 OK
r-patched-solaris-x86 5.2 402.80 NOTE
r-release-linux-x86_64 5.2 23.06 191.94 215.01 OK
r-release-osx-x86_64-mavericks 5.2 OK
r-release-windows-ix86+x86_64 5.2 76.00 403.00 479.00 NOTE
r-oldrel-windows-ix86+x86_64 5.2 76.00 412.00 488.00 NOTE

Check Details

Version: 5.2
Check: installed package size
Result: NOTE
     installed size is 5.2Mb
     sub-directories of 1Mb or more:
     doc 2.8Mb
Flavors: r-devel-linux-x86_64-fedora-clang, r-devel-linux-x86_64-fedora-gcc, r-devel-windows-ix86+x86_64, r-patched-solaris-x86, r-release-windows-ix86+x86_64, r-oldrel-windows-ix86+x86_64