CRAN Package Check Results for Package mclust

Last updated on 2015-03-02 05:47:43.

Flavor Version Tinstall Tcheck Ttotal Status Flags
r-devel-linux-x86_64-debian-clang 4.4 17.27 96.97 114.24 NOTE
r-devel-linux-x86_64-debian-gcc 4.4 17.26 93.36 110.62 NOTE
r-devel-linux-x86_64-fedora-clang 4.4 208.55 NOTE
r-devel-linux-x86_64-fedora-gcc 4.4 202.14 NOTE
r-devel-osx-x86_64-clang 4.4 169.44 NOTE
r-devel-windows-ix86+x86_64 4.4 48.00 210.00 258.00 OK
r-patched-linux-x86_64 4.4 19.28 103.88 123.16 OK
r-patched-solaris-sparc 4.4 1418.80 OK
r-patched-solaris-x86 4.4 276.30 OK
r-release-linux-ix86 4.4 22.69 128.48 151.17 OK
r-release-linux-x86_64 4.4 19.11 98.28 117.39 OK
r-release-osx-x86_64-mavericks 4.4 OK
r-release-osx-x86_64-snowleopard 4.4 OK
r-release-windows-ix86+x86_64 4.4 38.00 208.00 246.00 OK
r-oldrel-windows-ix86+x86_64 4.4 31.00 198.00 229.00 OK

Check Details

Version: 4.4
Check: S3 generic/method consistency
Result: NOTE
    Found the following apparent S3 methods exported but not registered:
     logLik.Mclust logLik.MclustDA predict.Mclust predict.densityMclust
    See section ‘Registering S3 methods’ in the ‘Writing R Extensions’
    manual.
Flavors: r-devel-linux-x86_64-debian-clang, r-devel-linux-x86_64-debian-gcc, r-devel-linux-x86_64-fedora-clang, r-devel-linux-x86_64-fedora-gcc, r-devel-osx-x86_64-clang