CRAN Package Check Results for Package mclust

Last updated on 2015-05-28 12:47:52.

Flavor Version Tinstall Tcheck Ttotal Status Flags
r-devel-linux-x86_64-debian-clang 5.0.1 22.79 152.82 175.62 NOTE
r-devel-linux-x86_64-debian-gcc 5.0.1 21.35 154.34 175.69 NOTE
r-devel-linux-x86_64-fedora-clang 5.0.1 326.65 NOTE
r-devel-linux-x86_64-fedora-gcc 5.0.1 315.20 NOTE
r-devel-osx-x86_64-clang 5.0.1 260.13 OK
r-devel-windows-ix86+x86_64 5.0.1 50.00 339.00 389.00 NOTE
r-patched-linux-x86_64 5.0.1 21.46 153.20 174.66 NOTE
r-patched-solaris-sparc 5.0.1 2349.70 OK
r-patched-solaris-x86 5.0.1 441.00 NOTE
r-release-linux-x86_64 5.0.1 21.24 158.32 179.56 NOTE
r-release-osx-x86_64-mavericks 5.0.1 OK
r-release-osx-x86_64-snowleopard 5.0.1 ERROR
r-release-windows-ix86+x86_64 5.0.1 48.00 324.00 372.00 NOTE
r-oldrel-windows-ix86+x86_64 5.0.1 46.00 335.00 381.00 NOTE

Check Details

Version: 5.0.1
Check: installed package size
Result: NOTE
     installed size is 5.2Mb
     sub-directories of 1Mb or more:
     doc 2.8Mb
     libs 1.2Mb
Flavors: r-devel-linux-x86_64-debian-clang, r-devel-linux-x86_64-debian-gcc, r-devel-linux-x86_64-fedora-clang, r-devel-linux-x86_64-fedora-gcc, r-devel-windows-ix86+x86_64, r-patched-linux-x86_64, r-patched-solaris-x86, r-release-linux-x86_64, r-release-windows-ix86+x86_64, r-oldrel-windows-ix86+x86_64

Version: 5.0.1
Check: package dependencies
Result: ERROR
    Package suggested but not available for checking: ‘knitr’
    
    VignetteBuilder package required for checking but not installed: ‘knitr’
    
    See section ‘The DESCRIPTION file’ in the ‘Writing R Extensions’
    manual.
Flavor: r-release-osx-x86_64-snowleopard