CRAN Package Check Results for Package mclust

Last updated on 2018-02-24 08:49:08 CET.

Flavor Version Tinstall Tcheck Ttotal Status Flags
r-devel-linux-x86_64-debian-clang 5.4 32.06 221.99 254.05 OK
r-devel-linux-x86_64-debian-gcc 5.4 21.26 160.54 181.80 OK
r-devel-linux-x86_64-fedora-clang 5.4 313.80 NOTE
r-devel-linux-x86_64-fedora-gcc 5.4 303.39 NOTE
r-devel-windows-ix86+x86_64 5.4 98.00 399.00 497.00 NOTE
r-patched-linux-x86_64 5.4 31.08 224.91 255.99 OK
r-patched-solaris-x86 5.4 397.50 NOTE
r-release-linux-x86_64 5.4 33.24 224.39 257.63 OK
r-release-windows-ix86+x86_64 5.4 62.00 392.00 454.00 NOTE
r-release-osx-x86_64 5.4 NOTE
r-oldrel-windows-ix86+x86_64 5.4 59.00 338.00 397.00 NOTE
r-oldrel-osx-x86_64 5.4 OK

Check Details

Version: 5.4
Check: installed package size
Result: NOTE
     installed size is 5.2Mb
     sub-directories of 1Mb or more:
     doc 2.7Mb
Flavors: r-devel-linux-x86_64-fedora-clang, r-devel-linux-x86_64-fedora-gcc, r-devel-windows-ix86+x86_64, r-patched-solaris-x86, r-release-windows-ix86+x86_64, r-release-osx-x86_64, r-oldrel-windows-ix86+x86_64