CRAN Package Check Results for Package mclust

Last updated on 2017-04-24 18:47:26.

Flavor Version Tinstall Tcheck Ttotal Status Flags
r-devel-linux-x86_64-debian-clang 5.2.3 26.01 152.23 178.24 OK
r-devel-linux-x86_64-debian-gcc 5.2.3 24.40 145.26 169.67 OK
r-devel-linux-x86_64-fedora-clang 5.2.3 377.37 NOTE --no-stop-on-test-error
r-devel-linux-x86_64-fedora-gcc 5.2.3 365.85 NOTE --no-stop-on-test-error
r-devel-windows-ix86+x86_64 5.2.3 NOTE
r-patched-linux-x86_64 5.2.3 23.70 148.92 172.62 OK
r-patched-solaris-sparc 5.2.3 2121.30 NOTE
r-patched-solaris-x86 5.2.3 393.00 NOTE
r-release-linux-x86_64 5.2.3 23.54 148.16 171.70 OK
r-release-windows-ix86+x86_64 5.2.3 59.00 335.00 394.00 NOTE
r-release-osx-x86_64 5.2.3 NOTE
r-oldrel-windows-ix86+x86_64 5.2.3 61.00 312.00 373.00 NOTE
r-oldrel-osx-x86_64 5.2.3 NOTE

Check Details

Version: 5.2.3
Flags: --no-stop-on-test-error
Check: installed package size
Result: NOTE
     installed size is 5.2Mb
     sub-directories of 1Mb or more:
     doc 2.8Mb
Flavors: r-devel-linux-x86_64-fedora-clang, r-devel-linux-x86_64-fedora-gcc

Version: 5.2.3
Check: installed package size
Result: NOTE
     installed size is 5.8Mb
     sub-directories of 1Mb or more:
     doc 2.8Mb
     libs 1.5Mb
Flavors: r-devel-windows-ix86+x86_64, r-patched-solaris-sparc, r-patched-solaris-x86, r-release-windows-ix86+x86_64, r-release-osx-x86_64, r-oldrel-windows-ix86+x86_64, r-oldrel-osx-x86_64