CRAN Package Check Results for Package mclustcomp

Last updated on 2023-01-30 04:52:26 CET.

Flavor Version Tinstall Tcheck Ttotal Status Flags
r-devel-linux-x86_64-debian-clang 0.3.3 30.81 30.23 61.04 OK
r-devel-linux-x86_64-debian-gcc 0.3.3 23.31 24.10 47.41 NOTE
r-devel-linux-x86_64-fedora-clang 0.3.3 90.87 OK
r-devel-linux-x86_64-fedora-gcc 0.3.3 82.67 NOTE
r-devel-windows-x86_64 0.3.3 44.00 80.00 124.00 NOTE
r-patched-linux-x86_64 0.3.3 24.44 30.07 54.51 OK
r-release-linux-x86_64 0.3.3 27.10 30.55 57.65 OK
r-release-macos-arm64 0.3.3 28.00 OK
r-release-macos-x86_64 0.3.3 41.00 OK
r-release-windows-x86_64 0.3.3 36.00 83.00 119.00 OK
r-oldrel-macos-arm64 0.3.3 34.00 OK
r-oldrel-macos-x86_64 0.3.3 36.00 OK
r-oldrel-windows-ix86+x86_64 0.3.3 79.00 79.00 158.00 OK

Check Details

Version: 0.3.3
Check: C++ specification
Result: NOTE
     Specified C++11: please update to current default of C++17
Flavors: r-devel-linux-x86_64-debian-gcc, r-devel-linux-x86_64-fedora-gcc, r-devel-windows-x86_64