CRAN Package Check Results for Package mcmcplots

Last updated on 2014-07-24 17:49:03.

Flavor Version Tinstall Tcheck Ttotal Status Flags
r-devel-linux-x86_64-debian-clang 0.4.1 1.21 27.83 29.04 NOTE
r-devel-linux-x86_64-debian-gcc 0.4.1 1.12 27.62 28.74 NOTE
r-devel-linux-x86_64-fedora-clang 0.4.1 55.22 NOTE
r-devel-linux-x86_64-fedora-gcc 0.4.1 52.03 NOTE
r-devel-osx-x86_64-clang 0.4.1 53.09 NOTE
r-devel-windows-ix86+x86_64 0.4.1 5.00 42.00 47.00 NOTE
r-patched-linux-x86_64 0.4.1 1.18 27.10 28.28 NOTE
r-patched-solaris-sparc 0.4.1 312.70 NOTE
r-patched-solaris-x86 0.4.1 73.50 NOTE
r-release-linux-ix86 0.4.1 1.53 39.42 40.94 NOTE
r-release-linux-x86_64 0.4.1 1.17 27.26 28.42 NOTE
r-release-osx-x86_64-mavericks 0.4.1 NOTE
r-release-osx-x86_64-snowleopard 0.4.1 NOTE
r-release-windows-ix86+x86_64 0.4.1 4.00 44.00 48.00 NOTE
r-oldrel-windows-ix86+x86_64 0.4.1 5.00 43.00 48.00 NOTE

Check Details

Version: 0.4.1
Check: dependencies in R code
Result: NOTE
    Package in Depends field not imported from: ‘coda’
     These packages need to be imported from (in the NAMESPACE file)
     for when this namespace is loaded but not attached.
    ':::' call which should be '::': ‘coda:::mcmc’
     See the note in ?`:::` about the use of this operator.
    See the information on DESCRIPTION files in the chapter ‘Creating R
    packages’ of the ‘Writing R Extensions’ manual.
Flavors: r-devel-linux-x86_64-debian-clang, r-devel-linux-x86_64-debian-gcc, r-devel-linux-x86_64-fedora-clang, r-devel-linux-x86_64-fedora-gcc, r-devel-osx-x86_64-clang, r-devel-windows-ix86+x86_64, r-patched-linux-x86_64, r-patched-solaris-sparc, r-patched-solaris-x86, r-release-linux-ix86, r-release-linux-x86_64, r-release-osx-x86_64-mavericks, r-release-windows-ix86+x86_64, r-oldrel-windows-ix86+x86_64

Version: 0.4.1
Check: Rd line widths
Result: NOTE
    Rd file 'autplot1.Rd':
     \usage lines wider than 90 characters:
     autplot1(x, chain = 1, lag.max = NULL, partial = FALSE, col = mcmcplotsPalette(1), style = c("gray", "plain"), ylim = NULL, ...)
     \examples lines wider than 100 characters:
     fakemcmc <- as.mcmc.list(lapply(1:3, function(i) mcmc(matrix(rnorm(nc*nr, rep(means,each=nr)), nrow=nr, dimnames=list(NULL,pnames)))))
    
    Rd file 'caterplot.Rd':
     \examples lines wider than 100 characters:
     fakemcmc <- as.mcmc.list(lapply(1:3, function(i) mcmc(matrix(rnorm(nc*nr, rep(means, each=nr)), nrow=nr, dimnames=list(NULL,pnames)))))
    
    Rd file 'caterpoints.Rd':
     \examples lines wider than 100 characters:
     fakemcmc <- as.mcmc.list(lapply(1:3, function(i) mcmc(matrix(rnorm(nc*nr, rep(means, each=nr)), nrow=nr, dimnames=list(NULL,pnames)))))
    
    Rd file 'denoverplot.Rd':
     \examples lines wider than 100 characters:
     fakemcmc <- as.mcmc.list(lapply(1:3, function(i) mcmc(matrix(rnorm(nc*nr, rep(means, each=nr)), nrow=nr, dimnames=list(NULL,pnames)))))
     fakemcmc2 <- as.mcmc.list(lapply(1:3, function(i) mcmc(matrix(rnorm(nc*nr, rep(means, each=nr)), nrow=nr, dimnames=list(NULL,pnames)))) ... [TRUNCATED]
     denoverplot(fakemcmc, fakemcmc2, style="plain", col=mcmcplotsPalette(3, type="grayscale"), ci=0.95, greek=TRUE)
    
    Rd file 'denoverplot1.Rd':
     \examples lines wider than 100 characters:
     denoverplot1(rnorm(1000, 0.0, 1.0), rnorm(1000, 0.1, 1.0), style="plain", col=mcmcplotsPalette(2, type="grayscale"), ci=0.95)
    
    Rd file 'denplot.Rd':
     \examples lines wider than 100 characters:
     fakemcmc <- as.mcmc.list(lapply(1:3, function(i) mcmc(matrix(rnorm(nc*nr, rep(means,each=nr)), nrow=nr, dimnames=list(NULL,pnames)))))
    
    Rd file 'graypr.Rd':
     \usage lines wider than 90 characters:
     .graypr(x.axis = TRUE, y.axis = TRUE, x.major = TRUE, y.major = TRUE, x.minor = TRUE, y.minor=TRUE, x.malty = 1, y.malty = 1, x.milty = ... [TRUNCATED]
    
    Rd file 'mcmcplot.Rd':
     \examples lines wider than 100 characters:
     fakemcmc <- as.mcmc.list(lapply(1:3, function(i) mcmc(matrix(rnorm(nc*nr, rep(means,each=nr)), nrow=nr, dimnames=list(NULL,pnames)))))
    
    Rd file 'mcmcplots-package.Rd':
     \examples lines wider than 100 characters:
     fakemcmc <- as.mcmc.list(lapply(1:3, function(i) mcmc(matrix(rnorm(nc*nr, rep(means,each=nr)), nrow=nr, dimnames=list(NULL,pnames)))))
     fakemcmc2 <- as.mcmc.list(lapply(1:3, function(i) mcmc(matrix(rnorm(nc*nr, rep(means, each=nr)), nrow=nr, dimnames=list(NULL,pnames)))) ... [TRUNCATED]
    
    Rd file 'mcmcplotsPalette.Rd':
     \examples lines wider than 100 characters:
     fakemcmc <- as.mcmc.list(lapply(1:3, function(i) mcmc(matrix(rnorm(nc*nr, rep(means,each=nr)), nrow=nr, dimnames=list(NULL,pnames)))))
    
    Rd file 'traplot.Rd':
     \examples lines wider than 100 characters:
     fakemcmc <- as.mcmc.list(lapply(1:3, function(i) mcmc(matrix(rnorm(nc*nr, rep(means,each=nr)), nrow=nr, dimnames=list(NULL,pnames)))))
    
    Rd file 'traplot1.Rd':
     \examples lines wider than 100 characters:
     fakemcmc <- as.mcmc.list(lapply(1:3, function(i) mcmc(matrix(rnorm(nc*nr, rep(means,each=nr)), nrow=nr, dimnames=list(NULL,pnames)))))
    
    These lines will be truncated in the PDF manual.
Flavors: r-devel-linux-x86_64-fedora-clang, r-devel-linux-x86_64-fedora-gcc

Version: 0.4.1
Check: dependencies in R code
Result: NOTE
    Package in Depends field not imported from: 'coda'
     These packages need to be imported from for the case when
     this namespace is loaded but not attached.
    ':::' call which should be '::': 'coda:::mcmc'
     See the note in ?`:::` about the use of this operator.
    See the information on DESCRIPTION files in the chapter 'Creating R
    packages' of the 'Writing R Extensions' manual.
Flavor: r-release-osx-x86_64-snowleopard