CRAN Package Check Results for Package mcmcplots

Last updated on 2015-07-06 10:47:07.

Flavor Version Tinstall Tcheck Ttotal Status Flags
r-devel-linux-x86_64-debian-clang 0.4.2 0.97 24.83 25.80 NOTE
r-devel-linux-x86_64-debian-gcc 0.4.2 0.96 25.34 26.29 NOTE
r-devel-linux-x86_64-fedora-clang 0.4.2 45.81 NOTE
r-devel-linux-x86_64-fedora-gcc 0.4.2 44.59 NOTE
r-devel-osx-x86_64-clang 0.4.2 41.77 OK
r-devel-windows-ix86+x86_64 0.4.2 7.00 39.00 46.00 NOTE
r-patched-linux-x86_64 0.4.2 1.01 25.30 26.31 OK
r-patched-solaris-sparc 0.4.2 313.80 OK
r-patched-solaris-x86 0.4.2 66.10 OK
r-release-linux-x86_64 0.4.2 1.02 25.63 26.65 OK
r-release-osx-x86_64-mavericks 0.4.2 OK
r-release-windows-ix86+x86_64 0.4.2 5.00 40.00 45.00 OK
r-oldrel-windows-ix86+x86_64 0.4.2 8.00 44.00 52.00 OK

Check Details

Version: 0.4.2
Check: R code for possible problems
Result: NOTE
    .graypr: no visible global function definition for ‘axis’
    .graypr: no visible global function definition for ‘rect’
    .graypr: no visible global function definition for ‘par’
    .graypr: no visible global function definition for ‘gray’
    .graypr: no visible global function definition for ‘axTicks’
    .graypr: no visible global function definition for ‘abline’
    autplot1: no visible global function definition for ‘pacf’
    autplot1: no visible global function definition for ‘as.ts’
    autplot1: no visible global function definition for ‘acf’
    autplot1: no visible global function definition for ‘qnorm’
    autplot1: no visible global function definition for ‘plot’
    autplot1: no visible global function definition for ‘rect’
    autplot1: no visible global function definition for ‘par’
    autplot1: no visible global function definition for ‘rgb’
    autplot1: no visible global function definition for ‘lines’
    autplot1: no visible global function definition for ‘abline’
    caterplot : <anonymous>: no visible binding for global variable
     ‘median’
    caterplot : <anonymous>: no visible binding for global variable
     ‘quantile’
    caterplot : <anonymous>: no visible binding for global variable
     ‘density’
    caterplot: no visible global function definition for ‘plot’
    caterplot: no visible global function definition for ‘abline’
    caterplot: no visible global function definition for ‘gray’
    caterplot: no visible global function definition for ‘par’
    caterplot: no visible global function definition for ‘points’
    caterplot: no visible global function definition for ‘matlines’
    caterplot: no visible global function definition for ‘axis’
    caterplot: no visible global function definition for ‘text’
    caterpoints: no visible global function definition for ‘points’
    corplot: no visible global function definition for ‘par’
    corplot: no visible global function definition for ‘image’
    corplot: no visible global function definition for ‘axis’
    corplot: no visible global function definition for ‘segments’
    corplot: no visible global function definition for ‘rect’
    corplot: no visible global function definition for ‘text’
    denoverplot: no visible global function definition for ‘par’
    denoverplot: no visible global function definition for ‘plot’
    denoverplot: no visible global function definition for ‘rect’
    denoverplot: no visible global function definition for ‘gray’
    denoverplot: no visible global function definition for ‘lines’
    denoverplot: no visible global function definition for ‘text’
    denoverplot1: no visible binding for global variable ‘density’
    denoverplot1: no visible binding for global variable ‘quantile’
    denplot: no visible global function definition for ‘par’
    mcmcplot: no visible global function definition for ‘dev.list’
    mcmcplot : <anonymous>: no visible global function definition for
     ‘dev.off’
    mcmcplot: no visible global function definition for ‘png’
    mcmcplot: no visible global function definition for ‘dev.off’
    mcmcplot: no visible global function definition for ‘browseURL’
    mcmcplot1: no visible global function definition for ‘par’
    mcmcplot1: no visible global function definition for ‘layout’
    mcmcplot1: no visible global function definition for ‘title’
    mcmcplotsPalette: no visible global function definition for ‘gray’
    parcorplot: no visible global function definition for ‘gray’
    parcorplot: no visible global function definition for ‘cor’
    traplot: no visible global function definition for ‘par’
    traplot1: no visible global function definition for ‘time’
    traplot1: no visible global function definition for ‘matplot’
    traplot1: no visible global function definition for ‘matlines’
    Undefined global functions or variables:
     abline acf as.ts axTicks axis browseURL cor density dev.list dev.off
     gray image layout lines matlines matplot median pacf par plot png
     points qnorm quantile rect rgb segments text time title
Flavors: r-devel-linux-x86_64-debian-clang, r-devel-linux-x86_64-debian-gcc, r-devel-linux-x86_64-fedora-clang, r-devel-linux-x86_64-fedora-gcc, r-devel-windows-ix86+x86_64