CRAN Package Check Results for Package mcmcse

Last updated on 2024-05-28 14:49:36 CEST.

Flavor Version Tinstall Tcheck Ttotal Status Flags
r-devel-linux-x86_64-debian-clang 1.5-0 149.10 58.15 207.25 WARN
r-devel-linux-x86_64-debian-gcc 1.5-0 97.97 44.46 142.43 WARN
r-devel-linux-x86_64-fedora-clang 1.5-0 320.27 NOTE
r-devel-linux-x86_64-fedora-gcc 1.5-0 326.66 NOTE
r-devel-windows-x86_64 1.5-0 113.00 98.00 211.00 NOTE
r-patched-linux-x86_64 1.5-0 132.15 59.47 191.62 NOTE
r-release-linux-x86_64 1.5-0 117.58 57.86 175.44 NOTE
r-release-macos-arm64 1.5-0 62.00 NOTE
r-release-windows-x86_64 1.5-0 119.00 99.00 218.00 NOTE
r-oldrel-macos-arm64 1.5-0 76.00 NOTE
r-oldrel-macos-x86_64 1.5-0 122.00 NOTE
r-oldrel-windows-x86_64 1.5-0 145.00 107.00 252.00 NOTE

Check Details

Version: 1.5-0
Check: C++ specification
Result: NOTE Specified C++11: please drop specification unless essential Flavors: r-devel-linux-x86_64-debian-clang, r-devel-linux-x86_64-debian-gcc, r-devel-linux-x86_64-fedora-clang, r-devel-linux-x86_64-fedora-gcc, r-devel-windows-x86_64, r-patched-linux-x86_64, r-release-linux-x86_64, r-release-macos-arm64, r-release-windows-x86_64, r-oldrel-macos-arm64, r-oldrel-macos-x86_64, r-oldrel-windows-x86_64

Version: 1.5-0
Check: Rd files
Result: NOTE checkRd: (-1) ess.Rd:14: Lost braces 14 | \code{g} should take a vector input only. Ifcode{g} is \code{NULL}, \code{g} is set to be identity, which is estimation | ^ Flavors: r-devel-linux-x86_64-debian-clang, r-devel-linux-x86_64-debian-gcc, r-devel-linux-x86_64-fedora-clang, r-devel-linux-x86_64-fedora-gcc, r-devel-windows-x86_64, r-patched-linux-x86_64, r-release-linux-x86_64, r-release-macos-arm64, r-release-windows-x86_64

Version: 1.5-0
Check: re-building of vignette outputs
Result: WARN Error(s) in re-building vignettes: ... --- re-building ‘mcmcse_vignette.Rnw’ using knitr Error: processing vignette 'mcmcse_vignette.Rnw' failed with diagnostics: Running 'texi2dvi' on 'mcmcse_vignette.tex' failed. LaTeX errors: ! Undefined control sequence. l.136 \hlkwd{library}\hldef {(mcmcse)} ? ! Emergency stop. ! Emergency stop. l.136 End of file on the terminal! ! ==> Fatal error occurred, no output PDF file produced! --- failed re-building ‘mcmcse_vignette.Rnw’ SUMMARY: processing the following file failed: ‘mcmcse_vignette.Rnw’ Error: Vignette re-building failed. Execution halted Flavors: r-devel-linux-x86_64-debian-clang, r-devel-linux-x86_64-debian-gcc