CRAN Package Check Results for Package mco

Last updated on 2015-08-03 17:47:44.

Flavor Version Tinstall Tcheck Ttotal Status Flags
r-devel-linux-x86_64-debian-clang 1.0-15.1 1.70 17.28 18.98 NOTE
r-devel-linux-x86_64-debian-gcc 1.0-15.1 1.87 17.30 19.18 NOTE
r-devel-linux-x86_64-fedora-clang 1.0-15.1 40.83 NOTE
r-devel-linux-x86_64-fedora-gcc 1.0-15.1 35.11 NOTE
r-devel-osx-x86_64-clang 1.0-15.1 36.74 NOTE
r-devel-windows-ix86+x86_64 1.0-15.1 11.00 67.00 78.00 NOTE
r-patched-linux-x86_64 1.0-15.1 1.89 17.10 18.99 NOTE
r-patched-solaris-sparc 1.0-15.1 256.50 NOTE
r-patched-solaris-x86 1.0-15.1 56.80 NOTE
r-release-linux-x86_64 1.0-15.1 1.90 17.77 19.66 NOTE
r-release-osx-x86_64-mavericks 1.0-15.1 NOTE
r-release-windows-ix86+x86_64 1.0-15.1 13.00 66.00 79.00 NOTE
r-oldrel-windows-ix86+x86_64 1.0-15.1 15.00 69.00 84.00 NOTE

Check Details

Version: 1.0-15.1
Check: DESCRIPTION meta-information
Result: NOTE
    Malformed Description field: should contain one or more complete sentences.
Flavors: r-devel-linux-x86_64-debian-clang, r-devel-linux-x86_64-debian-gcc, r-devel-linux-x86_64-fedora-clang, r-devel-linux-x86_64-fedora-gcc, r-devel-osx-x86_64-clang, r-devel-windows-ix86+x86_64, r-patched-linux-x86_64, r-patched-solaris-sparc, r-patched-solaris-x86, r-release-linux-x86_64, r-release-osx-x86_64-mavericks, r-release-windows-ix86+x86_64

Version: 1.0-15.1
Check: dependencies in R code
Result: NOTE
    'library' or 'require' call to ‘scatterplot3d’ in package code.
     Please use :: or requireNamespace() instead.
     See section 'Suggested packages' in the 'Writing R Extensions' manual.
Flavors: r-devel-linux-x86_64-debian-clang, r-devel-linux-x86_64-debian-gcc, r-devel-linux-x86_64-fedora-clang, r-devel-linux-x86_64-fedora-gcc, r-devel-osx-x86_64-clang, r-devel-windows-ix86+x86_64, r-patched-linux-x86_64, r-patched-solaris-sparc, r-patched-solaris-x86, r-release-linux-x86_64, r-release-osx-x86_64-mavericks, r-release-windows-ix86+x86_64, r-oldrel-windows-ix86+x86_64

Version: 1.0-15.1
Check: R code for possible problems
Result: NOTE
    plot.nsga2: no visible global function definition for ‘plot’
    plot.nsga2: no visible global function definition for ‘lines’
    plot.nsga2: no visible global function definition for ‘pairs’
    plot.nsga2.collection: no visible global function definition for
     ‘devAskNewPage’
    plot.nsga2.collection: no visible binding for global variable ‘plot’
    Undefined global functions or variables:
     devAskNewPage lines pairs plot
    Consider adding
     importFrom("grDevices", "devAskNewPage")
     importFrom("graphics", "lines", "pairs", "plot")
    to your NAMESPACE.
Flavors: r-devel-linux-x86_64-debian-clang, r-devel-linux-x86_64-debian-gcc, r-devel-linux-x86_64-fedora-clang, r-devel-linux-x86_64-fedora-gcc, r-devel-windows-ix86+x86_64