CRAN Package Check Results for Package mco

Last updated on 2015-03-04 11:47:38.

Flavor Version Tinstall Tcheck Ttotal Status Flags
r-devel-linux-x86_64-debian-clang 1.0-15.1 1.74 17.27 19.01 NOTE
r-devel-linux-x86_64-debian-gcc 1.0-15.1 1.87 16.30 18.17 NOTE
r-devel-linux-x86_64-fedora-clang 1.0-15.1 39.87 NOTE
r-devel-linux-x86_64-fedora-gcc 1.0-15.1 36.14 NOTE
r-devel-osx-x86_64-clang 1.0-15.1 43.19 NOTE
r-devel-windows-ix86+x86_64 1.0-15.1 9.00 42.00 51.00 NOTE
r-patched-linux-x86_64 1.0-15.1 2.04 18.48 20.52 NOTE
r-patched-solaris-sparc 1.0-15.1 274.30 NOTE
r-patched-solaris-x86 1.0-15.1 60.40 NOTE
r-release-linux-ix86 1.0-15.1 2.50 29.62 32.12 OK
r-release-linux-x86_64 1.0-15.1 1.94 18.85 20.78 OK
r-release-osx-x86_64-mavericks 1.0-15.1 OK
r-release-osx-x86_64-snowleopard 1.0-15.1 OK
r-release-windows-ix86+x86_64 1.0-15.1 10.00 44.00 54.00 OK
r-oldrel-windows-ix86+x86_64 1.0-15.1 10.00 48.00 58.00 OK

Check Details

Version: 1.0-15.1
Check: DESCRIPTION meta-information
Result: NOTE
    Malformed Description field: should contain one or more complete sentences.
Flavors: r-devel-linux-x86_64-debian-clang, r-devel-linux-x86_64-debian-gcc, r-devel-linux-x86_64-fedora-clang, r-devel-linux-x86_64-fedora-gcc, r-devel-osx-x86_64-clang, r-devel-windows-ix86+x86_64

Version: 1.0-15.1
Check: dependencies in R code
Result: NOTE
    'library' or 'require' call to ā€˜scatterplot3dā€™ in package code.
     Please use :: or requireNamespace() instead.
     See section 'Suggested packages' in the 'Writing R Extensions' manual.
Flavors: r-devel-linux-x86_64-debian-clang, r-devel-linux-x86_64-debian-gcc, r-devel-linux-x86_64-fedora-clang, r-devel-linux-x86_64-fedora-gcc, r-devel-osx-x86_64-clang, r-devel-windows-ix86+x86_64, r-patched-linux-x86_64, r-patched-solaris-sparc, r-patched-solaris-x86