CRAN Package Check Results for Package mco

Last updated on 2014-08-29 05:47:23.

Flavor Version Tinstall Tcheck Ttotal Status Flags
r-devel-linux-x86_64-debian-clang 1.0.12 1.42 10.39 11.81 NOTE
r-devel-linux-x86_64-debian-gcc 1.0.12 1.83 10.25 12.08 NOTE
r-devel-linux-x86_64-fedora-clang 1.0.12 23.49 NOTE
r-devel-linux-x86_64-fedora-gcc 1.0.12 21.77 NOTE
r-devel-osx-x86_64-clang 1.0.12 26.99 NOTE
r-devel-windows-ix86+x86_64 1.0.12 10.00 22.00 32.00 NOTE
r-patched-linux-x86_64 1.0.12 1.85 10.35 12.20 OK
r-patched-solaris-sparc 1.0.12 164.60 OK
r-patched-solaris-x86 1.0.12 35.50 OK
r-release-linux-ix86 1.0.12 2.49 18.89 21.38 OK
r-release-linux-x86_64 1.0.12 1.90 10.35 12.25 OK
r-release-osx-x86_64-mavericks 1.0.12 OK
r-release-windows-ix86+x86_64 1.0.12 14.00 22.00 36.00 OK
r-oldrel-windows-ix86+x86_64 1.0.12 11.00 24.00 35.00 OK

Check Details

Version: 1.0.12
Check: R code for possible problems
Result: NOTE
    plot.nsga2: no visible global function definition for ‘scatterplot3d’
Flavors: r-devel-linux-x86_64-debian-clang, r-devel-linux-x86_64-debian-gcc, r-devel-linux-x86_64-fedora-clang, r-devel-linux-x86_64-fedora-gcc, r-devel-osx-x86_64-clang, r-devel-windows-ix86+x86_64