CRAN Package Check Results for Package mco

Last updated on 2014-09-03 08:53:33.

Flavor Version Tinstall Tcheck Ttotal Status Flags
r-devel-linux-x86_64-debian-clang 1.0.12 1.42 10.61 12.03 NOTE
r-devel-linux-x86_64-debian-gcc 1.0.12 1.91 9.91 11.82 NOTE
r-devel-linux-x86_64-fedora-clang 1.0.12 24.28 NOTE
r-devel-linux-x86_64-fedora-gcc 1.0.12 22.79 NOTE
r-devel-osx-x86_64-clang 1.0.12 26.52 NOTE
r-devel-windows-ix86+x86_64 1.0.12 9.00 23.00 32.00 NOTE
r-patched-linux-x86_64 1.0.12 2.22 10.43 12.65 OK
r-patched-solaris-sparc 1.0.12 164.60 OK
r-patched-solaris-x86 1.0.12 35.70 OK
r-release-linux-ix86 1.0.12 2.47 16.47 18.94 OK
r-release-linux-x86_64 1.0.12 1.90 10.46 12.36 OK
r-release-osx-x86_64-mavericks 1.0.12 OK
r-release-windows-ix86+x86_64 1.0.12 14.00 22.00 36.00 OK
r-oldrel-windows-ix86+x86_64 1.0.12 11.00 24.00 35.00 OK

Check Details

Version: 1.0.12
Check: R code for possible problems
Result: NOTE
    plot.nsga2: no visible global function definition for ‘scatterplot3d’
Flavors: r-devel-linux-x86_64-debian-clang, r-devel-linux-x86_64-debian-gcc, r-devel-linux-x86_64-fedora-clang, r-devel-linux-x86_64-fedora-gcc, r-devel-osx-x86_64-clang, r-devel-windows-ix86+x86_64