CRAN Package Check Results for Package mco

Last updated on 2015-04-18 23:50:14.

Flavor Version Tinstall Tcheck Ttotal Status Flags
r-devel-linux-x86_64-debian-clang 1.0-15.1 1.73 19.50 21.23 NOTE
r-devel-linux-x86_64-debian-gcc 1.0-15.1 1.95 17.53 19.48 NOTE
r-devel-linux-x86_64-fedora-clang 1.0-15.1 39.32 NOTE
r-devel-linux-x86_64-fedora-gcc 1.0-15.1 36.60 NOTE
r-devel-osx-x86_64-clang 1.0-15.1 42.34 NOTE
r-patched-linux-x86_64 1.0-15.1 1.88 17.96 19.84 NOTE
r-patched-solaris-sparc 1.0-15.1 260.00 NOTE
r-patched-solaris-x86 1.0-15.1 54.30 NOTE
r-release-linux-x86_64 1.0-15.1 1.94 17.44 19.38 NOTE
r-release-osx-x86_64-mavericks 1.0-15.1 NOTE
r-release-osx-x86_64-snowleopard 1.0-15.1 NOTE
r-release-windows-ix86+x86_64 1.0-15.1 9.00 51.00 60.00 NOTE
r-oldrel-windows-ix86+x86_64 1.0-15.1 9.00 61.00 70.00 OK

Check Details

Version: 1.0-15.1
Check: DESCRIPTION meta-information
Result: NOTE
    Malformed Description field: should contain one or more complete sentences.
Flavors: r-devel-linux-x86_64-debian-clang, r-devel-linux-x86_64-debian-gcc, r-devel-linux-x86_64-fedora-clang, r-devel-linux-x86_64-fedora-gcc, r-devel-osx-x86_64-clang, r-patched-linux-x86_64, r-patched-solaris-sparc, r-patched-solaris-x86, r-release-linux-x86_64, r-release-osx-x86_64-mavericks, r-release-osx-x86_64-snowleopard, r-release-windows-ix86+x86_64

Version: 1.0-15.1
Check: dependencies in R code
Result: NOTE
    'library' or 'require' call to ‘scatterplot3d’ in package code.
     Please use :: or requireNamespace() instead.
     See section 'Suggested packages' in the 'Writing R Extensions' manual.
Flavors: r-devel-linux-x86_64-debian-clang, r-devel-linux-x86_64-debian-gcc, r-devel-linux-x86_64-fedora-clang, r-devel-linux-x86_64-fedora-gcc, r-devel-osx-x86_64-clang, r-patched-linux-x86_64, r-patched-solaris-sparc, r-patched-solaris-x86, r-release-linux-x86_64, r-release-osx-x86_64-mavericks, r-release-osx-x86_64-snowleopard, r-release-windows-ix86+x86_64