CRAN Package Check Results for Package mco

Last updated on 2015-01-31 05:48:48.

Flavor Version Tinstall Tcheck Ttotal Status Flags
r-devel-linux-x86_64-debian-clang 1.0-15.1 1.68 17.31 18.99 NOTE
r-devel-linux-x86_64-debian-gcc 1.0-15.1 1.88 16.93 18.82 NOTE
r-devel-linux-x86_64-fedora-clang 1.0-15.1 42.00 NOTE
r-devel-linux-x86_64-fedora-gcc 1.0-15.1 39.65 NOTE
r-devel-osx-x86_64-clang 1.0-15.1 44.51 NOTE
r-devel-windows-ix86+x86_64 1.0-15.1 12.00 42.00 54.00 NOTE
r-patched-linux-x86_64 1.0-15.1 2.02 18.01 20.03 OK
r-patched-solaris-sparc 1.0-15.1 269.50 OK
r-patched-solaris-x86 1.0-15.1 59.20 OK
r-release-linux-ix86 1.0-15.1 2.48 24.85 27.34 OK
r-release-linux-x86_64 1.0-15.1 2.04 18.20 20.24 OK
r-release-osx-x86_64-mavericks 1.0-15.1 OK
r-release-osx-x86_64-snowleopard 1.0-15.1 OK
r-release-windows-ix86+x86_64 1.0-15.1 11.00 46.00 57.00 OK
r-oldrel-windows-ix86+x86_64 1.0-15.1 10.00 72.00 82.00 OK

Check Details

Version: 1.0-15.1
Check: dependencies in R code
Result: NOTE
    'library' or 'require' call to ‘scatterplot3d’ in package code.
     Please use :: or requireNamespace() instead.
     See section 'Suggested packages' in the 'Writing R Extensions' manual.
Flavors: r-devel-linux-x86_64-debian-clang, r-devel-linux-x86_64-debian-gcc, r-devel-linux-x86_64-fedora-clang, r-devel-linux-x86_64-fedora-gcc, r-devel-osx-x86_64-clang, r-devel-windows-ix86+x86_64