CRAN Package Check Results for Package mco

Last updated on 2023-06-07 17:55:42 CEST.

Flavor Version Tinstall Tcheck Ttotal Status Flags
r-devel-linux-x86_64-debian-clang 1.15.6 5.80 42.26 48.06 NOTE
r-devel-linux-x86_64-debian-gcc 1.15.6 4.13 32.11 36.24 NOTE
r-devel-linux-x86_64-fedora-clang 1.15.6 59.05 NOTE
r-devel-linux-x86_64-fedora-gcc 1.15.6 58.25 NOTE
r-devel-windows-x86_64 1.15.6 13.00 58.00 71.00 NOTE
r-patched-linux-x86_64 1.15.6 4.43 40.95 45.38 NOTE
r-release-linux-x86_64 1.15.6 4.56 41.31 45.87 NOTE
r-release-macos-arm64 1.15.6 25.00 NOTE
r-release-macos-x86_64 1.15.6 34.00 NOTE
r-release-windows-x86_64 1.15.6 9.00 57.00 66.00 NOTE
r-oldrel-macos-arm64 1.15.6 26.00 NOTE
r-oldrel-macos-x86_64 1.15.6 33.00 NOTE
r-oldrel-windows-x86_64 1.15.6 9.00 60.00 69.00 NOTE

Check Details

Version: 1.15.6
Check: LazyData
Result: NOTE
     'LazyData' is specified without a 'data' directory
Flavors: r-devel-linux-x86_64-debian-clang, r-devel-linux-x86_64-debian-gcc, r-devel-linux-x86_64-fedora-clang, r-devel-linux-x86_64-fedora-gcc, r-devel-windows-x86_64, r-patched-linux-x86_64, r-release-linux-x86_64, r-release-macos-arm64, r-release-macos-x86_64, r-release-windows-x86_64, r-oldrel-macos-arm64, r-oldrel-macos-x86_64, r-oldrel-windows-x86_64