CRAN Package Check Results for Package mco

Last updated on 2016-08-26 01:50:52.

Flavor Version Tinstall Tcheck Ttotal Status Flags
r-devel-linux-x86_64-debian-clang 1.0-15.1 3.07 16.78 19.85 NOTE
r-devel-linux-x86_64-debian-gcc 1.0-15.1 2.52 22.29 24.81 NOTE
r-devel-linux-x86_64-fedora-clang 1.0-15.1 35.79 NOTE
r-devel-linux-x86_64-fedora-gcc 1.0-15.1 33.02 NOTE
r-devel-osx-x86_64-clang 1.0-15.1 29.38 NOTE
r-devel-windows-ix86+x86_64 1.0-15.1 42.00 52.00 94.00 NOTE
r-patched-linux-x86_64 1.0-15.1 1.97 17.39 19.35 NOTE
r-patched-solaris-sparc 1.0-15.1 229.50 NOTE
r-patched-solaris-x86 1.0-15.1 48.20 NOTE
r-release-linux-x86_64 1.0-15.1 2.01 17.46 19.47 NOTE
r-release-osx-x86_64-mavericks 1.0-15.1 NOTE
r-release-windows-ix86+x86_64 1.0-15.1 9.00 48.00 57.00 NOTE
r-oldrel-windows-ix86+x86_64 1.0-15.1 12.00 72.00 84.00 NOTE

Check Details

Version: 1.0-15.1
Check: DESCRIPTION meta-information
Result: NOTE
    Malformed Description field: should contain one or more complete sentences.
Flavors: r-devel-linux-x86_64-debian-clang, r-devel-linux-x86_64-debian-gcc, r-devel-linux-x86_64-fedora-clang, r-devel-linux-x86_64-fedora-gcc, r-devel-osx-x86_64-clang, r-devel-windows-ix86+x86_64, r-patched-linux-x86_64, r-patched-solaris-sparc, r-patched-solaris-x86, r-release-linux-x86_64, r-release-osx-x86_64-mavericks, r-release-windows-ix86+x86_64, r-oldrel-windows-ix86+x86_64

Version: 1.0-15.1
Check: dependencies in R code
Result: NOTE
    'library' or 'require' call to ‘scatterplot3d’ in package code.
     Please use :: or requireNamespace() instead.
     See section 'Suggested packages' in the 'Writing R Extensions' manual.
Flavors: r-devel-linux-x86_64-debian-clang, r-devel-linux-x86_64-debian-gcc, r-devel-linux-x86_64-fedora-clang, r-devel-linux-x86_64-fedora-gcc, r-devel-osx-x86_64-clang, r-devel-windows-ix86+x86_64, r-patched-linux-x86_64, r-patched-solaris-sparc, r-patched-solaris-x86, r-release-linux-x86_64, r-release-osx-x86_64-mavericks, r-release-windows-ix86+x86_64, r-oldrel-windows-ix86+x86_64

Version: 1.0-15.1
Check: R code for possible problems
Result: NOTE
    plot.nsga2: no visible global function definition for ‘plot’
    plot.nsga2: no visible global function definition for ‘lines’
    plot.nsga2: no visible global function definition for ‘pairs’
    plot.nsga2.collection: no visible global function definition for
     ‘devAskNewPage’
    plot.nsga2.collection: no visible binding for global variable ‘plot’
    Undefined global functions or variables:
     devAskNewPage lines pairs plot
    Consider adding
     importFrom("grDevices", "devAskNewPage")
     importFrom("graphics", "lines", "pairs", "plot")
    to your NAMESPACE file.
Flavors: r-devel-linux-x86_64-debian-clang, r-devel-linux-x86_64-debian-gcc, r-devel-linux-x86_64-fedora-clang, r-devel-linux-x86_64-fedora-gcc, r-devel-osx-x86_64-clang, r-devel-windows-ix86+x86_64, r-patched-linux-x86_64, r-patched-solaris-sparc, r-patched-solaris-x86, r-release-linux-x86_64, r-release-osx-x86_64-mavericks, r-release-windows-ix86+x86_64