CRAN Package Check Results for Package mco

Last updated on 2015-07-04 09:48:04.

Flavor Version Tinstall Tcheck Ttotal Status Flags
r-devel-linux-x86_64-debian-clang 1.0-15.1 1.68 17.47 19.15 NOTE
r-devel-linux-x86_64-debian-gcc 1.0-15.1 1.92 16.55 18.47 NOTE
r-devel-linux-x86_64-fedora-clang 1.0-15.1 37.23 NOTE
r-devel-linux-x86_64-fedora-gcc 1.0-15.1 34.86 NOTE
r-devel-osx-x86_64-clang 1.0-15.1 36.71 NOTE
r-devel-windows-ix86+x86_64 1.0-15.1 16.00 54.00 70.00 NOTE
r-patched-linux-x86_64 1.0-15.1 1.92 17.01 18.93 NOTE
r-patched-solaris-sparc 1.0-15.1 278.00 NOTE
r-patched-solaris-x86 1.0-15.1 55.50 NOTE
r-release-linux-x86_64 1.0-15.1 1.91 16.58 18.49 NOTE
r-release-osx-x86_64-mavericks 1.0-15.1 NOTE
r-release-windows-ix86+x86_64 1.0-15.1 17.00 65.00 82.00 NOTE
r-oldrel-windows-ix86+x86_64 1.0-15.1 14.00 66.00 80.00 NOTE

Check Details

Version: 1.0-15.1
Check: DESCRIPTION meta-information
Result: NOTE
    Malformed Description field: should contain one or more complete sentences.
Flavors: r-devel-linux-x86_64-debian-clang, r-devel-linux-x86_64-debian-gcc, r-devel-linux-x86_64-fedora-clang, r-devel-linux-x86_64-fedora-gcc, r-devel-osx-x86_64-clang, r-devel-windows-ix86+x86_64, r-patched-linux-x86_64, r-patched-solaris-sparc, r-patched-solaris-x86, r-release-linux-x86_64, r-release-osx-x86_64-mavericks, r-release-windows-ix86+x86_64

Version: 1.0-15.1
Check: dependencies in R code
Result: NOTE
    'library' or 'require' call to ‘scatterplot3d’ in package code.
     Please use :: or requireNamespace() instead.
     See section 'Suggested packages' in the 'Writing R Extensions' manual.
Flavors: r-devel-linux-x86_64-debian-clang, r-devel-linux-x86_64-debian-gcc, r-devel-linux-x86_64-fedora-clang, r-devel-linux-x86_64-fedora-gcc, r-devel-osx-x86_64-clang, r-devel-windows-ix86+x86_64, r-patched-linux-x86_64, r-patched-solaris-sparc, r-patched-solaris-x86, r-release-linux-x86_64, r-release-osx-x86_64-mavericks, r-release-windows-ix86+x86_64, r-oldrel-windows-ix86+x86_64

Version: 1.0-15.1
Check: R code for possible problems
Result: NOTE
    plot.nsga2: no visible global function definition for ‘plot’
    plot.nsga2: no visible global function definition for ‘lines’
    plot.nsga2: no visible global function definition for ‘pairs’
    plot.nsga2.collection: no visible global function definition for
     ‘devAskNewPage’
    plot.nsga2.collection: no visible binding for global variable ‘plot’
    Undefined global functions or variables:
     devAskNewPage lines pairs plot
Flavors: r-devel-linux-x86_64-debian-clang, r-devel-linux-x86_64-debian-gcc, r-devel-linux-x86_64-fedora-clang, r-devel-linux-x86_64-fedora-gcc, r-devel-windows-ix86+x86_64