CRAN Package Check Results for Package mco

Last updated on 2015-05-23 06:46:48.

Flavor Version Tinstall Tcheck Ttotal Status Flags
r-devel-linux-x86_64-debian-clang 1.0-15.1 1.71 17.38 19.08 NOTE
r-devel-linux-x86_64-debian-gcc 1.0-15.1 1.91 17.10 19.01 NOTE
r-devel-linux-x86_64-fedora-clang 1.0-15.1 39.38 NOTE
r-devel-linux-x86_64-fedora-gcc 1.0-15.1 36.20 NOTE
r-devel-osx-x86_64-clang 1.0-15.1 43.23 NOTE
r-devel-windows-ix86+x86_64 1.0-15.1 10.00 44.00 54.00 NOTE
r-patched-linux-x86_64 1.0-15.1 1.90 16.79 18.69 NOTE
r-patched-solaris-sparc 1.0-15.1 278.00 NOTE
r-patched-solaris-x86 1.0-15.1 56.00 NOTE
r-release-linux-x86_64 1.0-15.1 1.95 17.20 19.15 NOTE
r-release-osx-x86_64-mavericks 1.0-15.1 NOTE
r-release-osx-x86_64-snowleopard 1.0-15.1 NOTE
r-release-windows-ix86+x86_64 1.0-15.1 12.00 44.00 56.00 NOTE
r-oldrel-windows-ix86+x86_64 1.0-15.1 10.00 43.00 53.00 NOTE

Check Details

Version: 1.0-15.1
Check: DESCRIPTION meta-information
Result: NOTE
    Malformed Description field: should contain one or more complete sentences.
Flavors: r-devel-linux-x86_64-debian-clang, r-devel-linux-x86_64-debian-gcc, r-devel-linux-x86_64-fedora-clang, r-devel-linux-x86_64-fedora-gcc, r-devel-osx-x86_64-clang, r-devel-windows-ix86+x86_64, r-patched-linux-x86_64, r-patched-solaris-sparc, r-patched-solaris-x86, r-release-linux-x86_64, r-release-osx-x86_64-mavericks, r-release-osx-x86_64-snowleopard, r-release-windows-ix86+x86_64

Version: 1.0-15.1
Check: dependencies in R code
Result: NOTE
    'library' or 'require' call to ‘scatterplot3d’ in package code.
     Please use :: or requireNamespace() instead.
     See section 'Suggested packages' in the 'Writing R Extensions' manual.
Flavors: r-devel-linux-x86_64-debian-clang, r-devel-linux-x86_64-debian-gcc, r-devel-linux-x86_64-fedora-clang, r-devel-linux-x86_64-fedora-gcc, r-devel-osx-x86_64-clang, r-devel-windows-ix86+x86_64, r-patched-linux-x86_64, r-patched-solaris-sparc, r-patched-solaris-x86, r-release-linux-x86_64, r-release-osx-x86_64-mavericks, r-release-osx-x86_64-snowleopard, r-release-windows-ix86+x86_64, r-oldrel-windows-ix86+x86_64