CRAN Package Check Results for Package mcprofile

Last updated on 2015-05-22 09:47:38.

Flavor Version Tinstall Tcheck Ttotal Status Flags
r-devel-linux-x86_64-debian-clang 0.2-1 1.50 31.00 32.51 OK
r-devel-linux-x86_64-debian-gcc 0.2-1 1.30 30.81 32.11 OK
r-devel-linux-x86_64-fedora-clang 0.2-1 63.30 OK
r-devel-linux-x86_64-fedora-gcc 0.2-1 59.84 OK
r-devel-osx-x86_64-clang 0.2-1 60.43 OK
r-devel-windows-ix86+x86_64 0.2-1 6.00 47.00 53.00 OK
r-patched-linux-x86_64 0.2-1 1.16 29.74 30.90 OK
r-patched-solaris-sparc 0.2-1 482.00 OK
r-patched-solaris-x86 0.2-1 86.40 OK
r-release-linux-x86_64 0.2-1 1.17 30.80 31.98 OK
r-release-osx-x86_64-mavericks 0.2-1 NOTE
r-release-osx-x86_64-snowleopard 0.2-1 ERROR
r-release-windows-ix86+x86_64 0.2-1 5.00 48.00 53.00 OK
r-oldrel-windows-ix86+x86_64 0.2-1 10.00 70.00 80.00 OK

Check Details

Version: 0.2-1
Check: re-building of vignette outputs
Result: NOTE
    Error in re-building vignettes:
     ...
     Removed 5 rows containing missing values (geom_point).
    Warning in loop_apply(n, do.ply) :
     Removed 5 rows containing missing values (geom_point).
    Warning in loop_apply(n, do.ply) :
     Removed 5 rows containing missing values (geom_point).
    Warning in loop_apply(n, do.ply) :
     Removed 5 rows containing missing values (geom_point).
    Warning in loop_apply(n, do.ply) :
     Removed 50 rows containing missing values (geom_path).
    Warning in loop_apply(n, do.ply) :
     Removed 50 rows containing missing values (geom_path).
    Warning in loop_apply(n, do.ply) :
     Removed 50 rows containing missing values (geom_path).
    Warning in loop_apply(n, do.ply) :
     Removed 50 rows containing missing values (geom_path).
    Warning in loop_apply(n, do.ply) :
     Removed 50 rows containing missing values (geom_path).
    Warning in loop_apply(n, do.ply) :
     Removed 50 rows containing missing values (geom_path).
    Warning in loop_apply(n, do.ply) :
     Removed 50 rows containing missing values (geom_path).
    Quitting from lines 228-230 (mcprofile.Rmd)
    Error: processing vignette 'mcprofile.Rmd' failed with diagnostics:
    unimplemented type (11) in 'duplicate'
    Execution halted
Flavor: r-release-osx-x86_64-mavericks

Version: 0.2-1
Check: package dependencies
Result: ERROR
    Package required but not available: ‘ggplot2’
    
    Packages suggested but not available for checking: ‘knitr’ ‘multcomp’
    
    VignetteBuilder package required for checking but not installed: ‘knitr’
    
    See section ‘The DESCRIPTION file’ in the ‘Writing R Extensions’
    manual.
Flavor: r-release-osx-x86_64-snowleopard