CRAN Package Check Results for Package mcprofile

Last updated on 2016-08-27 06:47:39.

Flavor Version Tinstall Tcheck Ttotal Status Flags
r-devel-linux-x86_64-debian-clang 0.2-1 1.45 36.97 38.42 NOTE
r-devel-linux-x86_64-debian-gcc 0.2-1 1.34 47.73 49.07 NOTE
r-devel-linux-x86_64-fedora-clang 0.2-1 68.88 NOTE
r-devel-linux-x86_64-fedora-gcc 0.2-1 65.19 NOTE
r-devel-osx-x86_64-clang 0.2-1 55.14 NOTE
r-devel-windows-ix86+x86_64 0.2-1 5.00 61.00 66.00 NOTE
r-patched-linux-x86_64 0.2-1 1.02 36.29 37.31 NOTE
r-patched-solaris-sparc 0.2-1 389.10 NOTE
r-patched-solaris-x86 0.2-1 84.40 NOTE
r-release-linux-x86_64 0.2-1 1.20 36.28 37.47 NOTE
r-release-osx-x86_64-mavericks 0.2-1 NOTE
r-release-windows-ix86+x86_64 0.2-1 6.00 68.00 74.00 NOTE
r-oldrel-windows-ix86+x86_64 0.2-1 4.00 68.00 72.00 OK

Check Details

Version: 0.2-1
Check: R code for possible problems
Result: NOTE
    confint.mcprofile : <anonymous>: no visible global function definition
     for ‘na.omit’
    confint.mcprofile: no visible global function definition for ‘qnorm’
    confint.mcprofile: no visible global function definition for ‘qt’
    confint.mcprofile: no visible global function definition for ‘vcov’
    confint.mcprofile : <anonymous> : pfun: no visible global function
     definition for ‘predict’
    confint.mcprofile : <anonymous>: no visible global function definition
     for ‘uniroot’
    confint.mcprofile : <anonymous>: no visible global function definition
     for ‘predict’
    confint.mcprofile: no visible global function definition for
     ‘coefficients’
    constructGrid: no visible global function definition for ‘coefficients’
    constructGrid: no visible global function definition for ‘vcov’
    constructGrid: no visible global function definition for ‘qf’
    constructGrid: no visible global function definition for ‘qchisq’
    detvarorglm: no visible global function definition for ‘lm’
    hoa : <anonymous>: no visible global function definition for ‘na.omit’
    hoa : <anonymous> : pfun: no visible global function definition for
     ‘predict’
    hoa : <anonymous>: no visible global function definition for ‘uniroot’
    hoa : <anonymous>: no visible global function definition for ‘predict’
    mcprofile.glm: no visible global function definition for ‘coefficients’
    mcprofile.glm: no visible global function definition for ‘family’
    mcprofile.glm : <anonymous>: no visible global function definition for
     ‘na.omit’
    mcprofile.glm: no visible global function definition for ‘model.frame’
    mcprofile.glm: no visible global function definition for
     ‘model.response’
    mcprofile.glm: no visible global function definition for ‘model.offset’
    mcprofile.glm: no visible global function definition for
     ‘model.weights’
    mcprofile.glm: no visible global function definition for ‘model.matrix’
    mcprofile.glm: no visible global function definition for ‘df.residual’
    orglm.fit: no visible global function definition for ‘gaussian’
    orglm.fit : orr: no visible global function definition for ‘lm.fit’
    orglm.fit : orr: no visible global function definition for
     ‘coefficients’
    plot.mcprofile : <anonymous>: no visible global function definition for
     ‘na.omit’
    plot.mcprofile : <anonymous>: no visible global function definition for
     ‘predict’
    print.mcpSummary: no visible global function definition for
     ‘printCoefmat’
    print.mcprofile: no visible global function definition for
     ‘coefficients’
    print.mcprofile: no visible global function definition for ‘vcov’
    summary.mcprofile: no visible global function definition for
     ‘coefficients’
    summary.mcprofile : <anonymous>: no visible global function definition
     for ‘na.omit’
    summary.mcprofile : ptest: no visible global function definition for
     ‘predict’
    summary.mcprofile: no visible global function definition for ‘pnorm’
    summary.mcprofile: no visible global function definition for ‘pt’
    summary.mcprofile: no visible global function definition for ‘p.adjust’
    summary.mcprofile: no visible global function definition for ‘vcov’
    wald: no visible global function definition for ‘coefficients’
    wald: no visible global function definition for ‘vcov’
    Undefined global functions or variables:
     coefficients df.residual family gaussian lm lm.fit model.frame
     model.matrix model.offset model.response model.weights na.omit
     p.adjust pnorm predict printCoefmat pt qchisq qf qnorm qt uniroot
     vcov
    Consider adding
     importFrom("stats", "coefficients", "df.residual", "family",
     "gaussian", "lm", "lm.fit", "model.frame", "model.matrix",
     "model.offset", "model.response", "model.weights",
     "na.omit", "p.adjust", "pnorm", "predict", "printCoefmat",
     "pt", "qchisq", "qf", "qnorm", "qt", "uniroot", "vcov")
    to your NAMESPACE file.
Flavors: r-devel-linux-x86_64-debian-clang, r-devel-linux-x86_64-debian-gcc, r-devel-linux-x86_64-fedora-clang, r-devel-linux-x86_64-fedora-gcc, r-devel-osx-x86_64-clang, r-devel-windows-ix86+x86_64, r-patched-linux-x86_64, r-patched-solaris-sparc, r-patched-solaris-x86, r-release-linux-x86_64, r-release-osx-x86_64-mavericks, r-release-windows-ix86+x86_64