CRAN Package Check Results for Package mcprofile

Last updated on 2015-03-30 12:47:47.

Flavor Version Tinstall Tcheck Ttotal Status Flags
r-devel-linux-x86_64-debian-clang 0.2-1 1.15 37.02 38.17 OK
r-devel-linux-x86_64-debian-gcc 0.2-1 1.41 35.85 37.26 OK
r-devel-linux-x86_64-fedora-clang 0.2-1 39.71 OK
r-devel-linux-x86_64-fedora-gcc 0.2-1 79.12 OK
r-devel-osx-x86_64-clang 0.2-1 71.55 OK
r-prerel-windows-ix86+x86_64 0.2-1 5.00 53.00 58.00 OK
r-prerel-linux-x86_64 0.2-1 1.12 36.14 37.27 OK
r-prerel-solaris-sparc 0.2-1 482.00 OK
r-prerel-solaris-x86 0.2-1 95.00 OK
r-release-linux-x86_64 0.2-1 1.90 40.28 42.17 NOTE
r-release-osx-x86_64-mavericks 0.2-1 OK
r-release-osx-x86_64-snowleopard 0.2-1 OK
r-release-windows-ix86+x86_64 0.2-1 10.00 72.00 82.00 OK
r-oldrel-windows-ix86+x86_64 0.2-1 9.00 75.00 84.00 OK

Check Details

Version: 0.2-1
Check: re-building of vignette outputs
Result: NOTE
    Error in re-building vignettes:
     ...
     Removed 43 rows containing missing values (geom_path).
    Warning in loop_apply(n, do.ply) :
     Removed 45 rows containing missing values (geom_path).
    Warning in loop_apply(n, do.ply) :
     Removed 46 rows containing missing values (geom_path).
    Warning in loop_apply(n, do.ply) :
     Removed 46 rows containing missing values (geom_path).
    Warning in loop_apply(n, do.ply) :
     Removed 2 rows containing missing values (geom_point).
    Warning in loop_apply(n, do.ply) :
     Removed 1 rows containing missing values (geom_point).
    Warning in loop_apply(n, do.ply) :
     Removed 4 rows containing missing values (geom_point).
    Warning in loop_apply(n, do.ply) :
     Removed 5 rows containing missing values (geom_point).
    Warning in loop_apply(n, do.ply) :
     Removed 5 rows containing missing values (geom_point).
    Warning in loop_apply(n, do.ply) :
     Removed 5 rows containing missing values (geom_point).
    Warning in loop_apply(n, do.ply) :
     Removed 5 rows containing missing values (geom_point).
    Quitting from lines 173-174 (mcprofile.Rmd)
    Error: processing vignette ‘mcprofile.Rmd’ failed with diagnostics:
    value of 'SET_ATTRIB' must be a pairlist or NULL, not a 'character'
    Execution halted
Flavor: r-release-linux-x86_64