CRAN Package Check Results for Package mcprofile

Last updated on 2015-06-30 09:46:59.

Flavor Version Tinstall Tcheck Ttotal Status Flags
r-devel-linux-x86_64-debian-clang 0.2-1 1.17 29.87 31.04 NOTE
r-devel-linux-x86_64-debian-gcc 0.2-1 1.15 29.56 30.71 NOTE
r-devel-linux-x86_64-fedora-clang 0.2-1 62.33 OK
r-devel-linux-x86_64-fedora-gcc 0.2-1 60.64 OK
r-devel-osx-x86_64-clang 0.2-1 64.00 OK
r-devel-windows-ix86+x86_64 0.2-1 5.00 48.00 53.00 NOTE
r-patched-linux-x86_64 0.2-1 1.48 31.16 32.63 OK
r-patched-solaris-sparc 0.2-1 399.20 OK
r-patched-solaris-x86 0.2-1 86.80 OK
r-release-linux-x86_64 0.2-1 1.17 30.37 31.54 OK
r-release-osx-x86_64-mavericks 0.2-1 NOTE
r-release-windows-ix86+x86_64 0.2-1 7.00 51.00 58.00 OK
r-oldrel-windows-ix86+x86_64 0.2-1 10.00 76.00 86.00 OK

Check Details

Version: 0.2-1
Check: R code for possible problems
Result: NOTE
    confint.mcprofile : <anonymous>: no visible global function definition
     for ‘na.omit’
    confint.mcprofile: no visible global function definition for ‘qnorm’
    confint.mcprofile: no visible global function definition for ‘qt’
    confint.mcprofile: no visible global function definition for ‘vcov’
    confint.mcprofile : <anonymous> : pfun: no visible global function
     definition for ‘predict’
    confint.mcprofile : <anonymous>: no visible global function definition
     for ‘uniroot’
    confint.mcprofile : <anonymous>: no visible global function definition
     for ‘predict’
    confint.mcprofile: no visible global function definition for
     ‘coefficients’
    constructGrid: no visible global function definition for ‘coefficients’
    constructGrid: no visible global function definition for ‘vcov’
    constructGrid: no visible global function definition for ‘qf’
    constructGrid: no visible global function definition for ‘qchisq’
    detvarorglm: no visible global function definition for ‘lm’
    hoa : <anonymous>: no visible global function definition for ‘na.omit’
    hoa : <anonymous> : pfun: no visible global function definition for
     ‘predict’
    hoa : <anonymous>: no visible global function definition for ‘uniroot’
    hoa : <anonymous>: no visible global function definition for ‘predict’
    mcprofile.glm: no visible global function definition for ‘coefficients’
    mcprofile.glm: no visible global function definition for ‘family’
    mcprofile.glm : <anonymous>: no visible global function definition for
     ‘na.omit’
    mcprofile.glm: no visible global function definition for ‘model.frame’
    mcprofile.glm: no visible global function definition for
     ‘model.response’
    mcprofile.glm: no visible global function definition for ‘model.offset’
    mcprofile.glm: no visible global function definition for
     ‘model.weights’
    mcprofile.glm: no visible global function definition for ‘model.matrix’
    mcprofile.glm: no visible global function definition for ‘df.residual’
    orglm.fit: Error while checking: invalid ‘envir’ argument
    plot.mcprofile : <anonymous>: no visible global function definition for
     ‘na.omit’
    plot.mcprofile : <anonymous>: no visible global function definition for
     ‘predict’
    print.mcpSummary: no visible global function definition for
     ‘printCoefmat’
    print.mcprofile: no visible global function definition for
     ‘coefficients’
    print.mcprofile: no visible global function definition for ‘vcov’
    summary.mcprofile: no visible global function definition for
     ‘coefficients’
    summary.mcprofile : <anonymous>: no visible global function definition
     for ‘na.omit’
    summary.mcprofile : ptest: no visible global function definition for
     ‘predict’
    summary.mcprofile: no visible global function definition for ‘pnorm’
    summary.mcprofile: no visible global function definition for ‘pt’
    summary.mcprofile: no visible global function definition for ‘p.adjust’
    summary.mcprofile: no visible global function definition for ‘vcov’
    wald: no visible global function definition for ‘coefficients’
    wald: no visible global function definition for ‘vcov’
Flavors: r-devel-linux-x86_64-debian-clang, r-devel-linux-x86_64-debian-gcc, r-devel-windows-ix86+x86_64

Version: 0.2-1
Check: re-building of vignette outputs
Result: NOTE
    Error in re-building vignettes:
     ...
     Removed 5 rows containing missing values (geom_point).
    Warning in loop_apply(n, do.ply) :
     Removed 5 rows containing missing values (geom_point).
    Warning in loop_apply(n, do.ply) :
     Removed 5 rows containing missing values (geom_point).
    Warning in loop_apply(n, do.ply) :
     Removed 5 rows containing missing values (geom_point).
    Warning in loop_apply(n, do.ply) :
     Removed 50 rows containing missing values (geom_path).
    Warning in loop_apply(n, do.ply) :
     Removed 50 rows containing missing values (geom_path).
    Warning in loop_apply(n, do.ply) :
     Removed 50 rows containing missing values (geom_path).
    Warning in loop_apply(n, do.ply) :
     Removed 50 rows containing missing values (geom_path).
    Warning in loop_apply(n, do.ply) :
     Removed 50 rows containing missing values (geom_path).
    Warning in loop_apply(n, do.ply) :
     Removed 50 rows containing missing values (geom_path).
    Warning in loop_apply(n, do.ply) :
     Removed 50 rows containing missing values (geom_path).
    Quitting from lines 228-230 (mcprofile.Rmd)
    Error: processing vignette 'mcprofile.Rmd' failed with diagnostics:
    unimplemented type (11) in 'duplicate'
    Execution halted
Flavor: r-release-osx-x86_64-mavericks