CRAN Package Check Results for Package mdapack

Last updated on 2021-11-27 13:55:15 CET.

Flavor Version Tinstall Tcheck Ttotal Status Flags
r-devel-linux-x86_64-debian-clang 0.0.2 NOTE
r-devel-linux-x86_64-debian-gcc 0.0.2 2.14 26.73 28.87 NOTE
r-devel-linux-x86_64-fedora-clang 0.0.2 57.45 NOTE
r-devel-linux-x86_64-fedora-gcc 0.0.2 45.66 NOTE
r-devel-windows-x86_64-new-UL 0.0.2 11.00 76.00 87.00 NOTE
r-devel-windows-x86_64-new-TK 0.0.2 NOTE
r-devel-windows-x86_64-old 0.0.2 6.00 52.00 58.00 NOTE
r-patched-linux-x86_64 0.0.2 2.87 31.74 34.61 NOTE
r-patched-solaris-x86 0.0.2 67.60 NOTE
r-release-linux-x86_64 0.0.2 NOTE
r-release-macos-arm64 0.0.2 NOTE
r-release-macos-x86_64 0.0.2 NOTE
r-release-windows-ix86+x86_64 0.0.2 9.00 56.00 65.00 NOTE
r-oldrel-macos-x86_64 0.0.2 NOTE
r-oldrel-windows-ix86+x86_64 0.0.2 9.00 55.00 64.00 OK

Check Details

Version: 0.0.2
Check: LazyData
Result: NOTE
     'LazyData' is specified without a 'data' directory
Flavors: r-devel-linux-x86_64-debian-clang, r-devel-linux-x86_64-debian-gcc, r-devel-linux-x86_64-fedora-clang, r-devel-linux-x86_64-fedora-gcc, r-devel-windows-x86_64-new-UL, r-devel-windows-x86_64-new-TK, r-devel-windows-x86_64-old, r-patched-linux-x86_64, r-patched-solaris-x86, r-release-linux-x86_64, r-release-macos-arm64, r-release-macos-x86_64, r-release-windows-ix86+x86_64

Version: 0.0.2
Check: dependencies in R code
Result: NOTE
    Namespaces in Imports field not imported from:
     ‘FactoMineR’ ‘covr’ ‘curl’ ‘devtools’ ‘gh’ ‘git2r’ ‘grDevices’ ‘httr’
     ‘knitr’ ‘openssl’ ‘pkgbuild’ ‘rlang’ ‘rmarkdown’ ‘roxygen2’
     ‘spelling’ ‘testthat’ ‘utils’
     All declared Imports should be used.
Flavors: r-devel-linux-x86_64-fedora-clang, r-devel-linux-x86_64-fedora-gcc, r-devel-windows-x86_64-new-TK, r-patched-solaris-x86, r-release-macos-arm64, r-release-macos-x86_64, r-oldrel-macos-x86_64