CRAN Package Check Results for Package mdw

Last updated on 2020-11-25 03:51:44 CET.

Flavor Version Tinstall Tcheck Ttotal Status Flags
r-devel-linux-x86_64-debian-clang 2020.6-17 9.49 71.95 81.44 OK
r-devel-linux-x86_64-debian-gcc 2020.6-17 7.13 54.11 61.24 OK
r-devel-linux-x86_64-fedora-clang 2020.6-17 98.39 OK
r-devel-linux-x86_64-fedora-gcc 2020.6-17 89.90 OK
r-devel-windows-ix86+x86_64 2020.6-17 16.00 104.00 120.00 OK
r-patched-linux-x86_64 2020.6-17 8.53 65.04 73.57 OK
r-patched-solaris-x86 2020.6-17 130.10 NOTE
r-release-linux-x86_64 2020.6-17 7.67 65.28 72.95 OK
r-release-macos-x86_64 2020.6-17 OK
r-release-windows-ix86+x86_64 2020.6-17 17.00 79.00 96.00 OK
r-oldrel-macos-x86_64 2020.6-17 OK
r-oldrel-windows-ix86+x86_64 2020.6-17 13.00 87.00 100.00 OK

Check Details

Version: 2020.6-17
Check: package dependencies
Result: NOTE
    Package suggested but not available for checking: ‘Rmosek’
Flavor: r-patched-solaris-x86