CRAN Package Check Results for Package meboot

Last updated on 2016-02-13 15:47:21.

Flavor Version Tinstall Tcheck Ttotal Status Flags
r-devel-linux-x86_64-debian-gcc 1.4-6 4.05 44.61 48.65 NOTE
r-devel-linux-x86_64-fedora-clang 1.4-6 94.57 NOTE
r-devel-linux-x86_64-fedora-gcc 1.4-6 91.23 NOTE
r-devel-osx-x86_64-clang 1.4-6 96.45 NOTE
r-devel-windows-ix86+x86_64 1.4-6 20.00 93.00 113.00 NOTE
r-patched-linux-x86_64 1.4-6 4.72 47.05 51.76 OK
r-patched-solaris-sparc 1.4-6 586.80 OK
r-patched-solaris-x86 1.4-6 129.70 OK
r-release-linux-x86_64 1.4-6 4.71 47.31 52.02 OK
r-release-osx-x86_64-mavericks 1.4-6 ERROR
r-release-windows-ix86+x86_64 1.4-6 20.00 94.00 114.00 OK
r-oldrel-windows-ix86+x86_64 1.4-6 32.00 171.00 203.00 ERROR

Check Details

Version: 1.4-6
Check: R code for possible problems
Result: NOTE
    checkConv: no visible global function definition for ‘lm’
    checkConv: no visible global function definition for ‘coef’
    checkConv: no visible global function definition for ‘sd’
    checkConv: no visible global function definition for ‘resid’
    checkConv: no visible global function definition for ‘rnorm’
    expand.sd: no visible global function definition for ‘sd’
    expand.sd: no visible binding for global variable ‘sd’
    expand.sd: no visible global function definition for ‘runif’
    expand.sd: no visible global function definition for ‘is.ts’
    expand.sd: no visible global function definition for ‘ts’
    expand.sd: no visible global function definition for ‘frequency’
    expand.sd: no visible global function definition for ‘start’
    flexMeboot: no visible global function definition for ‘lm’
    flexMeboot: no visible global function definition for ‘coef’
    flexMeboot: no visible global function definition for ‘resid’
    force.clt: no visible global function definition for ‘sd’
    force.clt: no visible binding for global variable ‘sd’
    force.clt: no visible global function definition for ‘qnorm’
    force.clt: no visible global function definition for ‘is.ts’
    force.clt: no visible global function definition for ‘ts’
    force.clt: no visible global function definition for ‘frequency’
    force.clt: no visible global function definition for ‘start’
    meboot: no visible global function definition for ‘embed’
    meboot: no visible global function definition for ‘sd’
    meboot: no visible global function definition for ‘is.ts’
    meboot: no visible global function definition for ‘ts’
    meboot: no visible global function definition for ‘frequency’
    meboot: no visible global function definition for ‘start’
    meboot.part: no visible global function definition for ‘runif’
    meboot.part: no visible global function definition for ‘approx’
    null.ci: no visible global function definition for ‘quantile’
    olsHALL.b: no visible global function definition for ‘lm.fit’
    Undefined global functions or variables:
     approx coef embed frequency is.ts lm lm.fit qnorm quantile resid
     rnorm runif sd start ts
    Consider adding
     importFrom("stats", "approx", "coef", "embed", "frequency", "is.ts",
     "lm", "lm.fit", "qnorm", "quantile", "resid", "rnorm",
     "runif", "sd", "start", "ts")
    to your NAMESPACE file.
Flavors: r-devel-linux-x86_64-debian-gcc, r-devel-linux-x86_64-fedora-clang, r-devel-linux-x86_64-fedora-gcc, r-devel-osx-x86_64-clang, r-devel-windows-ix86+x86_64

Version: 1.4-6
Check: examples
Result: ERROR
    Running examples in ‘meboot-Ex.R’ failed
    The error most likely occurred in:
    
    > ### Name: checkConv
    > ### Title: Check Convergence
    > ### Aliases: checkConv
    > ### Keywords: ts
    >
    > ### ** Examples
    >
    > ## Not run:
    > library("ConvergenceConcepts")
    Loading required package: tcltk
    Loading required package: tkrplot
    
     *** caught segfault ***
    address 0x998, cause 'memory not mapped'
    
    Traceback:
     1: structure(.External(.C_dotTclObjv, objv), class = "tclObj")
     2: .Tcl.objv(.Tcl.args.objv(...))
     3: tcl("load", file, "Rplot")
     4: doTryCatch(return(expr), name, parentenv, handler)
     5: tryCatchOne(expr, names, parentenv, handlers[[1L]])
     6: tryCatchList(expr, classes, parentenv, handlers)
     7: tryCatch(tcl("load", file, "Rplot"), error = function(e) warning("loading Rplot failed", call. = FALSE))
     8: fun(libname, pkgname)
     9: doTryCatch(return(expr), name, parentenv, handler)
    10: tryCatchOne(expr, names, parentenv, handlers[[1L]])
    11: tryCatchList(expr, classes, parentenv, handlers)
    12: tryCatch(fun(libname, pkgname), error = identity)
    13: runHook(".onLoad", env, package.lib, package)
    14: loadNamespace(package, c(which.lib.loc, lib.loc))
    15: doTryCatch(return(expr), name, parentenv, handler)
    16: tryCatchOne(expr, names, parentenv, handlers[[1L]])
    17: tryCatchList(expr, classes, parentenv, handlers)
    18: tryCatch(expr, error = function(e) { call <- conditionCall(e) if (!is.null(call)) { if (identical(call[[1L]], quote(doTryCatch))) call <- sys.call(-4L) dcall <- deparse(call)[1L] prefix <- paste("Error in", dcall, ": ") LONG <- 75L msg <- conditionMessage(e) sm <- strsplit(msg, "\n")[[1L]] w <- 14L + nchar(dcall, type = "w") + nchar(sm[1L], type = "w") if (is.na(w)) w <- 14L + nchar(dcall, type = "b") + nchar(sm[1L], type = "b") if (w > LONG) prefix <- paste0(prefix, "\n ") } else prefix <- "Error : " msg <- paste0(prefix, conditionMessage(e), "\n") .Internal(seterrmessage(msg[1L])) if (!silent && identical(getOption("show.error.messages"), TRUE)) { cat(msg, file = stderr()) .Internal(printDeferredWarnings()) } invisible(structure(msg, class = "try-error", condition = e))})
    19: try({ ns <- loadNamespace(package, c(which.lib.loc, lib.loc)) env <- attachNamespace(ns, pos = pos, deps)})
    20: library(pkg, character.only = TRUE, logical.return = TRUE, lib.loc = lib.loc, quietly = quietly)
    21: .getRequiredPackages2(pkgInfo, quietly = quietly)
    22: library("ConvergenceConcepts")
    aborting ...
Flavor: r-release-osx-x86_64-mavericks

Version: 1.4-6
Check: loading without being on the library search path
Result: WARN
    Loading required package: dynlm
    Loading required package: zoo
    Loading required package: stats
    
    Attaching package: 'zoo'
    
    The following objects are masked from 'package:base':
    
     as.Date, as.Date.numeric
    
    Error in loadNamespace(j <- i[[1L]], c(lib.loc, .libPaths()), versionCheck = vI[[j]]) :
     namespace 'nlme' 3.1-122 is being loaded, but >= 3.1.123 is required
    Error: package 'dynlm' could not be loaded
    Execution halted
    
    It looks like this package has a loading problem when not on .libPaths:
    see the messages for details.
Flavors: r-oldrel-windows-ix86+x86_64, r-oldrel-windows-ix86+x86_64

Version: 1.4-6
Check: running examples for arch ‘i386’
Result: ERROR
    Running examples in 'meboot-Ex.R' failed
    The error occurred in:
    
    
    R version 3.1.3 (2015-03-09) -- "Smooth Sidewalk"
    Copyright (C) 2015 The R Foundation for Statistical Computing
    Platform: i386-w64-mingw32/i386 (32-bit)
    
    R is free software and comes with ABSOLUTELY NO WARRANTY.
    You are welcome to redistribute it under certain conditions.
    Type 'license()' or 'licence()' for distribution details.
    
     Natural language support but running in an English locale
    
    R is a collaborative project with many contributors.
    Type 'contributors()' for more information and
    'citation()' on how to cite R or R packages in publications.
    
    Type 'demo()' for some demos, 'help()' for on-line help, or
    'help.start()' for an HTML browser interface to help.
    Type 'q()' to quit R.
    
    > pkgname <- "meboot"
    > source(file.path(R.home("share"), "R", "examples-header.R"))
    > options(warn = 1)
    > options(pager = "console")
    > library('meboot')
    Loading required package: dynlm
    Loading required package: zoo
    
    Attaching package: 'zoo'
    
    The following objects are masked from 'package:base':
    
     as.Date, as.Date.numeric
    
    Error in loadNamespace(j <- i[[1L]], c(lib.loc, .libPaths()), versionCheck = vI[[j]]) :
     namespace 'nlme' 3.1-122 is being loaded, but >= 3.1.123 is required
    Error: package 'dynlm' could not be loaded
    Execution halted
Flavor: r-oldrel-windows-ix86+x86_64

Version: 1.4-6
Check: running examples for arch ‘x64’
Result: ERROR
    Running examples in 'meboot-Ex.R' failed
    The error occurred in:
    
    
    R version 3.1.3 (2015-03-09) -- "Smooth Sidewalk"
    Copyright (C) 2015 The R Foundation for Statistical Computing
    Platform: x86_64-w64-mingw32/x64 (64-bit)
    
    R is free software and comes with ABSOLUTELY NO WARRANTY.
    You are welcome to redistribute it under certain conditions.
    Type 'license()' or 'licence()' for distribution details.
    
     Natural language support but running in an English locale
    
    R is a collaborative project with many contributors.
    Type 'contributors()' for more information and
    'citation()' on how to cite R or R packages in publications.
    
    Type 'demo()' for some demos, 'help()' for on-line help, or
    'help.start()' for an HTML browser interface to help.
    Type 'q()' to quit R.
    
    > pkgname <- "meboot"
    > source(file.path(R.home("share"), "R", "examples-header.R"))
    > options(warn = 1)
    > options(pager = "console")
    > library('meboot')
    Loading required package: dynlm
    Loading required package: zoo
    
    Attaching package: 'zoo'
    
    The following objects are masked from 'package:base':
    
     as.Date, as.Date.numeric
    
    Error in loadNamespace(j <- i[[1L]], c(lib.loc, .libPaths()), versionCheck = vI[[j]]) :
     namespace 'nlme' 3.1-122 is being loaded, but >= 3.1.123 is required
    Error: package 'dynlm' could not be loaded
    Execution halted
Flavor: r-oldrel-windows-ix86+x86_64