CRAN Package Check Results for Package meboot

Last updated on 2018-02-23 22:48:03 CET.

Flavor Version Tinstall Tcheck Ttotal Status Flags
r-devel-linux-x86_64-debian-clang 1.4-7 5.15 72.70 77.85 NOTE
r-devel-linux-x86_64-debian-gcc 1.4-7 5.45 59.85 65.30 NOTE
r-devel-linux-x86_64-fedora-clang 1.4-7 99.21 NOTE
r-devel-linux-x86_64-fedora-gcc 1.4-7 99.87 NOTE
r-devel-windows-ix86+x86_64 1.4-7 20.00 142.00 162.00 OK
r-patched-linux-x86_64 1.4-7 5.88 71.22 77.10 NOTE
r-patched-solaris-x86 1.4-7 142.50 OK
r-release-linux-x86_64 1.4-7 6.75 71.31 78.06 NOTE
r-release-windows-ix86+x86_64 1.4-7 18.00 145.00 163.00 OK
r-release-osx-x86_64 1.4-7 OK
r-oldrel-windows-ix86+x86_64 1.4-7 12.00 129.00 141.00 OK
r-oldrel-osx-x86_64 1.4-7 OK

Check Details

Version: 1.4-7
Check: compiled code
Result: NOTE
    File ‘meboot/libs/meboot.so’:
     Found no calls to: ‘R_registerRoutines’, ‘R_useDynamicSymbols’
    
    It is good practice to register native routines and to disable symbol
    search.
    
    See ‘Writing portable packages’ in the ‘Writing R Extensions’ manual.
Flavors: r-devel-linux-x86_64-debian-clang, r-devel-linux-x86_64-debian-gcc, r-devel-linux-x86_64-fedora-clang, r-devel-linux-x86_64-fedora-gcc, r-patched-linux-x86_64, r-release-linux-x86_64