CRAN Package Check Results for Package meboot

Last updated on 2015-05-24 23:47:29.

Flavor Version Tinstall Tcheck Ttotal Status Flags
r-devel-linux-x86_64-debian-clang 1.4-5 4.23 43.31 47.54 OK
r-devel-linux-x86_64-debian-gcc 1.4-5 4.74 43.58 48.32 OK
r-devel-linux-x86_64-fedora-clang 1.4-5 99.97 OK
r-devel-linux-x86_64-fedora-gcc 1.4-5 92.29 OK
r-devel-osx-x86_64-clang 1.4-5 89.02 OK
r-devel-windows-ix86+x86_64 1.4-5 13.00 85.00 98.00 OK
r-patched-linux-x86_64 1.4-5 4.18 43.10 47.28 OK
r-patched-solaris-sparc 1.4-5 575.70 OK
r-patched-solaris-x86 1.4-5 133.10 OK
r-release-linux-x86_64 1.4-5 4.34 42.67 47.00 OK
r-release-osx-x86_64-mavericks 1.4-5 NOTE
r-release-osx-x86_64-snowleopard 1.4-5 ERROR
r-release-windows-ix86+x86_64 1.4-5 15.00 83.00 98.00 OK
r-oldrel-windows-ix86+x86_64 1.4-5 19.00 121.00 140.00 OK

Check Details

Version: 1.4-5
Check: package dependencies
Result: NOTE
    Package suggested but not available for checking: ‘plm’
Flavor: r-release-osx-x86_64-mavericks

Version: 1.4-5
Check: package dependencies
Result: ERROR
    Package required but not available: ‘dynlm’
    
    Packages suggested but not available for checking:
     ‘car’ ‘lmtest’ ‘strucchange’ ‘plm’ ‘zoo’
    
    See section ‘The DESCRIPTION file’ in the ‘Writing R Extensions’
    manual.
Flavor: r-release-osx-x86_64-snowleopard