CRAN Package Check Results for Package meboot

Last updated on 2014-08-20 21:47:29.

Flavor Version Tinstall Tcheck Ttotal Status Flags
r-devel-linux-x86_64-debian-clang 1.4-3 1.32 20.22 21.53 OK
r-devel-linux-x86_64-debian-gcc 1.4-3 1.39 19.89 21.28 OK
r-devel-linux-x86_64-fedora-clang 1.4-3 45.78 NOTE
r-devel-linux-x86_64-fedora-gcc 1.4-3 44.56 NOTE
r-devel-osx-x86_64-clang 1.4-3 40.41 NOTE
r-devel-windows-ix86+x86_64 1.4-3 7.00 44.00 51.00 OK
r-patched-linux-x86_64 1.4-3 1.34 19.93 21.27 OK
r-patched-solaris-sparc 1.4-3 246.00 OK
r-patched-solaris-x86 1.4-3 62.90 OK
r-release-linux-ix86 1.4-3 1.92 32.34 34.26 OK
r-release-linux-x86_64 1.4-3 1.38 20.49 21.87 OK
r-release-osx-x86_64-mavericks 1.4-3 OK
r-release-osx-x86_64-snowleopard 1.4-3 OK
r-release-windows-ix86+x86_64 1.4-3 7.00 43.00 50.00 OK
r-oldrel-windows-ix86+x86_64 1.4-3 8.00 49.00 57.00 OK

Check Details

Version: 1.4-3
Check: R code for possible problems
Result: NOTE
    slider.mts: no visible global function definition for ‘tktoplevel’
    slider.mts: no visible global function definition for ‘tkwm.title’
    slider.mts : LeftClick: no visible global function definition for
     ‘tclvalue’
    slider.mts: no visible global function definition for ‘tkbind’
    slider.mts: no visible global function definition for ‘tclVar’
    slider.mts: no visible global function definition for ‘tklabel’
    slider.mts: no visible global function definition for ‘tclvalue’
    slider.mts: no visible global function definition for ‘tkgrid’
    slider.mts: no visible global function definition for ‘tkconfigure’
    slider.mts: no visible global function definition for ‘tkscale’
    slider.mts: no visible global function definition for ‘tkfocus’
Flavors: r-devel-linux-x86_64-fedora-clang, r-devel-linux-x86_64-fedora-gcc, r-devel-osx-x86_64-clang