CRAN Package Check Results for Package meboot

Last updated on 2017-03-28 11:51:28.

Flavor Version Tinstall Tcheck Ttotal Status Flags
r-devel-linux-x86_64-debian-clang 1.4-7 4.03 45.05 49.09 NOTE
r-devel-linux-x86_64-debian-gcc 1.4-7 3.77 45.86 49.63 NOTE
r-devel-linux-x86_64-fedora-clang 1.4-7 129.47 NOTE --no-stop-on-test-error
r-devel-linux-x86_64-fedora-gcc 1.4-7 106.01 NOTE --no-stop-on-test-error
r-devel-macos-x86_64-clang 1.4-7 80.92 NOTE --no-stop-on-test-error
r-devel-windows-ix86+x86_64 1.4-7 14.00 171.00 185.00 OK
r-patched-linux-x86_64 1.4-7 4.19 45.67 49.86 NOTE
r-patched-solaris-sparc 1.4-7 612.60 OK
r-patched-solaris-x86 1.4-7 143.30 OK
r-release-linux-x86_64 1.4-7 3.71 44.63 48.35 OK
r-release-osx-x86_64-mavericks 1.4-7 OK
r-release-windows-ix86+x86_64 1.4-7 17.00 90.00 107.00 OK
r-oldrel-windows-ix86+x86_64 1.4-7 12.00 98.00 110.00 OK

Check Details

Version: 1.4-7
Check: compiled code
Result: NOTE
    File ‘meboot/libs/meboot.so’:
     Found no calls to: ‘R_registerRoutines’, ‘R_useDynamicSymbols’
    
    It is good practice to register native routines and to disable symbol
    search.
    
    See ‘Writing portable packages’ in the ‘Writing R Extensions’ manual.
Flavors: r-devel-linux-x86_64-debian-clang, r-devel-linux-x86_64-debian-gcc, r-patched-linux-x86_64

Version: 1.4-7
Flags: --no-stop-on-test-error
Check: compiled code
Result: NOTE
    File ‘meboot/libs/meboot.so’:
     Found no calls to: ‘R_registerRoutines’, ‘R_useDynamicSymbols’
    
    It is good practice to register native routines and to disable symbol
    search.
    
    See ‘Writing portable packages’ in the ‘Writing R Extensions’ manual.
Flavors: r-devel-linux-x86_64-fedora-clang, r-devel-linux-x86_64-fedora-gcc, r-devel-macos-x86_64-clang