CRAN Package Check Results for Package meboot

Last updated on 2015-04-28 06:46:38.

Flavor Version Tinstall Tcheck Ttotal Status Flags
r-devel-linux-x86_64-debian-clang 1.4-5 4.70 43.37 48.07 OK
r-devel-linux-x86_64-debian-gcc 1.4-5 4.77 42.89 47.66 OK
r-devel-linux-x86_64-fedora-clang 1.4-5 103.23 OK
r-devel-linux-x86_64-fedora-gcc 1.4-5 95.55 OK
r-devel-osx-x86_64-clang 1.4-5 86.08 OK
r-devel-windows-ix86+x86_64 1.4-5 13.00 87.00 100.00 OK
r-patched-linux-x86_64 1.4-5 4.19 42.43 46.62 OK
r-patched-solaris-sparc 1.4-5 567.40 OK
r-patched-solaris-x86 1.4-5 133.40 OK
r-release-linux-x86_64 1.4-5 4.02 43.14 47.16 OK
r-release-osx-x86_64-mavericks 1.4-5 NOTE
r-release-osx-x86_64-snowleopard 1.4-5 ERROR
r-release-windows-ix86+x86_64 1.4-5 18.00 115.00 133.00 OK
r-oldrel-windows-ix86+x86_64 1.4-5 17.00 118.00 135.00 OK

Check Details

Version: 1.4-5
Check: package dependencies
Result: NOTE
    Package suggested but not available for checking: ‘plm’
Flavor: r-release-osx-x86_64-mavericks

Version: 1.4-5
Check: package dependencies
Result: ERROR
    Package required but not available: ‘dynlm’
    
    Packages suggested but not available for checking:
     ‘car’ ‘lmtest’ ‘strucchange’ ‘plm’ ‘zoo’
    
    See section ‘The DESCRIPTION file’ in the ‘Writing R Extensions’
    manual.
Flavor: r-release-osx-x86_64-snowleopard