CRAN Package Check Results for Package meboot

Last updated on 2014-04-18 05:48:07.

Flavor Version Tinstall Tcheck Ttotal Status Flags
r-devel-linux-x86_64-debian-clang 1.4-3 1.44 21.17 22.61 OK
r-devel-linux-x86_64-debian-gcc OK
r-devel-linux-x86_64-fedora-clang 1.4-3 48.56 OK
r-devel-linux-x86_64-fedora-gcc 1.4-3 46.70 OK
r-devel-macosx-x86_64-clang 1.4-3 51.58 OK
r-devel-macosx-x86_64-gcc 1.4-3 ERROR
r-devel-windows-ix86+x86_64 1.4-3 7.00 43.00 50.00 OK
r-patched-linux-x86_64 1.4-3 1.54 21.73 23.28 OK
r-patched-solaris-sparc 1.4-3 222.10 OK
r-patched-solaris-x86 1.4-3 63.20 OK
r-release-linux-ix86 1.4-3 3.00 42.00 45.00 OK
r-release-linux-x86_64 1.4-3 1.51 21.25 22.76 OK
r-release-macosx-x86_64 1.4-3 OK
r-release-windows-ix86+x86_64 1.4-3 7.00 43.00 50.00 OK
r-oldrel-windows-ix86+x86_64 1.4-3 8.00 44.00 52.00 OK

Check Details

Version: 1.4-3
Check: package dependencies
Result: ERROR
    Package required but not available: ‘dynlm’
    
    Packages suggested but not available for checking:
     ‘car’ ‘lmtest’ ‘strucchange’ ‘plm’ ‘zoo’
    
    See the information on DESCRIPTION files in the chapter ‘Creating R
    packages’ of the ‘Writing R Extensions’ manual.
Flavor: r-devel-macosx-x86_64-gcc