CRAN Package Check Results for Package meboot

Last updated on 2016-07-01 05:48:28.

Flavor Version Tinstall Tcheck Ttotal Status Flags
r-devel-linux-x86_64-debian-gcc 1.4-6 4.24 47.82 52.05 NOTE
r-devel-linux-x86_64-fedora-clang 1.4-6 94.37 NOTE
r-devel-linux-x86_64-fedora-gcc 1.4-6 89.93 NOTE
r-devel-osx-x86_64-clang 1.4-6 71.71 NOTE
r-devel-windows-ix86+x86_64 1.4-6 12.00 103.00 115.00 NOTE
r-patched-linux-x86_64 1.4-6 4.92 49.90 54.82 NOTE
r-patched-solaris-sparc 1.4-6 542.50 NOTE
r-patched-solaris-x86 1.4-6 123.70 NOTE
r-release-linux-x86_64 1.4-6 4.44 46.68 51.12 NOTE
r-release-osx-x86_64-mavericks 1.4-6 NOTE
r-release-windows-ix86+x86_64 1.4-6 17.00 102.00 119.00 NOTE
r-oldrel-windows-ix86+x86_64 1.4-6 20.00 148.00 168.00 OK

Check Details

Version: 1.4-6
Check: R code for possible problems
Result: NOTE
    checkConv: no visible global function definition for ‘lm’
    checkConv: no visible global function definition for ‘coef’
    checkConv: no visible global function definition for ‘sd’
    checkConv: no visible global function definition for ‘resid’
    checkConv: no visible global function definition for ‘rnorm’
    expand.sd: no visible global function definition for ‘sd’
    expand.sd: no visible binding for global variable ‘sd’
    expand.sd: no visible global function definition for ‘runif’
    expand.sd: no visible global function definition for ‘is.ts’
    expand.sd: no visible global function definition for ‘ts’
    expand.sd: no visible global function definition for ‘frequency’
    expand.sd: no visible global function definition for ‘start’
    flexMeboot: no visible global function definition for ‘lm’
    flexMeboot: no visible global function definition for ‘coef’
    flexMeboot: no visible global function definition for ‘resid’
    force.clt: no visible global function definition for ‘sd’
    force.clt: no visible binding for global variable ‘sd’
    force.clt: no visible global function definition for ‘qnorm’
    force.clt: no visible global function definition for ‘is.ts’
    force.clt: no visible global function definition for ‘ts’
    force.clt: no visible global function definition for ‘frequency’
    force.clt: no visible global function definition for ‘start’
    meboot: no visible global function definition for ‘embed’
    meboot: no visible global function definition for ‘sd’
    meboot: no visible global function definition for ‘is.ts’
    meboot: no visible global function definition for ‘ts’
    meboot: no visible global function definition for ‘frequency’
    meboot: no visible global function definition for ‘start’
    meboot.part: no visible global function definition for ‘runif’
    meboot.part: no visible global function definition for ‘approx’
    null.ci: no visible global function definition for ‘quantile’
    olsHALL.b: no visible global function definition for ‘lm.fit’
    Undefined global functions or variables:
     approx coef embed frequency is.ts lm lm.fit qnorm quantile resid
     rnorm runif sd start ts
    Consider adding
     importFrom("stats", "approx", "coef", "embed", "frequency", "is.ts",
     "lm", "lm.fit", "qnorm", "quantile", "resid", "rnorm",
     "runif", "sd", "start", "ts")
    to your NAMESPACE file.
Flavors: r-devel-linux-x86_64-debian-gcc, r-devel-linux-x86_64-fedora-clang, r-devel-linux-x86_64-fedora-gcc, r-devel-osx-x86_64-clang, r-devel-windows-ix86+x86_64, r-patched-linux-x86_64, r-patched-solaris-sparc, r-patched-solaris-x86, r-release-linux-x86_64, r-release-osx-x86_64-mavericks, r-release-windows-ix86+x86_64