CRAN Package Check Results for Package meboot

Last updated on 2018-06-23 16:46:46 CEST.

Flavor Version Tinstall Tcheck Ttotal Status Flags
r-devel-linux-x86_64-debian-clang 1.4-7 3.59 48.87 52.46 NOTE
r-devel-linux-x86_64-debian-gcc 1.4-7 3.23 38.21 41.44 NOTE
r-devel-linux-x86_64-fedora-clang 1.4-7 61.46 NOTE
r-devel-linux-x86_64-fedora-gcc 1.4-7 58.84 NOTE
r-devel-windows-ix86+x86_64 1.4-7 9.00 76.00 85.00 OK
r-patched-linux-x86_64 1.4-7 3.38 45.33 48.71 NOTE
r-patched-solaris-x86 1.4-7 82.90 OK
r-release-linux-x86_64 1.4-7 3.00 44.71 47.71 NOTE
r-release-windows-ix86+x86_64 1.4-7 13.00 74.00 87.00 OK
r-release-osx-x86_64 1.4-7 OK
r-oldrel-windows-ix86+x86_64 1.4-7 17.00 65.00 82.00 OK
r-oldrel-osx-x86_64 1.4-7 OK

Check Details

Version: 1.4-7
Check: compiled code
Result: NOTE
    File ‘meboot/libs/meboot.so’:
     Found no calls to: ‘R_registerRoutines’, ‘R_useDynamicSymbols’
    
    It is good practice to register native routines and to disable symbol
    search.
    
    See ‘Writing portable packages’ in the ‘Writing R Extensions’ manual.
Flavors: r-devel-linux-x86_64-debian-clang, r-devel-linux-x86_64-debian-gcc, r-devel-linux-x86_64-fedora-clang, r-devel-linux-x86_64-fedora-gcc, r-patched-linux-x86_64, r-release-linux-x86_64