CRAN Package Check Results for Package meboot

Last updated on 2017-07-23 04:48:32.

Flavor Version Tinstall Tcheck Ttotal Status Flags
r-devel-linux-x86_64-debian-clang 1.4-7 3.68 57.34 61.02 NOTE
r-devel-linux-x86_64-debian-gcc 1.4-7 3.82 56.24 60.06 NOTE
r-devel-linux-x86_64-fedora-clang 1.4-7 112.42 NOTE
r-devel-linux-x86_64-fedora-gcc 1.4-7 108.80 NOTE
r-devel-windows-ix86+x86_64 1.4-7 15.00 145.00 160.00 OK
r-patched-linux-x86_64 1.4-7 3.95 56.28 60.23 NOTE
r-patched-solaris-x86 1.4-7 149.60 OK
r-release-linux-x86_64 1.4-7 3.74 56.23 59.98 NOTE
r-release-windows-ix86+x86_64 1.4-7 13.00 144.00 157.00 OK
r-release-osx-x86_64 1.4-7 OK
r-oldrel-windows-ix86+x86_64 1.4-7 17.00 115.00 132.00 OK
r-oldrel-osx-x86_64 1.4-7 OK

Check Details

Version: 1.4-7
Check: compiled code
Result: NOTE
    File ‘meboot/libs/meboot.so’:
     Found no calls to: ‘R_registerRoutines’, ‘R_useDynamicSymbols’
    
    It is good practice to register native routines and to disable symbol
    search.
    
    See ‘Writing portable packages’ in the ‘Writing R Extensions’ manual.
Flavors: r-devel-linux-x86_64-debian-clang, r-devel-linux-x86_64-debian-gcc, r-devel-linux-x86_64-fedora-clang, r-devel-linux-x86_64-fedora-gcc, r-patched-linux-x86_64, r-release-linux-x86_64