CRAN Package Check Results for Package meboot

Last updated on 2017-05-29 16:48:29.

Flavor Version Tinstall Tcheck Ttotal Status Flags
r-devel-linux-x86_64-debian-clang 1.4-7 4.14 48.99 53.12 NOTE
r-devel-linux-x86_64-debian-gcc 1.4-7 4.03 46.45 50.48 NOTE
r-devel-linux-x86_64-fedora-clang 1.4-7 112.83 NOTE
r-devel-linux-x86_64-fedora-gcc 1.4-7 106.92 NOTE
r-devel-windows-ix86+x86_64 1.4-7 13.00 140.00 153.00 OK
r-patched-linux-x86_64 1.4-7 3.94 46.03 49.97 NOTE
r-patched-solaris-sparc 1.4-7 612.60 OK
r-patched-solaris-x86 1.4-7 143.60 OK
r-release-linux-x86_64 1.4-7 3.91 48.54 52.45 NOTE
r-release-windows-ix86+x86_64 1.4-7 21.00 143.00 164.00 OK
r-release-osx-x86_64 1.4-7 OK
r-oldrel-windows-ix86+x86_64 1.4-7 11.00 86.00 97.00 OK
r-oldrel-osx-x86_64 1.4-7 OK

Check Details

Version: 1.4-7
Check: compiled code
Result: NOTE
    File ‘meboot/libs/meboot.so’:
     Found no calls to: ‘R_registerRoutines’, ‘R_useDynamicSymbols’
    
    It is good practice to register native routines and to disable symbol
    search.
    
    See ‘Writing portable packages’ in the ‘Writing R Extensions’ manual.
Flavors: r-devel-linux-x86_64-debian-clang, r-devel-linux-x86_64-debian-gcc, r-devel-linux-x86_64-fedora-clang, r-devel-linux-x86_64-fedora-gcc, r-patched-linux-x86_64, r-release-linux-x86_64