CRAN Package Check Results for Package meboot

Last updated on 2014-09-21 21:47:41.

Flavor Version Tinstall Tcheck Ttotal Status Flags
r-devel-linux-x86_64-debian-clang 1.4-3 1.34 19.89 21.22 NOTE
r-devel-linux-x86_64-debian-gcc 1.4-3 1.34 20.54 21.88 NOTE
r-devel-linux-x86_64-fedora-clang 1.4-3 44.59 NOTE
r-devel-linux-x86_64-fedora-gcc 1.4-3 43.10 NOTE
r-devel-osx-x86_64-clang 1.4-3 41.99 NOTE
r-devel-windows-ix86+x86_64 1.4-3 8.00 43.00 51.00 NOTE
r-patched-linux-x86_64 1.4-3 1.46 21.94 23.40 OK
r-patched-solaris-sparc 1.4-3 246.00 OK
r-patched-solaris-x86 1.4-3 57.60 OK
r-release-linux-ix86 1.4-3 1.94 29.63 31.57 OK
r-release-linux-x86_64 1.4-3 1.49 22.14 23.63 OK
r-release-osx-x86_64-mavericks 1.4-3 OK
r-release-osx-x86_64-snowleopard 1.4-3 OK
r-release-windows-ix86+x86_64 1.4-3 7.00 48.00 55.00 OK
r-oldrel-windows-ix86+x86_64 1.4-3 8.00 47.00 55.00 OK

Check Details

Version: 1.4-3
Check: R code for possible problems
Result: NOTE
    slider.mts: no visible global function definition for ‘tktoplevel’
    slider.mts: no visible global function definition for ‘tkwm.title’
    slider.mts : LeftClick: no visible global function definition for
     ‘tclvalue’
    slider.mts: no visible global function definition for ‘tkbind’
    slider.mts: no visible global function definition for ‘tclVar’
    slider.mts: no visible global function definition for ‘tklabel’
    slider.mts: no visible global function definition for ‘tclvalue’
    slider.mts: no visible global function definition for ‘tkgrid’
    slider.mts: no visible global function definition for ‘tkconfigure’
    slider.mts: no visible global function definition for ‘tkscale’
    slider.mts: no visible global function definition for ‘tkfocus’
Flavors: r-devel-linux-x86_64-debian-clang, r-devel-linux-x86_64-debian-gcc, r-devel-linux-x86_64-fedora-clang, r-devel-linux-x86_64-fedora-gcc, r-devel-osx-x86_64-clang, r-devel-windows-ix86+x86_64