CRAN Package Check Results for Package meboot

Last updated on 2015-07-04 23:47:21.

Flavor Version Tinstall Tcheck Ttotal Status Flags
r-devel-linux-x86_64-debian-clang 1.4-6 4.32 43.51 47.83 NOTE
r-devel-linux-x86_64-debian-gcc 1.4-6 4.55 42.54 47.09 NOTE
r-devel-linux-x86_64-fedora-clang 1.4-6 99.39 NOTE
r-devel-linux-x86_64-fedora-gcc 1.4-6 92.89 NOTE
r-devel-osx-x86_64-clang 1.4-6 83.97 OK
r-devel-windows-ix86+x86_64 1.4-6 14.00 85.00 99.00 NOTE
r-patched-linux-x86_64 1.4-6 4.00 42.43 46.43 OK
r-patched-solaris-sparc 1.4-6 523.50 OK
r-patched-solaris-x86 1.4-6 135.30 OK
r-release-linux-x86_64 1.4-6 4.13 42.80 46.94 OK
r-release-osx-x86_64-mavericks 1.4-6 ERROR
r-release-windows-ix86+x86_64 1.4-6 18.00 93.00 111.00 OK
r-oldrel-windows-ix86+x86_64 1.4-6 21.00 132.00 153.00 OK

Check Details

Version: 1.4-6
Check: R code for possible problems
Result: NOTE
    checkConv: no visible global function definition for ‘lm’
    checkConv: no visible global function definition for ‘coef’
    checkConv: no visible global function definition for ‘sd’
    checkConv: no visible global function definition for ‘resid’
    checkConv: no visible global function definition for ‘rnorm’
    expand.sd: no visible global function definition for ‘sd’
    expand.sd: no visible binding for global variable ‘sd’
    expand.sd: no visible global function definition for ‘runif’
    expand.sd: no visible global function definition for ‘is.ts’
    expand.sd: no visible global function definition for ‘ts’
    expand.sd: no visible global function definition for ‘frequency’
    expand.sd: no visible global function definition for ‘start’
    flexMeboot: no visible global function definition for ‘lm’
    flexMeboot: no visible global function definition for ‘coef’
    flexMeboot: no visible global function definition for ‘resid’
    force.clt: no visible global function definition for ‘sd’
    force.clt: no visible binding for global variable ‘sd’
    force.clt: no visible global function definition for ‘qnorm’
    force.clt: no visible global function definition for ‘is.ts’
    force.clt: no visible global function definition for ‘ts’
    force.clt: no visible global function definition for ‘frequency’
    force.clt: no visible global function definition for ‘start’
    meboot: no visible global function definition for ‘embed’
    meboot: no visible global function definition for ‘sd’
    meboot: no visible global function definition for ‘is.ts’
    meboot: no visible global function definition for ‘ts’
    meboot: no visible global function definition for ‘frequency’
    meboot: no visible global function definition for ‘start’
    meboot.part: no visible global function definition for ‘runif’
    meboot.part: no visible global function definition for ‘approx’
    null.ci: no visible global function definition for ‘quantile’
    olsHALL.b: no visible global function definition for ‘lm.fit’
    Undefined global functions or variables:
     approx coef embed frequency is.ts lm lm.fit qnorm quantile resid
     rnorm runif sd start ts
Flavors: r-devel-linux-x86_64-debian-clang, r-devel-linux-x86_64-debian-gcc, r-devel-linux-x86_64-fedora-clang, r-devel-linux-x86_64-fedora-gcc, r-devel-windows-ix86+x86_64

Version: 1.4-6
Check: examples
Result: ERROR
    Running examples in ‘meboot-Ex.R’ failed
    The error most likely occurred in:
    
    > ### Name: checkConv
    > ### Title: Check Convergence
    > ### Aliases: checkConv
    > ### Keywords: ts
    >
    > ### ** Examples
    >
    > ## Not run:
    > library("ConvergenceConcepts")
    Loading required package: tcltk
    Warning in fun(libname, pkgname) : couldn't connect to display ":0"
    Loading required package: tkrplot
    alloc: invalid block: 0x1059823a8: 0 0
Flavor: r-release-osx-x86_64-mavericks