CRAN Package Check Results for Package meboot

Last updated on 2017-11-24 18:50:32 CET.

Flavor Version Tinstall Tcheck Ttotal Status Flags
r-devel-linux-x86_64-debian-clang 1.4-7 4.85 111.47 116.32 NOTE
r-devel-linux-x86_64-debian-gcc 1.4-7 4.79 103.65 108.43 NOTE
r-devel-linux-x86_64-fedora-clang 1.4-7 97.09 NOTE
r-devel-linux-x86_64-fedora-gcc 1.4-7 95.20 NOTE
r-devel-windows-ix86+x86_64 1.4-7 14.00 156.00 170.00 OK
r-patched-linux-x86_64 1.4-7 4.98 123.17 128.15 NOTE
r-patched-solaris-x86 1.4-7 157.40 OK
r-release-linux-x86_64 1.4-7 5.50 116.16 121.65 NOTE
r-release-windows-ix86+x86_64 1.4-7 12.00 100.00 112.00 OK
r-release-osx-x86_64 1.4-7 OK
r-oldrel-windows-ix86+x86_64 1.4-7 11.00 103.00 114.00 OK
r-oldrel-osx-x86_64 1.4-7 OK

Check Details

Version: 1.4-7
Check: compiled code
Result: NOTE
    File ‘meboot/libs/meboot.so’:
     Found no calls to: ‘R_registerRoutines’, ‘R_useDynamicSymbols’
    
    It is good practice to register native routines and to disable symbol
    search.
    
    See ‘Writing portable packages’ in the ‘Writing R Extensions’ manual.
Flavors: r-devel-linux-x86_64-debian-clang, r-devel-linux-x86_64-debian-gcc, r-devel-linux-x86_64-fedora-clang, r-devel-linux-x86_64-fedora-gcc, r-patched-linux-x86_64, r-release-linux-x86_64