CRAN Package Check Results for Package meboot

Last updated on 2016-05-03 13:47:38.

Flavor Version Tinstall Tcheck Ttotal Status Flags
r-devel-linux-x86_64-debian-gcc 1.4-6 4.11 44.21 48.32 NOTE
r-devel-linux-x86_64-fedora-clang 1.4-6 95.06 NOTE
r-devel-linux-x86_64-fedora-gcc 1.4-6 89.63 NOTE
r-devel-osx-x86_64-clang 1.4-6 96.46 NOTE
r-devel-windows-ix86+x86_64 1.4-6 14.00 94.00 108.00 NOTE
r-patched-linux-x86_64 1.4-6 4.00 44.77 48.78 NOTE
r-patched-solaris-sparc 1.4-6 541.30 NOTE
r-patched-solaris-x86 1.4-6 120.40 NOTE
r-release-linux-x86_64 1.4-6 4.40 48.03 52.43 OK
r-release-osx-x86_64-mavericks 1.4-6 ERROR
r-release-windows-ix86+x86_64 1.4-6 14.00 157.00 171.00 OK
r-oldrel-windows-ix86+x86_64 1.4-6 31.00 207.00 238.00 OK

Check Details

Version: 1.4-6
Check: R code for possible problems
Result: NOTE
    checkConv: no visible global function definition for ‘lm’
    checkConv: no visible global function definition for ‘coef’
    checkConv: no visible global function definition for ‘sd’
    checkConv: no visible global function definition for ‘resid’
    checkConv: no visible global function definition for ‘rnorm’
    expand.sd: no visible global function definition for ‘sd’
    expand.sd: no visible binding for global variable ‘sd’
    expand.sd: no visible global function definition for ‘runif’
    expand.sd: no visible global function definition for ‘is.ts’
    expand.sd: no visible global function definition for ‘ts’
    expand.sd: no visible global function definition for ‘frequency’
    expand.sd: no visible global function definition for ‘start’
    flexMeboot: no visible global function definition for ‘lm’
    flexMeboot: no visible global function definition for ‘coef’
    flexMeboot: no visible global function definition for ‘resid’
    force.clt: no visible global function definition for ‘sd’
    force.clt: no visible binding for global variable ‘sd’
    force.clt: no visible global function definition for ‘qnorm’
    force.clt: no visible global function definition for ‘is.ts’
    force.clt: no visible global function definition for ‘ts’
    force.clt: no visible global function definition for ‘frequency’
    force.clt: no visible global function definition for ‘start’
    meboot: no visible global function definition for ‘embed’
    meboot: no visible global function definition for ‘sd’
    meboot: no visible global function definition for ‘is.ts’
    meboot: no visible global function definition for ‘ts’
    meboot: no visible global function definition for ‘frequency’
    meboot: no visible global function definition for ‘start’
    meboot.part: no visible global function definition for ‘runif’
    meboot.part: no visible global function definition for ‘approx’
    null.ci: no visible global function definition for ‘quantile’
    olsHALL.b: no visible global function definition for ‘lm.fit’
    Undefined global functions or variables:
     approx coef embed frequency is.ts lm lm.fit qnorm quantile resid
     rnorm runif sd start ts
    Consider adding
     importFrom("stats", "approx", "coef", "embed", "frequency", "is.ts",
     "lm", "lm.fit", "qnorm", "quantile", "resid", "rnorm",
     "runif", "sd", "start", "ts")
    to your NAMESPACE file.
Flavors: r-devel-linux-x86_64-debian-gcc, r-devel-linux-x86_64-fedora-clang, r-devel-linux-x86_64-fedora-gcc, r-devel-osx-x86_64-clang, r-devel-windows-ix86+x86_64, r-patched-linux-x86_64, r-patched-solaris-sparc, r-patched-solaris-x86

Version: 1.4-6
Check: examples
Result: ERROR
    Running examples in ‘meboot-Ex.R’ failed
    The error most likely occurred in:
    
    > ### Name: checkConv
    > ### Title: Check Convergence
    > ### Aliases: checkConv
    > ### Keywords: ts
    >
    > ### ** Examples
    >
    > ## Not run:
    > library("ConvergenceConcepts")
    Loading required package: tcltk
    Invalid MIT-MAGIC-COOKIE-1 keyWarning in fun(libname, pkgname) : couldn't connect to display ":0"
    Loading required package: tkrplot
    alloc: invalid block: 0x1060803a8: 0 0
Flavor: r-release-osx-x86_64-mavericks