CRAN Package Check Results for Package medSTC

Last updated on 2017-10-18 08:48:18.

Flavor Version Tinstall Tcheck Ttotal Status Flags
r-release-osx-x86_64 1.0.0 NOTE

Check Details

Version: 1.0.0
Check: line endings in Makefiles
Result: NOTE
    Found the following Makefile(s) without a final LF:
     src/Makevars
    Some ‘make’ programs ignore lines not ending in LF.
Flavor: r-release-osx-x86_64

Version: 1.0.0
Check: compiled code
Result: NOTE
    File ‘medSTC/libs/medSTC.so’:
     Found ‘_rand’, possibly from ‘rand’ (C)
     Objects: ‘medstc/medstc.o’, ‘medstc/corpus.o’,
     ‘svmlight/svm_common.o’
     Found ‘_srand’, possibly from ‘srand’ (C)
     Object: ‘medstc/corpus.o’
    
    Compiled code should not call entry points which might terminate R nor
    write to stdout/stderr instead of to the console, nor the system RNG.
    
    See ‘Writing portable packages’ in the ‘Writing R Extensions’ manual.
Flavor: r-release-osx-x86_64