CRAN Package Check Results for Package medSTC

Last updated on 2014-04-18 09:49:21.

Flavor Version Tinstall Tcheck Ttotal Status Flags
r-devel-linux-x86_64-debian-clang 1.0.0 5.87 10.22 16.08 OK
r-devel-linux-x86_64-debian-gcc OK
r-devel-linux-x86_64-fedora-clang 1.0.0 32.37 NOTE
r-devel-linux-x86_64-fedora-gcc 1.0.0 31.96 NOTE
r-devel-macosx-x86_64-clang 1.0.0 32.95 OK
r-devel-macosx-x86_64-gcc 1.0.0 OK
r-devel-windows-ix86+x86_64 1.0.0 30.00 27.00 57.00 OK
r-patched-linux-x86_64 1.0.0 7.12 10.36 17.48 OK
r-patched-solaris-sparc 1.0.0 201.00 OK
r-patched-solaris-x86 1.0.0 45.80 OK
r-release-linux-ix86 1.0.0 16.00 24.00 40.00 OK
r-release-linux-x86_64 1.0.0 7.05 10.17 17.22 OK
r-release-windows-ix86+x86_64 1.0.0 54.00 34.00 88.00 OK
r-oldrel-windows-ix86+x86_64 1.0.0 33.00 26.00 59.00 OK

Check Details

Version: 1.0.0
Check: Rd line widths
Result: NOTE
    Rd file 'medSTC.Rd':
     \usage lines wider than 90 characters:
     medSTC(documents, mlabels, ntopics, initial_c=0.5, lambda=1, rho=0.01, delta_ell=3600, supervised=TRUE,
    
    These lines will be truncated in the PDF manual.
Flavors: r-devel-linux-x86_64-fedora-clang, r-devel-linux-x86_64-fedora-gcc