CRAN Package Check Results for Package medSTC

Last updated on 2016-07-24 19:48:57.

Flavor Version Tinstall Tcheck Ttotal Status Flags
r-devel-linux-x86_64-debian-clang 1.0.0 12.19 12.79 24.99 WARN
r-devel-linux-x86_64-debian-gcc 1.0.0 10.32 11.89 22.21 WARN
r-devel-linux-x86_64-fedora-gcc 1.0.0 29.76 NOTE
r-devel-osx-x86_64-clang 1.0.0 29.78 NOTE
r-devel-windows-ix86+x86_64 1.0.0 11.00 3.00 14.00 ERROR
r-patched-linux-x86_64 1.0.0 8.72 12.30 21.02 NOTE
r-patched-solaris-sparc 1.0.0 60.80 ERROR
r-patched-solaris-x86 1.0.0 11.30 ERROR
r-release-linux-x86_64 1.0.0 8.21 12.51 20.73 NOTE
r-release-osx-x86_64-mavericks 1.0.0 NOTE
r-release-windows-ix86+x86_64 1.0.0 14.00 3.00 17.00 ERROR
r-oldrel-windows-ix86+x86_64 1.0.0 36.00 28.00 64.00 NOTE

Check Details

Version: 1.0.0
Check: whether package can be installed
Result: WARN
    Found the following significant warnings:
     medstc/cokus.cpp:101:5: warning: 'register' storage class specifier is deprecated and incompatible with C++1z [-Wdeprecated-register]
     medstc/cokus.cpp:102:5: warning: 'register' storage class specifier is deprecated and incompatible with C++1z [-Wdeprecated-register]
     medstc/cokus.cpp:111:5: warning: 'register' storage class specifier is deprecated and incompatible with C++1z [-Wdeprecated-register]
     medstc/cokus.cpp:112:5: warning: 'register' storage class specifier is deprecated and incompatible with C++1z [-Wdeprecated-register]
     medstc/main.cpp:221:16: warning: ISO C++11 does not allow conversion from string literal to 'char *' [-Wwritable-strings]
     svm_multiclass/svm_struct_learn.cpp:642:45: warning: ISO C++11 does not allow conversion from string literal to 'char *' [-Wwritable-strings]
     svm_multiclass/svm_struct_learn.cpp:1091:45: warning: ISO C++11 does not allow conversion from string literal to 'char *' [-Wwritable-strings]
     svm_multiclass/svm_struct_learn.cpp:1627:50: warning: ISO C++11 does not allow conversion from string literal to 'char *' [-Wwritable-strings]
     svmlight/svm_common.cpp:34:3: warning: 'register' storage class specifier is deprecated and incompatible with C++1z [-Wdeprecated-register]
     svmlight/svm_common.cpp:35:3: warning: 'register' storage class specifier is deprecated and incompatible with C++1z [-Wdeprecated-register]
     svmlight/svm_common.cpp:249:5: warning: 'register' storage class specifier is deprecated and incompatible with C++1z [-Wdeprecated-register]
     svmlight/svm_common.cpp:250:5: warning: 'register' storage class specifier is deprecated and incompatible with C++1z [-Wdeprecated-register]
     svmlight/svm_common.cpp:281:5: warning: 'register' storage class specifier is deprecated and incompatible with C++1z [-Wdeprecated-register]
     svmlight/svm_common.cpp:282:5: warning: 'register' storage class specifier is deprecated and incompatible with C++1z [-Wdeprecated-register]
     svmlight/svm_common.cpp:573:5: warning: 'register' storage class specifier is deprecated and incompatible with C++1z [-Wdeprecated-register]
     svmlight/svm_common.cpp:637:5: warning: 'register' storage class specifier is deprecated and incompatible with C++1z [-Wdeprecated-register]
     svmlight/svm_common.cpp:638:5: warning: 'register' storage class specifier is deprecated and incompatible with C++1z [-Wdeprecated-register]
     svmlight/svm_common.cpp:675:5: warning: 'register' storage class specifier is deprecated and incompatible with C++1z [-Wdeprecated-register]
     svmlight/svm_common.cpp:676:5: warning: 'register' storage class specifier is deprecated and incompatible with C++1z [-Wdeprecated-register]
     svmlight/svm_common.cpp:711:5: warning: 'register' storage class specifier is deprecated and incompatible with C++1z [-Wdeprecated-register]
     svmlight/svm_common.cpp:738:3: warning: 'register' storage class specifier is deprecated and incompatible with C++1z [-Wdeprecated-register]
     svmlight/svm_common.cpp:739:3: warning: 'register' storage class specifier is deprecated and incompatible with C++1z [-Wdeprecated-register]
     svmlight/svm_common.cpp:740:3: warning: 'register' storage class specifier is deprecated and incompatible with C++1z [-Wdeprecated-register]
     svmlight/svm_common.cpp:795:3: warning: 'register' storage class specifier is deprecated and incompatible with C++1z [-Wdeprecated-register]
     svmlight/svm_common.cpp:807:3: warning: 'register' storage class specifier is deprecated and incompatible with C++1z [-Wdeprecated-register]
     svmlight/svm_common.cpp:817:3: warning: 'register' storage class specifier is deprecated and incompatible with C++1z [-Wdeprecated-register]
     svmlight/svm_common.cpp:818:3: warning: 'register' storage class specifier is deprecated and incompatible with C++1z [-Wdeprecated-register]
     svmlight/svm_common.cpp:967:3: warning: 'register' storage class specifier is deprecated and incompatible with C++1z [-Wdeprecated-register]
     svmlight/svm_common.cpp:1537:2: warning: 'register' storage class specifier is deprecated and incompatible with C++1z [-Wdeprecated-register]
     svmlight/svm_learn.cpp:2132:2: warning: 'register' storage class specifier is deprecated and incompatible with C++1z [-Wdeprecated-register]
     svmlight/svm_learn.cpp:2141:2: warning: 'register' storage class specifier is deprecated and incompatible with C++1z [-Wdeprecated-register]
     svmlight/svm_learn.cpp:2209:2: warning: 'register' storage class specifier is deprecated and incompatible with C++1z [-Wdeprecated-register]
     svmlight/svm_learn.cpp:2210:2: warning: 'register' storage class specifier is deprecated and incompatible with C++1z [-Wdeprecated-register]
     svmlight/svm_learn.cpp:2658:2: warning: 'register' storage class specifier is deprecated and incompatible with C++1z [-Wdeprecated-register]
     svmlight/svm_learn.cpp:2659:2: warning: 'register' storage class specifier is deprecated and incompatible with C++1z [-Wdeprecated-register]
     svmlight/svm_learn.cpp:3241:2: warning: 'register' storage class specifier is deprecated and incompatible with C++1z [-Wdeprecated-register]
     svmlight/svm_learn.cpp:3401:2: warning: 'register' storage class specifier is deprecated and incompatible with C++1z [-Wdeprecated-register]
     svmlight/svm_learn.cpp:3403:2: warning: 'register' storage class specifier is deprecated and incompatible with C++1z [-Wdeprecated-register]
     svmlight/svm_learn.cpp:3516:2: warning: 'register' storage class specifier is deprecated and incompatible with C++1z [-Wdeprecated-register]
     svmlight/svm_learn.cpp:3545:2: warning: 'register' storage class specifier is deprecated and incompatible with C++1z [-Wdeprecated-register]
     svmlight/svm_learn.cpp:3546:2: warning: 'register' storage class specifier is deprecated and incompatible with C++1z [-Wdeprecated-register]
     svmlight/svm_learn.cpp:3547:2: warning: 'register' storage class specifier is deprecated and incompatible with C++1z [-Wdeprecated-register]
     svmlight/svm_learn.cpp:3577:2: warning: 'register' storage class specifier is deprecated and incompatible with C++1z [-Wdeprecated-register]
     svmlight/svm_learn.cpp:3590:2: warning: 'register' storage class specifier is deprecated and incompatible with C++1z [-Wdeprecated-register]
     svmlight/svm_learn.cpp:3746:2: warning: 'register' storage class specifier is deprecated and incompatible with C++1z [-Wdeprecated-register]
     svmlight/svm_learn.cpp:4069:2: warning: 'register' storage class specifier is deprecated and incompatible with C++1z [-Wdeprecated-register]
     svmlight/svm_learn.cpp:4076:61: warning: ISO C++11 does not allow conversion from string literal to 'char *' [-Wwritable-strings]
     svmlight/svm_learn.cpp:4099:61: warning: ISO C++11 does not allow conversion from string literal to 'char *' [-Wwritable-strings]
     svmlight/svm_learn.cpp:4124:61: warning: ISO C++11 does not allow conversion from string literal to 'char *' [-Wwritable-strings]
Flavor: r-devel-linux-x86_64-debian-clang

Version: 1.0.0
Check: Rd line widths
Result: NOTE
    Rd file 'medSTC.Rd':
     \usage lines wider than 90 characters:
     medSTC(documents, mlabels, ntopics, initial_c=0.5, lambda=1, rho=0.01, delta_ell=3600, supervised=TRUE,
    
    These lines will be truncated in the PDF manual.
Flavors: r-devel-linux-x86_64-debian-clang, r-devel-linux-x86_64-debian-gcc, r-devel-linux-x86_64-fedora-clang, r-devel-linux-x86_64-fedora-gcc, r-patched-linux-x86_64, r-release-linux-x86_64

Version: 1.0.0
Check: line endings in Makefiles
Result: NOTE
    Found the following Makefile(s) without a final LF:
     src/Makevars
    Some ‘make’ programs ignore lines not ending in LF.
Flavors: r-devel-linux-x86_64-debian-clang, r-devel-linux-x86_64-debian-gcc, r-devel-linux-x86_64-fedora-clang, r-devel-linux-x86_64-fedora-gcc, r-devel-osx-x86_64-clang, r-patched-linux-x86_64, r-release-linux-x86_64, r-release-osx-x86_64-mavericks, r-oldrel-windows-ix86+x86_64

Version: 1.0.0
Check: compiled code
Result: NOTE
    File ‘medSTC/libs/medSTC.so’:
     Found ‘rand’, possibly from ‘rand’ (C)
     Objects: ‘medstc/medstc.o’, ‘medstc/corpus.o’,
     ‘svmlight/svm_common.o’
     Found ‘srand’, possibly from ‘srand’ (C)
     Object: ‘medstc/corpus.o’
    
    Compiled code should not call entry points which might terminate R nor
    write to stdout/stderr instead of to the console, nor the system RNG.
    
    See ‘Writing portable packages’ in the ‘Writing R Extensions’ manual.
Flavors: r-devel-linux-x86_64-debian-clang, r-devel-linux-x86_64-debian-gcc, r-devel-linux-x86_64-fedora-clang, r-devel-linux-x86_64-fedora-gcc, r-patched-linux-x86_64, r-release-linux-x86_64

Version: 1.0.0
Check: whether package can be installed
Result: WARN
    Found the following significant warnings:
     medstc/main.cpp:221:40: warning: ISO C++ forbids converting a string constant to ‘char*’ [-Wpedantic]
     svm_multiclass/svm_struct_learn.cpp:642:48: warning: ISO C++ forbids converting a string constant to ‘char*’ [-Wpedantic]
     svm_multiclass/svm_struct_learn.cpp:1091:48: warning: ISO C++ forbids converting a string constant to ‘char*’ [-Wpedantic]
     svm_multiclass/svm_struct_learn.cpp:1627:53: warning: ISO C++ forbids converting a string constant to ‘char*’ [-Wpedantic]
     svmlight/svm_learn.cpp:4076:67: warning: ISO C++ forbids converting a string constant to ‘char*’ [-Wpedantic]
     svmlight/svm_learn.cpp:4099:67: warning: ISO C++ forbids converting a string constant to ‘char*’ [-Wpedantic]
     svmlight/svm_learn.cpp:4124:67: warning: ISO C++ forbids converting a string constant to ‘char*’ [-Wpedantic]
Flavor: r-devel-linux-x86_64-debian-gcc

Version: 1.0.0
Check: compiled code
Result: NOTE
    File ‘medSTC/libs/medSTC.so’:
     Found ‘_rand’, possibly from ‘rand’ (C)
     Objects: ‘medstc/medstc.o’, ‘medstc/corpus.o’,
     ‘svmlight/svm_common.o’
     Found ‘_srand’, possibly from ‘srand’ (C)
     Object: ‘medstc/corpus.o’
    
    Compiled code should not call entry points which might terminate R nor
    write to stdout/stderr instead of to the console, nor the system RNG.
    
    See ‘Writing portable packages’ in the ‘Writing R Extensions’ manual.
Flavors: r-devel-osx-x86_64-clang, r-release-osx-x86_64-mavericks

Version: 1.0.0
Check: whether package can be installed
Result: ERROR
    Installation failed.
Flavors: r-devel-windows-ix86+x86_64, r-patched-solaris-sparc, r-patched-solaris-x86, r-release-windows-ix86+x86_64

Version: 1.0.0
Check: compiled code
Result: NOTE
    File 'medSTC/libs/i386/medSTC.dll':
     Found 'rand', possibly from 'rand' (C)
     Objects: 'medstc/medstc.o', 'medstc/corpus.o',
     'svmlight/svm_common.o'
     Found 'srand', possibly from 'srand' (C)
     Object: 'medstc/corpus.o'
    File 'medSTC/libs/x64/medSTC.dll':
     Found 'rand', possibly from 'rand' (C)
     Objects: 'medstc/medstc.o', 'medstc/corpus.o',
     'svmlight/svm_common.o'
     Found 'srand', possibly from 'srand' (C)
     Object: 'medstc/corpus.o'
    
    Compiled code should not call entry points which might terminate R nor
    write to stdout/stderr instead of to the console, nor the system RNG.
    
    See 'Writing portable packages' in the 'Writing R Extensions' manual.
Flavor: r-oldrel-windows-ix86+x86_64