CRAN Package Check Results for Package medSTC

Last updated on 2014-07-30 08:48:46.

Flavor Version Tinstall Tcheck Ttotal Status Flags
r-devel-linux-x86_64-debian-clang 1.0.0 4.99 9.34 14.33 OK
r-devel-linux-x86_64-debian-gcc 1.0.0 7.25 9.40 16.64 OK
r-devel-linux-x86_64-fedora-clang 1.0.0 31.30 NOTE
r-devel-linux-x86_64-fedora-gcc 1.0.0 31.50 NOTE
r-devel-osx-x86_64-clang 1.0.0 32.12 OK
r-devel-windows-ix86+x86_64 1.0.0 36.00 25.00 61.00 OK
r-patched-linux-x86_64 1.0.0 7.23 9.63 16.86 OK
r-patched-solaris-sparc 1.0.0 201.00 OK
r-patched-solaris-x86 1.0.0 46.30 OK
r-release-linux-ix86 1.0.0 9.91 15.95 25.86 OK
r-release-linux-x86_64 1.0.0 7.23 9.78 17.00 OK
r-release-osx-x86_64-mavericks 1.0.0 OK
r-release-windows-ix86+x86_64 1.0.0 43.00 27.00 70.00 OK
r-oldrel-windows-ix86+x86_64 1.0.0 33.00 26.00 59.00 OK

Check Details

Version: 1.0.0
Check: Rd line widths
Result: NOTE
    Rd file 'medSTC.Rd':
     \usage lines wider than 90 characters:
     medSTC(documents, mlabels, ntopics, initial_c=0.5, lambda=1, rho=0.01, delta_ell=3600, supervised=TRUE,
    
    These lines will be truncated in the PDF manual.
Flavors: r-devel-linux-x86_64-fedora-clang, r-devel-linux-x86_64-fedora-gcc