CRAN Package Check Results for Package medSTC

Last updated on 2015-07-05 06:46:38.

Flavor Version Tinstall Tcheck Ttotal Status Flags
r-devel-linux-x86_64-debian-clang 1.0.0 6.03 9.62 15.65 NOTE
r-devel-linux-x86_64-debian-gcc 1.0.0 7.43 9.70 17.13 NOTE
r-devel-linux-x86_64-fedora-clang 1.0.0 32.63 NOTE
r-devel-linux-x86_64-fedora-gcc 1.0.0 30.06 NOTE
r-devel-osx-x86_64-clang 1.0.0 30.21 NOTE
r-devel-windows-ix86+x86_64 1.0.0 37.00 37.00 74.00 NOTE
r-patched-linux-x86_64 1.0.0 7.52 9.82 17.34 NOTE
r-patched-solaris-sparc 1.0.0 217.60 NOTE
r-patched-solaris-x86 1.0.0 48.00 NOTE
r-release-linux-x86_64 1.0.0 7.48 9.94 17.42 NOTE
r-release-osx-x86_64-mavericks 1.0.0 NOTE
r-release-windows-ix86+x86_64 1.0.0 35.00 33.00 68.00 NOTE
r-oldrel-windows-ix86+x86_64 1.0.0 48.00 32.00 80.00 NOTE

Check Details

Version: 1.0.0
Check: Rd line widths
Result: NOTE
    Rd file 'medSTC.Rd':
     \usage lines wider than 90 characters:
     medSTC(documents, mlabels, ntopics, initial_c=0.5, lambda=1, rho=0.01, delta_ell=3600, supervised=TRUE,
    
    These lines will be truncated in the PDF manual.
Flavors: r-devel-linux-x86_64-debian-clang, r-devel-linux-x86_64-debian-gcc, r-devel-linux-x86_64-fedora-clang, r-devel-linux-x86_64-fedora-gcc, r-patched-linux-x86_64, r-release-linux-x86_64

Version: 1.0.0
Check: line endings in Makefiles
Result: NOTE
    Found the following Makefile(s) without a final LF:
     src/Makevars
    Some ‘make’ programs ignore lines not ending in LF.
Flavors: r-devel-linux-x86_64-debian-clang, r-devel-linux-x86_64-debian-gcc, r-devel-linux-x86_64-fedora-clang, r-devel-linux-x86_64-fedora-gcc, r-devel-osx-x86_64-clang, r-devel-windows-ix86+x86_64, r-patched-linux-x86_64, r-patched-solaris-sparc, r-patched-solaris-x86, r-release-linux-x86_64, r-release-osx-x86_64-mavericks, r-release-windows-ix86+x86_64, r-oldrel-windows-ix86+x86_64

Version: 1.0.0
Check: compiled code
Result: NOTE
    File ‘medSTC/libs/medSTC.so’:
     Found ‘rand’, possibly from ‘rand’ (C)
     Objects: ‘medstc/medstc.o’, ‘medstc/corpus.o’,
     ‘svmlight/svm_common.o’
     Found ‘srand’, possibly from ‘srand’ (C)
     Object: ‘medstc/corpus.o’
    
    Compiled code should not call entry points which might terminate R nor
    write to stdout/stderr instead of to the console, nor the system RNG.
    
    See ‘Writing portable packages’ in the ‘Writing R Extensions’ manual.
Flavors: r-devel-linux-x86_64-debian-clang, r-devel-linux-x86_64-debian-gcc, r-devel-linux-x86_64-fedora-clang, r-devel-linux-x86_64-fedora-gcc, r-patched-linux-x86_64, r-patched-solaris-sparc, r-patched-solaris-x86, r-release-linux-x86_64

Version: 1.0.0
Check: compiled code
Result: NOTE
    File ‘medSTC/libs/medSTC.so’:
     Found ‘_rand’, possibly from ‘rand’ (C)
     Objects: ‘medstc/medstc.o’, ‘medstc/corpus.o’,
     ‘svmlight/svm_common.o’
     Found ‘_srand’, possibly from ‘srand’ (C)
     Object: ‘medstc/corpus.o’
    
    Compiled code should not call entry points which might terminate R nor
    write to stdout/stderr instead of to the console, nor the system RNG.
    
    See ‘Writing portable packages’ in the ‘Writing R Extensions’ manual.
Flavors: r-devel-osx-x86_64-clang, r-release-osx-x86_64-mavericks

Version: 1.0.0
Check: compiled code
Result: NOTE
    File 'medSTC/libs/i386/medSTC.dll':
     Found 'rand', possibly from 'rand' (C)
     Objects: 'medstc/medstc.o', 'medstc/corpus.o',
     'svmlight/svm_common.o'
     Found 'srand', possibly from 'srand' (C)
     Object: 'medstc/corpus.o'
    File 'medSTC/libs/x64/medSTC.dll':
     Found 'rand', possibly from 'rand' (C)
     Objects: 'medstc/medstc.o', 'medstc/corpus.o',
     'svmlight/svm_common.o'
     Found 'srand', possibly from 'srand' (C)
     Object: 'medstc/corpus.o'
    
    Compiled code should not call entry points which might terminate R nor
    write to stdout/stderr instead of to the console, nor the system RNG.
    
    See 'Writing portable packages' in the 'Writing R Extensions' manual.
Flavors: r-devel-windows-ix86+x86_64, r-release-windows-ix86+x86_64, r-oldrel-windows-ix86+x86_64