CRAN Package Check Results for Package medSTC

Last updated on 2014-12-22 01:47:40.

Flavor Version Tinstall Tcheck Ttotal Status Flags
r-devel-linux-x86_64-debian-clang 1.0.0 6.10 10.42 16.52 NOTE
r-devel-linux-x86_64-debian-gcc 1.0.0 7.25 10.31 17.56 NOTE
r-devel-linux-x86_64-fedora-clang 1.0.0 37.11 NOTE
r-devel-linux-x86_64-fedora-gcc 1.0.0 34.22 NOTE
r-devel-osx-x86_64-clang 1.0.0 33.62 NOTE
r-devel-windows-ix86+x86_64 1.0.0 37.00 47.00 84.00 NOTE
r-patched-linux-x86_64 1.0.0 7.27 10.36 17.63 NOTE
r-patched-solaris-sparc 1.0.0 298.20 NOTE
r-patched-solaris-x86 1.0.0 50.80 NOTE
r-release-linux-ix86 1.0.0 9.40 16.67 26.08 NOTE
r-release-linux-x86_64 1.0.0 7.35 10.51 17.86 NOTE
r-release-osx-x86_64-mavericks 1.0.0 OK
r-release-windows-ix86+x86_64 1.0.0 36.00 26.00 62.00 NOTE
r-oldrel-windows-ix86+x86_64 1.0.0 33.00 26.00 59.00 OK

Check Details

Version: 1.0.0
Check: Rd line widths
Result: NOTE
    Rd file 'medSTC.Rd':
     \usage lines wider than 90 characters:
     medSTC(documents, mlabels, ntopics, initial_c=0.5, lambda=1, rho=0.01, delta_ell=3600, supervised=TRUE,
    
    These lines will be truncated in the PDF manual.
Flavors: r-devel-linux-x86_64-debian-clang, r-devel-linux-x86_64-debian-gcc, r-devel-linux-x86_64-fedora-clang, r-devel-linux-x86_64-fedora-gcc, r-patched-linux-x86_64, r-release-linux-x86_64

Version: 1.0.0
Check: compiled code
Result: NOTE
    File ‘medSTC/libs/medSTC.so’:
     Found ‘rand’, possibly from ‘rand’ (C)
     Objects: ‘medstc/medstc.o’, ‘medstc/corpus.o’,
     ‘svmlight/svm_common.o’
     Found ‘srand’, possibly from ‘srand’ (C)
     Object: ‘medstc/corpus.o’
    
    Compiled code should not call entry points which might terminate R nor
    write to stdout/stderr instead of to the console, nor the system RNG.
    
    See ‘Writing portable packages’ in the ‘Writing R Extensions’ manual.
Flavors: r-devel-linux-x86_64-debian-clang, r-devel-linux-x86_64-debian-gcc, r-devel-linux-x86_64-fedora-clang, r-devel-linux-x86_64-fedora-gcc, r-patched-linux-x86_64, r-patched-solaris-sparc, r-patched-solaris-x86

Version: 1.0.0
Check: compiled code
Result: NOTE
    File ‘medSTC/libs/medSTC.so’:
     Found ‘_rand’, possibly from ‘rand’ (C)
     Objects: ‘medstc/medstc.o’, ‘medstc/corpus.o’,
     ‘svmlight/svm_common.o’
     Found ‘_srand’, possibly from ‘srand’ (C)
     Object: ‘medstc/corpus.o’
    
    Compiled code should not call entry points which might terminate R nor
    write to stdout/stderr instead of to the console, nor the system RNG.
    
    See ‘Writing portable packages’ in the ‘Writing R Extensions’ manual.
Flavor: r-devel-osx-x86_64-clang

Version: 1.0.0
Check: compiled code
Result: NOTE
    File 'medSTC/libs/i386/medSTC.dll':
     Found 'rand', possibly from 'rand' (C)
     Objects: 'medstc/medstc.o', 'medstc/corpus.o',
     'svmlight/svm_common.o'
     Found 'srand', possibly from 'srand' (C)
     Object: 'medstc/corpus.o'
    File 'medSTC/libs/x64/medSTC.dll':
     Found 'rand', possibly from 'rand' (C)
     Objects: 'medstc/medstc.o', 'medstc/corpus.o',
     'svmlight/svm_common.o'
     Found 'srand', possibly from 'srand' (C)
     Object: 'medstc/corpus.o'
    
    Compiled code should not call entry points which might terminate R nor
    write to stdout/stderr instead of to the console, nor the system RNG.
    
    See 'Writing portable packages' in the 'Writing R Extensions' manual.
Flavor: r-devel-windows-ix86+x86_64

Version: 1.0.0
Check: compiled code
Result: NOTE
    File ‘medSTC/libs/medSTC.so’:
     Found ‘rand’, possibly from ‘rand’ (C)
     Objects: ‘medstc/medstc.o’, ‘medstc/corpus.o’,
     ‘svmlight/svm_common.o’
     Found ‘srand’, possibly from ‘srand’ (C)
     Object: ‘medstc/corpus.o’
    
    Compiled code should not call entry points which might terminate R nor
    write to stdout/stderr instead of to the console, nor the C RNG.
    
    See ‘Writing portable packages’ in the ‘Writing R Extensions’ manual.
Flavors: r-release-linux-ix86, r-release-linux-x86_64

Version: 1.0.0
Check: compiled code
Result: NOTE
    File 'medSTC/libs/i386/medSTC.dll':
     Found 'rand', possibly from 'rand' (C)
     Objects: 'medstc/medstc.o', 'medstc/corpus.o',
     'svmlight/svm_common.o'
     Found 'srand', possibly from 'srand' (C)
     Object: 'medstc/corpus.o'
    File 'medSTC/libs/x64/medSTC.dll':
     Found 'rand', possibly from 'rand' (C)
     Objects: 'medstc/medstc.o', 'medstc/corpus.o',
     'svmlight/svm_common.o'
     Found 'srand', possibly from 'srand' (C)
     Object: 'medstc/corpus.o'
    
    Compiled code should not call entry points which might terminate R nor
    write to stdout/stderr instead of to the console, nor the C RNG.
    
    See 'Writing portable packages' in the 'Writing R Extensions' manual.
Flavor: r-release-windows-ix86+x86_64