CRAN Package Check Results for Package mediation

Last updated on 2014-08-27 15:49:33.

Flavor Version Tinstall Tcheck Ttotal Status Flags
r-devel-linux-x86_64-debian-clang 4.4.1 4.03 85.96 89.99 NOTE --no-vignettes
r-devel-linux-x86_64-debian-gcc 4.4.1 3.98 83.70 87.68 NOTE --no-vignettes
r-devel-linux-x86_64-fedora-clang 4.4.1 549.26 NOTE
r-devel-linux-x86_64-fedora-gcc 4.4.1 540.17 NOTE
r-devel-osx-x86_64-clang 4.4.1 446.20 NOTE
r-devel-windows-ix86+x86_64 4.4.1 11.00 108.00 119.00 NOTE --no-vignettes
r-patched-linux-x86_64 4.4.1 4.07 89.29 93.36 OK --no-vignettes
r-patched-solaris-sparc 4.4.1 1001.40 OK --no-vignettes
r-patched-solaris-x86 4.4.1 238.30 OK --no-vignettes
r-release-linux-ix86 4.4.1 5.04 109.36 114.40 OK --no-vignettes
r-release-linux-x86_64 4.4.1 4.12 88.58 92.70 OK --no-vignettes
r-release-osx-x86_64-mavericks 4.4.1 NOTE
r-release-osx-x86_64-snowleopard 4.4.1 OK
r-release-windows-ix86+x86_64 4.4.1 12.00 122.00 134.00 OK --no-vignettes
r-oldrel-windows-ix86+x86_64 4.4.1 11.00 113.00 124.00 OK --no-vignettes

Check Details

Version: 4.4.1
Flags: --no-vignettes
Check: R code for possible problems
Result: NOTE
    ivmediate: no visible global function definition for ‘mclapply’
    mediate : getvcov: no visible global function definition for ‘estfun’
    mediate : getvcov: no visible global function definition for ‘sandwich’
    mediate: no visible binding for global variable ‘survreg.distributions’
    mediate: no visible global function definition for ‘fixef’
    mediate: no visible global function definition for ‘ranef’
    mediate : se.ranef.new: no visible global function definition for
     ‘ranef’
    mediations: no visible global function definition for ‘rq’
    mediations: no visible global function definition for ‘polr’
    mediations: no visible global function definition for ‘vglm’
    mediations: no visible global function definition for ‘tobit’
    medsens : getvcov: no visible global function definition for ‘estfun’
    medsens : getvcov: no visible global function definition for ‘sandwich’
Flavors: r-devel-linux-x86_64-debian-clang, r-devel-linux-x86_64-debian-gcc, r-devel-windows-ix86+x86_64

Version: 4.4.1
Check: R code for possible problems
Result: NOTE
    ivmediate: no visible global function definition for ‘mclapply’
    mediate : getvcov: no visible global function definition for ‘estfun’
    mediate : getvcov: no visible global function definition for ‘sandwich’
    mediate: no visible binding for global variable ‘survreg.distributions’
    mediate: no visible global function definition for ‘fixef’
    mediate: no visible global function definition for ‘ranef’
    mediate : se.ranef.new: no visible global function definition for
     ‘ranef’
    mediations: no visible global function definition for ‘rq’
    mediations: no visible global function definition for ‘polr’
    mediations: no visible global function definition for ‘vglm’
    mediations: no visible global function definition for ‘tobit’
    medsens : getvcov: no visible global function definition for ‘estfun’
    medsens : getvcov: no visible global function definition for ‘sandwich’
Flavors: r-devel-linux-x86_64-fedora-clang, r-devel-linux-x86_64-fedora-gcc, r-devel-osx-x86_64-clang

Version: 4.4.1
Check: re-building of vignette outputs
Result: NOTE
    Error in re-building vignettes:
     ...
    Error in texi2dvi(file = file, pdf = TRUE, clean = clean, quiet = quiet, :
     Running 'texi2dvi' on 'mediation-old.tex' failed.
    LaTeX errors:
    ! LaTeX Error: File `arydshln.sty' not found.
    
    Type X to quit or <RETURN> to proceed,
    or enter new name. (Default extension: sty)
    
    gn_test/mediation/vignettes/mediation-old.tex:47: ==> Fatal error occurred, no
     output PDF file produced!
    Calls: buildVignettes -> texi2pdf -> texi2dvi
    Execution halted
Flavor: r-release-osx-x86_64-mavericks