CRAN Package Check Results for Package mediation

Last updated on 2014-09-20 13:48:12.

Flavor Version Tinstall Tcheck Ttotal Status Flags
r-devel-linux-x86_64-debian-clang 4.4.2 4.16 86.46 90.61 OK --no-vignettes
r-devel-linux-x86_64-debian-gcc 4.4.2 3.95 84.91 88.86 OK --no-vignettes
r-devel-linux-x86_64-fedora-clang 4.4.2 369.46 OK --no-build-vignettes
r-devel-linux-x86_64-fedora-gcc 4.4.2 361.26 OK --no-build-vignettes
r-devel-osx-x86_64-clang 4.4.2 449.90 OK
r-devel-windows-ix86+x86_64 4.4.2 12.00 104.00 116.00 OK --no-vignettes
r-patched-linux-x86_64 4.4.2 4.11 93.36 97.47 OK --no-vignettes
r-patched-solaris-sparc 4.4.2 1046.50 OK --no-vignettes
r-patched-solaris-x86 4.4.2 237.70 OK --no-vignettes
r-release-linux-ix86 4.4.2 5.14 111.94 117.08 OK --no-vignettes
r-release-linux-x86_64 4.4.2 4.14 96.19 100.33 OK --no-vignettes
r-release-osx-x86_64-mavericks 4.4.2 NOTE
r-release-osx-x86_64-snowleopard 4.4.2 OK
r-release-windows-ix86+x86_64 4.4.2 13.00 135.00 148.00 OK --no-vignettes
r-oldrel-windows-ix86+x86_64 4.4.2 11.00 117.00 128.00 OK --no-vignettes

Check Details

Version: 4.4.2
Check: re-building of vignette outputs
Result: NOTE
    Error in re-building vignettes:
     ...
    Error in texi2dvi(file = file, pdf = TRUE, clean = clean, quiet = quiet, :
     Running 'texi2dvi' on 'mediation-old.tex' failed.
    LaTeX errors:
    ! LaTeX Error: File `arydshln.sty' not found.
    
    Type X to quit or <RETURN> to proceed,
    or enter new name. (Default extension: sty)
    
    gn_test/mediation/vignettes/mediation-old.tex:47: ==> Fatal error occurred, no
     output PDF file produced!
    Calls: buildVignettes -> texi2pdf -> texi2dvi
    Execution halted
Flavor: r-release-osx-x86_64-mavericks