CRAN Package Check Results for Package mediation

Last updated on 2015-07-07 11:48:15.

Flavor Version Tinstall Tcheck Ttotal Status Flags
r-devel-linux-x86_64-debian-clang 4.4.4 3.94 73.09 77.03 NOTE --no-vignettes
r-devel-linux-x86_64-debian-gcc 4.4.4 3.84 70.72 74.56 NOTE --no-vignettes
r-devel-linux-x86_64-fedora-clang 4.4.4 307.40 NOTE --no-build-vignettes
r-devel-linux-x86_64-fedora-gcc 4.4.4 299.92 NOTE --no-build-vignettes
r-devel-osx-x86_64-clang 4.4.4 408.02 NOTE
r-devel-windows-ix86+x86_64 4.4.4 13.00 368.00 381.00 NOTE
r-patched-linux-x86_64 4.4.4 3.92 74.31 78.23 OK --no-vignettes
r-patched-solaris-sparc 4.4.4 936.00 OK --no-vignettes
r-patched-solaris-x86 4.4.4 650.40 OK
r-release-linux-x86_64 4.4.4 3.95 79.12 83.07 OK --no-vignettes
r-release-osx-x86_64-mavericks 4.4.4 WARN
r-release-windows-ix86+x86_64 4.4.4 16.00 371.00 387.00 OK
r-oldrel-windows-ix86+x86_64 4.4.4 23.00 451.00 474.00 OK

Check Details

Version: 4.4.4
Flags: --no-vignettes
Check: dependencies in R code
Result: NOTE
    Missing or unexported object: ‘lme4::sigma’
Flavors: r-devel-linux-x86_64-debian-clang, r-devel-linux-x86_64-debian-gcc

Version: 4.4.4
Flags: --no-vignettes
Check: R code for possible problems
Result: NOTE
    .onAttach: no visible global function definition for
     ‘packageDescription’
    IMCI: no visible global function definition for ‘pnorm’
    amelidiate: no visible binding for global variable ‘quantile’
    boot.pd: no visible global function definition for ‘quantile’
    ivmediate: no visible global function definition for ‘model.frame’
    ivmediate: no visible global function definition for ‘getCall’
    ivmediate: no visible global function definition for ‘model.weights’
    ivmediate: no visible binding for global variable ‘quantile’
    ivmediate.fit: no visible global function definition for ‘coef’
    ivmediate.fit: no visible global function definition for ‘vcov’
    ivmediate.fit: no visible global function definition for ‘model.frame’
    ivmediate.fit: no visible global function definition for ‘model.matrix’
    ivmediate.fit: no visible global function definition for ‘terms’
    ivmediate.fit: no visible global function definition for ‘family’
    ivmediate.fit : g11: no visible global function definition for ‘family’
    ivmediate.fit : g10: no visible global function definition for ‘family’
    ivmediate.fit : g01: no visible global function definition for ‘family’
    ivmediate.fit : g00: no visible global function definition for ‘family’
    ivmediate.fit : g11: no visible global function definition for ‘dnorm’
    ivmediate.fit : g10: no visible global function definition for ‘dnorm’
    ivmediate.fit : g01: no visible global function definition for ‘dnorm’
    ivmediate.fit : g00: no visible global function definition for ‘dnorm’
    ivmediate.fit: no visible global function definition for ‘formula’
    ivmediate.fit : S11: no visible global function definition for ‘family’
    ivmediate.fit : S10: no visible global function definition for ‘family’
    ivmediate.fit : S01: no visible global function definition for ‘family’
    ivmediate.fit : S00: no visible global function definition for ‘family’
    ivmediate.fit: no visible global function definition for ‘integrate’
    ivmediate.fit.b: no visible global function definition for
     ‘model.frame’
    ivmediate.fit.b: no visible global function definition for ‘update’
    mediate: no visible global function definition for ‘model.frame’
    mediate: no visible global function definition for ‘getCall’
    mediate: no visible global function definition for ‘model.weights’
    mediate: Error while checking: invalid ‘envir’ argument
    mediate.ced: no visible global function definition for ‘na.omit’
    mediate.ced: no visible global function definition for ‘quantile’
    mediate.np: no visible global function definition for ‘quantile’
    mediate.np: no visible global function definition for ‘var’
    mediate.np: no visible global function definition for ‘qnorm’
    mediate.pd: no visible global function definition for ‘na.omit’
    mediate.ped: no visible global function definition for ‘na.omit’
    mediate.sed: no visible global function definition for ‘na.omit’
    mediations: no visible global function definition for ‘glm’
    mediations: Error while checking: invalid ‘envir’ argument
    medsens: no visible global function definition for ‘model.frame’
    medsens: no visible global function definition for ‘update’
    medsens: no visible global function definition for ‘model.weights’
    medsens: no visible global function definition for ‘model.matrix’
    medsens: no visible global function definition for ‘model.response’
    medsens: no visible global function definition for ‘sd’
    medsens: no visible binding for global variable ‘weighted.mean’
    medsens: no visible global function definition for ‘qnorm’
    medsens: no visible global function definition for ‘vcov’
    medsens : lambda: no visible global function definition for
     ‘model.matrix’
    medsens : lambda: no visible global function definition for ‘dnorm’
    medsens : lambda: no visible global function definition for ‘pnorm’
    medsens: no visible global function definition for ‘as.formula’
    medsens: no visible global function definition for ‘weighted.mean’
    medsens: no visible global function definition for ‘pnorm’
    medsens: no visible global function definition for ‘quantile’
    medsens: no visible global function definition for ‘var’
    medsens: no visible global function definition for ‘rgamma’
    multimed: no visible global function definition for ‘na.omit’
    multimed: no visible global function definition for ‘as.formula’
    multimed: no visible global function definition for ‘lm’
    multimed: no visible global function definition for ‘var’
    multimed: no visible global function definition for ‘weighted.mean’
    multimed: no visible global function definition for ‘coef’
    multimed: no visible global function definition for ‘model.frame’
    multimed: no visible global function definition for ‘predict’
    multimed: no visible binding for global variable ‘var’
    multimed: no visible global function definition for ‘quantile’
    plot.ivmediate: no visible global function definition for ‘plot’
    plot.ivmediate: no visible global function definition for ‘points’
    plot.ivmediate: no visible global function definition for ‘segments’
    plot.ivmediate: no visible global function definition for ‘axis’
    plot.ivmediate: no visible global function definition for ‘abline’
    plot.mediate: no visible global function definition for ‘plot’
    plot.mediate: no visible global function definition for ‘points’
    plot.mediate: no visible global function definition for ‘segments’
    plot.mediate: no visible global function definition for ‘axis’
    plot.mediate: no visible global function definition for ‘abline’
    plot.mediate.mer: no visible global function definition for ‘par’
    plot.mediate.mer: no visible global function definition for
     ‘devAskNewPage’
    plot.mediate.mer: no visible global function definition for ‘plot’
    plot.mediate.mer: no visible global function definition for ‘points’
    plot.mediate.mer: no visible global function definition for ‘segments’
    plot.mediate.mer: no visible global function definition for ‘axis’
    plot.mediate.mer: no visible global function definition for ‘abline’
    plot.mediate.order: no visible global function definition for ‘plot’
    plot.mediate.order: no visible global function definition for ‘points’
    plot.mediate.order: no visible global function definition for
     ‘segments’
    plot.mediate.order: no visible global function definition for ‘axis’
    plot.mediate.order: no visible global function definition for ‘abline’
    plot.mediations: no visible global function definition for ‘par’
    plot.mediations: no visible global function definition for
     ‘dev.interactive’
    plot.mediations: no visible global function definition for
     ‘devAskNewPage’
    plot.mediations.order: no visible global function definition for ‘par’
    plot.mediations.order: no visible global function definition for
     ‘dev.interactive’
    plot.mediations.order: no visible global function definition for
     ‘devAskNewPage’
    plot.medsens: no visible global function definition for ‘par’
    plot.medsens: no visible global function definition for ‘devAskNewPage’
    plot.medsens: no visible global function definition for ‘lowess’
    plot.medsens: no visible global function definition for ‘plot.default’
    plot.medsens: no visible global function definition for ‘polygon’
    plot.medsens: no visible global function definition for ‘lines’
    plot.medsens: no visible global function definition for ‘abline’
    plot.medsens: no visible global function definition for ‘title’
    plot.medsens: no visible global function definition for ‘weighted.mean’
    plot.medsens: no visible global function definition for ‘quantile’
    plot.medsens: no visible global function definition for ‘approx’
    plot.medsens: no visible global function definition for ‘contour’
    plot.medsens: no visible global function definition for ‘axis’
    plot.multimed: no visible global function definition for ‘par’
    plot.multimed: no visible global function definition for
     ‘devAskNewPage’
    plot.multimed: no visible global function definition for ‘plot’
    plot.multimed: no visible global function definition for ‘segments’
    plot.multimed: no visible global function definition for ‘points’
    plot.multimed: no visible global function definition for ‘abline’
    plot.multimed: no visible global function definition for ‘text’
    plot.multimed: no visible global function definition for ‘polygon’
    plot.multimed: no visible global function definition for ‘lines’
    print.summary.ivmediate: no visible global function definition for
     ‘printCoefmat’
    print.summary.mediate: no visible global function definition for
     ‘printCoefmat’
    print.summary.mediate.design: no visible global function definition for
     ‘printCoefmat’
    print.summary.mediate.mer: no visible global function definition for
     ‘printCoefmat’
    print.summary.mediate.mer.2: no visible global function definition for
     ‘printCoefmat’
    print.summary.mediate.mer.3: no visible global function definition for
     ‘printCoefmat’
    print.summary.mediate.order: no visible global function definition for
     ‘model.frame’
    print.summary.multimed: no visible global function definition for
     ‘printCoefmat’
    test.TMint.mediate: no visible global function definition for
     ‘quantile’
    test.TMint.mediate.order: no visible global function definition for
     ‘model.frame’
    test.TMint.mediate.order: no visible global function definition for
     ‘quantile’
    test.modmed.mediate: no visible global function definition for
     ‘getCall’
    test.modmed.mediate: no visible global function definition for
     ‘quantile’
    test.modmed.mediate.order: no visible global function definition for
     ‘getCall’
    test.modmed.mediate.order: no visible global function definition for
     ‘model.frame’
    test.modmed.mediate.order: no visible global function definition for
     ‘quantile’
    Undefined global functions or variables:
     abline approx as.formula axis coef contour dev.interactive
     devAskNewPage dnorm family formula getCall glm integrate lines lm
     lowess model.frame model.matrix model.response model.weights na.omit
     packageDescription par plot plot.default pnorm points polygon predict
     printCoefmat qnorm quantile rgamma sd segments terms text title
     update var vcov weighted.mean
Flavors: r-devel-linux-x86_64-debian-clang, r-devel-linux-x86_64-debian-gcc

Version: 4.4.4
Flags: --no-build-vignettes
Check: dependencies in R code
Result: NOTE
    Missing or unexported object: ‘lme4::sigma’
Flavors: r-devel-linux-x86_64-fedora-clang, r-devel-linux-x86_64-fedora-gcc

Version: 4.4.4
Flags: --no-build-vignettes
Check: R code for possible problems
Result: NOTE
    .onAttach: no visible global function definition for
     ‘packageDescription’
    IMCI: no visible global function definition for ‘pnorm’
    amelidiate: no visible binding for global variable ‘quantile’
    boot.pd: no visible global function definition for ‘quantile’
    ivmediate: no visible global function definition for ‘model.frame’
    ivmediate: no visible global function definition for ‘getCall’
    ivmediate: no visible global function definition for ‘model.weights’
    ivmediate: no visible binding for global variable ‘quantile’
    ivmediate.fit: no visible global function definition for ‘coef’
    ivmediate.fit: no visible global function definition for ‘vcov’
    ivmediate.fit: no visible global function definition for ‘model.frame’
    ivmediate.fit: no visible global function definition for ‘model.matrix’
    ivmediate.fit: no visible global function definition for ‘terms’
    ivmediate.fit: no visible global function definition for ‘family’
    ivmediate.fit : g11: no visible global function definition for ‘family’
    ivmediate.fit : g10: no visible global function definition for ‘family’
    ivmediate.fit : g01: no visible global function definition for ‘family’
    ivmediate.fit : g00: no visible global function definition for ‘family’
    ivmediate.fit : g11: no visible global function definition for ‘dnorm’
    ivmediate.fit : g10: no visible global function definition for ‘dnorm’
    ivmediate.fit : g01: no visible global function definition for ‘dnorm’
    ivmediate.fit : g00: no visible global function definition for ‘dnorm’
    ivmediate.fit: no visible global function definition for ‘formula’
    ivmediate.fit : S11: no visible global function definition for ‘family’
    ivmediate.fit : S10: no visible global function definition for ‘family’
    ivmediate.fit : S01: no visible global function definition for ‘family’
    ivmediate.fit : S00: no visible global function definition for ‘family’
    ivmediate.fit: no visible global function definition for ‘integrate’
    ivmediate.fit.b: no visible global function definition for
     ‘model.frame’
    ivmediate.fit.b: no visible global function definition for ‘update’
    mediate: no visible global function definition for ‘model.frame’
    mediate: no visible global function definition for ‘getCall’
    mediate: no visible global function definition for ‘model.weights’
    mediate: Error while checking: invalid 'envir' argument
    mediate.ced: no visible global function definition for ‘na.omit’
    mediate.ced: no visible global function definition for ‘quantile’
    mediate.np: no visible global function definition for ‘quantile’
    mediate.np: no visible global function definition for ‘var’
    mediate.np: no visible global function definition for ‘qnorm’
    mediate.pd: no visible global function definition for ‘na.omit’
    mediate.ped: no visible global function definition for ‘na.omit’
    mediate.sed: no visible global function definition for ‘na.omit’
    mediations: no visible global function definition for ‘glm’
    mediations: Error while checking: invalid 'envir' argument
    medsens: no visible global function definition for ‘model.frame’
    medsens: no visible global function definition for ‘update’
    medsens: no visible global function definition for ‘model.weights’
    medsens: no visible global function definition for ‘model.matrix’
    medsens: no visible global function definition for ‘model.response’
    medsens: no visible global function definition for ‘sd’
    medsens: no visible binding for global variable ‘weighted.mean’
    medsens: no visible global function definition for ‘qnorm’
    medsens: no visible global function definition for ‘vcov’
    medsens : lambda: no visible global function definition for
     ‘model.matrix’
    medsens : lambda: no visible global function definition for ‘dnorm’
    medsens : lambda: no visible global function definition for ‘pnorm’
    medsens: no visible global function definition for ‘as.formula’
    medsens: no visible global function definition for ‘weighted.mean’
    medsens: no visible global function definition for ‘pnorm’
    medsens: no visible global function definition for ‘quantile’
    medsens: no visible global function definition for ‘var’
    medsens: no visible global function definition for ‘rgamma’
    multimed: no visible global function definition for ‘na.omit’
    multimed: no visible global function definition for ‘as.formula’
    multimed: no visible global function definition for ‘lm’
    multimed: no visible global function definition for ‘var’
    multimed: no visible global function definition for ‘weighted.mean’
    multimed: no visible global function definition for ‘coef’
    multimed: no visible global function definition for ‘model.frame’
    multimed: no visible global function definition for ‘predict’
    multimed: no visible binding for global variable ‘var’
    multimed: no visible global function definition for ‘quantile’
    plot.ivmediate: no visible global function definition for ‘plot’
    plot.ivmediate: no visible global function definition for ‘points’
    plot.ivmediate: no visible global function definition for ‘segments’
    plot.ivmediate: no visible global function definition for ‘axis’
    plot.ivmediate: no visible global function definition for ‘abline’
    plot.mediate: no visible global function definition for ‘plot’
    plot.mediate: no visible global function definition for ‘points’
    plot.mediate: no visible global function definition for ‘segments’
    plot.mediate: no visible global function definition for ‘axis’
    plot.mediate: no visible global function definition for ‘abline’
    plot.mediate.mer: no visible global function definition for ‘par’
    plot.mediate.mer: no visible global function definition for
     ‘devAskNewPage’
    plot.mediate.mer: no visible global function definition for ‘plot’
    plot.mediate.mer: no visible global function definition for ‘points’
    plot.mediate.mer: no visible global function definition for ‘segments’
    plot.mediate.mer: no visible global function definition for ‘axis’
    plot.mediate.mer: no visible global function definition for ‘abline’
    plot.mediate.order: no visible global function definition for ‘plot’
    plot.mediate.order: no visible global function definition for ‘points’
    plot.mediate.order: no visible global function definition for
     ‘segments’
    plot.mediate.order: no visible global function definition for ‘axis’
    plot.mediate.order: no visible global function definition for ‘abline’
    plot.mediations: no visible global function definition for ‘par’
    plot.mediations: no visible global function definition for
     ‘dev.interactive’
    plot.mediations: no visible global function definition for
     ‘devAskNewPage’
    plot.mediations.order: no visible global function definition for ‘par’
    plot.mediations.order: no visible global function definition for
     ‘dev.interactive’
    plot.mediations.order: no visible global function definition for
     ‘devAskNewPage’
    plot.medsens: no visible global function definition for ‘par’
    plot.medsens: no visible global function definition for ‘devAskNewPage’
    plot.medsens: no visible global function definition for ‘lowess’
    plot.medsens: no visible global function definition for ‘plot.default’
    plot.medsens: no visible global function definition for ‘polygon’
    plot.medsens: no visible global function definition for ‘lines’
    plot.medsens: no visible global function definition for ‘abline’
    plot.medsens: no visible global function definition for ‘title’
    plot.medsens: no visible global function definition for ‘weighted.mean’
    plot.medsens: no visible global function definition for ‘quantile’
    plot.medsens: no visible global function definition for ‘approx’
    plot.medsens: no visible global function definition for ‘contour’
    plot.medsens: no visible global function definition for ‘axis’
    plot.multimed: no visible global function definition for ‘par’
    plot.multimed: no visible global function definition for
     ‘devAskNewPage’
    plot.multimed: no visible global function definition for ‘plot’
    plot.multimed: no visible global function definition for ‘segments’
    plot.multimed: no visible global function definition for ‘points’
    plot.multimed: no visible global function definition for ‘abline’
    plot.multimed: no visible global function definition for ‘text’
    plot.multimed: no visible global function definition for ‘polygon’
    plot.multimed: no visible global function definition for ‘lines’
    print.summary.ivmediate: no visible global function definition for
     ‘printCoefmat’
    print.summary.mediate: no visible global function definition for
     ‘printCoefmat’
    print.summary.mediate.design: no visible global function definition for
     ‘printCoefmat’
    print.summary.mediate.mer: no visible global function definition for
     ‘printCoefmat’
    print.summary.mediate.mer.2: no visible global function definition for
     ‘printCoefmat’
    print.summary.mediate.mer.3: no visible global function definition for
     ‘printCoefmat’
    print.summary.mediate.order: no visible global function definition for
     ‘model.frame’
    print.summary.multimed: no visible global function definition for
     ‘printCoefmat’
    test.TMint.mediate: no visible global function definition for
     ‘quantile’
    test.TMint.mediate.order: no visible global function definition for
     ‘model.frame’
    test.TMint.mediate.order: no visible global function definition for
     ‘quantile’
    test.modmed.mediate: no visible global function definition for
     ‘getCall’
    test.modmed.mediate: no visible global function definition for
     ‘quantile’
    test.modmed.mediate.order: no visible global function definition for
     ‘getCall’
    test.modmed.mediate.order: no visible global function definition for
     ‘model.frame’
    test.modmed.mediate.order: no visible global function definition for
     ‘quantile’
    Undefined global functions or variables:
     abline approx as.formula axis coef contour dev.interactive
     devAskNewPage dnorm family formula getCall glm integrate lines lm
     lowess model.frame model.matrix model.response model.weights na.omit
     packageDescription par plot plot.default pnorm points polygon predict
     printCoefmat qnorm quantile rgamma sd segments terms text title
     update var vcov weighted.mean
Flavors: r-devel-linux-x86_64-fedora-clang, r-devel-linux-x86_64-fedora-gcc

Version: 4.4.4
Check: dependencies in R code
Result: NOTE
    Missing or unexported object: ‘lme4::sigma’
Flavors: r-devel-osx-x86_64-clang, r-devel-windows-ix86+x86_64

Version: 4.4.4
Check: R code for possible problems
Result: NOTE
    .onAttach: no visible global function definition for
     'packageDescription'
    IMCI: no visible global function definition for 'pnorm'
    amelidiate: no visible binding for global variable 'quantile'
    boot.pd: no visible global function definition for 'quantile'
    ivmediate: no visible global function definition for 'model.frame'
    ivmediate: no visible global function definition for 'getCall'
    ivmediate: no visible global function definition for 'model.weights'
    ivmediate: no visible binding for global variable 'quantile'
    ivmediate.fit: no visible global function definition for 'coef'
    ivmediate.fit: no visible global function definition for 'vcov'
    ivmediate.fit: no visible global function definition for 'model.frame'
    ivmediate.fit: no visible global function definition for 'model.matrix'
    ivmediate.fit: no visible global function definition for 'terms'
    ivmediate.fit: no visible global function definition for 'family'
    ivmediate.fit : g11: no visible global function definition for 'family'
    ivmediate.fit : g10: no visible global function definition for 'family'
    ivmediate.fit : g01: no visible global function definition for 'family'
    ivmediate.fit : g00: no visible global function definition for 'family'
    ivmediate.fit : g11: no visible global function definition for 'dnorm'
    ivmediate.fit : g10: no visible global function definition for 'dnorm'
    ivmediate.fit : g01: no visible global function definition for 'dnorm'
    ivmediate.fit : g00: no visible global function definition for 'dnorm'
    ivmediate.fit: no visible global function definition for 'formula'
    ivmediate.fit : S11: no visible global function definition for 'family'
    ivmediate.fit : S10: no visible global function definition for 'family'
    ivmediate.fit : S01: no visible global function definition for 'family'
    ivmediate.fit : S00: no visible global function definition for 'family'
    ivmediate.fit: no visible global function definition for 'integrate'
    ivmediate.fit.b: no visible global function definition for
     'model.frame'
    ivmediate.fit.b: no visible global function definition for 'update'
    mediate: no visible global function definition for 'model.frame'
    mediate: no visible global function definition for 'getCall'
    mediate: no visible global function definition for 'model.weights'
    mediate: no visible global function definition for 'binomial'
    mediate: no visible global function definition for 'poisson'
    mediate: no visible global function definition for 'formula'
    mediate: no visible global function definition for 'na.omit'
    mediate: no visible global function definition for 'coef'
    mediate: no visible global function definition for 'vcov'
    mediate: no visible global function definition for 'update'
    mediate: no visible global function definition for 'rnorm'
    mediate: no visible global function definition for 'model.matrix'
    mediate: no visible global function definition for 'terms'
    mediate: no visible global function definition for 'rpois'
    mediate: no visible global function definition for 'rgamma'
    mediate: no visible global function definition for 'rbinom'
    mediate: no visible binding for global variable 'plogis'
    mediate: no visible binding for global variable 'pnorm'
    mediate: no visible global function definition for 'rmultinom'
    mediate: no visible global function definition for 'rweibull'
    mediate: no visible global function definition for 'rlogis'
    mediate: no visible global function definition for 'rt'
    mediate: no visible binding for global variable 'weighted.mean'
    mediate: no visible global function definition for 'median'
    mediate: no visible binding for global variable 'median'
    mediate: no visible global function definition for 'predict'
    mediate: no visible global function definition for 'runif'
    mediate: no visible global function definition for 'delete.response'
    mediate: no visible global function definition for 'weighted.mean'
    mediate : BC.CI: no visible global function definition for 'qnorm'
    mediate : BC.CI: no visible global function definition for 'pnorm'
    mediate : BC.CI: no visible global function definition for 'quantile'
    mediate: no visible global function definition for 'quantile'
    mediate : QUANT: no visible global function definition for 'quantile'
    mediate: no visible global function definition for 'model.response'
    mediate : CI: no visible global function definition for 'quantile'
    mediate.ced: no visible global function definition for 'na.omit'
    mediate.ced: no visible global function definition for 'quantile'
    mediate.np: no visible global function definition for 'quantile'
    mediate.np: no visible global function definition for 'var'
    mediate.np: no visible global function definition for 'qnorm'
    mediate.pd: no visible global function definition for 'na.omit'
    mediate.ped: no visible global function definition for 'na.omit'
    mediate.sed: no visible global function definition for 'na.omit'
    mediations: no visible global function definition for 'glm'
    mediations: no visible global function definition for 'binomial'
    medsens: no visible global function definition for 'model.frame'
    medsens: no visible global function definition for 'update'
    medsens: no visible global function definition for 'model.weights'
    medsens: no visible global function definition for 'model.matrix'
    medsens: no visible global function definition for 'model.response'
    medsens: no visible global function definition for 'sd'
    medsens: no visible binding for global variable 'weighted.mean'
    medsens: no visible global function definition for 'qnorm'
    medsens: no visible global function definition for 'vcov'
    medsens : lambda: no visible global function definition for
     'model.matrix'
    medsens : lambda: no visible global function definition for 'dnorm'
    medsens : lambda: no visible global function definition for 'pnorm'
    medsens: no visible global function definition for 'as.formula'
    medsens: no visible global function definition for 'weighted.mean'
    medsens: no visible global function definition for 'pnorm'
    medsens: no visible global function definition for 'quantile'
    medsens: no visible global function definition for 'var'
    medsens: no visible global function definition for 'rgamma'
    multimed: no visible global function definition for 'na.omit'
    multimed: no visible global function definition for 'as.formula'
    multimed: no visible global function definition for 'lm'
    multimed: no visible global function definition for 'var'
    multimed: no visible global function definition for 'weighted.mean'
    multimed: no visible global function definition for 'coef'
    multimed: no visible global function definition for 'model.frame'
    multimed: no visible global function definition for 'predict'
    multimed: no visible binding for global variable 'var'
    multimed: no visible global function definition for 'quantile'
    plot.ivmediate: no visible global function definition for 'plot'
    plot.ivmediate: no visible global function definition for 'points'
    plot.ivmediate: no visible global function definition for 'segments'
    plot.ivmediate: no visible global function definition for 'axis'
    plot.ivmediate: no visible global function definition for 'abline'
    plot.mediate: no visible global function definition for 'plot'
    plot.mediate: no visible global function definition for 'points'
    plot.mediate: no visible global function definition for 'segments'
    plot.mediate: no visible global function definition for 'axis'
    plot.mediate: no visible global function definition for 'abline'
    plot.mediate.mer: no visible global function definition for 'par'
    plot.mediate.mer: no visible global function definition for
     'devAskNewPage'
    plot.mediate.mer: no visible global function definition for 'plot'
    plot.mediate.mer: no visible global function definition for 'points'
    plot.mediate.mer: no visible global function definition for 'segments'
    plot.mediate.mer: no visible global function definition for 'axis'
    plot.mediate.mer: no visible global function definition for 'abline'
    plot.mediate.order: no visible global function definition for 'plot'
    plot.mediate.order: no visible global function definition for 'points'
    plot.mediate.order: no visible global function definition for
     'segments'
    plot.mediate.order: no visible global function definition for 'axis'
    plot.mediate.order: no visible global function definition for 'abline'
    plot.mediations: no visible global function definition for 'par'
    plot.mediations: no visible global function definition for
     'dev.interactive'
    plot.mediations: no visible global function definition for
     'devAskNewPage'
    plot.mediations.order: no visible global function definition for 'par'
    plot.mediations.order: no visible global function definition for
     'dev.interactive'
    plot.mediations.order: no visible global function definition for
     'devAskNewPage'
    plot.medsens: no visible global function definition for 'par'
    plot.medsens: no visible global function definition for 'devAskNewPage'
    plot.medsens: no visible global function definition for 'lowess'
    plot.medsens: no visible global function definition for 'plot.default'
    plot.medsens: no visible global function definition for 'polygon'
    plot.medsens: no visible global function definition for 'lines'
    plot.medsens: no visible global function definition for 'abline'
    plot.medsens: no visible global function definition for 'title'
    plot.medsens: no visible global function definition for 'weighted.mean'
    plot.medsens: no visible global function definition for 'quantile'
    plot.medsens: no visible global function definition for 'approx'
    plot.medsens: no visible global function definition for 'contour'
    plot.medsens: no visible global function definition for 'axis'
    plot.multimed: no visible global function definition for 'par'
    plot.multimed: no visible global function definition for
     'devAskNewPage'
    plot.multimed: no visible global function definition for 'plot'
    plot.multimed: no visible global function definition for 'segments'
    plot.multimed: no visible global function definition for 'points'
    plot.multimed: no visible global function definition for 'abline'
    plot.multimed: no visible global function definition for 'text'
    plot.multimed: no visible global function definition for 'polygon'
    plot.multimed: no visible global function definition for 'lines'
    print.summary.ivmediate: no visible global function definition for
     'printCoefmat'
    print.summary.mediate: no visible global function definition for
     'printCoefmat'
    print.summary.mediate.design: no visible global function definition for
     'printCoefmat'
    print.summary.mediate.mer: no visible global function definition for
     'printCoefmat'
    print.summary.mediate.mer.2: no visible global function definition for
     'printCoefmat'
    print.summary.mediate.mer.3: no visible global function definition for
     'printCoefmat'
    print.summary.mediate.order: no visible global function definition for
     'model.frame'
    print.summary.multimed: no visible global function definition for
     'printCoefmat'
    test.TMint.mediate: no visible global function definition for
     'quantile'
    test.TMint.mediate.order: no visible global function definition for
     'model.frame'
    test.TMint.mediate.order: no visible global function definition for
     'quantile'
    test.modmed.mediate: no visible global function definition for
     'getCall'
    test.modmed.mediate: no visible global function definition for
     'quantile'
    test.modmed.mediate.order: no visible global function definition for
     'getCall'
    test.modmed.mediate.order: no visible global function definition for
     'model.frame'
    test.modmed.mediate.order: no visible global function definition for
     'quantile'
    Undefined global functions or variables:
     abline approx as.formula axis binomial coef contour delete.response
     dev.interactive devAskNewPage dnorm family formula getCall glm
     integrate lines lm lowess median model.frame model.matrix
     model.response model.weights na.omit packageDescription par plogis
     plot plot.default pnorm points poisson polygon predict printCoefmat
     qnorm quantile rbinom rgamma rlogis rmultinom rnorm rpois rt runif
     rweibull sd segments terms text title update var vcov weighted.mean
Flavor: r-devel-windows-ix86+x86_64

Version: 4.4.4
Check: package dependencies
Result: NOTE
    Package suggested but not available for checking: ‘lme4’
Flavor: r-release-osx-x86_64-mavericks

Version: 4.4.4
Check: running R code from vignettes
Result: WARN
    Errors in running code in vignettes:
    when running code in ‘mediation.Rnw’
     ...
    > plot(sens.out, sens.par = "R2", r.type = "total",
    + sign.prod = "positive")
    
    > data("student", package = "mediation")
    
    > library(lme4)
    
     When sourcing ‘mediation.R’:
    Error: there is no package called ‘lme4’
    Execution halted
Flavor: r-release-osx-x86_64-mavericks

Version: 4.4.4
Check: re-building of vignette outputs
Result: NOTE
    Error in re-building vignettes:
     ...
    Loading required package: MASS
    Loading required package: Matrix
    Loading required package: mvtnorm
    Loading required package: sandwich
    mediation: Causal Mediation Analysis
    Version: 4.4.4
    
    
    Error: processing vignette 'mediation.Rnw' failed with diagnostics:
     chunk 22
    Error in library(lme4) : there is no package called ‘lme4’
    Execution halted
Flavor: r-release-osx-x86_64-mavericks