CRAN Package Check Results for Package mediation

Last updated on 2014-10-30 17:49:19.

Flavor Version Tinstall Tcheck Ttotal Status Flags
r-devel-linux-x86_64-debian-clang 4.4.2 3.95 89.17 93.12 OK --no-vignettes
r-devel-linux-x86_64-debian-gcc 4.4.2 3.84 89.82 93.66 OK --no-vignettes
r-devel-linux-x86_64-fedora-clang 4.4.2 373.61 OK --no-build-vignettes
r-devel-linux-x86_64-fedora-gcc 4.4.2 368.46 OK --no-build-vignettes
r-devel-osx-x86_64-clang 4.4.2 460.93 OK
r-devel-windows-ix86+x86_64 4.4.2 11.00 105.00 116.00 OK --no-vignettes
r-patched-linux-x86_64 4.4.2 4.06 91.92 95.98 OK --no-vignettes
r-patched-solaris-sparc 4.4.2 1046.50 OK --no-vignettes
r-patched-solaris-x86 4.4.2 236.80 OK --no-vignettes
r-release-linux-ix86 4.4.2 5.09 115.62 120.71 OK --no-vignettes
r-release-linux-x86_64 4.4.2 4.27 94.28 98.55 OK --no-vignettes
r-release-osx-x86_64-mavericks 4.4.2 NOTE
r-release-osx-x86_64-snowleopard 4.4.2 OK
r-release-windows-ix86+x86_64 4.4.2 12.00 126.00 138.00 OK --no-vignettes
r-oldrel-windows-ix86+x86_64 4.4.2 13.00 118.00 131.00 OK --no-vignettes

Check Details

Version: 4.4.2
Check: re-building of vignette outputs
Result: NOTE
    Error in re-building vignettes:
     ...
    Error in texi2dvi(file = file, pdf = TRUE, clean = clean, quiet = quiet, :
     Running 'texi2dvi' on 'mediation-old.tex' failed.
    LaTeX errors:
    ! LaTeX Error: File `arydshln.sty' not found.
    
    Type X to quit or <RETURN> to proceed,
    or enter new name. (Default extension: sty)
    
    gn_test/mediation/vignettes/mediation-old.tex:47: ==> Fatal error occurred, no
     output PDF file produced!
    Calls: buildVignettes -> texi2pdf -> texi2dvi
    Execution halted
Flavor: r-release-osx-x86_64-mavericks