CRAN Package Check Results for Package mediation

Last updated on 2017-04-28 23:52:27.

Flavor Version Tinstall Tcheck Ttotal Status Flags
r-devel-linux-x86_64-debian-clang 4.4.5 4.32 87.22 91.55 OK --no-vignettes
r-devel-linux-x86_64-debian-gcc 4.4.5 4.42 86.10 90.52 OK --no-vignettes
r-devel-linux-x86_64-fedora-clang 4.4.5 399.01 OK --no-stop-on-test-error
r-devel-linux-x86_64-fedora-gcc 4.4.5 384.93 OK --no-stop-on-test-error
r-devel-windows-ix86+x86_64 4.4.5 27.00 405.00 432.00 OK
r-patched-linux-x86_64 4.4.5 4.44 87.89 92.33 OK --no-vignettes
r-patched-solaris-sparc 4.4.5 1071.30 OK --no-vignettes
r-patched-solaris-x86 4.4.5 464.10 OK
r-release-linux-x86_64 4.4.5 4.87 85.87 90.73 OK --no-vignettes
r-release-windows-ix86+x86_64 4.4.5 18.00 395.00 413.00 OK
r-release-osx-x86_64 4.4.5 NOTE
r-oldrel-windows-ix86+x86_64 4.4.5 20.00 273.00 293.00 OK
r-oldrel-osx-x86_64 4.4.5 OK

Check Details

Version: 4.4.5
Check: re-building of vignette outputs
Result: NOTE
    Error in re-building vignettes:
     ...
    Error in texi2dvi(file = file, pdf = TRUE, clean = clean, quiet = quiet, :
     Running 'texi2dvi' on 'mediation-old.tex' failed.
    LaTeX errors:
    ! LaTeX Error: File `arydshln.sty' not found.
    
    Type X to quit or <RETURN> to proceed,
    or enter new name. (Default extension: sty)
    
    ! Emergency stop.
    <read *>
    
    l.47 ^^M
    
    ! ==> Fatal error occurred, no output PDF file produced!
    Calls: buildVignettes -> texi2pdf -> texi2dvi
    Execution halted
Flavor: r-release-osx-x86_64