CRAN Package Check Results for Package mediation

Last updated on 2014-11-29 03:51:57.

Flavor Version Tinstall Tcheck Ttotal Status Flags
r-devel-linux-x86_64-debian-clang 4.4.3 4.58 92.32 96.91 OK --no-vignettes
r-devel-linux-x86_64-debian-gcc 4.4.3 4.38 91.94 96.32 OK --no-vignettes
r-devel-linux-x86_64-fedora-clang 4.4.3 378.46 OK --no-build-vignettes
r-devel-linux-x86_64-fedora-gcc 4.4.3 404.37 OK --no-build-vignettes
r-devel-osx-x86_64-clang 4.4.3 475.54 OK
r-devel-windows-ix86+x86_64 4.4.3 15.00 121.00 136.00 OK --no-vignettes
r-patched-linux-x86_64 4.4.3 4.52 96.08 100.59 OK --no-vignettes
r-patched-solaris-sparc 4.4.3 1064.50 OK --no-vignettes
r-patched-solaris-x86 4.4.3 249.40 OK --no-vignettes
r-release-linux-ix86 4.4.3 5.39 111.43 116.82 OK --no-vignettes
r-release-linux-x86_64 4.4.3 4.55 98.20 102.76 OK --no-vignettes
r-release-osx-x86_64-mavericks 4.4.3 NOTE
r-release-osx-x86_64-snowleopard 4.4.3 OK
r-release-windows-ix86+x86_64 4.4.3 16.00 138.00 154.00 OK --no-vignettes
r-oldrel-windows-ix86+x86_64 4.4.3 13.00 134.00 147.00 OK --no-vignettes

Check Details

Version: 4.4.3
Check: re-building of vignette outputs
Result: NOTE
    Error in re-building vignettes:
     ...
    Error in texi2dvi(file = file, pdf = TRUE, clean = clean, quiet = quiet, :
     Running 'texi2dvi' on 'mediation-old.tex' failed.
    LaTeX errors:
    ! LaTeX Error: File `arydshln.sty' not found.
    
    Type X to quit or <RETURN> to proceed,
    or enter new name. (Default extension: sty)
    
    gn_test/mediation/vignettes/mediation-old.tex:47: ==> Fatal error occurred, no
     output PDF file produced!
    Calls: buildVignettes -> texi2pdf -> texi2dvi
    Execution halted
Flavor: r-release-osx-x86_64-mavericks