CRAN Package Check Results for Package mediation

Last updated on 2014-07-24 15:52:21.

Flavor Version Tinstall Tcheck Ttotal Status Flags
r-devel-linux-x86_64-debian-clang 4.4 5.04 87.45 92.48 OK --no-vignettes
r-devel-linux-x86_64-debian-gcc 4.4 3.98 86.05 90.03 OK --no-vignettes
r-devel-linux-x86_64-fedora-clang 4.4 571.49 OK
r-devel-linux-x86_64-fedora-gcc 4.4 556.46 OK
r-devel-osx-x86_64-clang 4.4 459.40 OK
r-devel-windows-ix86+x86_64 4.4 12.00 112.00 124.00 OK --no-vignettes
r-patched-linux-x86_64 4.4 3.96 86.08 90.04 OK --no-vignettes
r-patched-solaris-sparc 4.4 1068.70 OK --no-vignettes
r-patched-solaris-x86 4.4 241.80 OK --no-vignettes
r-release-linux-ix86 4.4 4.94 109.32 114.27 OK --no-vignettes
r-release-linux-x86_64 4.4 4.08 87.95 92.04 OK --no-vignettes
r-release-osx-x86_64-mavericks 4.4 NOTE
r-release-osx-x86_64-snowleopard 4.4 NOTE
r-release-windows-ix86+x86_64 4.4 11.00 117.00 128.00 OK --no-vignettes
r-oldrel-windows-ix86+x86_64 4.4 11.00 112.00 123.00 OK --no-vignettes

Check Details

Version: 4.4
Check: re-building of vignette outputs
Result: NOTE
    Error in re-building vignettes:
     ...
    Error in texi2dvi(file = file, pdf = TRUE, clean = clean, quiet = quiet, :
     Running 'texi2dvi' on 'mediation-old.tex' failed.
    LaTeX errors:
    ! LaTeX Error: File `arydshln.sty' not found.
    
    Type X to quit or <RETURN> to proceed,
    or enter new name. (Default extension: sty)
    
    gn_test/mediation/vignettes/mediation-old.tex:47: ==> Fatal error occurred, no
     output PDF file produced!
    Calls: buildVignettes -> texi2pdf -> texi2dvi
    Execution halted
Flavor: r-release-osx-x86_64-mavericks

Version: 4.4
Check: re-building of vignette outputs
Result: NOTE
    Error in re-building vignettes:
     ...
    Error in texi2dvi(file = file, pdf = TRUE, clean = clean, quiet = quiet, :
     Running 'texi2dvi' on 'mediation-old.tex' failed.
    LaTeX errors:
    ! LaTeX Error: File `arydshln.sty' not found.
    
    Type X to quit or <RETURN> to proceed,
    or enter new name. (Default extension: sty)
    Calls: buildVignettes -> texi2pdf -> texi2dvi
    Execution halted
Flavor: r-release-osx-x86_64-snowleopard