CRAN Package Check Results for Package mediation

Last updated on 2014-04-23 17:47:48.

Flavor Version Tinstall Tcheck Ttotal Status Flags
r-devel-linux-x86_64-debian-clang 4.4 4.48 89.91 94.38 OK --no-vignettes
r-devel-linux-x86_64-debian-gcc 4.4 4.24 93.96 98.20 OK --no-vignettes
r-devel-linux-x86_64-fedora-clang 4.4 570.15 OK
r-devel-linux-x86_64-fedora-gcc 4.4 556.20 OK
r-devel-osx-x86_64-clang 4.4 422.84 OK
r-devel-osx-x86_64-gcc 4.4 ERROR
r-devel-windows-ix86+x86_64 4.4 11.00 110.00 121.00 OK --no-vignettes
r-patched-linux-x86_64 4.4 4.24 89.86 94.10 OK --no-vignettes
r-patched-solaris-sparc 4.4 1068.70 OK --no-vignettes
r-patched-solaris-x86 4.4 234.90 OK --no-vignettes
r-release-linux-ix86 4.4 7.00 136.00 143.00 OK --no-vignettes
r-release-linux-x86_64 4.4 4.22 90.93 95.15 OK --no-vignettes
r-release-osx-x86_64-mavericks 4.4 WARN
r-release-osx-x86_64-snowleopard 4.4 NOTE
r-release-windows-ix86+x86_64 4.4 12.00 115.00 127.00 OK --no-vignettes
r-oldrel-windows-ix86+x86_64 4.4 12.00 115.00 127.00 OK --no-vignettes

Check Details

Version: 4.4
Check: package dependencies
Result: ERROR
    Package required but not available: ‘sandwich’
    
    Package suggested but not available for checking: ‘quantreg’
    
    See the information on DESCRIPTION files in the chapter ‘Creating R
    packages’ of the ‘Writing R Extensions’ manual.
Flavor: r-devel-osx-x86_64-gcc

Version: 4.4
Check: package dependencies
Result: NOTE
    Packages suggested but not available for checking: ‘lme4’ ‘arm’
Flavor: r-release-osx-x86_64-mavericks

Version: 4.4
Check: running R code from vignettes
Result: WARNING
    Errors in running code in vignettes:
    when running code in ‘mediation.Rnw’
     ...
    > plot(sens.out, sens.par = "R2", r.type = "total",
    + sign.prod = "positive")
    
    > data(student)
    
    > library(arm)
    
     When sourcing ‘mediation.R’:
    Error: there is no package called ‘arm’
    Execution halted
Flavor: r-release-osx-x86_64-mavericks

Version: 4.4
Check: re-building of vignette outputs
Result: NOTE
    Error in re-building vignettes:
     ...
    Error in texi2dvi(file = file, pdf = TRUE, clean = clean, quiet = quiet, :
     Running 'texi2dvi' on 'mediation-old.tex' failed.
    LaTeX errors:
    ! LaTeX Error: File `arydshln.sty' not found.
    
    Type X to quit or <RETURN> to proceed,
    or enter new name. (Default extension: sty)
    
    gn_test/mediation/vignettes/mediation-old.tex:47: ==> Fatal error occurred, no
     output PDF file produced!
    Calls: buildVignettes -> texi2pdf -> texi2dvi
    Execution halted
Flavor: r-release-osx-x86_64-mavericks

Version: 4.4
Check: PDF version of manual
Result: WARNING
    LaTeX errors when creating PDF version.
    This typically indicates Rd problems.
    LaTeX errors found:
    ! LaTeX Error: File `upquote.sty' not found.
    
    Type X to quit or <RETURN> to proceed,
    or enter new name. (Default extension: sty)
    
    59ec26a9/Rd2.tex:8: ==> Fatal error occurred, no output PDF file produced!
Flavor: r-release-osx-x86_64-mavericks

Version: 4.4
Check: re-building of vignette outputs
Result: NOTE
    Error in re-building vignettes:
     ...
    Error in texi2dvi(file = file, pdf = TRUE, clean = clean, quiet = quiet, :
     Running 'texi2dvi' on 'mediation-old.tex' failed.
    LaTeX errors:
    ! LaTeX Error: File `arydshln.sty' not found.
    
    Type X to quit or <RETURN> to proceed,
    or enter new name. (Default extension: sty)
    Calls: buildVignettes -> texi2pdf -> texi2dvi
    Execution halted
Flavor: r-release-osx-x86_64-snowleopard