CRAN Package Check Results for Package mediation

Last updated on 2017-06-25 16:52:07.

Flavor Version Tinstall Tcheck Ttotal Status Flags
r-devel-linux-x86_64-debian-clang 4.4.5 4.52 84.90 89.42 OK --no-vignettes
r-devel-linux-x86_64-debian-gcc 4.4.5 4.26 84.23 88.49 OK --no-vignettes
r-devel-linux-x86_64-fedora-clang 4.4.5 406.73 OK
r-devel-linux-x86_64-fedora-gcc 4.4.5 389.36 OK
r-devel-windows-ix86+x86_64 4.4.5 21.00 318.00 339.00 OK
r-patched-linux-x86_64 4.4.5 4.54 84.97 89.51 OK --no-vignettes
r-patched-solaris-sparc 4.4.5 1071.30 OK --no-vignettes
r-patched-solaris-x86 4.4.5 473.10 OK
r-release-linux-x86_64 4.4.5 4.62 88.08 92.71 OK --no-vignettes
r-release-windows-ix86+x86_64 4.4.5 24.00 443.00 467.00 OK
r-release-osx-x86_64 4.4.5 NOTE
r-oldrel-windows-ix86+x86_64 4.4.5 14.00 408.00 422.00 OK
r-oldrel-osx-x86_64 4.4.5 OK

Check Details

Version: 4.4.5
Check: re-building of vignette outputs
Result: NOTE
    Error in re-building vignettes:
     ...
    Error in texi2dvi(file = file, pdf = TRUE, clean = clean, quiet = quiet, :
     Running 'texi2dvi' on 'mediation-old.tex' failed.
    LaTeX errors:
    ! LaTeX Error: File `arydshln.sty' not found.
    
    Type X to quit or <RETURN> to proceed,
    or enter new name. (Default extension: sty)
    
    ! Emergency stop.
    <read *>
    
    l.47 ^^M
    
    ! ==> Fatal error occurred, no output PDF file produced!
    Calls: buildVignettes -> texi2pdf -> texi2dvi
    Execution halted
Flavor: r-release-osx-x86_64