CRAN Package Check Results for Package mefa

Last updated on 2015-07-03 21:46:37.

Flavor Version Tinstall Tcheck Ttotal Status Flags
r-devel-linux-x86_64-debian-clang 3.2-5 0.86 28.06 28.92 NOTE
r-devel-linux-x86_64-debian-gcc 3.2-5 0.81 27.90 28.70 NOTE
r-devel-linux-x86_64-fedora-clang 3.2-5 58.28 NOTE
r-devel-linux-x86_64-fedora-gcc 3.2-5 56.48 NOTE
r-devel-osx-x86_64-clang 3.2-5 58.66 OK
r-devel-windows-ix86+x86_64 3.2-5 4.00 44.00 48.00 NOTE
r-patched-linux-x86_64 3.2-5 0.84 28.74 29.58 OK
r-patched-solaris-sparc 3.2-5 381.90 OK
r-patched-solaris-x86 3.2-5 75.60 OK
r-release-linux-x86_64 3.2-5 0.86 28.16 29.02 OK
r-release-osx-x86_64-mavericks 3.2-5 NOTE
r-release-windows-ix86+x86_64 3.2-5 5.00 42.00 47.00 OK
r-oldrel-windows-ix86+x86_64 3.2-5 6.00 50.00 56.00 OK

Check Details

Version: 3.2-5
Check: R code for possible problems
Result: NOTE
    aoplot.default: no visible global function definition for ‘plot’
    aoplot.default: no visible global function definition for ‘lines’
    as.Mefa.mefa: no visible global function definition for ‘new’
    as.Mefa.mefa: no visible global function definition for ‘as’
    as.Xtab.mefa: no visible global function definition for ‘as’
    image.dist: no visible global function definition for ‘par’
    image.dist: no visible global function definition for ‘mtext’
    image.mefa: no visible global function definition for ‘box’
    image.mefa: no visible global function definition for ‘axis’
    mefaCrosstab: no visible global function definition for ‘xtabs’
    mefalogo: no visible global function definition for ‘plot’
    mefalogo: no visible global function definition for ‘polygon’
    mefalogo: no visible global function definition for ‘text’
    mefaweb: no visible global function definition for ‘browseURL’
    melt.mefa : meltMefa: no visible global function definition for ‘runif’
    plot.mefa: no visible global function definition for ‘plot’
    plot.mefa: no visible global function definition for ‘hist’
    qvector: no visible global function definition for ‘quantile’
    Undefined global functions or variables:
     as axis box browseURL hist lines mtext new par plot polygon quantile
     runif text xtabs
Flavors: r-devel-linux-x86_64-debian-clang, r-devel-linux-x86_64-debian-gcc, r-devel-linux-x86_64-fedora-clang, r-devel-linux-x86_64-fedora-gcc, r-devel-windows-ix86+x86_64

Version: 3.2-5
Check: re-building of vignette outputs
Result: NOTE
    Error in re-building vignettes:
     ...
    The "ward" method has been renamed to "ward.D"; note new "ward.D2"
    Error in texi2dvi(file = file, pdf = TRUE, clean = clean, quiet = quiet, :
     Running 'texi2dvi' on 'mefa.tex' failed.
    LaTeX errors:
    ! Undefined control sequence.
    l.21 ...L<a3>V<ab><c1>^^X<c2>T<fa><f5><d0>o^^U&''<c9>^^Wە^^F^^Y<aa><8b>)<f0>!<e6>E<bb>\<86>
     4<b9><fe><c6>GQ^^G<d2>^^C'<b8>1<e2>J<81>k^^J
    The control sequence at the end of the top line
    of your error message was never \def'ed. If you have
    ! Undefined control sequence.
    l.25 ...^^Q<a7> "!<c4><fa><fa>z<b3><d9>,^^V<8b>B<88>B<a1><90>H$8<e7><f2>-:T*<95><95><95>^^UEQ\<d7>
     <cd><e5>r<b5>ZM^^H!c^^Pr<9c><a1><a1><a1><99><99><99>t:=3...
    The control sequence at the end of the top line
    of your error message was never \def'ed. If you have
    ! LaTeX Error: Missing \begin{document}.
    
    See the LaTeX manual or LaTeX Companion for explanation.
    Type H <return> for immediate help.
     ...
    ! Missing $ inserted.
    <inserted text>
     $
    l.25 ...<ae>[<ab>Vw<87><86>BB<e
    Calls: buildVignettes -> texi2pdf -> texi2dvi
    Execution halted
Flavor: r-release-osx-x86_64-mavericks