CRAN Package Check Results for Package mefa

Last updated on 2018-04-19 10:47:03 CEST.

Flavor Version Tinstall Tcheck Ttotal Status Flags
r-devel-linux-x86_64-debian-clang 3.2-7 3.59 43.50 47.09 OK
r-devel-linux-x86_64-debian-gcc 3.2-7 2.68 37.43 40.11 OK
r-devel-linux-x86_64-fedora-clang 3.2-7 62.84 OK
r-devel-linux-x86_64-fedora-gcc 3.2-7 61.79 OK
r-devel-windows-ix86+x86_64 3.2-7 8.00 82.00 90.00 OK
r-devel-osx-x86_64 3.2-7 OK
r-patched-linux-x86_64 3.2-7 3.28 47.98 51.26 OK
r-patched-solaris-x86 3.2-7 83.80 OK
r-release-linux-x86_64 3.2-7 1.44 50.73 52.17 OK
r-release-windows-ix86+x86_64 3.2-7 3.00 84.00 87.00 OK
r-release-osx-x86_64 3.2-7 NOTE
r-oldrel-windows-ix86+x86_64 3.2-7 5.00 75.00 80.00 OK

Check Details

Version: 3.2-7
Check: Rd cross-references
Result: NOTE
    Package unavailable to check Rd xrefs: ‘untb’
Flavor: r-release-osx-x86_64