CRAN Package Check Results for Package mefa

Last updated on 2015-05-29 23:47:52.

Flavor Version Tinstall Tcheck Ttotal Status Flags
r-devel-linux-x86_64-debian-clang 3.2-5 0.88 28.58 29.46 OK
r-devel-linux-x86_64-debian-gcc 3.2-5 0.92 28.54 29.46 OK
r-devel-linux-x86_64-fedora-clang 3.2-5 62.29 OK
r-devel-linux-x86_64-fedora-gcc 3.2-5 57.24 OK
r-devel-osx-x86_64-clang 3.2-5 61.54 OK
r-devel-windows-ix86+x86_64 3.2-5 3.00 40.00 43.00 OK
r-patched-linux-x86_64 3.2-5 0.84 27.87 28.71 OK
r-patched-solaris-sparc 3.2-5 381.90 OK
r-patched-solaris-x86 3.2-5 73.40 OK
r-release-linux-x86_64 3.2-5 0.86 28.76 29.61 OK
r-release-osx-x86_64-mavericks 3.2-5 NOTE
r-release-osx-x86_64-snowleopard 3.2-5 WARN
r-release-windows-ix86+x86_64 3.2-5 4.00 43.00 47.00 OK
r-oldrel-windows-ix86+x86_64 3.2-5 4.00 64.00 68.00 OK

Check Details

Version: 3.2-5
Check: re-building of vignette outputs
Result: NOTE
    Error in re-building vignettes:
     ...
    The "ward" method has been renamed to "ward.D"; note new "ward.D2"
    Error in texi2dvi(file = file, pdf = TRUE, clean = clean, quiet = quiet, :
     Running 'texi2dvi' on 'mefa.tex' failed.
    LaTeX errors:
    ! Undefined control sequence.
    l.21 ...L<a3>V<ab><c1>^^X<c2>T<fa><f5><d0>o^^U&''<c9>^^Wە^^F^^Y<aa><8b>)<f0>!<e6>E<bb>\<86>
     4<b9><fe><c6>GQ^^G<d2>^^C'<b8>1<e2>J<81>k^^J
    The control sequence at the end of the top line
    of your error message was never \def'ed. If you have
    ! Undefined control sequence.
    l.25 ...^^Q<a7> "!<c4><fa><fa>z<b3><d9>,^^V<8b>B<88>B<a1><90>H$8<e7><f2>-:T*<95><95><95>^^UEQ\<d7>
     <cd><e5>r<b5>ZM^^H!c^^Pr<9c><a1><a1><a1><99><99><99>t:=3...
    The control sequence at the end of the top line
    of your error message was never \def'ed. If you have
    ! LaTeX Error: Missing \begin{document}.
    
    See the LaTeX manual or LaTeX Companion for explanation.
    Type H <return> for immediate help.
     ...
    ! Missing $ inserted.
    <inserted text>
     $
    l.25 ...<ae>[<ab>Vw<87><86>BB<e
    Calls: buildVignettes -> texi2pdf -> texi2dvi
    Execution halted
Flavor: r-release-osx-x86_64-mavericks

Version: 3.2-5
Check: package dependencies
Result: NOTE
    Package suggested but not available for checking: ‘vegan’
Flavor: r-release-osx-x86_64-snowleopard

Version: 3.2-5
Check: Rd cross-references
Result: NOTE
    Packages unavailable to check Rd xrefs: ‘simba’, ‘vegan’, ‘Hmisc’
Flavor: r-release-osx-x86_64-snowleopard

Version: 3.2-5
Check: running R code from vignettes
Result: WARN
    Errors in running code in vignettes:
    when running code in ‘mefa.Rnw’
     ...
    AIC: 117.2
    
    Number of Fisher Scoring iterations: 4
    
    
    > library("vegan")
    
     When sourcing 'mefa.R':
    Error: there is no package called 'vegan'
    Execution halted
Flavor: r-release-osx-x86_64-snowleopard

Version: 3.2-5
Check: re-building of vignette outputs
Result: NOTE
    Error in re-building vignettes:
     ...
    mefa 3.2-5 2012-12-03
    
    Error: processing vignette 'mefa.Rnw' failed with diagnostics:
     chunk 40
    Error in library("vegan") : there is no package called 'vegan'
    Execution halted
Flavor: r-release-osx-x86_64-snowleopard