CRAN Package Check Results for Package mefa

Last updated on 2015-02-27 04:46:51.

Flavor Version Tinstall Tcheck Ttotal Status Flags
r-devel-linux-x86_64-debian-clang 3.2-5 0.96 28.54 29.49 OK
r-devel-linux-x86_64-debian-gcc 3.2-5 0.86 28.12 28.98 OK
r-devel-linux-x86_64-fedora-clang 3.2-5 60.51 OK
r-devel-linux-x86_64-fedora-gcc 3.2-5 57.16 OK
r-devel-osx-x86_64-clang 3.2-5 62.38 OK
r-devel-windows-ix86+x86_64 3.2-5 5.00 44.00 49.00 OK
r-patched-linux-x86_64 3.2-5 0.97 32.61 33.58 OK
r-patched-solaris-sparc 3.2-5 403.80 OK
r-patched-solaris-x86 3.2-5 88.50 OK
r-release-linux-ix86 3.2-5 1.38 49.60 50.98 OK
r-release-linux-x86_64 3.2-5 0.97 0.25 1.22 OK
r-release-osx-x86_64-mavericks 3.2-5 NOTE
r-release-osx-x86_64-snowleopard 3.2-5 NOTE
r-release-windows-ix86+x86_64 3.2-5 4.00 47.00 51.00 OK
r-oldrel-windows-ix86+x86_64 3.2-5 4.00 46.00 50.00 OK

Check Details

Version: 3.2-5
Check: re-building of vignette outputs
Result: NOTE
    Error in re-building vignettes:
     ...
    The "ward" method has been renamed to "ward.D"; note new "ward.D2"
    The "ward" method has been renamed to "ward.D"; note new "ward.D2"
    Error in texi2dvi(file = file, pdf = TRUE, clean = clean, quiet = quiet, :
     Running 'texi2dvi' on 'mefa.tex' failed.
    LaTeX errors:
    ! Undefined control sequence.
    l.17 ...y<ee><eb><97>1^^F<b8>^^Z<86><81><f0><82><88>^^N<e9>Z<da>^^@<e7><ca>ʊ<a6>i<b5>Z<8d><88>R<a9>T<b9>\<ae>
     V<ab><f8>$<9d>*<9c><a1><ae><eb>^^X<ab><e7>y(<90><cb><e5>t]<87><b7><cc>d...
    The control sequence at the end of the top line
    of your error message was never \def'ed. If you have
    ! LaTeX Error: Missing \begin{document}.
    
    See the LaTeX manual or LaTeX Companion for explanation.
    Type H <return> for immediate help.
     ...
    ! Missing $ inserted.
    <inserted text>
     $
    l.23 ...<83>C<83><db><fc><e2><8b>/h<cf>^^Y<a2>@8^^\<96><d0><d5>4-^^\^^N<8f><8e><8e>z<9e>W<ad>V<e5><fb><d7>^
     {mhh<88><88>4M<bb>^^?<ff><be>lP<ae><d5>^^?F"<ba><ae><ff>...
    ! LaTeX Error: Command \<ac> unavailable in encoding T1.
    
    See the LaTeX manual or LaTeX Companion for exp
    Calls: buildVignettes -> texi2pdf -> texi2dvi
    Execution halted
Flavor: r-release-osx-x86_64-mavericks

Version: 3.2-5
Check: Rd cross-references
Result: NOTE
    Package unavailable to check Rd xrefs: 'untb'
Flavor: r-release-osx-x86_64-snowleopard

Version: 3.2-5
Check: re-building of vignette outputs
Result: NOTE
    Error in re-building vignettes:
     ...
    mefa 3.2-5 2012-12-03
    Loading required package: permute
    Loading required package: lattice
    This is vegan 2.0-9
    Error in texi2dvi(file = file, pdf = TRUE, clean = clean, quiet = quiet, :
     Running 'texi2dvi' on 'mefa.tex' failed.
    Messages:
    sh: gs: command not found
    !!! Error: Closing Ghostscript (exit status: 127)!
    /usr/bin/texi2dvi: thumbpdf exited with bad status, quitting.
    Calls: buildVignettes -> texi2pdf -> texi2dvi
    Execution halted
Flavor: r-release-osx-x86_64-snowleopard