CRAN Package Check Results for Package mefa

Last updated on 2015-04-21 12:48:46.

Flavor Version Tinstall Tcheck Ttotal Status Flags
r-devel-linux-x86_64-debian-clang 3.2-5 0.90 29.74 30.64 OK
r-devel-linux-x86_64-debian-gcc 3.2-5 1.04 28.04 29.08 OK
r-devel-linux-x86_64-fedora-clang 3.2-5 60.74 OK
r-devel-linux-x86_64-fedora-gcc 3.2-5 59.03 OK
r-devel-osx-x86_64-clang 3.2-5 59.62 OK
r-devel-windows-ix86+x86_64 3.2-5 5.00 41.00 46.00 OK
r-patched-linux-x86_64 3.2-5 0.92 28.28 29.20 OK
r-patched-solaris-sparc 3.2-5 395.00 OK
r-patched-solaris-x86 3.2-5 74.50 OK
r-release-linux-x86_64 3.2-5 0.92 28.09 29.01 OK
r-release-osx-x86_64-mavericks 3.2-5 WARN
r-release-osx-x86_64-snowleopard 3.2-5 WARN
r-release-windows-ix86+x86_64 3.2-5 3.00 36.00 39.00 OK
r-oldrel-windows-ix86+x86_64 3.2-5 3.00 41.00 44.00 OK

Check Details

Version: 3.2-5
Check: package dependencies
Result: NOTE
    Package suggested but not available for checking: ‘vegan’
Flavors: r-release-osx-x86_64-mavericks, r-release-osx-x86_64-snowleopard

Version: 3.2-5
Check: Rd cross-references
Result: NOTE
    Packages unavailable to check Rd xrefs: ‘simba’, ‘vegan’, ‘Hmisc’
Flavors: r-release-osx-x86_64-mavericks, r-release-osx-x86_64-snowleopard

Version: 3.2-5
Check: running R code from vignettes
Result: WARN
    Errors in running code in vignettes:
    when running code in ‘mefa.Rnw’
     ...
    AIC: 117.2
    
    Number of Fisher Scoring iterations: 4
    
    
    > library("vegan")
    
     When sourcing 'mefa.R':
    Error: there is no package called 'vegan'
    Execution halted
Flavors: r-release-osx-x86_64-mavericks, r-release-osx-x86_64-snowleopard

Version: 3.2-5
Check: re-building of vignette outputs
Result: NOTE
    Error in re-building vignettes:
     ...
    mefa 3.2-5 2012-12-03
    
    Error: processing vignette 'mefa.Rnw' failed with diagnostics:
     chunk 40
    Error in library("vegan") : there is no package called 'vegan'
    Execution halted
Flavors: r-release-osx-x86_64-mavericks, r-release-osx-x86_64-snowleopard