CRAN Package Check Results for Package mefa4

Last updated on 2014-04-18 11:47:20.

Flavor Version Tinstall Tcheck Ttotal Status Flags
r-devel-linux-x86_64-debian-clang 0.3-0 3.94 63.56 67.50 OK
r-devel-linux-x86_64-debian-gcc OK
r-devel-linux-x86_64-fedora-clang 0.3-0 165.92 OK
r-devel-linux-x86_64-fedora-gcc 0.3-0 159.92 OK
r-devel-macosx-x86_64-clang 0.3-0 136.67 OK
r-devel-macosx-x86_64-gcc 0.3-0 OK
r-devel-windows-ix86+x86_64 0.3-0 9.00 93.00 102.00 OK
r-patched-linux-x86_64 0.3-0 4.12 64.72 68.84 OK
r-patched-solaris-sparc 0.3-0 823.60 OK
r-patched-solaris-x86 0.3-0 210.40 OK
r-release-linux-ix86 0.3-0 8.00 103.00 111.00 OK
r-release-linux-x86_64 0.3-0 4.08 64.43 68.51 OK
r-release-macosx-x86_64 0.3-0 NOTE
r-release-windows-ix86+x86_64 0.3-0 9.00 92.00 101.00 OK
r-oldrel-windows-ix86+x86_64 0.3-0 9.00 90.00 99.00 OK

Check Details

Version: 0.3-0
Check: re-building of vignette outputs
Result: NOTE
    Error in re-building vignettes:
     ...
    mefa 3.2-4 2012-09-25
    Loading required package: Matrix
    mefa4 0.3-0 2013-09-25
    
    Attaching package: 'mefa4'
    
    The following objects are masked from 'package:mefa':
    
     samp, taxa, xtab
    
    Error in texi2dvi(file = file, pdf = TRUE, clean = clean, quiet = quiet, :
     Running 'texi2dvi' on 'mefa4.tex' failed.
    Messages:
    sh: gs: command not found
    !!! Error: Closing Ghostscript (exit status: 127)!
    /usr/bin/texi2dvi: thumbpdf exited with bad status, quitting.
    Calls: buildVignettes -> texi2pdf -> texi2dvi
    Execution halted
Flavor: r-release-macosx-x86_64