CRAN Package Check Results for Package mefa4

Last updated on 2014-09-22 11:56:28.

Flavor Version Tinstall Tcheck Ttotal Status Flags
r-devel-linux-x86_64-debian-clang 0.3-1 3.62 69.18 72.80 NOTE
r-devel-linux-x86_64-debian-gcc 0.3-1 3.64 68.56 72.20 NOTE
r-devel-linux-x86_64-fedora-clang 0.3-1 173.64 NOTE
r-devel-linux-x86_64-fedora-gcc 0.3-1 166.63 NOTE
r-devel-osx-x86_64-clang 0.3-1 139.87 NOTE
r-devel-windows-ix86+x86_64 0.3-1 9.00 93.00 102.00 NOTE
r-patched-linux-x86_64 0.3-1 3.84 70.04 73.88 OK
r-patched-solaris-sparc 0.3-1 929.60 OK
r-patched-solaris-x86 0.3-1 232.60 OK
r-release-linux-ix86 0.3-1 4.84 86.76 91.61 OK
r-release-linux-x86_64 0.3-1 3.90 71.61 75.51 OK
r-release-osx-x86_64-mavericks 0.3-1 OK
r-release-osx-x86_64-snowleopard 0.3-1 OK
r-release-windows-ix86+x86_64 0.3-1 9.00 103.00 112.00 OK
r-oldrel-windows-ix86+x86_64 0.3-1 10.00 98.00 108.00 OK

Check Details

Version: 0.3-1
Check: package namespace information
Result: NOTE
     Namespace with empty importFrom: ‘methods’
Flavors: r-devel-linux-x86_64-debian-clang, r-devel-linux-x86_64-debian-gcc, r-devel-linux-x86_64-fedora-clang, r-devel-linux-x86_64-fedora-gcc, r-devel-osx-x86_64-clang, r-devel-windows-ix86+x86_64

Version: 0.3-1
Check: R code for possible problems
Result: NOTE
    Xtab: no visible global function definition for ‘drop0’
    mbind2,sparseMatrix-sparseMatrix: no visible global function definition
     for ‘Matrix’
Flavors: r-devel-linux-x86_64-debian-clang, r-devel-linux-x86_64-debian-gcc, r-devel-linux-x86_64-fedora-clang, r-devel-linux-x86_64-fedora-gcc, r-devel-osx-x86_64-clang, r-devel-windows-ix86+x86_64