CRAN Package Check Results for Package mefa4

Last updated on 2014-08-22 13:46:55.

Flavor Version Tinstall Tcheck Ttotal Status Flags
r-devel-linux-x86_64-debian-clang 0.3-1 3.98 68.76 72.74 NOTE
r-devel-linux-x86_64-debian-gcc 0.3-1 3.73 68.34 72.07 NOTE
r-devel-linux-x86_64-fedora-clang 0.3-1 182.78 NOTE
r-devel-linux-x86_64-fedora-gcc 0.3-1 171.23 NOTE
r-devel-osx-x86_64-clang 0.3-1 144.27 NOTE
r-devel-windows-ix86+x86_64 0.3-1 11.00 100.00 111.00 NOTE
r-patched-linux-x86_64 0.3-1 3.80 70.78 74.58 OK
r-patched-solaris-sparc 0.3-1 929.60 OK
r-patched-solaris-x86 0.3-1 233.80 OK
r-release-linux-ix86 0.3-1 4.88 90.63 95.51 OK
r-release-linux-x86_64 0.3-1 4.10 74.21 78.31 OK
r-release-osx-x86_64-mavericks 0.3-1 OK
r-release-osx-x86_64-snowleopard 0.3-1 OK
r-release-windows-ix86+x86_64 0.3-1 10.00 106.00 116.00 OK
r-oldrel-windows-ix86+x86_64 0.3-1 9.00 105.00 114.00 OK

Check Details

Version: 0.3-1
Check: package namespace information
Result: NOTE
     Namespace with empty importFrom: ‘methods’
Flavors: r-devel-linux-x86_64-debian-clang, r-devel-linux-x86_64-debian-gcc, r-devel-linux-x86_64-fedora-clang, r-devel-linux-x86_64-fedora-gcc, r-devel-osx-x86_64-clang, r-devel-windows-ix86+x86_64

Version: 0.3-1
Check: R code for possible problems
Result: NOTE
    Xtab: no visible global function definition for ‘drop0’
    mbind2,sparseMatrix-sparseMatrix: no visible global function definition
     for ‘Matrix’
Flavors: r-devel-linux-x86_64-fedora-clang, r-devel-linux-x86_64-fedora-gcc, r-devel-osx-x86_64-clang