CRAN Package Check Results for Package mefa4

Last updated on 2014-11-01 03:48:49.

Flavor Version Tinstall Tcheck Ttotal Status Flags
r-devel-linux-x86_64-debian-clang 0.3-1 3.70 70.17 73.88 NOTE
r-devel-linux-x86_64-debian-gcc 0.3-1 3.62 69.34 72.96 NOTE
r-devel-linux-x86_64-fedora-clang 0.3-1 172.00 NOTE
r-devel-linux-x86_64-fedora-gcc 0.3-1 175.12 NOTE
r-devel-osx-x86_64-clang 0.3-1 141.98 NOTE
r-devel-windows-ix86+x86_64 0.3-1 9.00 98.00 107.00 NOTE
r-patched-linux-x86_64 0.3-1 3.89 72.21 76.10 NOTE
r-patched-solaris-sparc 0.3-1 930.10 NOTE
r-patched-solaris-x86 0.3-1 229.20 NOTE
r-release-linux-ix86 0.3-1 4.81 91.35 96.16 OK
r-release-linux-x86_64 0.3-1 4.03 71.49 75.52 OK
r-release-osx-x86_64-mavericks 0.3-1 OK
r-release-osx-x86_64-snowleopard 0.3-1 OK
r-release-windows-ix86+x86_64 0.3-1 10.00 105.00 115.00 OK
r-oldrel-windows-ix86+x86_64 0.3-1 9.00 101.00 110.00 OK

Check Details

Version: 0.3-1
Check: package namespace information
Result: NOTE
     Namespace with empty importFrom: ‘methods’
Flavors: r-devel-linux-x86_64-debian-clang, r-devel-linux-x86_64-debian-gcc, r-devel-linux-x86_64-fedora-clang, r-devel-linux-x86_64-fedora-gcc, r-devel-osx-x86_64-clang, r-devel-windows-ix86+x86_64, r-patched-linux-x86_64, r-patched-solaris-sparc, r-patched-solaris-x86

Version: 0.3-1
Check: R code for possible problems
Result: NOTE
    Xtab: no visible global function definition for ‘drop0’
    mbind2,sparseMatrix-sparseMatrix: no visible global function definition
     for ‘Matrix’
Flavors: r-devel-linux-x86_64-debian-clang, r-devel-linux-x86_64-debian-gcc, r-devel-linux-x86_64-fedora-clang, r-devel-linux-x86_64-fedora-gcc, r-devel-osx-x86_64-clang, r-devel-windows-ix86+x86_64, r-patched-linux-x86_64, r-patched-solaris-sparc, r-patched-solaris-x86