CRAN Package Check Results for Package mefa4

Last updated on 2015-05-29 09:47:06.

Flavor Version Tinstall Tcheck Ttotal Status Flags
r-devel-linux-x86_64-debian-clang 0.3-1 3.24 62.30 65.54 NOTE
r-devel-linux-x86_64-debian-gcc 0.3-1 2.94 59.82 62.76 NOTE
r-devel-linux-x86_64-fedora-clang 0.3-1 136.83 NOTE
r-devel-linux-x86_64-fedora-gcc 0.3-1 127.27 NOTE
r-devel-osx-x86_64-clang 0.3-1 112.37 NOTE
r-devel-windows-ix86+x86_64 0.3-1 7.00 85.00 92.00 NOTE
r-patched-linux-x86_64 0.3-1 2.98 60.31 63.29 NOTE
r-patched-solaris-sparc 0.3-1 809.50 NOTE
r-patched-solaris-x86 0.3-1 178.20 NOTE
r-release-linux-x86_64 0.3-1 3.02 62.77 65.79 NOTE
r-release-osx-x86_64-mavericks 0.3-1 NOTE
r-release-osx-x86_64-snowleopard 0.3-1 NOTE
r-release-windows-ix86+x86_64 0.3-1 9.00 96.00 105.00 NOTE
r-oldrel-windows-ix86+x86_64 0.3-1 10.00 132.00 142.00 NOTE

Check Details

Version: 0.3-1
Check: package namespace information
Result: NOTE
     Namespace with empty importFrom: ‘methods’
Flavors: r-devel-linux-x86_64-debian-clang, r-devel-linux-x86_64-debian-gcc, r-devel-linux-x86_64-fedora-clang, r-devel-linux-x86_64-fedora-gcc, r-devel-osx-x86_64-clang, r-devel-windows-ix86+x86_64, r-patched-linux-x86_64, r-patched-solaris-sparc, r-patched-solaris-x86, r-release-linux-x86_64, r-release-osx-x86_64-mavericks, r-release-osx-x86_64-snowleopard, r-release-windows-ix86+x86_64, r-oldrel-windows-ix86+x86_64

Version: 0.3-1
Check: R code for possible problems
Result: NOTE
    Xtab: no visible global function definition for ‘drop0’
    mbind2,sparseMatrix-sparseMatrix: no visible global function definition
     for ‘Matrix’
Flavors: r-devel-linux-x86_64-debian-clang, r-devel-linux-x86_64-debian-gcc, r-devel-linux-x86_64-fedora-clang, r-devel-linux-x86_64-fedora-gcc, r-devel-osx-x86_64-clang, r-devel-windows-ix86+x86_64, r-patched-linux-x86_64, r-patched-solaris-sparc, r-patched-solaris-x86, r-release-linux-x86_64, r-release-osx-x86_64-mavericks, r-release-osx-x86_64-snowleopard, r-release-windows-ix86+x86_64, r-oldrel-windows-ix86+x86_64

Version: 0.3-1
Check: re-building of vignette outputs
Result: NOTE
    Error in re-building vignettes:
     ...
     samp, taxa, xtab
    
    Error in texi2dvi(file = file, pdf = TRUE, clean = clean, quiet = quiet, :
     Running 'texi2dvi' on 'mefa4.tex' failed.
    LaTeX errors:
    ! Undefined control sequence.
    l.15 x<9c><ed>\AL
     ^^S<cd>^^W^^?^^V<9a><ba>F<bb>l0<b5>AK<9b><86>/z <a5>I/<86>^^D<f1>Ћ&^^^<<90>^^X<8d>W<bc><9a>p<e0><ca>Qo^<bc>p<f2><e0>I^^Rc...
    The control sequence at the end of the top line
    of your error message was never \def'ed. If you have
    ! LaTeX Error: Missing \begin{document}.
    
    See the LaTeX manual or LaTeX Companion for explanation.
    Type H <return> for immediate help.
     ...
    ! Undefined control sequence.
    l.20 :G<94>^^P^^C׶ms<ce>Q<e8>r<b9>0D<ab><a2><ed><f7><b6><e1>$."^^Bщ\^^]
     <fc><9e><f0>N<bf>~<fd>^^R^^^<b2>y<93><f1><aa><a8>C<<d8>^^OĐe^^YD'...
    The control sequence at the end of the top line
    of your error message was never \def'ed. If you have
    ! Undefined control sequence.
    l.24 <8c><b1><9e><9e>^^^<ce><f9><ca><ca>ʏ^^_?L<d3>^^D[<ec>`<a6>^^]\<85>
     V@^
    Calls: buildVignettes -> texi2pdf -> texi2dvi
    Execution halted
Flavor: r-release-osx-x86_64-mavericks