CRAN Package Check Results for Package mefa4

Last updated on 2014-12-19 05:47:47.

Flavor Version Tinstall Tcheck Ttotal Status Flags
r-devel-linux-x86_64-debian-clang 0.3-1 3.90 71.49 75.40 NOTE
r-devel-linux-x86_64-debian-gcc 0.3-1 3.66 68.84 72.50 NOTE
r-devel-linux-x86_64-fedora-clang 0.3-1 176.87 NOTE
r-devel-linux-x86_64-fedora-gcc 0.3-1 164.51 NOTE
r-devel-osx-x86_64-clang 0.3-1 144.15 NOTE
r-devel-windows-ix86+x86_64 0.3-1 10.00 106.00 116.00 NOTE
r-patched-linux-x86_64 0.3-1 3.87 70.60 74.47 NOTE
r-patched-solaris-sparc 0.3-1 930.10 NOTE
r-patched-solaris-x86 0.3-1 231.90 NOTE
r-release-linux-ix86 0.3-1 4.55 82.78 87.33 NOTE
r-release-linux-x86_64 0.3-1 3.77 70.74 74.50 NOTE
r-release-osx-x86_64-mavericks 0.3-1 OK
r-release-osx-x86_64-snowleopard 0.3-1 OK
r-release-windows-ix86+x86_64 0.3-1 10.00 102.00 112.00 NOTE
r-oldrel-windows-ix86+x86_64 0.3-1 9.00 105.00 114.00 OK

Check Details

Version: 0.3-1
Check: package namespace information
Result: NOTE
     Namespace with empty importFrom: ‘methods’
Flavors: r-devel-linux-x86_64-debian-clang, r-devel-linux-x86_64-debian-gcc, r-devel-linux-x86_64-fedora-clang, r-devel-linux-x86_64-fedora-gcc, r-devel-osx-x86_64-clang, r-devel-windows-ix86+x86_64, r-patched-linux-x86_64, r-patched-solaris-sparc, r-patched-solaris-x86, r-release-linux-ix86, r-release-linux-x86_64, r-release-windows-ix86+x86_64

Version: 0.3-1
Check: R code for possible problems
Result: NOTE
    Xtab: no visible global function definition for ‘drop0’
    mbind2,sparseMatrix-sparseMatrix: no visible global function definition
     for ‘Matrix’
Flavors: r-devel-linux-x86_64-debian-clang, r-devel-linux-x86_64-debian-gcc, r-devel-linux-x86_64-fedora-clang, r-devel-linux-x86_64-fedora-gcc, r-devel-osx-x86_64-clang, r-devel-windows-ix86+x86_64, r-patched-linux-x86_64, r-patched-solaris-sparc, r-patched-solaris-x86, r-release-linux-ix86, r-release-linux-x86_64, r-release-windows-ix86+x86_64