CRAN Package Check Results for Package mefa4

Last updated on 2014-10-23 05:46:45.

Flavor Version Tinstall Tcheck Ttotal Status Flags
r-devel-linux-x86_64-debian-clang 0.3-1 3.65 68.77 72.42 NOTE
r-devel-linux-x86_64-debian-gcc 0.3-1 3.62 73.78 77.40 NOTE
r-devel-linux-x86_64-fedora-clang 0.3-1 177.87 NOTE
r-devel-linux-x86_64-fedora-gcc 0.3-1 165.12 NOTE
r-devel-osx-x86_64-clang 0.3-1 146.41 NOTE
r-devel-windows-ix86+x86_64 0.3-1 8.00 101.00 109.00 NOTE
r-patched-linux-x86_64 0.3-1 3.82 72.52 76.33 NOTE
r-patched-solaris-sparc 0.3-1 930.10 NOTE
r-patched-solaris-x86 0.3-1 228.80 NOTE
r-release-linux-ix86 0.3-1 4.81 91.35 96.16 OK
r-release-linux-x86_64 0.3-1 4.03 71.49 75.52 OK
r-release-osx-x86_64-mavericks 0.3-1 OK
r-release-osx-x86_64-snowleopard 0.3-1 OK
r-release-windows-ix86+x86_64 0.3-1 9.00 107.00 116.00 OK
r-oldrel-windows-ix86+x86_64 0.3-1 10.00 95.00 105.00 OK

Check Details

Version: 0.3-1
Check: package namespace information
Result: NOTE
     Namespace with empty importFrom: ‘methods’
Flavors: r-devel-linux-x86_64-debian-clang, r-devel-linux-x86_64-debian-gcc, r-devel-linux-x86_64-fedora-clang, r-devel-linux-x86_64-fedora-gcc, r-devel-osx-x86_64-clang, r-devel-windows-ix86+x86_64, r-patched-linux-x86_64, r-patched-solaris-sparc, r-patched-solaris-x86

Version: 0.3-1
Check: R code for possible problems
Result: NOTE
    Xtab: no visible global function definition for ‘drop0’
    mbind2,sparseMatrix-sparseMatrix: no visible global function definition
     for ‘Matrix’
Flavors: r-devel-linux-x86_64-debian-clang, r-devel-linux-x86_64-debian-gcc, r-devel-linux-x86_64-fedora-clang, r-devel-linux-x86_64-fedora-gcc, r-devel-osx-x86_64-clang, r-devel-windows-ix86+x86_64, r-patched-linux-x86_64, r-patched-solaris-sparc, r-patched-solaris-x86