CRAN Package Check Results for Package mefa4

Last updated on 2015-07-29 10:47:46.

Flavor Version Tinstall Tcheck Ttotal Status Flags
r-devel-linux-x86_64-debian-clang 0.3-1 3.12 61.62 64.74 NOTE
r-devel-linux-x86_64-debian-gcc 0.3-1 2.94 61.38 64.32 NOTE
r-devel-linux-x86_64-fedora-clang 0.3-1 132.55 NOTE
r-devel-linux-x86_64-fedora-gcc 0.3-1 131.17 NOTE
r-devel-osx-x86_64-clang 0.3-1 105.57 NOTE
r-devel-windows-ix86+x86_64 0.3-1 8.00 94.00 102.00 NOTE
r-patched-linux-x86_64 0.3-1 2.94 64.49 67.42 NOTE
r-patched-solaris-sparc 0.3-1 812.00 NOTE
r-patched-solaris-x86 0.3-1 181.30 NOTE
r-release-linux-x86_64 0.3-1 3.96 60.06 64.02 NOTE
r-release-osx-x86_64-mavericks 0.3-1 NOTE
r-release-windows-ix86+x86_64 0.3-1 10.00 134.00 144.00 NOTE
r-oldrel-windows-ix86+x86_64 0.3-1 14.00 128.00 142.00 NOTE

Check Details

Version: 0.3-1
Check: package namespace information
Result: NOTE
     Namespace with empty importFrom: ‘methods’
Flavors: r-devel-linux-x86_64-debian-clang, r-devel-linux-x86_64-debian-gcc, r-devel-linux-x86_64-fedora-clang, r-devel-linux-x86_64-fedora-gcc, r-devel-osx-x86_64-clang, r-devel-windows-ix86+x86_64, r-patched-linux-x86_64, r-patched-solaris-sparc, r-patched-solaris-x86, r-release-linux-x86_64, r-release-osx-x86_64-mavericks, r-release-windows-ix86+x86_64, r-oldrel-windows-ix86+x86_64

Version: 0.3-1
Check: R code for possible problems
Result: NOTE
    Mefa: no visible global function definition for ‘new’
    Mefa: no visible global function definition for ‘as’
    Melt: no visible global function definition for ‘as’
    Xtab: no visible global function definition for ‘as.formula’
    Xtab: no visible global function definition for ‘terms’
    Xtab: no visible global function definition for ‘as’
    Xtab: no visible global function definition for ‘new’
    Xtab: no visible global function definition for ‘drop0’
    groupMeans,Mefa: no visible global function definition for ‘as’
    groupMeans,Mefa: no visible global function definition for ‘new’
    groupMeans,matrix: no visible global function definition for ‘as’
    groupMeans,sparseMatrix: no visible global function definition for ‘as’
    groupSums,Mefa: no visible global function definition for ‘new’
    groupSums,matrix: no visible global function definition for ‘as’
    groupSums,sparseMatrix: no visible global function definition for ‘as’
    mbind2,matrix-matrix: no visible global function definition for ‘as’
    mbind2,sparseMatrix-sparseMatrix: no visible global function definition
     for ‘Matrix’
    mbind2,sparseMatrix-sparseMatrix: no visible global function definition
     for ‘as’
    mbind,Mefa-Mefa: no visible global function definition for ‘as’
    mbind,sparseMatrix-sparseMatrix: no visible global function definition
     for ‘as’
    t,Mefa: no visible global function definition for ‘new’
    xtab<-,Mefa-MefaMatrix: no visible global function definition for ‘as’
    Undefined global functions or variables:
     Matrix as as.formula drop0 new terms
    Consider adding
     importFrom("methods", "as", "new")
     importFrom("stats", "as.formula", "terms")
    to your NAMESPACE.
Flavors: r-devel-linux-x86_64-debian-clang, r-devel-linux-x86_64-debian-gcc, r-devel-linux-x86_64-fedora-clang, r-devel-linux-x86_64-fedora-gcc, r-devel-windows-ix86+x86_64

Version: 0.3-1
Check: R code for possible problems
Result: NOTE
    Xtab: no visible global function definition for ‘drop0’
    mbind2,sparseMatrix-sparseMatrix: no visible global function definition
     for ‘Matrix’
    Undefined global functions or variables:
     Matrix drop0
Flavor: r-devel-osx-x86_64-clang

Version: 0.3-1
Check: R code for possible problems
Result: NOTE
    Xtab: no visible global function definition for ‘drop0’
    mbind2,sparseMatrix-sparseMatrix: no visible global function definition
     for ‘Matrix’
Flavors: r-patched-linux-x86_64, r-patched-solaris-sparc, r-patched-solaris-x86, r-release-linux-x86_64, r-release-osx-x86_64-mavericks, r-release-windows-ix86+x86_64, r-oldrel-windows-ix86+x86_64

Version: 0.3-1
Check: re-building of vignette outputs
Result: NOTE
    Error in re-building vignettes:
     ...
     samp, taxa, xtab
    
    Error in texi2dvi(file = file, pdf = TRUE, clean = clean, quiet = quiet, :
     Running 'texi2dvi' on 'mefa4.tex' failed.
    LaTeX errors:
    ! Undefined control sequence.
    l.15 x<9c><ed>\AL
     ^^S<cd>^^W^^?^^V<9a><ba>F<bb>l0<b5>AK<9b><86>/z <a5>I/<86>^^D<f1>Ћ&^^^<<90>^^X<8d>W<bc><9a>p<e0><ca>Qo^<bc>p<f2><e0>I^^Rc...
    The control sequence at the end of the top line
    of your error message was never \def'ed. If you have
    ! LaTeX Error: Missing \begin{document}.
    
    See the LaTeX manual or LaTeX Companion for explanation.
    Type H <return> for immediate help.
     ...
    ! Undefined control sequence.
    l.20 :G<94>^^P^^C׶ms<ce>Q<e8>r<b9>0D<ab><a2><ed><f7><b6><e1>$."^^Bщ\^^]
     <fc><9e><f0>N<bf>~<fd>^^R^^^<b2>y<93><f1><aa><a8>C<<d8>^^OĐe^^YD'...
    The control sequence at the end of the top line
    of your error message was never \def'ed. If you have
    ! Undefined control sequence.
    l.24 <8c><b1><9e><9e>^^^<ce><f9><ca><ca>ʏ^^_?L<d3>^^D[<ec>`<a6>^^]\<85>
     V@^
    Calls: buildVignettes -> texi2pdf -> texi2dvi
    Execution halted
Flavor: r-release-osx-x86_64-mavericks