CRAN Package Check Results for Package mefa4

Last updated on 2015-03-29 04:50:23.

Flavor Version Tinstall Tcheck Ttotal Status Flags
r-devel-linux-x86_64-debian-clang 0.3-1 2.97 61.17 64.14 NOTE
r-devel-linux-x86_64-debian-gcc 0.3-1 3.27 60.49 63.76 NOTE
r-devel-linux-x86_64-fedora-clang 0.3-1 151.36 NOTE
r-devel-linux-x86_64-fedora-gcc 0.3-1 143.64 NOTE
r-devel-osx-x86_64-clang 0.3-1 120.33 NOTE
r-prerel-windows-ix86+x86_64 0.3-1 12.00 85.00 97.00 NOTE
r-prerel-linux-x86_64 0.3-1 2.97 60.15 63.12 NOTE
r-prerel-solaris-sparc 0.3-1 789.20 NOTE
r-prerel-solaris-x86 0.3-1 178.40 NOTE
r-release-linux-x86_64 0.3-1 3.87 70.98 74.85 NOTE
r-release-osx-x86_64-mavericks 0.3-1 NOTE
r-release-osx-x86_64-snowleopard 0.3-1 OK
r-release-windows-ix86+x86_64 0.3-1 9.00 105.00 114.00 NOTE
r-oldrel-windows-ix86+x86_64 0.3-1 9.00 100.00 109.00 OK

Check Details

Version: 0.3-1
Check: package namespace information
Result: NOTE
     Namespace with empty importFrom: ‘methods’
Flavors: r-devel-linux-x86_64-debian-clang, r-devel-linux-x86_64-debian-gcc, r-devel-linux-x86_64-fedora-clang, r-devel-linux-x86_64-fedora-gcc, r-devel-osx-x86_64-clang, r-prerel-windows-ix86+x86_64, r-prerel-linux-x86_64, r-prerel-solaris-sparc, r-prerel-solaris-x86, r-release-linux-x86_64, r-release-osx-x86_64-mavericks, r-release-windows-ix86+x86_64

Version: 0.3-1
Check: R code for possible problems
Result: NOTE
    Xtab: no visible global function definition for ‘drop0’
    mbind2,sparseMatrix-sparseMatrix: no visible global function definition
     for ‘Matrix’
Flavors: r-devel-linux-x86_64-debian-clang, r-devel-linux-x86_64-debian-gcc, r-devel-linux-x86_64-fedora-clang, r-devel-linux-x86_64-fedora-gcc, r-devel-osx-x86_64-clang, r-prerel-windows-ix86+x86_64, r-prerel-linux-x86_64, r-prerel-solaris-sparc, r-prerel-solaris-x86, r-release-linux-x86_64, r-release-osx-x86_64-mavericks, r-release-windows-ix86+x86_64

Version: 0.3-1
Check: re-building of vignette outputs
Result: NOTE
    Error in re-building vignettes:
     ...
    The following objects are masked from 'package:mefa':
    
     samp, taxa, xtab
    
    Error in texi2dvi(file = file, pdf = TRUE, clean = clean, quiet = quiet, :
     Running 'texi2dvi' on 'mefa4.tex' failed.
    LaTeX errors:
    ! Undefined control sequence.
    l.15 x<9c><ed>\OL
     ^^S<cf>^^W^^?T^^ZX<83>,+ 6hi<d3>h<f0>@^^J
    The control sequence at the end of the top line
    of your error message was never \def'ed. If you have
    ! Undefined control sequence.
    l.19 ^^N<fe><e4><bc><c8><f9><ff>vv<e4><be>>IQ$<ce>9cJ(T<e4><fc><bb>e<f9><86><86><ea><d4>{<93>9^^[^^Y<e7>\<
     <97><b9><a7>i<da>Ɍ<e3>8<f8>K<90>t<ce><e7><de>I<f8>=@<d3>4<ce><f9><8d>^^...
    The control sequence at the end of the top line
    of your error message was never \def'ed. If you have
    ! Undefined control sequence.
    l.19 ...<aa><aa>X<b0>d2<99><d1><d1>Q<c6>X&<93><f1><fb><fd><a8><f1><fb><fd><a1>P^^H<eb>7"<e2><9c>CW<9c><f3>|><8f>f<b9>\<8e>
     <88>^^B<81>^^@<82>^^X<f8>z<f1>/c<ac>P(,//ONN...
    The control sequence at the end of the top line
    of your error message was never \def'ed. If you have
    ! Undefined contr
    Calls: buildVignettes -> texi2pdf -> texi2dvi
    Execution halted
Flavor: r-release-osx-x86_64-mavericks