CRAN Package Check Results for Package meifly

Last updated on 2016-09-28 08:57:45.

Flavor Version Tinstall Tcheck Ttotal Status Flags
r-devel-linux-x86_64-debian-clang 0.3 0.84 12.13 12.97 NOTE
r-devel-linux-x86_64-debian-gcc 0.3 0.86 12.66 13.51 NOTE
r-devel-linux-x86_64-fedora-clang 0.3 23.90 NOTE
r-devel-linux-x86_64-fedora-gcc 0.3 21.71 NOTE
r-devel-macos-x86_64-clang 0.3 20.06 NOTE
r-devel-windows-ix86+x86_64 0.3 4.00 40.00 44.00 NOTE
r-patched-linux-x86_64 0.3 0.96 13.11 14.07 NOTE
r-patched-solaris-sparc 0.3 149.30 NOTE
r-patched-solaris-x86 0.3 33.40 NOTE
r-release-linux-x86_64 0.3 0.90 12.95 13.85 NOTE
r-release-osx-x86_64-mavericks 0.3 NOTE
r-release-windows-ix86+x86_64 0.3 6.00 37.00 43.00 NOTE
r-oldrel-windows-ix86+x86_64 0.3 7.00 37.00 44.00 OK

Check Details

Version: 0.3
Check: R code for possible problems
Result: NOTE
    .df: no visible global function definition for ‘logLik’
    coef_simple: no visible global function definition for ‘coef’
    fitall: no visible binding for global variable ‘as.formula’
    fitbest: no visible binding for global variable ‘as.formula’
    lmboot: no visible global function definition for ‘lm’
    residuals.ensemble : <anonymous>: no visible global function definition
     for ‘resid’
    residuals.ensemble : <anonymous>: no visible global function definition
     for ‘rstudent’
    residuals.ensemble : <anonymous>: no visible global function definition
     for ‘fitted’
    residuals.ensemble : <anonymous>: no visible global function definition
     for ‘influence.measures’
    stdcoef: no visible global function definition for ‘coef’
    stdcoef: no visible global function definition for ‘update’
    summary.ensemble : <anonymous>: no visible global function definition
     for ‘logLik’
    summary.ensemble : <anonymous>: no visible global function definition
     for ‘AIC’
    summary.ensemble : <anonymous>: no visible global function definition
     for ‘fitted’
    summary.resid_ensemble: no visible binding for global variable
     ‘rstudent’
    summary.resid_ensemble: no visible global function definition for ‘sd’
    summary.variable_ensemble: no visible global function definition for
     ‘sd’
    Undefined global functions or variables:
     AIC as.formula coef fitted influence.measures lm logLik resid
     rstudent sd update
    Consider adding
     importFrom("stats", "AIC", "as.formula", "coef", "fitted",
     "influence.measures", "lm", "logLik", "resid", "rstudent",
     "sd", "update")
    to your NAMESPACE file.
Flavors: r-devel-linux-x86_64-debian-clang, r-devel-linux-x86_64-debian-gcc, r-devel-linux-x86_64-fedora-clang, r-devel-linux-x86_64-fedora-gcc, r-devel-macos-x86_64-clang, r-devel-windows-ix86+x86_64, r-patched-linux-x86_64, r-patched-solaris-sparc, r-patched-solaris-x86, r-release-linux-x86_64, r-release-osx-x86_64-mavericks, r-release-windows-ix86+x86_64