CRAN Package Check Results for Package meifly

Last updated on 2017-07-22 08:48:11.

Flavor Version Tinstall Tcheck Ttotal Status Flags
r-devel-linux-x86_64-debian-clang 0.3 0.84 21.33 22.17 NOTE
r-devel-linux-x86_64-debian-gcc 0.3 0.84 20.79 21.63 NOTE
r-devel-linux-x86_64-fedora-clang 0.3 27.08 NOTE
r-devel-linux-x86_64-fedora-gcc 0.3 26.32 NOTE
r-devel-windows-ix86+x86_64 0.3 7.00 43.00 50.00 NOTE
r-patched-linux-x86_64 0.3 0.96 21.07 22.04 NOTE
r-patched-solaris-x86 0.3 39.10 NOTE
r-release-linux-x86_64 0.3 0.98 21.11 22.10 NOTE
r-release-windows-ix86+x86_64 0.3 4.00 47.00 51.00 NOTE
r-release-osx-x86_64 0.3 NOTE
r-oldrel-windows-ix86+x86_64 0.3 7.00 39.00 46.00 NOTE
r-oldrel-osx-x86_64 0.3 NOTE

Check Details

Version: 0.3
Check: R code for possible problems
Result: NOTE
    .df: no visible global function definition for ‘logLik’
    coef_simple: no visible global function definition for ‘coef’
    fitall: no visible binding for global variable ‘as.formula’
    fitbest: no visible binding for global variable ‘as.formula’
    lmboot: no visible global function definition for ‘lm’
    residuals.ensemble : <anonymous>: no visible global function definition
     for ‘resid’
    residuals.ensemble : <anonymous>: no visible global function definition
     for ‘rstudent’
    residuals.ensemble : <anonymous>: no visible global function definition
     for ‘fitted’
    residuals.ensemble : <anonymous>: no visible global function definition
     for ‘influence.measures’
    stdcoef: no visible global function definition for ‘coef’
    stdcoef: no visible global function definition for ‘update’
    summary.ensemble : <anonymous>: no visible global function definition
     for ‘logLik’
    summary.ensemble : <anonymous>: no visible global function definition
     for ‘AIC’
    summary.ensemble : <anonymous>: no visible global function definition
     for ‘fitted’
    summary.resid_ensemble: no visible binding for global variable
     ‘rstudent’
    summary.resid_ensemble: no visible global function definition for ‘sd’
    summary.variable_ensemble: no visible global function definition for
     ‘sd’
    Undefined global functions or variables:
     AIC as.formula coef fitted influence.measures lm logLik resid
     rstudent sd update
    Consider adding
     importFrom("stats", "AIC", "as.formula", "coef", "fitted",
     "influence.measures", "lm", "logLik", "resid", "rstudent",
     "sd", "update")
    to your NAMESPACE file.
Flavors: r-devel-linux-x86_64-debian-clang, r-devel-linux-x86_64-debian-gcc, r-devel-linux-x86_64-fedora-clang, r-devel-linux-x86_64-fedora-gcc, r-devel-windows-ix86+x86_64, r-patched-linux-x86_64, r-patched-solaris-x86, r-release-linux-x86_64, r-release-windows-ix86+x86_64, r-release-osx-x86_64, r-oldrel-windows-ix86+x86_64, r-oldrel-osx-x86_64