CRAN Package Check Results for Package meifly

Last updated on 2014-04-23 07:55:02.

Flavor Version Tinstall Tcheck Ttotal Status Flags
r-devel-linux-x86_64-debian-clang 0.2 1.22 16.24 17.46 NOTE
r-devel-linux-x86_64-debian-gcc 0.2 1.19 16.30 17.49 NOTE
r-devel-linux-x86_64-fedora-clang 0.2 34.40 NOTE
r-devel-linux-x86_64-fedora-gcc 0.2 32.20 NOTE
r-devel-osx-x86_64-clang 0.2 35.49 NOTE
r-devel-osx-x86_64-gcc 0.2 NOTE
r-devel-windows-ix86+x86_64 0.2 3.00 24.00 27.00 NOTE
r-patched-linux-x86_64 0.2 1.34 16.23 17.57 NOTE
r-patched-solaris-sparc 0.2 184.60 NOTE
r-patched-solaris-x86 0.2 47.70 NOTE
r-release-linux-ix86 0.2 2.00 32.00 34.00 NOTE
r-release-linux-x86_64 0.2 1.20 15.98 17.18 NOTE
r-release-osx-x86_64-mavericks 0.2 WARN
r-release-osx-x86_64-snowleopard 0.2 NOTE
r-release-windows-ix86+x86_64 0.2 4.00 25.00 29.00 NOTE
r-oldrel-windows-ix86+x86_64 0.2 5.00 27.00 32.00 NOTE

Check Details

Version: 0.2
Check: R code for possible problems
Result: NOTE
    ggobi.ensemble: warning in require("rggobi", quiet = TRUE): partial
     argument match of 'quiet' to 'quietly'
    residuals.ensemble: warning in factor(resids$obs, level =
     names(scores)[order(scores)]): partial argument match of 'level' to
     'levels'
    ggobi.ensemble: no visible binding for global variable ‘model’
    summary.variable_ensemble: no visible binding for global variable ‘std’
    summary.variable_ensemble: no visible binding for global variable
     ‘model’
Flavors: r-devel-linux-x86_64-debian-clang, r-devel-linux-x86_64-debian-gcc, r-devel-linux-x86_64-fedora-clang, r-devel-linux-x86_64-fedora-gcc, r-devel-osx-x86_64-clang, r-devel-windows-ix86+x86_64, r-patched-linux-x86_64, r-release-linux-ix86, r-release-linux-x86_64, r-release-windows-ix86+x86_64, r-oldrel-windows-ix86+x86_64

Version: 0.2
Check: package dependencies
Result: NOTE
    Package suggested but not available for checking: ‘rggobi’
Flavors: r-devel-osx-x86_64-gcc, r-patched-solaris-sparc, r-patched-solaris-x86, r-release-osx-x86_64-mavericks, r-release-osx-x86_64-snowleopard

Version: 0.2
Check: R code for possible problems
Result: NOTE
    ggobi.ensemble: warning in require("rggobi", quiet = TRUE): partial
     argument match of 'quiet' to 'quietly'
    residuals.ensemble: warning in factor(resids$obs, level =
     names(scores)[order(scores)]): partial argument match of 'level' to
     'levels'
    ggobi.ensemble: no visible global function definition for ‘ggobi’
    ggobi.ensemble: no visible global function definition for
     ‘glyph_type<-’
    ggobi.ensemble: no visible global function definition for
     ‘ggobi_longitudinal’
    ggobi.ensemble: no visible binding for global variable ‘model’
    summary.variable_ensemble: no visible binding for global variable ‘std’
    summary.variable_ensemble: no visible binding for global variable
     ‘model’
Flavors: r-devel-osx-x86_64-gcc, r-patched-solaris-sparc, r-patched-solaris-x86, r-release-osx-x86_64-mavericks, r-release-osx-x86_64-snowleopard

Version: 0.2
Check: PDF version of manual
Result: WARNING
    LaTeX errors when creating PDF version.
    This typically indicates Rd problems.
    LaTeX errors found:
    ! LaTeX Error: File `upquote.sty' not found.
    
    Type X to quit or <RETURN> to proceed,
    or enter new name. (Default extension: sty)
    
    19b4c9f6/Rd2.tex:8: ==> Fatal error occurred, no output PDF file produced!
Flavor: r-release-osx-x86_64-mavericks