CRAN Package Check Results for Package meifly

Last updated on 2016-06-30 09:49:41.

Flavor Version Tinstall Tcheck Ttotal Status Flags
r-devel-linux-x86_64-debian-gcc 0.3 0.95 14.21 15.15 NOTE
r-devel-linux-x86_64-fedora-clang 0.3 23.08 NOTE
r-devel-linux-x86_64-fedora-gcc 0.3 21.85 NOTE
r-devel-osx-x86_64-clang 0.3 20.31 NOTE
r-devel-windows-ix86+x86_64 0.3 4.00 30.00 34.00 NOTE
r-patched-linux-x86_64 0.3 0.89 13.67 14.56 NOTE
r-patched-solaris-sparc 0.3 149.30 NOTE
r-patched-solaris-x86 0.3 34.80 NOTE
r-release-linux-x86_64 0.3 0.81 12.50 13.31 NOTE
r-release-osx-x86_64-mavericks 0.3 NOTE
r-release-windows-ix86+x86_64 0.3 5.00 29.00 34.00 NOTE
r-oldrel-windows-ix86+x86_64 0.3 4.00 31.00 35.00 OK

Check Details

Version: 0.3
Check: R code for possible problems
Result: NOTE
    .df: no visible global function definition for ‘logLik’
    coef_simple: no visible global function definition for ‘coef’
    fitall: no visible binding for global variable ‘as.formula’
    fitbest: no visible binding for global variable ‘as.formula’
    lmboot: no visible global function definition for ‘lm’
    residuals.ensemble : <anonymous>: no visible global function definition
     for ‘resid’
    residuals.ensemble : <anonymous>: no visible global function definition
     for ‘rstudent’
    residuals.ensemble : <anonymous>: no visible global function definition
     for ‘fitted’
    residuals.ensemble : <anonymous>: no visible global function definition
     for ‘influence.measures’
    stdcoef: no visible global function definition for ‘coef’
    stdcoef: no visible global function definition for ‘update’
    summary.ensemble : <anonymous>: no visible global function definition
     for ‘logLik’
    summary.ensemble : <anonymous>: no visible global function definition
     for ‘AIC’
    summary.ensemble : <anonymous>: no visible global function definition
     for ‘fitted’
    summary.resid_ensemble: no visible binding for global variable
     ‘rstudent’
    summary.resid_ensemble: no visible global function definition for ‘sd’
    summary.variable_ensemble: no visible global function definition for
     ‘sd’
    Undefined global functions or variables:
     AIC as.formula coef fitted influence.measures lm logLik resid
     rstudent sd update
    Consider adding
     importFrom("stats", "AIC", "as.formula", "coef", "fitted",
     "influence.measures", "lm", "logLik", "resid", "rstudent",
     "sd", "update")
    to your NAMESPACE file.
Flavors: r-devel-linux-x86_64-debian-gcc, r-devel-linux-x86_64-fedora-clang, r-devel-linux-x86_64-fedora-gcc, r-devel-osx-x86_64-clang, r-devel-windows-ix86+x86_64, r-patched-linux-x86_64, r-patched-solaris-sparc, r-patched-solaris-x86, r-release-linux-x86_64, r-release-osx-x86_64-mavericks, r-release-windows-ix86+x86_64