CRAN Package Check Results for Package meifly

Last updated on 2015-09-03 14:48:24.

Flavor Version Tinstall Tcheck Ttotal Status Flags
r-devel-linux-x86_64-debian-clang 0.3 0.74 11.96 12.69 NOTE
r-devel-linux-x86_64-debian-gcc 0.3 0.74 12.14 12.88 NOTE
r-devel-linux-x86_64-fedora-clang 0.3 25.30 NOTE
r-devel-linux-x86_64-fedora-gcc 0.3 24.14 NOTE
r-devel-osx-x86_64-clang 0.3 24.41 OK
r-devel-windows-ix86+x86_64 0.3 5.00 35.00 40.00 NOTE
r-patched-linux-x86_64 0.3 0.92 12.41 13.33 OK
r-patched-solaris-sparc 0.3 171.50 OK
r-patched-solaris-x86 0.3 38.30 OK
r-release-linux-x86_64 0.3 1.11 12.60 13.70 OK
r-release-osx-x86_64-mavericks 0.3 OK
r-release-windows-ix86+x86_64 0.3 4.00 35.00 39.00 OK
r-oldrel-windows-ix86+x86_64 0.3 6.00 33.00 39.00 OK

Check Details

Version: 0.3
Check: R code for possible problems
Result: NOTE
    .df: no visible global function definition for ‘logLik’
    coef_simple: no visible global function definition for ‘coef’
    fitall: no visible binding for global variable ‘as.formula’
    fitbest: no visible binding for global variable ‘as.formula’
    lmboot: no visible global function definition for ‘lm’
    residuals.ensemble : <anonymous>: no visible global function definition
     for ‘resid’
    residuals.ensemble : <anonymous>: no visible global function definition
     for ‘rstudent’
    residuals.ensemble : <anonymous>: no visible global function definition
     for ‘fitted’
    residuals.ensemble : <anonymous>: no visible global function definition
     for ‘influence.measures’
    stdcoef: no visible global function definition for ‘coef’
    stdcoef: no visible global function definition for ‘update’
    summary.ensemble : <anonymous>: no visible global function definition
     for ‘logLik’
    summary.ensemble : <anonymous>: no visible global function definition
     for ‘AIC’
    summary.ensemble : <anonymous>: no visible global function definition
     for ‘fitted’
    summary.resid_ensemble: no visible binding for global variable
     ‘rstudent’
    summary.resid_ensemble: no visible global function definition for ‘sd’
    summary.variable_ensemble: no visible global function definition for
     ‘sd’
    Undefined global functions or variables:
     AIC as.formula coef fitted influence.measures lm logLik resid
     rstudent sd update
    Consider adding
     importFrom("stats", "AIC", "as.formula", "coef", "fitted",
     "influence.measures", "lm", "logLik", "resid", "rstudent",
     "sd", "update")
    to your NAMESPACE.
Flavors: r-devel-linux-x86_64-debian-clang, r-devel-linux-x86_64-debian-gcc, r-devel-linux-x86_64-fedora-clang, r-devel-linux-x86_64-fedora-gcc, r-devel-windows-ix86+x86_64